CRAN Package Check Results for Package MVN

Last updated on 2017-06-25 06:47:37.

Flavor Version Tinstall Tcheck Ttotal Status Flags
r-devel-linux-x86_64-debian-clang 4.0.2 7.15 79.77 86.92 OK
r-devel-linux-x86_64-debian-gcc 4.0.2 0.42 2.30 2.72 ERROR
r-devel-linux-x86_64-fedora-clang 4.0.2 197.78 OK
r-devel-linux-x86_64-fedora-gcc 4.0.2 189.45 OK
r-devel-windows-ix86+x86_64 4.0.2 32.00 216.00 248.00 OK
r-patched-linux-x86_64 4.0.2 6.58 80.49 87.08 OK
r-patched-solaris-sparc 4.0.2 1049.60 OK
r-patched-solaris-x86 4.0.2 234.50 OK
r-release-linux-x86_64 4.0.2 6.62 78.78 85.39 OK
r-release-windows-ix86+x86_64 4.0.2 33.00 205.00 238.00 OK
r-release-osx-x86_64 4.0.2 OK
r-oldrel-windows-ix86+x86_64 4.0.2 27.00 180.00 207.00 OK
r-oldrel-osx-x86_64 4.0.2 NOTE

Check Details

Version: 4.0.2
Check: package dependencies
Result: ERROR
    Package required but not available: ‘mvoutlier’
    
    See section ‘The DESCRIPTION file’ in the ‘Writing R Extensions’
    manual.
Flavor: r-devel-linux-x86_64-debian-gcc

Version: 4.0.2
Check: R code for possible problems
Result: NOTE
    
    This data.table install has not detected OpenMP support. It will work but slower in single threaded mode.
Flavor: r-oldrel-osx-x86_64