CRAN Package Check Results for Package MVN

Last updated on 2017-08-22 04:47:00.

Flavor Version Tinstall Tcheck Ttotal Status Flags
r-devel-linux-x86_64-debian-clang 4.0.2 7.12 80.11 87.24 OK
r-devel-linux-x86_64-debian-gcc 4.0.2 7.05 78.90 85.96 OK
r-devel-linux-x86_64-fedora-clang 4.0.2 191.20 OK
r-devel-linux-x86_64-fedora-gcc 4.0.2 198.45 OK
r-devel-windows-ix86+x86_64 4.0.2 28.00 192.00 220.00 OK
r-patched-linux-x86_64 4.0.2 6.46 79.96 86.42 OK
r-patched-solaris-x86 4.0.2 239.50 OK
r-release-linux-x86_64 4.0.2 6.70 82.47 89.17 OK
r-release-windows-ix86+x86_64 4.0.2 17.00 215.00 232.00 OK
r-release-osx-x86_64 4.0.2 OK
r-oldrel-windows-ix86+x86_64 4.0.2 20.00 133.00 153.00 OK
r-oldrel-osx-x86_64 4.0.2 NOTE

Check Details

Version: 4.0.2
Check: R code for possible problems
Result: NOTE
    
    This data.table install has not detected OpenMP support. It will work but slower in single threaded mode.
Flavor: r-oldrel-osx-x86_64