CRAN Package Check Results for Package MVN

Last updated on 2014-04-24 03:47:49.

Flavor Version Tinstall Tcheck Ttotal Status Flags
r-devel-linux-x86_64-debian-clang 3.3 0.87 17.07 17.94 OK
r-devel-linux-x86_64-debian-gcc 3.3 0.85 16.93 17.78 OK
r-devel-linux-x86_64-fedora-clang 3.3 36.88 OK
r-devel-linux-x86_64-fedora-gcc 3.3 36.39 OK
r-devel-osx-x86_64-clang 3.3 39.77 OK
r-devel-osx-x86_64-gcc 3.3 NOTE
r-devel-windows-ix86+x86_64 3.3 3.00 28.00 31.00 OK
r-patched-linux-x86_64 3.3 0.84 16.69 17.53 OK
r-patched-solaris-sparc 3.3 185.70 OK
r-patched-solaris-x86 3.3 50.90 OK
r-release-linux-ix86 3.3 2.00 35.00 37.00 OK
r-release-linux-x86_64 3.3 0.86 17.20 18.06 OK
r-release-osx-x86_64-mavericks 3.3 OK
r-release-osx-x86_64-snowleopard 3.3 OK
r-release-windows-ix86+x86_64 3.3 3.00 27.00 30.00 OK
r-oldrel-windows-ix86+x86_64 3.3 4.00 30.00 34.00 OK

Check Details

Version: 3.3
Check: package dependencies
Result: NOTE
    Package suggested but not available for checking: ‘knitr’
    
    Files named as vignettes but with no recognized vignette engine:
     ‘inst/doc/MVN.Rnw’
    (Is a VignetteBuilder field missing?)
Flavor: r-devel-osx-x86_64-gcc