CRAN Package Check Results for Package MVN

Last updated on 2015-07-30 21:47:14.

Flavor Version Tinstall Tcheck Ttotal Status Flags
r-devel-linux-x86_64-debian-clang 4.0 1.78 28.06 29.84 NOTE
r-devel-linux-x86_64-debian-gcc 4.0 1.73 27.62 29.35 NOTE
r-devel-linux-x86_64-fedora-clang 4.0 60.73 NOTE
r-devel-linux-x86_64-fedora-gcc 4.0 60.08 NOTE
r-devel-osx-x86_64-clang 4.0 56.94 OK
r-devel-windows-ix86+x86_64 4.0 8.00 51.00 59.00 NOTE
r-patched-linux-x86_64 4.0 1.76 27.64 29.40 OK
r-patched-solaris-sparc 4.0 362.10 OK
r-patched-solaris-x86 4.0 83.60 OK
r-release-linux-x86_64 4.0 2.16 27.24 29.40 OK
r-release-osx-x86_64-mavericks 4.0 OK
r-release-windows-ix86+x86_64 4.0 10.00 46.00 56.00 NOTE
r-oldrel-windows-ix86+x86_64 4.0 19.00 102.00 121.00 NOTE

Check Details

Version: 4.0
Check: R code for possible problems
Result: NOTE
    hzTest: no visible global function definition for ‘plnorm’
    hzTest: no visible global function definition for ‘qchisq’
    hzTest: no visible global function definition for ‘plot’
    hzTest: no visible global function definition for ‘abline’
    mardiaTest: no visible global function definition for ‘pchisq’
    mardiaTest: no visible global function definition for ‘pnorm’
    mardiaTest: no visible global function definition for ‘qchisq’
    mardiaTest: no visible global function definition for ‘plot’
    mardiaTest: no visible global function definition for ‘abline’
    mvOutlier: no visible global function definition for ‘qchisq’
    mvOutlier: no visible global function definition for ‘plot’
    mvOutlier: no visible global function definition for ‘abline’
    mvOutlier: no visible global function definition for ‘legend’
    mvOutlier: no visible global function definition for ‘text’
    roystonTest: no visible global function definition for ‘shapiro.test’
    roystonTest: no visible global function definition for ‘cor’
    roystonTest: no visible global function definition for ‘qnorm’
    roystonTest: no visible global function definition for ‘pnorm’
    roystonTest: no visible global function definition for ‘cov’
    roystonTest: no visible global function definition for ‘qchisq’
    roystonTest: no visible global function definition for ‘plot’
    roystonTest: no visible global function definition for ‘abline’
    roystonTest: no visible global function definition for ‘pchisq’
    uniNorm: no visible binding for global variable ‘quantile’
    uniNorm: no visible binding for global variable ‘shapiro.test’
    uniNorm: no visible global function definition for ‘shapiro.test’
    uniNorm: no visible global function definition for ‘quantile’
    uniPlot: no visible global function definition for ‘par’
    uniPlot: no visible global function definition for ‘hist’
    uniPlot: no visible global function definition for ‘curve’
    uniPlot: no visible global function definition for ‘dnorm’
    uniPlot: no visible global function definition for ‘sd’
    uniPlot: no visible global function definition for ‘qqnorm’
    uniPlot: no visible global function definition for ‘qqline’
    uniPlot: no visible global function definition for ‘plot’
    uniPlot: no visible global function definition for ‘boxplot’
    Undefined global functions or variables:
     abline boxplot cor cov curve dnorm hist legend par pchisq plnorm plot
     pnorm qchisq qnorm qqline qqnorm quantile sd shapiro.test text
    Consider adding
     importFrom("graphics", "abline", "boxplot", "curve", "hist", "legend",
     "par", "plot", "text")
     importFrom("stats", "cor", "cov", "dnorm", "pchisq", "plnorm", "pnorm",
     "qchisq", "qnorm", "qqline", "qqnorm", "quantile", "sd",
     "shapiro.test")
    to your NAMESPACE.
Flavors: r-devel-linux-x86_64-debian-clang, r-devel-linux-x86_64-debian-gcc, r-devel-linux-x86_64-fedora-clang, r-devel-linux-x86_64-fedora-gcc, r-devel-windows-ix86+x86_64

Version: 4.0
Check: re-building of vignette outputs
Result: NOTE
    Error in re-building vignettes:
     ...
    sROC 0.1-2 loaded
    Error: running 'texi2dvi' on 'MVN.tex' failed
    
    BibTeX errors:
    I couldn't open database file MVN.bib.bib
    ---line 106 of file MVN.aux
     : \bibdata{MVN.bib
     : }
    I'm skipping whatever remains of this command
    I found no database files---while reading file MVN.aux
    Execution halted
Flavors: r-devel-windows-ix86+x86_64, r-release-windows-ix86+x86_64, r-oldrel-windows-ix86+x86_64