CRAN Package Check Results for Package MVN

Last updated on 2017-12-11 19:48:24 CET.

Flavor Version Tinstall Tcheck Ttotal Status Flags
r-devel-linux-x86_64-debian-clang 4.0.2 8.10 105.71 113.81 OK
r-devel-linux-x86_64-debian-gcc 4.0.2 7.51 91.13 98.64 OK
r-devel-linux-x86_64-fedora-clang 4.0.2 158.83 OK
r-devel-linux-x86_64-fedora-gcc 4.0.2 157.22 OK
r-devel-windows-ix86+x86_64 4.0.2 28.00 183.00 211.00 OK
r-patched-linux-x86_64 4.0.2 8.88 129.04 137.92 OK
r-patched-solaris-x86 4.0.2 252.30 OK
r-release-linux-x86_64 4.0.2 8.02 130.01 138.03 OK
r-release-windows-ix86+x86_64 4.0.2 21.00 148.00 169.00 OK
r-release-osx-x86_64 4.0.2 OK
r-oldrel-windows-ix86+x86_64 4.0.2 19.00 204.00 223.00 OK
r-oldrel-osx-x86_64 4.0.2 NOTE

Check Details

Version: 4.0.2
Check: R code for possible problems
Result: NOTE
    
    This data.table install has not detected OpenMP support. It will work but slower in single threaded mode.
Flavor: r-oldrel-osx-x86_64