CRAN Package Check Results for Package MVN

Last updated on 2017-01-22 19:47:08.

Flavor Version Tinstall Tcheck Ttotal Status Flags
r-devel-linux-x86_64-debian-clang 4.0.2 6.68 76.65 83.33 OK
r-devel-linux-x86_64-debian-gcc 4.0.2 6.81 77.89 84.70 OK
r-devel-linux-x86_64-fedora-clang 4.0.2 197.44 OK --no-stop-on-test-error
r-devel-linux-x86_64-fedora-gcc 4.0.2 169.08 OK --no-stop-on-test-error
r-devel-macos-x86_64-clang 4.0.2 137.22 OK --no-stop-on-test-error
r-devel-windows-ix86+x86_64 4.0.2 21.00 140.00 161.00 OK
r-patched-linux-x86_64 4.0.2 6.70 74.94 81.63 OK
r-patched-solaris-sparc 4.0.2 962.90 OK
r-patched-solaris-x86 4.0.2 206.90 OK
r-release-linux-x86_64 4.0.2 6.36 72.87 79.22 OK
r-release-osx-x86_64-mavericks 4.0.2 NOTE
r-release-windows-ix86+x86_64 4.0.2 48.00 182.00 230.00 OK
r-oldrel-windows-ix86+x86_64 4.0.2 32.00 210.00 242.00 OK

Check Details

Version: 4.0.2
Check: R code for possible problems
Result: NOTE
    
    This data.table install has not detected OpenMP support. It will work but slower in single threaded mode.
Flavor: r-release-osx-x86_64-mavericks