CRAN Package Check Results for Package MVN

Last updated on 2015-03-04 03:46:53.

Flavor Version Tinstall Tcheck Ttotal Status Flags
r-devel-linux-x86_64-debian-clang 3.8 1.75 28.99 30.74 OK
r-devel-linux-x86_64-debian-gcc 3.8 1.67 27.36 29.03 OK
r-devel-linux-x86_64-fedora-clang 3.8 64.35 OK
r-devel-linux-x86_64-fedora-gcc 3.8 60.80 OK
r-devel-osx-x86_64-clang 3.8 64.89 OK
r-devel-windows-ix86+x86_64 3.8 9.00 52.00 61.00 NOTE
r-patched-linux-x86_64 3.8 4.66 47.49 52.15 OK
r-patched-solaris-sparc 3.8 585.00 OK
r-patched-solaris-x86 3.8 126.30 OK
r-release-linux-ix86 3.8 4.59 57.11 61.70 OK
r-release-linux-x86_64 3.8 4.40 49.65 54.05 OK
r-release-osx-x86_64-mavericks 3.8 OK
r-release-osx-x86_64-snowleopard 3.8 OK
r-release-windows-ix86+x86_64 3.8 18.00 116.00 134.00 NOTE
r-oldrel-windows-ix86+x86_64 3.8 13.00 94.00 107.00 NOTE

Check Details

Version: 3.8
Check: re-building of vignette outputs
Result: NOTE
    Error in re-building vignettes:
     ...
    Error: running 'texi2dvi' on 'MVN.tex' failed
    
    BibTeX errors:
    I couldn't open database file MVN.bib.bib
    ---line 106 of file MVN.aux
     : \bibdata{MVN.bib
     : }
    I'm skipping whatever remains of this command
    I found no database files---while reading file MVN.aux
    Execution halted
Flavors: r-devel-windows-ix86+x86_64, r-release-windows-ix86+x86_64, r-oldrel-windows-ix86+x86_64