CRAN Package Check Results for Package MVN

Last updated on 2017-10-20 06:48:56.

Flavor Version Tinstall Tcheck Ttotal Status Flags
r-devel-linux-x86_64-debian-clang 4.0.2 6.39 79.18 85.57 OK
r-devel-linux-x86_64-debian-gcc 4.0.2 7.25 90.58 97.83 OK
r-devel-linux-x86_64-fedora-clang 4.0.2 187.63 OK
r-devel-linux-x86_64-fedora-gcc 4.0.2 189.36 OK
r-devel-windows-ix86+x86_64 4.0.2 26.00 194.00 220.00 OK
r-patched-linux-x86_64 4.0.2 6.41 79.96 86.37 OK
r-patched-solaris-x86 4.0.2 254.50 OK
r-release-linux-x86_64 4.0.2 6.74 80.50 87.23 OK
r-release-windows-ix86+x86_64 4.0.2 26.00 191.00 217.00 OK
r-release-osx-x86_64 4.0.2 OK
r-oldrel-windows-ix86+x86_64 4.0.2 29.00 184.00 213.00 OK
r-oldrel-osx-x86_64 4.0.2 NOTE

Check Details

Version: 4.0.2
Check: R code for possible problems
Result: NOTE
    
    This data.table install has not detected OpenMP support. It will work but slower in single threaded mode.
Flavor: r-oldrel-osx-x86_64