CRAN Package Check Results for Package MVN

Last updated on 2017-04-28 17:47:46.

Flavor Version Tinstall Tcheck Ttotal Status Flags
r-devel-linux-x86_64-debian-clang 4.0.2 6.76 82.25 89.01 OK
r-devel-linux-x86_64-debian-gcc 4.0.2 6.77 82.04 88.81 OK
r-devel-linux-x86_64-fedora-clang 4.0.2 186.44 OK --no-stop-on-test-error
r-devel-linux-x86_64-fedora-gcc 4.0.2 194.21 OK --no-stop-on-test-error
r-devel-windows-ix86+x86_64 4.0.2 39.00 192.00 231.00 OK
r-patched-linux-x86_64 4.0.2 6.79 79.68 86.48 OK
r-patched-solaris-sparc 4.0.2 1049.60 OK
r-patched-solaris-x86 4.0.2 234.40 OK
r-release-linux-x86_64 4.0.2 6.58 82.89 89.47 OK
r-release-windows-ix86+x86_64 4.0.2 25.00 199.00 224.00 OK
r-release-osx-x86_64 4.0.2 OK
r-oldrel-windows-ix86+x86_64 4.0.2 29.00 187.00 216.00 OK
r-oldrel-osx-x86_64 4.0.2 NOTE

Check Details

Version: 4.0.2
Check: R code for possible problems
Result: NOTE
    
    This data.table install has not detected OpenMP support. It will work but slower in single threaded mode.
Flavor: r-oldrel-osx-x86_64