CRAN Package Check Results for Package MVN

Last updated on 2018-02-21 13:50:52 CET.

Flavor Version Tinstall Tcheck Ttotal Status Flags
r-devel-linux-x86_64-debian-clang 4.0.2 9.94 124.93 134.87 OK
r-devel-linux-x86_64-debian-gcc 4.0.2 9.38 100.59 109.97 OK
r-devel-linux-x86_64-fedora-clang 4.0.2 168.44 OK
r-devel-linux-x86_64-fedora-gcc 4.0.2 163.51 OK
r-devel-windows-ix86+x86_64 4.0.2 20.00 134.00 154.00 OK
r-patched-linux-x86_64 4.0.2 8.60 128.68 137.28 OK
r-patched-solaris-x86 4.0.2 247.00 OK
r-release-linux-x86_64 4.0.2 9.71 127.52 137.23 OK
r-release-windows-ix86+x86_64 4.0.2 26.00 187.00 213.00 OK
r-release-osx-x86_64 4.0.2 OK
r-oldrel-windows-ix86+x86_64 4.0.2 20.00 137.00 157.00 OK
r-oldrel-osx-x86_64 4.0.2 NOTE

Check Details

Version: 4.0.2
Check: R code for possible problems
Result: NOTE
    
    This data.table install has not detected OpenMP support. It will work but slower in single threaded mode.
Flavor: r-oldrel-osx-x86_64