CRAN Package Check Results for Package MVN

Last updated on 2016-12-03 20:47:12.

Flavor Version Tinstall Tcheck Ttotal Status Flags
r-devel-linux-x86_64-debian-clang 4.0.2 6.60 77.26 83.86 OK
r-devel-linux-x86_64-debian-gcc 4.0.1 6.42 77.74 84.16 OK
r-devel-linux-x86_64-fedora-clang 4.0.2 195.30 OK
r-devel-linux-x86_64-fedora-gcc 4.0.2 193.23 OK --no-stop-on-test-error
r-devel-macos-x86_64-clang 4.0.2 143.51 OK --no-stop-on-test-error
r-devel-windows-ix86+x86_64 4.0.1 23.00 142.00 165.00 WARN
r-patched-linux-x86_64 4.0.2 6.62 73.50 80.12 OK
r-patched-solaris-sparc 4.0.2 958.90 OK
r-patched-solaris-x86 4.0.2 205.80 OK
r-release-linux-x86_64 4.0.2 7.04 73.49 80.53 OK
r-release-osx-x86_64-mavericks 4.0.2 NOTE
r-release-windows-ix86+x86_64 4.0.2 30.00 200.00 230.00 OK
r-oldrel-windows-ix86+x86_64 4.0.1 27.00 190.00 217.00 NOTE

Check Details

Version: 4.0.1
Check: re-building of vignette outputs
Result: WARN
    Error in re-building vignettes:
     ...
    sROC 0.1-2 loaded
    Warning: running command '"D:\compiler\texmf\miktex\bin\texify.exe" --quiet --pdf "MVN.tex" --max-iterations=20 -I "D:/RCompile/recent/R/share/texmf/tex/latex" -I "D:/RCompile/recent/R/share/texmf/bibtex/bst"' had status 1
    Error: running 'texi2dvi' on 'MVN.tex' failed
    
    BibTeX errors:
    I couldn't open database file MVN.bib.bib
    ---line 106 of file MVN.aux
     : \bibdata{MVN.bib
     : }
    I'm skipping whatever remains of this command
    I found no database files---while reading file MVN.aux
    Execution halted
Flavor: r-devel-windows-ix86+x86_64

Version: 4.0.2
Check: R code for possible problems
Result: NOTE
    
    This data.table install has not detected OpenMP support. It will work but slower in single threaded mode.
Flavor: r-release-osx-x86_64-mavericks

Version: 4.0.1
Check: re-building of vignette outputs
Result: NOTE
    Error in re-building vignettes:
     ...
    sROC 0.1-2 loaded
    Warning: running command '"D:\compiler\texmf\miktex\bin\texify.exe" --quiet --pdf "MVN.tex" --max-iterations=20 -I "D:/RCompile/recent/R-3.2.5/share/texmf/tex/latex" -I "D:/RCompile/recent/R-3.2.5/share/texmf/bibtex/bst"' had status 1
    Error: running 'texi2dvi' on 'MVN.tex' failed
    
    BibTeX errors:
    I couldn't open database file MVN.bib.bib
    ---line 106 of file MVN.aux
     : \bibdata{MVN.bib
     : }
    I'm skipping whatever remains of this command
    I found no database files---while reading file MVN.aux
    Execution halted
Flavor: r-oldrel-windows-ix86+x86_64