CRAN Package Check Results for Package MVN

Last updated on 2018-04-24 00:47:06 CEST.

Flavor Version Tinstall Tcheck Ttotal Status Flags
r-devel-linux-x86_64-debian-clang 5.2 10.38 117.54 127.92 OK
r-devel-linux-x86_64-debian-gcc 5.2 9.28 103.24 112.52 OK
r-devel-linux-x86_64-fedora-clang 5.2 185.54 OK
r-devel-linux-x86_64-fedora-gcc 5.2 179.24 OK
r-devel-windows-ix86+x86_64 5.2 35.00 140.00 175.00 OK
r-devel-osx-x86_64 5.2 OK
r-patched-linux-x86_64 5.2 11.28 128.13 139.41 OK
r-patched-solaris-x86 5.2 224.80 OK
r-release-linux-x86_64 5.2 10.18 128.51 138.69 OK
r-release-windows-ix86+x86_64 5.2 22.00 139.00 161.00 ERROR
r-release-osx-x86_64 5.2 OK
r-oldrel-windows-ix86+x86_64 5.2 19.00 141.00 160.00 ERROR

Check Details

Version: 5.2
Check: whether package can be installed
Result: ERROR
    Installation failed.
Flavors: r-release-windows-ix86+x86_64, r-oldrel-windows-ix86+x86_64