CRAN Package Check Results for Package MVN

Last updated on 2017-03-01 19:48:46.

Flavor Version Tinstall Tcheck Ttotal Status Flags
r-devel-linux-x86_64-debian-clang 4.0.2 7.10 78.78 85.89 OK
r-devel-linux-x86_64-debian-gcc 4.0.2 6.40 81.69 88.09 OK
r-devel-linux-x86_64-fedora-clang 4.0.2 197.14 OK --no-stop-on-test-error
r-devel-linux-x86_64-fedora-gcc 4.0.2 191.87 OK --no-stop-on-test-error
r-devel-macos-x86_64-clang 4.0.2 140.44 OK --no-stop-on-test-error
r-devel-windows-ix86+x86_64 4.0.2 36.00 191.00 227.00 OK
r-patched-linux-x86_64 4.0.2 6.92 80.14 87.06 OK
r-patched-solaris-sparc 4.0.2 962.90 OK
r-patched-solaris-x86 4.0.2 196.70 OK
r-release-linux-x86_64 4.0.2 7.29 75.50 82.79 OK
r-release-osx-x86_64-mavericks 4.0.2 NOTE
r-release-windows-ix86+x86_64 4.0.2 25.00 172.00 197.00 OK
r-oldrel-windows-ix86+x86_64 4.0.2 21.00 195.00 216.00 OK

Check Details

Version: 4.0.2
Check: R code for possible problems
Result: NOTE
    
    This data.table install has not detected OpenMP support. It will work but slower in single threaded mode.
Flavor: r-release-osx-x86_64-mavericks