CRAN Package Check Results for Package MVPARTwrap

Last updated on 2014-04-17 06:46:53.

Flavor Version Tinstall Tcheck Ttotal Status Flags
r-devel-linux-x86_64-debian-clang 0.1-9.2 6.36 82.63 88.99 OK
r-devel-linux-x86_64-debian-gcc 0.1-9.2 6.67 81.44 88.12 OK
r-devel-linux-x86_64-fedora-clang 0.1-9.2 205.26 OK
r-devel-linux-x86_64-fedora-gcc 0.1-9.2 196.26 OK
r-devel-macosx-x86_64-clang 0.1-9.2 158.92 OK
r-devel-macosx-x86_64-gcc 0.1-9.2 ERROR
r-devel-windows-ix86+x86_64 0.1-9.2 16.00 112.00 128.00 OK
r-patched-linux-x86_64 0.1-9.2 6.21 81.74 87.95 OK
r-patched-solaris-sparc 0.1-9.2 967.40 OK
r-patched-solaris-x86 0.1-9.2 635.90 OK
r-release-linux-ix86 0.1-9.2 16.00 124.00 140.00 OK
r-release-linux-x86_64 0.1-9.2 6.42 81.23 87.64 OK
r-release-macosx-x86_64 0.1-9.2 ERROR
r-release-windows-ix86+x86_64 0.1-9.2 18.00 108.00 126.00 OK
r-oldrel-windows-ix86+x86_64 0.1-9.2 15.00 107.00 122.00 OK

Check Details

Version: 0.1-9.2
Check: package dependencies
Result: ERROR
    Packages required but not available: ‘Hmisc’ ‘vegan’
    
    See the information on DESCRIPTION files in the chapter ‘Creating R
    packages’ of the ‘Writing R Extensions’ manual.
Flavor: r-devel-macosx-x86_64-gcc

Version: 0.1-9.2
Check: whether package can be installed
Result: ERROR
    Installation failed.
    See ‘/Volumes/XT3/Builds/R-dev-web/QA/Simon/packages/snowleopard-x86_64/results/3.1/MVPARTwrap.Rcheck/00install.out’ for details.
Flavor: r-release-macosx-x86_64