CRAN Package Check Results for Package MVPARTwrap

Last updated on 2014-07-22 22:48:14.

Flavor Version Tinstall Tcheck Ttotal Status Flags
r-devel-linux-x86_64-debian-clang 0.1-9.2 5.80 77.69 83.50 OK
r-devel-linux-x86_64-debian-gcc 0.1-9.2 5.72 75.76 81.48 OK
r-devel-linux-x86_64-fedora-clang 0.1-9.2 203.36 OK
r-devel-linux-x86_64-fedora-gcc 0.1-9.2 192.89 OK
r-devel-osx-x86_64-clang 0.1-9.2 149.54 OK
r-devel-windows-ix86+x86_64 0.1-9.2 17.00 118.00 135.00 OK
r-patched-linux-x86_64 0.1-9.2 5.73 76.48 82.21 OK
r-patched-solaris-sparc 0.1-9.2 967.40 OK
r-patched-solaris-x86 0.1-9.2 364.10 OK
r-release-linux-ix86 0.1-9.2 7.00 93.12 100.12 OK
r-release-linux-x86_64 0.1-9.2 6.16 78.58 84.74 OK
r-release-osx-x86_64-mavericks 0.1-9.2 OK
r-release-osx-x86_64-snowleopard 0.1-9.2 ERROR
r-release-windows-ix86+x86_64 0.1-9.2 2.00 1.00 3.00 ERROR
r-oldrel-windows-ix86+x86_64 0.1-9.2 81.00 109.00 190.00 OK

Check Details

Version: 0.1-9.2
Check: whether package can be installed
Result: ERROR
    Installation failed.
    See ‘/Volumes/XT3/Builds/R-dev-web/QA/Simon/packages/snowleopard-x86_64/results/3.1/MVPARTwrap.Rcheck/00install.out’ for details.
Flavor: r-release-osx-x86_64-snowleopard

Version: 0.1-9.2
Check: whether package can be installed
Result: ERROR
    Installation failed.
    See 'd:/Rcompile/CRANpkg/local/3.1/MVPARTwrap.Rcheck/00install.out' for details.
Flavor: r-release-windows-ix86+x86_64