CRAN Package Check Results for Package MVR

Last updated on 2014-04-18 09:49:22.

Flavor Version Tinstall Tcheck Ttotal Status Flags
r-devel-linux-x86_64-debian-clang 1.20.0 1.30 26.49 27.79 NOTE
r-devel-linux-x86_64-debian-gcc NOTE
r-devel-linux-x86_64-fedora-clang 1.20.0 55.59 NOTE
r-devel-linux-x86_64-fedora-gcc 1.20.0 51.71 NOTE
r-devel-macosx-x86_64-clang 1.20.0 51.26 NOTE
r-devel-macosx-x86_64-gcc 1.20.0 NOTE
r-devel-windows-ix86+x86_64 1.20.0 6.00 64.00 70.00 NOTE
r-patched-linux-x86_64 1.20.0 1.44 27.39 28.83 NOTE
r-patched-solaris-sparc 1.20.0 378.70 NOTE
r-patched-solaris-x86 1.20.0 75.80 NOTE
r-release-linux-ix86 1.20.0 3.00 51.00 54.00 NOTE
r-release-linux-x86_64 1.20.0 1.38 27.50 28.88 NOTE
r-release-macosx-x86_64 1.20.0 OK
r-release-windows-ix86+x86_64 1.20.0 6.00 80.00 86.00 NOTE
r-oldrel-windows-ix86+x86_64 1.20.0 6.00 64.00 70.00 NOTE

Memtest notes: valgrind

Check Details

Version: 1.20.0
Check: dependencies in R code
Result: NOTE
    Package in Depends field not imported from: ‘statmod’
     These packages need to be imported from (in the NAMESPACE file)
     for when this namespace is loaded but not attached.
    See the information on DESCRIPTION files in the chapter ‘Creating R
    packages’ of the ‘Writing R Extensions’ manual.
Flavors: r-devel-linux-x86_64-debian-clang, r-devel-linux-x86_64-debian-gcc, r-devel-linux-x86_64-fedora-clang, r-devel-linux-x86_64-fedora-gcc, r-devel-macosx-x86_64-clang, r-devel-macosx-x86_64-gcc, r-devel-windows-ix86+x86_64, r-patched-linux-x86_64, r-patched-solaris-sparc, r-patched-solaris-x86, r-release-linux-ix86, r-release-linux-x86_64, r-release-windows-ix86+x86_64, r-oldrel-windows-ix86+x86_64