CRAN Package Check Results for Package MVR

Last updated on 2014-09-19 15:48:30.

Flavor Version Tinstall Tcheck Ttotal Status Flags
r-devel-linux-x86_64-debian-clang 1.20.0 1.32 25.89 27.21 NOTE
r-devel-linux-x86_64-debian-gcc 1.20.0 1.36 26.80 28.16 NOTE
r-devel-linux-x86_64-fedora-clang 1.20.0 54.02 NOTE
r-devel-linux-x86_64-fedora-gcc 1.20.0 51.41 NOTE
r-devel-osx-x86_64-clang 1.20.0 51.88 NOTE
r-devel-windows-ix86+x86_64 1.20.0 6.00 63.00 69.00 NOTE
r-patched-linux-x86_64 1.20.0 1.38 26.69 28.07 NOTE
r-patched-solaris-sparc 1.20.0 409.90 NOTE
r-patched-solaris-x86 1.20.0 74.60 NOTE
r-release-linux-ix86 1.20.0 1.97 38.59 40.56 NOTE
r-release-linux-x86_64 1.20.0 1.59 27.04 28.64 NOTE
r-release-osx-x86_64-mavericks 1.20.0 NOTE
r-release-osx-x86_64-snowleopard 1.20.0 OK
r-release-windows-ix86+x86_64 1.20.0 6.00 65.00 71.00 NOTE
r-oldrel-windows-ix86+x86_64 1.20.0 7.00 63.00 70.00 NOTE

Memtest notes: valgrind

Check Details

Version: 1.20.0
Check: dependencies in R code
Result: NOTE
    Packages in Depends field not imported from:
     ‘parallel’ ‘statmod’
     These packages need to be imported from (in the NAMESPACE file)
     for when this namespace is loaded but not attached.
    See the information on DESCRIPTION files in the chapter ‘Creating R
    packages’ of the ‘Writing R Extensions’ manual.
Flavors: r-devel-linux-x86_64-debian-clang, r-devel-linux-x86_64-debian-gcc, r-devel-linux-x86_64-fedora-clang, r-devel-linux-x86_64-fedora-gcc, r-devel-osx-x86_64-clang, r-devel-windows-ix86+x86_64, r-patched-linux-x86_64, r-patched-solaris-sparc, r-patched-solaris-x86

Version: 1.20.0
Check: R code for possible problems
Result: NOTE
    mvrt.test: no visible global function definition for ‘makeCluster’
    mvrt.test: no visible global function definition for ‘clusterEvalQ’
    mvrt.test: no visible global function definition for
     ‘clusterSetRNGStream’
    mvrt.test: no visible global function definition for ‘clusterCall’
    mvrt.test: no visible global function definition for ‘stopCluster’
    mvrt.test: no visible global function definition for ‘permp’
    sim.dis: no visible global function definition for ‘makeCluster’
    sim.dis: no visible global function definition for ‘clusterEvalQ’
    sim.dis: no visible global function definition for
     ‘clusterSetRNGStream’
    sim.dis: no visible global function definition for ‘clusterCall’
    sim.dis: no visible global function definition for ‘stopCluster’
Flavors: r-devel-linux-x86_64-debian-clang, r-devel-linux-x86_64-debian-gcc, r-devel-linux-x86_64-fedora-clang, r-devel-linux-x86_64-fedora-gcc, r-devel-osx-x86_64-clang, r-devel-windows-ix86+x86_64

Version: 1.20.0
Check: compiled code
Result: NOTE
    File ‘MVR/libs/MVR.so’:
     Found ‘rand’, possibly from ‘rand’ (C)
     Object: ‘MVRc.o’
     Found ‘srand’, possibly from ‘srand’ (C)
     Object: ‘MVRc.o’
    
    Compiled code should not call entry points which might terminate R nor
    write to stdout/stderr instead of to the console, nor the C RNG.
    
    See ‘Writing portable packages’ in the ‘Writing R Extensions’ manual.
Flavors: r-devel-linux-x86_64-debian-clang, r-devel-linux-x86_64-debian-gcc, r-devel-linux-x86_64-fedora-clang, r-devel-linux-x86_64-fedora-gcc

Version: 1.20.0
Check: compiled code
Result: NOTE
    File ‘MVR/libs/MVR.so’:
     Found ‘_rand’, possibly from ‘rand’ (C)
     Object: ‘MVRc.o’
     Found ‘_srand’, possibly from ‘srand’ (C)
     Object: ‘MVRc.o’
    
    Compiled code should not call entry points which might terminate R nor
    write to stdout/stderr instead of to the console, nor the C RNG.
    
    See ‘Writing portable packages’ in the ‘Writing R Extensions’ manual.
Flavor: r-devel-osx-x86_64-clang

Version: 1.20.0
Check: compiled code
Result: NOTE
    File 'MVR/libs/i386/MVR.dll':
     Found 'rand', possibly from 'rand' (C)
     Object: 'MVRc.o'
     Found 'srand', possibly from 'srand' (C)
     Object: 'MVRc.o'
    File 'MVR/libs/x64/MVR.dll':
     Found 'rand', possibly from 'rand' (C)
     Object: 'MVRc.o'
     Found 'srand', possibly from 'srand' (C)
     Object: 'MVRc.o'
    
    Compiled code should not call entry points which might terminate R nor
    write to stdout/stderr instead of to the console, nor the C RNG.
    
    See 'Writing portable packages' in the 'Writing R Extensions' manual.
Flavor: r-devel-windows-ix86+x86_64

Version: 1.20.0
Check: dependencies in R code
Result: NOTE
    Package in Depends field not imported from: ‘statmod’
     These packages need to be imported from (in the NAMESPACE file)
     for when this namespace is loaded but not attached.
    See the information on DESCRIPTION files in the chapter ‘Creating R
    packages’ of the ‘Writing R Extensions’ manual.
Flavors: r-release-linux-ix86, r-release-linux-x86_64, r-release-osx-x86_64-mavericks, r-release-windows-ix86+x86_64, r-oldrel-windows-ix86+x86_64