CRAN Package Check Results for Package MVR

Last updated on 2014-08-27 11:50:56.

Flavor Version Tinstall Tcheck Ttotal Status Flags
r-devel-linux-x86_64-debian-clang 1.20.0 1.40 25.23 26.63 NOTE
r-devel-linux-x86_64-debian-gcc 1.20.0 1.40 25.70 27.10 NOTE
r-devel-linux-x86_64-fedora-clang 1.20.0 54.96 NOTE
r-devel-linux-x86_64-fedora-gcc 1.20.0 52.77 NOTE
r-devel-osx-x86_64-clang 1.20.0 50.08 NOTE
r-devel-windows-ix86+x86_64 1.20.0 6.00 60.00 66.00 NOTE
r-patched-linux-x86_64 1.20.0 1.35 26.38 27.73 NOTE
r-patched-solaris-sparc 1.20.0 409.90 NOTE
r-patched-solaris-x86 1.20.0 75.20 NOTE
r-release-linux-ix86 1.20.0 1.97 38.62 40.59 NOTE
r-release-linux-x86_64 1.20.0 1.47 26.75 28.22 NOTE
r-release-osx-x86_64-mavericks 1.20.0 NOTE
r-release-osx-x86_64-snowleopard 1.20.0 OK
r-release-windows-ix86+x86_64 1.20.0 6.00 62.00 68.00 NOTE
r-oldrel-windows-ix86+x86_64 1.20.0 6.00 69.00 75.00 NOTE

Memtest notes: valgrind

Check Details

Version: 1.20.0
Check: dependencies in R code
Result: NOTE
    Packages in Depends field not imported from:
     ‘parallel’ ‘statmod’
     These packages need to be imported from (in the NAMESPACE file)
     for when this namespace is loaded but not attached.
    See the information on DESCRIPTION files in the chapter ‘Creating R
    packages’ of the ‘Writing R Extensions’ manual.
Flavors: r-devel-linux-x86_64-debian-clang, r-devel-linux-x86_64-debian-gcc, r-devel-linux-x86_64-fedora-clang, r-devel-linux-x86_64-fedora-gcc, r-devel-osx-x86_64-clang, r-devel-windows-ix86+x86_64, r-patched-linux-x86_64, r-patched-solaris-sparc, r-patched-solaris-x86

Version: 1.20.0
Check: R code for possible problems
Result: NOTE
    mvrt.test: no visible global function definition for ‘makeCluster’
    mvrt.test: no visible global function definition for ‘clusterEvalQ’
    mvrt.test: no visible global function definition for
     ‘clusterSetRNGStream’
    mvrt.test: no visible global function definition for ‘clusterCall’
    mvrt.test: no visible global function definition for ‘stopCluster’
    mvrt.test: no visible global function definition for ‘permp’
    sim.dis: no visible global function definition for ‘makeCluster’
    sim.dis: no visible global function definition for ‘clusterEvalQ’
    sim.dis: no visible global function definition for
     ‘clusterSetRNGStream’
    sim.dis: no visible global function definition for ‘clusterCall’
    sim.dis: no visible global function definition for ‘stopCluster’
Flavors: r-devel-linux-x86_64-debian-clang, r-devel-linux-x86_64-debian-gcc, r-devel-linux-x86_64-fedora-clang, r-devel-linux-x86_64-fedora-gcc, r-devel-osx-x86_64-clang, r-devel-windows-ix86+x86_64

Version: 1.20.0
Check: compiled code
Result: NOTE
    File ‘/home/hornik/tmp/R.check/r-devel-clang/Work/build/Packages/MVR/libs/MVR.so’:
     Found ‘rand’, possibly from ‘rand’ (C)
     Object: ‘MVRc.o’
     Found ‘srand’, possibly from ‘srand’ (C)
     Object: ‘MVRc.o’
    
    Compiled code should not call entry points which might terminate R nor
    write to stdout/stderr instead of to the console, nor the C RNG.
    
    See ‘Writing portable packages’ in the ‘Writing R Extensions’ manual.
Flavor: r-devel-linux-x86_64-debian-clang

Version: 1.20.0
Check: compiled code
Result: NOTE
    File ‘/home/hornik/tmp/R.check/r-devel-gcc/Work/build/Packages/MVR/libs/MVR.so’:
     Found ‘rand’, possibly from ‘rand’ (C)
     Object: ‘MVRc.o’
     Found ‘srand’, possibly from ‘srand’ (C)
     Object: ‘MVRc.o’
    
    Compiled code should not call entry points which might terminate R nor
    write to stdout/stderr instead of to the console, nor the C RNG.
    
    See ‘Writing portable packages’ in the ‘Writing R Extensions’ manual.
Flavor: r-devel-linux-x86_64-debian-gcc

Version: 1.20.0
Check: compiled code
Result: NOTE
    File ‘/data/gannet/ripley/R/packages/tests-clang/MVR.Rcheck/MVR/libs/MVR.so’:
     Found ‘rand’, possibly from ‘rand’ (C)
     Object: ‘MVRc.o’
     Found ‘srand’, possibly from ‘srand’ (C)
     Object: ‘MVRc.o’
    
    Compiled code should not call entry points which might terminate R nor
    write to stdout/stderr instead of to the console, nor the C RNG.
    
    See ‘Writing portable packages’ in the ‘Writing R Extensions’ manual.
Flavor: r-devel-linux-x86_64-fedora-clang

Version: 1.20.0
Check: compiled code
Result: NOTE
    File ‘/data/gannet/ripley/R/packages/tests-devel/MVR.Rcheck/MVR/libs/MVR.so’:
     Found ‘rand’, possibly from ‘rand’ (C)
     Object: ‘MVRc.o’
     Found ‘srand’, possibly from ‘srand’ (C)
     Object: ‘MVRc.o’
    
    Compiled code should not call entry points which might terminate R nor
    write to stdout/stderr instead of to the console, nor the C RNG.
    
    See ‘Writing portable packages’ in the ‘Writing R Extensions’ manual.
Flavor: r-devel-linux-x86_64-fedora-gcc

Version: 1.20.0
Check: compiled code
Result: NOTE
    File ‘/Users/ripley/R/packages/tests-devel/MVR.Rcheck/MVR/libs/MVR.so’:
     Found ‘_rand’, possibly from ‘rand’ (C)
     Object: ‘MVRc.o’
     Found ‘_srand’, possibly from ‘srand’ (C)
     Object: ‘MVRc.o’
    
    Compiled code should not call entry points which might terminate R nor
    write to stdout/stderr instead of to the console, nor the C RNG.
    
    See ‘Writing portable packages’ in the ‘Writing R Extensions’ manual.
Flavor: r-devel-osx-x86_64-clang

Version: 1.20.0
Check: compiled code
Result: NOTE
    File 'd:/Rcompile/CRANpkg/lib/3.2/MVR/libs/i386/MVR.dll':
     Found 'rand', possibly from 'rand' (C)
     Object: 'MVRc.o'
     Found 'srand', possibly from 'srand' (C)
     Object: 'MVRc.o'
    File 'd:/Rcompile/CRANpkg/lib/3.2/MVR/libs/x64/MVR.dll':
     Found 'rand', possibly from 'rand' (C)
     Object: 'MVRc.o'
     Found 'srand', possibly from 'srand' (C)
     Object: 'MVRc.o'
    
    Compiled code should not call entry points which might terminate R nor
    write to stdout/stderr instead of to the console, nor the C RNG.
    
    See 'Writing portable packages' in the 'Writing R Extensions' manual.
Flavor: r-devel-windows-ix86+x86_64

Version: 1.20.0
Check: dependencies in R code
Result: NOTE
    Package in Depends field not imported from: ‘statmod’
     These packages need to be imported from (in the NAMESPACE file)
     for when this namespace is loaded but not attached.
    See the information on DESCRIPTION files in the chapter ‘Creating R
    packages’ of the ‘Writing R Extensions’ manual.
Flavors: r-release-linux-ix86, r-release-linux-x86_64, r-release-osx-x86_64-mavericks, r-release-windows-ix86+x86_64, r-oldrel-windows-ix86+x86_64