CRAN Package Check Results for Package MVR

Last updated on 2017-02-28 12:49:30.

Flavor Version Tinstall Tcheck Ttotal Status Flags
r-devel-linux-x86_64-debian-clang 1.31.0 1.61 19.67 21.27 NOTE
r-devel-linux-x86_64-debian-gcc 1.31.0 1.61 21.07 22.68 NOTE
r-devel-linux-x86_64-fedora-clang 1.31.0 39.98 NOTE --no-stop-on-test-error
r-devel-linux-x86_64-fedora-gcc 1.31.0 37.72 NOTE --no-stop-on-test-error
r-devel-macos-x86_64-clang 1.31.0 30.86 NOTE --no-stop-on-test-error
r-devel-windows-ix86+x86_64 1.31.0 9.00 61.00 70.00 OK
r-patched-linux-x86_64 1.31.0 1.32 17.40 18.72 OK
r-patched-solaris-sparc 1.31.0 210.80 OK
r-patched-solaris-x86 1.31.0 42.20 OK
r-release-linux-x86_64 1.31.0 1.26 17.29 18.55 OK
r-release-osx-x86_64-mavericks 1.31.0 OK
r-release-windows-ix86+x86_64 1.31.0 15.00 60.00 75.00 OK
r-oldrel-windows-ix86+x86_64 1.31.0 9.00 56.00 65.00 OK

Check Details

Version: 1.31.0
Check: compiled code
Result: NOTE
    File ‘MVR/libs/MVR.so’:
     Found no calls to: ‘R_registerRoutines’, ‘R_useDynamicSymbols’
    
    It is good practice to register native routines and to disable symbol
    search.
    
    See ‘Writing portable packages’ in the ‘Writing R Extensions’ manual.
Flavors: r-devel-linux-x86_64-debian-clang, r-devel-linux-x86_64-debian-gcc

Version: 1.31.0
Flags: --no-stop-on-test-error
Check: compiled code
Result: NOTE
    File ‘MVR/libs/MVR.so’:
     Found no calls to: ‘R_registerRoutines’, ‘R_useDynamicSymbols’
    
    It is good practice to register native routines and to disable symbol
    search.
    
    See ‘Writing portable packages’ in the ‘Writing R Extensions’ manual.
Flavors: r-devel-linux-x86_64-fedora-clang, r-devel-linux-x86_64-fedora-gcc, r-devel-macos-x86_64-clang