CRAN Package Check Results for Package MVR

Last updated on 2015-04-27 10:48:51.

Flavor Version Tinstall Tcheck Ttotal Status Flags
r-devel-linux-x86_64-debian-clang 1.20.0 1.35 24.73 26.08 NOTE
r-devel-linux-x86_64-debian-gcc 1.20.0 1.34 24.33 25.67 NOTE
r-devel-linux-x86_64-fedora-clang 1.20.0 52.57 NOTE
r-devel-linux-x86_64-fedora-gcc 1.20.0 47.86 NOTE
r-devel-osx-x86_64-clang 1.20.0 47.25 NOTE
r-devel-windows-ix86+x86_64 1.20.0 6.00 88.00 94.00 NOTE
r-patched-linux-x86_64 1.20.0 1.36 24.48 25.84 NOTE
r-patched-solaris-sparc 1.20.0 382.70 NOTE
r-patched-solaris-x86 1.20.0 71.70 NOTE
r-release-linux-x86_64 1.20.0 1.31 24.42 25.74 NOTE
r-release-osx-x86_64-mavericks 1.20.0 NOTE
r-release-osx-x86_64-snowleopard 1.20.0 NOTE
r-release-windows-ix86+x86_64 1.20.0 9.00 88.00 97.00 NOTE
r-oldrel-windows-ix86+x86_64 1.20.0 5.00 67.00 72.00 NOTE

Memtest notes: valgrind

Check Details

Version: 1.20.0
Check: dependencies in R code
Result: NOTE
    Packages in Depends field not imported from:
     ‘parallel’ ‘statmod’
     These packages need to be imported from (in the NAMESPACE file)
     for when this namespace is loaded but not attached.
Flavors: r-devel-linux-x86_64-debian-clang, r-devel-linux-x86_64-debian-gcc, r-devel-linux-x86_64-fedora-clang, r-devel-linux-x86_64-fedora-gcc, r-devel-osx-x86_64-clang, r-devel-windows-ix86+x86_64, r-patched-solaris-sparc, r-patched-solaris-x86, r-release-osx-x86_64-mavericks, r-release-osx-x86_64-snowleopard, r-release-windows-ix86+x86_64, r-oldrel-windows-ix86+x86_64

Version: 1.20.0
Check: R code for possible problems
Result: NOTE
    mvrt.test: no visible global function definition for ‘makeCluster’
    mvrt.test: no visible global function definition for ‘clusterEvalQ’
    mvrt.test: no visible global function definition for
     ‘clusterSetRNGStream’
    mvrt.test: no visible global function definition for ‘clusterCall’
    mvrt.test: no visible global function definition for ‘stopCluster’
    mvrt.test: no visible global function definition for ‘permp’
    sim.dis: no visible global function definition for ‘makeCluster’
    sim.dis: no visible global function definition for ‘clusterEvalQ’
    sim.dis: no visible global function definition for
     ‘clusterSetRNGStream’
    sim.dis: no visible global function definition for ‘clusterCall’
    sim.dis: no visible global function definition for ‘stopCluster’
Flavors: r-devel-linux-x86_64-debian-clang, r-devel-linux-x86_64-debian-gcc, r-devel-linux-x86_64-fedora-clang, r-devel-linux-x86_64-fedora-gcc, r-devel-osx-x86_64-clang, r-devel-windows-ix86+x86_64, r-patched-solaris-sparc, r-patched-solaris-x86, r-release-osx-x86_64-mavericks, r-release-osx-x86_64-snowleopard, r-release-windows-ix86+x86_64, r-oldrel-windows-ix86+x86_64

Version: 1.20.0
Check: compiled code
Result: NOTE
    File ‘MVR/libs/MVR.so’:
     Found ‘rand’, possibly from ‘rand’ (C)
     Object: ‘MVRc.o’
     Found ‘srand’, possibly from ‘srand’ (C)
     Object: ‘MVRc.o’
    
    Compiled code should not call entry points which might terminate R nor
    write to stdout/stderr instead of to the console, nor the system RNG.
    
    See ‘Writing portable packages’ in the ‘Writing R Extensions’ manual.
Flavors: r-devel-linux-x86_64-debian-clang, r-devel-linux-x86_64-debian-gcc, r-devel-linux-x86_64-fedora-clang, r-devel-linux-x86_64-fedora-gcc, r-patched-solaris-sparc, r-patched-solaris-x86

Version: 1.20.0
Check: compiled code
Result: NOTE
    File ‘MVR/libs/MVR.so’:
     Found ‘_rand’, possibly from ‘rand’ (C)
     Object: ‘MVRc.o’
     Found ‘_srand’, possibly from ‘srand’ (C)
     Object: ‘MVRc.o’
    
    Compiled code should not call entry points which might terminate R nor
    write to stdout/stderr instead of to the console, nor the system RNG.
    
    See ‘Writing portable packages’ in the ‘Writing R Extensions’ manual.
Flavors: r-devel-osx-x86_64-clang, r-release-osx-x86_64-mavericks, r-release-osx-x86_64-snowleopard

Version: 1.20.0
Check: compiled code
Result: NOTE
    File 'MVR/libs/i386/MVR.dll':
     Found 'rand', possibly from 'rand' (C)
     Object: 'MVRc.o'
     Found 'srand', possibly from 'srand' (C)
     Object: 'MVRc.o'
    File 'MVR/libs/x64/MVR.dll':
     Found 'rand', possibly from 'rand' (C)
     Object: 'MVRc.o'
     Found 'srand', possibly from 'srand' (C)
     Object: 'MVRc.o'
    
    Compiled code should not call entry points which might terminate R nor
    write to stdout/stderr instead of to the console, nor the system RNG.
    
    See 'Writing portable packages' in the 'Writing R Extensions' manual.
Flavors: r-devel-windows-ix86+x86_64, r-release-windows-ix86+x86_64, r-oldrel-windows-ix86+x86_64