CRAN Package Check Results for Package MVR

Last updated on 2015-07-07 06:46:41.

Flavor Version Tinstall Tcheck Ttotal Status Flags
r-devel-linux-x86_64-debian-clang 1.30.1 1.28 13.30 14.58 NOTE
r-devel-linux-x86_64-debian-gcc 1.30.1 1.20 13.25 14.45 NOTE
r-devel-linux-x86_64-fedora-clang 1.30.1 27.61 NOTE
r-devel-linux-x86_64-fedora-gcc 1.30.1 26.40 NOTE
r-devel-osx-x86_64-clang 1.30.1 28.72 OK
r-devel-windows-ix86+x86_64 1.30.1 8.00 52.00 60.00 NOTE
r-patched-linux-x86_64 1.30.1 1.27 13.84 15.11 OK
r-patched-solaris-sparc 1.30.1 168.30 OK
r-patched-solaris-x86 1.30.1 41.60 OK
r-release-linux-x86_64 1.30.1 1.28 13.59 14.88 OK
r-release-osx-x86_64-mavericks 1.30.1 OK
r-release-windows-ix86+x86_64 1.30.1 7.00 31.00 38.00 OK
r-oldrel-windows-ix86+x86_64 1.30.1 9.00 51.00 60.00 OK

Check Details

Version: 1.30.1
Check: R code for possible problems
Result: NOTE
    MeanVarReg: no visible binding for global variable ‘sd’
    MeanVarReg : <anonymous>: no visible global function definition for
     ‘quantile’
    cluster.diagnostic : clusterplot: no visible global function definition
     for ‘par’
    cluster.diagnostic : clusterplot: no visible global function definition
     for ‘rnorm’
    cluster.diagnostic : clusterplot: no visible global function definition
     for ‘quantile’
    cluster.diagnostic : clusterplot: no visible global function definition
     for ‘rchisq’
    cluster.diagnostic : clusterplot: no visible global function definition
     for ‘loess’
    cluster.diagnostic : clusterplot: no visible global function definition
     for ‘plot’
    cluster.diagnostic : clusterplot: no visible global function definition
     for ‘lines’
    cluster.diagnostic : clusterplot: no visible global function definition
     for ‘arrows’
    cluster.diagnostic : clusterplot: no visible global function definition
     for ‘text’
    cluster.diagnostic : clusterplot: no visible global function definition
     for ‘axis’
    cluster.diagnostic : clusterplot: no visible global function definition
     for ‘legend’
    cluster.diagnostic : clusterplot: no visible global function definition
     for ‘matplot’
    cluster.diagnostic : clusterplot: no visible global function definition
     for ‘segments’
    cluster.diagnostic : clusterplot: no visible global function definition
     for ‘mtext’
    cluster.diagnostic: no visible global function definition for ‘dev.new’
    cluster.diagnostic: no visible global function definition for
     ‘postscript’
    cluster.diagnostic: no visible global function definition for ‘dev.off’
    cluster.diagnostic: no visible global function definition for ‘pdf’
    mvrt: no visible binding for global variable ‘sd’
    normalization.diagnostic : normplot: no visible global function
     definition for ‘par’
    normalization.diagnostic : normplot: no visible global function
     definition for ‘boxplot’
    normalization.diagnostic : normplot: no visible global function
     definition for ‘image’
    normalization.diagnostic : normplot: no visible global function
     definition for ‘axis’
    normalization.diagnostic : normplot: no visible global function
     definition for ‘mtext’
    normalization.diagnostic : normplot: no visible global function
     definition for ‘box’
    normalization.diagnostic: no visible global function definition for
     ‘dev.new’
    normalization.diagnostic: no visible global function definition for
     ‘postscript’
    normalization.diagnostic: no visible global function definition for
     ‘dev.off’
    normalization.diagnostic: no visible global function definition for
     ‘pdf’
    pooled.mean: no visible global function definition for ‘is’
    pooled.sd: no visible global function definition for ‘is’
    pooled.sd: no visible global function definition for ‘sd’
    pooled.sd: no visible binding for global variable ‘sd’
    stabilization.diagnostic : stabplot: no visible global function
     definition for ‘par’
    stabilization.diagnostic : stabplot: no visible global function
     definition for ‘loess’
    stabilization.diagnostic : stabplot: no visible global function
     definition for ‘plot’
    stabilization.diagnostic : stabplot: no visible global function
     definition for ‘lines’
    stabilization.diagnostic : stabplot: no visible global function
     definition for ‘mtext’
    stabilization.diagnostic: no visible global function definition for
     ‘dev.new’
    stabilization.diagnostic: no visible global function definition for
     ‘postscript’
    stabilization.diagnostic: no visible global function definition for
     ‘dev.off’
    stabilization.diagnostic: no visible global function definition for
     ‘pdf’
    target.diagnostic : targetplot: no visible global function definition
     for ‘par’
    target.diagnostic : targetplot: no visible global function definition
     for ‘rnorm’
    target.diagnostic : targetplot: no visible global function definition
     for ‘rchisq’
    target.diagnostic : targetplot: no visible global function definition
     for ‘t.test’
    target.diagnostic : targetplot: no visible global function definition
     for ‘ks.test’
    target.diagnostic : targetplot: no visible global function definition
     for ‘density’
    target.diagnostic : targetplot: no visible global function definition
     for ‘plot’
    target.diagnostic : targetplot: no visible global function definition
     for ‘abline’
    target.diagnostic : targetplot: no visible global function definition
     for ‘legend’
    target.diagnostic : targetplot: no visible global function definition
     for ‘qqplot’
    target.diagnostic : targetplot: no visible global function definition
     for ‘segments’
    target.diagnostic : targetplot: no visible global function definition
     for ‘mtext’
    target.diagnostic: no visible global function definition for ‘dev.new’
    target.diagnostic: no visible global function definition for
     ‘postscript’
    target.diagnostic: no visible global function definition for ‘dev.off’
    target.diagnostic: no visible global function definition for ‘pdf’
    Undefined global functions or variables:
     abline arrows axis box boxplot density dev.new dev.off image is
     ks.test legend lines loess matplot mtext par pdf plot postscript
     qqplot quantile rchisq rnorm sd segments t.test text
Flavors: r-devel-linux-x86_64-debian-clang, r-devel-linux-x86_64-debian-gcc, r-devel-linux-x86_64-fedora-clang, r-devel-linux-x86_64-fedora-gcc, r-devel-windows-ix86+x86_64