CRAN Package Check Results for Package MVR

Last updated on 2019-03-23 19:50:39 CET.

Flavor Version Tinstall Tcheck Ttotal Status Flags
r-devel-linux-x86_64-debian-clang 1.33.0 4.11 30.45 34.56 OK
r-devel-linux-x86_64-debian-gcc 1.33.0 3.13 24.84 27.97 OK
r-devel-linux-x86_64-fedora-clang 1.33.0 43.55 OK
r-devel-linux-x86_64-fedora-gcc 1.33.0 40.46 OK
r-devel-windows-ix86+x86_64 1.33.0 15.00 53.00 68.00 OK
r-patched-linux-x86_64 1.33.0 3.03 29.25 32.28 OK
r-patched-solaris-x86 1.33.0 56.90 OK
r-release-linux-x86_64 1.33.0 0.36 2.02 2.38 ERROR
r-release-windows-ix86+x86_64 1.33.0 10.00 55.00 65.00 OK
r-release-osx-x86_64 1.33.0 OK
r-oldrel-windows-ix86+x86_64 1.33.0 15.00 68.00 83.00 OK
r-oldrel-osx-x86_64 1.33.0 OK

Check Details

Version: 1.33.0
Check: whether package can be installed
Result: ERROR
    Installation failed.
Flavor: r-release-linux-x86_64