CRAN Package Check Results for Package MVR

Last updated on 2014-07-23 04:48:27.

Flavor Version Tinstall Tcheck Ttotal Status Flags
r-devel-linux-x86_64-debian-clang 1.20.0 1.25 25.60 26.85 NOTE
r-devel-linux-x86_64-debian-gcc 1.20.0 1.39 25.82 27.22 NOTE
r-devel-linux-x86_64-fedora-clang 1.20.0 55.64 NOTE
r-devel-linux-x86_64-fedora-gcc 1.20.0 53.00 NOTE
r-devel-osx-x86_64-clang 1.20.0 50.57 NOTE
r-devel-windows-ix86+x86_64 1.20.0 6.00 64.00 70.00 NOTE
r-patched-linux-x86_64 1.20.0 1.43 26.20 27.62 NOTE
r-patched-solaris-sparc 1.20.0 378.70 NOTE
r-patched-solaris-x86 1.20.0 75.00 NOTE
r-release-linux-ix86 1.20.0 1.95 38.60 40.55 NOTE
r-release-linux-x86_64 1.20.0 1.44 26.52 27.95 NOTE
r-release-osx-x86_64-mavericks 1.20.0 NOTE
r-release-osx-x86_64-snowleopard 1.20.0 OK
r-release-windows-ix86+x86_64 1.20.0 7.00 63.00 70.00 NOTE
r-oldrel-windows-ix86+x86_64 1.20.0 7.00 60.00 67.00 NOTE

Memtest notes: valgrind

Check Details

Version: 1.20.0
Check: dependencies in R code
Result: NOTE
    Package in Depends field not imported from: ‘statmod’
     These packages need to be imported from (in the NAMESPACE file)
     for when this namespace is loaded but not attached.
    See the information on DESCRIPTION files in the chapter ‘Creating R
    packages’ of the ‘Writing R Extensions’ manual.
Flavors: r-devel-linux-x86_64-debian-clang, r-devel-linux-x86_64-debian-gcc, r-devel-linux-x86_64-fedora-clang, r-devel-linux-x86_64-fedora-gcc, r-devel-osx-x86_64-clang, r-devel-windows-ix86+x86_64, r-patched-linux-x86_64, r-patched-solaris-sparc, r-patched-solaris-x86, r-release-linux-ix86, r-release-linux-x86_64, r-release-osx-x86_64-mavericks, r-release-windows-ix86+x86_64, r-oldrel-windows-ix86+x86_64