CRAN Package Check Results for Package MVR

Last updated on 2017-01-16 17:49:23.

Flavor Version Tinstall Tcheck Ttotal Status Flags
r-devel-linux-x86_64-debian-clang 1.31.0 1.64 19.10 20.74 OK
r-devel-linux-x86_64-debian-gcc 1.31.0 1.59 19.37 20.96 OK
r-devel-linux-x86_64-fedora-clang 1.31.0 36.35 OK --no-stop-on-test-error
r-devel-linux-x86_64-fedora-gcc 1.31.0 35.62 NOTE --no-stop-on-test-error
r-devel-macos-x86_64-clang 1.31.0 30.09 OK --no-stop-on-test-error
r-devel-windows-ix86+x86_64 1.31.0 15.00 46.00 61.00 OK
r-patched-linux-x86_64 1.31.0 1.27 17.97 19.24 OK
r-patched-solaris-sparc 1.31.0 210.80 OK
r-patched-solaris-x86 1.31.0 42.70 OK
r-release-linux-x86_64 1.31.0 1.43 17.05 18.48 OK
r-release-osx-x86_64-mavericks 1.31.0 OK
r-release-windows-ix86+x86_64 1.31.0 12.00 44.00 56.00 OK
r-oldrel-windows-ix86+x86_64 1.31.0 8.00 56.00 64.00 OK

Check Details

Version: 1.31.0
Flags: --no-stop-on-test-error
Check: compiled code
Result: NOTE
    File ‘MVR/libs/MVR.so’:
     Found no calls to: ‘R_registerRoutines’, ‘R_useDynamicSymbols’
    
    It is good practice to use registered native symbols and disable symbol
    search.
    
    See ‘Writing portable packages’ in the ‘Writing R Extensions’ manual.
Flavor: r-devel-linux-x86_64-fedora-gcc