CRAN Package Check Results for Package MVR

Last updated on 2017-04-26 21:47:25.

Flavor Version Tinstall Tcheck Ttotal Status Flags
r-devel-linux-x86_64-debian-clang 1.31.0 1.57 20.62 22.19 NOTE
r-devel-linux-x86_64-debian-gcc 1.31.0 1.56 19.80 21.35 NOTE
r-devel-linux-x86_64-fedora-clang 1.31.0 36.92 NOTE --no-stop-on-test-error
r-devel-linux-x86_64-fedora-gcc 1.31.0 39.29 NOTE --no-stop-on-test-error
r-devel-windows-ix86+x86_64 1.31.0 12.00 59.00 71.00 OK
r-patched-linux-x86_64 1.31.0 1.45 19.94 21.39 NOTE
r-patched-solaris-sparc 1.31.0 223.50 OK
r-patched-solaris-x86 1.31.0 47.70 OK
r-release-linux-x86_64 1.31.0 1.47 19.91 21.38 NOTE
r-release-windows-ix86+x86_64 1.31.0 7.00 49.00 56.00 OK
r-release-osx-x86_64 1.31.0 OK
r-oldrel-windows-ix86+x86_64 1.31.0 7.00 60.00 67.00 OK
r-oldrel-osx-x86_64 1.31.0 OK

Check Details

Version: 1.31.0
Check: compiled code
Result: NOTE
    File ‘MVR/libs/MVR.so’:
     Found no calls to: ‘R_registerRoutines’, ‘R_useDynamicSymbols’
    
    It is good practice to register native routines and to disable symbol
    search.
    
    See ‘Writing portable packages’ in the ‘Writing R Extensions’ manual.
Flavors: r-devel-linux-x86_64-debian-clang, r-devel-linux-x86_64-debian-gcc, r-patched-linux-x86_64, r-release-linux-x86_64

Version: 1.31.0
Flags: --no-stop-on-test-error
Check: compiled code
Result: NOTE
    File ‘MVR/libs/MVR.so’:
     Found no calls to: ‘R_registerRoutines’, ‘R_useDynamicSymbols’
    
    It is good practice to register native routines and to disable symbol
    search.
    
    See ‘Writing portable packages’ in the ‘Writing R Extensions’ manual.
Flavors: r-devel-linux-x86_64-fedora-clang, r-devel-linux-x86_64-fedora-gcc