CRAN Package Check Results for Package MVpower

Last updated on 2014-11-27 05:47:45.

Flavor Version Tinstall Tcheck Ttotal Status Flags
r-devel-linux-x86_64-debian-clang 2.0 2.14 31.60 33.74 NOTE
r-devel-linux-x86_64-debian-gcc 2.0 1.92 31.72 33.64 NOTE
r-devel-linux-x86_64-fedora-clang 2.0 71.86 NOTE
r-devel-linux-x86_64-fedora-gcc 2.0 69.59 NOTE
r-devel-osx-x86_64-clang 2.0 61.39 NOTE
r-devel-windows-ix86+x86_64 2.0 7.00 48.00 55.00 NOTE
r-patched-linux-x86_64 2.0 2.11 32.88 34.99 NOTE
r-patched-solaris-sparc 2.0 410.20 NOTE
r-patched-solaris-x86 2.0 87.50 NOTE
r-release-linux-ix86 2.0 2.44 40.31 42.76 NOTE
r-release-linux-x86_64 2.0 2.04 33.01 35.05 NOTE
r-release-osx-x86_64-mavericks 2.0 NOTE
r-release-osx-x86_64-snowleopard 2.0 NOTE
r-release-windows-ix86+x86_64 2.0 7.00 51.00 58.00 NOTE
r-oldrel-windows-ix86+x86_64 2.0 7.00 50.00 57.00 NOTE

Check Details

Version: 2.0
Check: dependencies in R code
Result: NOTE
    'library' or 'require' calls to packages already attached by Depends:
     ‘class’ ‘kernlab’ ‘pamr’ ‘randomForest’
     Please remove these calls from your code.
    Packages in Depends field not imported from:
     ‘class’ ‘kernlab’ ‘pamr’ ‘randomForest’
     These packages need to be imported from (in the NAMESPACE file)
     for when this namespace is loaded but not attached.
    See the information on DESCRIPTION files in the chapter ‘Creating R
    packages’ of the ‘Writing R Extensions’ manual.
Flavors: r-devel-linux-x86_64-debian-clang, r-devel-linux-x86_64-debian-gcc, r-devel-linux-x86_64-fedora-clang, r-devel-linux-x86_64-fedora-gcc, r-devel-osx-x86_64-clang, r-devel-windows-ix86+x86_64, r-patched-linux-x86_64, r-patched-solaris-sparc, r-patched-solaris-x86, r-release-linux-ix86, r-release-linux-x86_64, r-release-osx-x86_64-mavericks, r-release-windows-ix86+x86_64, r-oldrel-windows-ix86+x86_64

Version: 2.0
Check: R code for possible problems
Result: NOTE
    knn.GetCVErr: no visible global function definition for ‘randomForest’
    knn.GetCVErr: no visible global function definition for ‘knn’
    pam.GetCVErr: no visible global function definition for ‘pamr.train’
    pam.GetCVErr: no visible global function definition for ‘pamr.cv’
    rf.GetCVErr: no visible global function definition for ‘randomForest’
    svm.GetCVErr: no visible global function definition for ‘randomForest’
    svm.GetCVErr: no visible global function definition for ‘ksvm’
Flavors: r-devel-linux-x86_64-debian-clang, r-devel-linux-x86_64-debian-gcc, r-devel-linux-x86_64-fedora-clang, r-devel-linux-x86_64-fedora-gcc, r-devel-osx-x86_64-clang, r-devel-windows-ix86+x86_64, r-patched-linux-x86_64, r-patched-solaris-sparc, r-patched-solaris-x86, r-release-linux-ix86, r-release-linux-x86_64, r-release-windows-ix86+x86_64

Version: 2.0
Check: Rd line widths
Result: NOTE
    Rd file 'MVpower.Rd':
     \usage lines wider than 90 characters:
     MVpower(method, prior = c(0.5, 0.5), nfold = 4, delta = 1, NumFts = 100, NumImp = 5, n1 = 100, n2 = 100, N.null = 100, N.pow = 100, alt ... [TRUNCATED]
    
    These lines will be truncated in the PDF manual.
Flavors: r-devel-linux-x86_64-debian-clang, r-devel-linux-x86_64-debian-gcc, r-devel-linux-x86_64-fedora-clang, r-devel-linux-x86_64-fedora-gcc, r-patched-linux-x86_64, r-release-linux-x86_64

Version: 2.0
Check: dependencies in R code
Result: NOTE
    'library' or 'require' calls to packages already attached by Depends:
     'class' 'kernlab' 'pamr' 'randomForest'
     Please remove these calls from your code.
    See the information on DESCRIPTION files in the chapter 'Creating R
    packages' of the 'Writing R Extensions' manual.
Flavor: r-release-osx-x86_64-snowleopard