CRAN Package Check Results for Package MVpower

Last updated on 2014-04-24 09:49:05.

Flavor Version Tinstall Tcheck Ttotal Status Flags
r-devel-linux-x86_64-debian-clang 2.0 2.17 35.51 37.68 NOTE
r-devel-linux-x86_64-debian-gcc 2.0 2.18 35.08 37.27 NOTE
r-devel-linux-x86_64-fedora-clang 2.0 76.06 NOTE
r-devel-linux-x86_64-fedora-gcc 2.0 72.76 NOTE
r-devel-osx-x86_64-clang 2.0 64.07 NOTE
r-devel-osx-x86_64-gcc 2.0 NOTE
r-devel-windows-ix86+x86_64 2.0 7.00 52.00 59.00 NOTE
r-patched-linux-x86_64 2.0 2.26 35.48 37.74 NOTE
r-patched-solaris-sparc 2.0 414.20 NOTE
r-patched-solaris-x86 2.0 89.30 NOTE
r-release-linux-ix86 2.0 4.00 57.00 61.00 NOTE
r-release-linux-x86_64 2.0 2.20 35.32 37.52 NOTE
r-release-osx-x86_64-mavericks 2.0 WARN
r-release-osx-x86_64-snowleopard 2.0 NOTE
r-release-windows-ix86+x86_64 2.0 7.00 53.00 60.00 NOTE
r-oldrel-windows-ix86+x86_64 2.0 7.00 50.00 57.00 NOTE

Check Details

Version: 2.0
Check: dependencies in R code
Result: NOTE
    'library' or 'require' calls to packages already attached by Depends:
     ‘class’ ‘kernlab’ ‘pamr’ ‘randomForest’
     Please remove these calls from your code.
    Packages in Depends field not imported from:
     ‘class’ ‘kernlab’ ‘pamr’ ‘randomForest’
     These packages need to be imported from (in the NAMESPACE file)
     for when this namespace is loaded but not attached.
    See the information on DESCRIPTION files in the chapter ‘Creating R
    packages’ of the ‘Writing R Extensions’ manual.
Flavors: r-devel-linux-x86_64-debian-clang, r-devel-linux-x86_64-debian-gcc, r-devel-linux-x86_64-fedora-clang, r-devel-linux-x86_64-fedora-gcc, r-devel-osx-x86_64-clang, r-devel-osx-x86_64-gcc, r-devel-windows-ix86+x86_64, r-patched-linux-x86_64, r-patched-solaris-sparc, r-patched-solaris-x86, r-release-linux-ix86, r-release-linux-x86_64, r-release-osx-x86_64-mavericks, r-release-windows-ix86+x86_64, r-oldrel-windows-ix86+x86_64

Version: 2.0
Check: Rd line widths
Result: NOTE
    Rd file 'MVpower.Rd':
     \usage lines wider than 90 characters:
     MVpower(method, prior = c(0.5, 0.5), nfold = 4, delta = 1, NumFts = 100, NumImp = 5, n1 = 100, n2 = 100, N.null = 100, N.pow = 100, alt ... [TRUNCATED]
    
    These lines will be truncated in the PDF manual.
Flavors: r-devel-linux-x86_64-fedora-clang, r-devel-linux-x86_64-fedora-gcc

Version: 2.0
Check: PDF version of manual
Result: WARNING
    LaTeX errors when creating PDF version.
    This typically indicates Rd problems.
    LaTeX errors found:
    ! LaTeX Error: File `upquote.sty' not found.
    
    Type X to quit or <RETURN> to proceed,
    or enter new name. (Default extension: sty)
    
    359f694/Rd2.tex:8: ==> Fatal error occurred, no output PDF file produced!
Flavor: r-release-osx-x86_64-mavericks

Version: 2.0
Check: dependencies in R code
Result: NOTE
    'library' or 'require' calls to packages already attached by Depends:
     'class' 'kernlab' 'pamr' 'randomForest'
     Please remove these calls from your code.
    See the information on DESCRIPTION files in the chapter 'Creating R
    packages' of the 'Writing R Extensions' manual.
Flavor: r-release-osx-x86_64-snowleopard