CRAN Package Check Results for Package MXM

Last updated on 2021-11-30 18:50:00 CET.

Flavor Version Tinstall Tcheck Ttotal Status Flags
r-devel-linux-x86_64-debian-clang 1.5.2 85.13 570.45 655.58 OK
r-devel-linux-x86_64-debian-gcc 1.5.2 75.40 412.50 487.90 OK
r-devel-linux-x86_64-fedora-clang 1.5.2 854.32 NOTE
r-devel-linux-x86_64-fedora-gcc 1.5.2 816.05 NOTE
r-devel-windows-x86_64-new-UL 1.5.2 149.00 719.00 868.00 OK
r-devel-windows-x86_64-new-TK 1.5.2 NOTE
r-devel-windows-x86_64-old 1.5.2 137.00 502.00 639.00 OK
r-patched-linux-x86_64 1.5.2 90.31 556.89 647.20 OK
r-patched-solaris-x86 1.5.2 964.70 NOTE
r-release-linux-x86_64 1.5.2 85.21 556.22 641.43 OK
r-release-macos-arm64 1.5.2 NOTE
r-release-macos-x86_64 1.5.2 NOTE
r-release-windows-ix86+x86_64 1.5.2 153.00 671.00 824.00 OK
r-oldrel-macos-x86_64 1.5.2 NOTE
r-oldrel-windows-ix86+x86_64 1.5.2 113.00 454.00 567.00 OK

Additional issues

noLD

Check Details

Version: 1.5.2
Check: dependencies in R code
Result: NOTE
    Namespace in Imports field not imported from: ‘knitr’
     All declared Imports should be used.
Flavors: r-devel-linux-x86_64-fedora-clang, r-devel-linux-x86_64-fedora-gcc, r-devel-windows-x86_64-new-TK, r-patched-solaris-x86, r-release-macos-arm64, r-release-macos-x86_64, r-oldrel-macos-x86_64