CRAN Package Check Results for Package MaXact

Last updated on 2017-05-24 05:50:10.

Flavor Version Tinstall Tcheck Ttotal Status Flags
r-devel-linux-x86_64-debian-clang 0.2.1 1.77 11.29 13.06 NOTE
r-devel-linux-x86_64-debian-gcc 0.2.1 1.62 11.36 12.98 NOTE
r-devel-linux-x86_64-fedora-clang 0.2.1 22.66 NOTE --no-stop-on-test-error
r-devel-linux-x86_64-fedora-gcc 0.2.1 20.45 NOTE --no-stop-on-test-error
r-devel-windows-ix86+x86_64 0.2.1 21.00 47.00 68.00 NOTE
r-patched-linux-x86_64 0.2.1 1.62 10.63 12.24 NOTE
r-patched-solaris-sparc 0.2.1 126.80 NOTE
r-patched-solaris-x86 0.2.1 29.00 NOTE
r-release-linux-x86_64 0.2.1 1.58 11.06 12.65 NOTE
r-release-windows-ix86+x86_64 0.2.1 11.00 34.00 45.00 NOTE
r-release-osx-x86_64 0.2.1 NOTE
r-oldrel-windows-ix86+x86_64 0.2.1 10.00 26.00 36.00 NOTE
r-oldrel-osx-x86_64 0.2.1 NOTE

Check Details

Version: 0.2.1
Check: dependencies in R code
Result: NOTE
    Package in Depends field not imported from: ‘mnormt’
     These packages need to be imported from (in the NAMESPACE file)
     for when this namespace is loaded but not attached.
Flavors: r-devel-linux-x86_64-debian-clang, r-devel-linux-x86_64-debian-gcc, r-devel-windows-ix86+x86_64, r-patched-linux-x86_64, r-patched-solaris-sparc, r-patched-solaris-x86, r-release-linux-x86_64, r-release-windows-ix86+x86_64, r-release-osx-x86_64, r-oldrel-windows-ix86+x86_64, r-oldrel-osx-x86_64

Version: 0.2.1
Check: R code for possible problems
Result: NOTE
    catt.test: no visible global function definition for ‘pnorm’
    fnorm2: no visible global function definition for ‘sadmvn’
    fnorm3: no visible global function definition for ‘sadmvn’
    Undefined global functions or variables:
     pnorm sadmvn
    Consider adding
     importFrom("stats", "pnorm")
    to your NAMESPACE file.
Flavors: r-devel-linux-x86_64-debian-clang, r-devel-linux-x86_64-debian-gcc, r-devel-windows-ix86+x86_64, r-patched-linux-x86_64, r-patched-solaris-sparc, r-patched-solaris-x86, r-release-linux-x86_64, r-release-windows-ix86+x86_64, r-release-osx-x86_64, r-oldrel-windows-ix86+x86_64, r-oldrel-osx-x86_64

Version: 0.2.1
Check: compiled code
Result: NOTE
    File ‘MaXact/libs/MaXact.so’:
     Found no calls to: ‘R_registerRoutines’, ‘R_useDynamicSymbols’
    
    It is good practice to register native routines and to disable symbol
    search.
    
    See ‘Writing portable packages’ in the ‘Writing R Extensions’ manual.
Flavors: r-devel-linux-x86_64-debian-clang, r-devel-linux-x86_64-debian-gcc, r-patched-linux-x86_64, r-release-linux-x86_64

Version: 0.2.1
Flags: --no-stop-on-test-error
Check: dependencies in R code
Result: NOTE
    Package in Depends field not imported from: ‘mnormt’
     These packages need to be imported from (in the NAMESPACE file)
     for when this namespace is loaded but not attached.
Flavors: r-devel-linux-x86_64-fedora-clang, r-devel-linux-x86_64-fedora-gcc

Version: 0.2.1
Flags: --no-stop-on-test-error
Check: R code for possible problems
Result: NOTE
    catt.test: no visible global function definition for ‘pnorm’
    fnorm2: no visible global function definition for ‘sadmvn’
    fnorm3: no visible global function definition for ‘sadmvn’
    Undefined global functions or variables:
     pnorm sadmvn
    Consider adding
     importFrom("stats", "pnorm")
    to your NAMESPACE file.
Flavors: r-devel-linux-x86_64-fedora-clang, r-devel-linux-x86_64-fedora-gcc

Version: 0.2.1
Flags: --no-stop-on-test-error
Check: compiled code
Result: NOTE
    File ‘MaXact/libs/MaXact.so’:
     Found no calls to: ‘R_registerRoutines’, ‘R_useDynamicSymbols’
    
    It is good practice to register native routines and to disable symbol
    search.
    
    See ‘Writing portable packages’ in the ‘Writing R Extensions’ manual.
Flavors: r-devel-linux-x86_64-fedora-clang, r-devel-linux-x86_64-fedora-gcc