CRAN Package Check Results for Package MaXact

Last updated on 2015-07-29 19:49:56.

Flavor Version Tinstall Tcheck Ttotal Status Flags
r-devel-linux-x86_64-debian-clang 0.2.1 1.38 8.38 9.75 NOTE
r-devel-linux-x86_64-debian-gcc 0.2.1 1.39 8.10 9.49 NOTE
r-devel-linux-x86_64-fedora-clang 0.2.1 19.75 NOTE
r-devel-linux-x86_64-fedora-gcc 0.2.1 18.48 NOTE
r-devel-osx-x86_64-clang 0.2.1 19.72 NOTE
r-devel-windows-ix86+x86_64 0.2.1 10.00 23.00 33.00 NOTE
r-patched-linux-x86_64 0.2.1 1.48 8.70 10.19 NOTE
r-patched-solaris-sparc 0.2.1 117.10 NOTE
r-patched-solaris-x86 0.2.1 28.10 NOTE
r-release-linux-x86_64 0.2.1 1.41 8.34 9.75 NOTE
r-release-osx-x86_64-mavericks 0.2.1 NOTE
r-release-windows-ix86+x86_64 0.2.1 9.00 23.00 32.00 NOTE
r-oldrel-windows-ix86+x86_64 0.2.1 9.00 28.00 37.00 NOTE

Check Details

Version: 0.2.1
Check: dependencies in R code
Result: NOTE
    Package in Depends field not imported from: ‘mnormt’
     These packages need to be imported from (in the NAMESPACE file)
     for when this namespace is loaded but not attached.
Flavors: r-devel-linux-x86_64-debian-clang, r-devel-linux-x86_64-debian-gcc, r-devel-linux-x86_64-fedora-clang, r-devel-linux-x86_64-fedora-gcc, r-devel-osx-x86_64-clang, r-devel-windows-ix86+x86_64, r-patched-linux-x86_64, r-patched-solaris-sparc, r-patched-solaris-x86, r-release-linux-x86_64, r-release-osx-x86_64-mavericks, r-release-windows-ix86+x86_64, r-oldrel-windows-ix86+x86_64

Version: 0.2.1
Check: R code for possible problems
Result: NOTE
    catt.test: no visible global function definition for ‘pnorm’
    fnorm2: no visible global function definition for ‘sadmvn’
    fnorm3: no visible global function definition for ‘sadmvn’
    Undefined global functions or variables:
     pnorm sadmvn
    Consider adding
     importFrom("stats", "pnorm")
    to your NAMESPACE.
Flavors: r-devel-linux-x86_64-debian-clang, r-devel-linux-x86_64-debian-gcc, r-devel-linux-x86_64-fedora-clang, r-devel-linux-x86_64-fedora-gcc, r-devel-windows-ix86+x86_64

Version: 0.2.1
Check: R code for possible problems
Result: NOTE
    fnorm2: no visible global function definition for ‘sadmvn’
    fnorm3: no visible global function definition for ‘sadmvn’
    Undefined global functions or variables:
     sadmvn
Flavor: r-devel-osx-x86_64-clang

Version: 0.2.1
Check: R code for possible problems
Result: NOTE
    fnorm2: no visible global function definition for ‘sadmvn’
    fnorm3: no visible global function definition for ‘sadmvn’
Flavors: r-patched-linux-x86_64, r-patched-solaris-sparc, r-patched-solaris-x86, r-release-linux-x86_64, r-release-osx-x86_64-mavericks, r-release-windows-ix86+x86_64, r-oldrel-windows-ix86+x86_64