CRAN Package Check Results for Package MaXact

Last updated on 2014-11-27 03:47:46.

Flavor Version Tinstall Tcheck Ttotal Status Flags
r-devel-linux-x86_64-debian-clang 0.2.1 1.36 9.60 10.96 NOTE
r-devel-linux-x86_64-debian-gcc 0.2.1 1.47 9.39 10.86 NOTE
r-devel-linux-x86_64-fedora-clang 0.2.1 24.60 NOTE
r-devel-linux-x86_64-fedora-gcc 0.2.1 22.19 NOTE
r-devel-osx-x86_64-clang 0.2.1 24.15 NOTE
r-devel-windows-ix86+x86_64 0.2.1 9.00 23.00 32.00 NOTE
r-patched-linux-x86_64 0.2.1 1.63 10.07 11.70 NOTE
r-patched-solaris-sparc 0.2.1 116.60 NOTE
r-patched-solaris-x86 0.2.1 31.70 NOTE
r-release-linux-ix86 0.2.1 2.11 14.60 16.71 NOTE
r-release-linux-x86_64 0.2.1 1.52 9.73 11.25 NOTE
r-release-osx-x86_64-mavericks 0.2.1 NOTE
r-release-osx-x86_64-snowleopard 0.2.1 OK
r-release-windows-ix86+x86_64 0.2.1 10.00 23.00 33.00 NOTE
r-oldrel-windows-ix86+x86_64 0.2.1 9.00 31.00 40.00 NOTE

Check Details

Version: 0.2.1
Check: dependencies in R code
Result: NOTE
    Package in Depends field not imported from: ‘mnormt’
     These packages need to be imported from (in the NAMESPACE file)
     for when this namespace is loaded but not attached.
    See the information on DESCRIPTION files in the chapter ‘Creating R
    packages’ of the ‘Writing R Extensions’ manual.
Flavors: r-devel-linux-x86_64-debian-clang, r-devel-linux-x86_64-debian-gcc, r-devel-linux-x86_64-fedora-clang, r-devel-linux-x86_64-fedora-gcc, r-devel-osx-x86_64-clang, r-devel-windows-ix86+x86_64, r-patched-linux-x86_64, r-patched-solaris-sparc, r-patched-solaris-x86, r-release-linux-ix86, r-release-linux-x86_64, r-release-osx-x86_64-mavericks, r-release-windows-ix86+x86_64, r-oldrel-windows-ix86+x86_64

Version: 0.2.1
Check: R code for possible problems
Result: NOTE
    fnorm2: no visible global function definition for ‘sadmvn’
    fnorm3: no visible global function definition for ‘sadmvn’
Flavors: r-devel-linux-x86_64-debian-clang, r-devel-linux-x86_64-debian-gcc, r-devel-linux-x86_64-fedora-clang, r-devel-linux-x86_64-fedora-gcc, r-devel-osx-x86_64-clang, r-devel-windows-ix86+x86_64, r-patched-linux-x86_64, r-patched-solaris-sparc, r-patched-solaris-x86, r-release-linux-ix86, r-release-linux-x86_64, r-release-windows-ix86+x86_64