CRAN Package Check Results for Package MaXact

Last updated on 2016-09-27 03:50:55.

Flavor Version Tinstall Tcheck Ttotal Status Flags
r-devel-linux-x86_64-debian-clang 0.2.1 1.62 8.83 10.45 NOTE
r-devel-linux-x86_64-debian-gcc 0.2.1 1.61 9.66 11.27 NOTE
r-devel-linux-x86_64-fedora-clang 0.2.1 18.32 NOTE
r-devel-linux-x86_64-fedora-gcc 0.2.1 16.53 NOTE
r-devel-macos-x86_64-clang 0.2.1 16.15 NOTE
r-devel-windows-ix86+x86_64 0.2.1 17.00 25.00 42.00 NOTE
r-patched-linux-x86_64 0.2.1 1.46 8.84 10.30 NOTE
r-patched-solaris-sparc 0.2.1 98.40 NOTE
r-patched-solaris-x86 0.2.1 22.10 NOTE
r-release-linux-x86_64 0.2.1 1.52 9.15 10.67 NOTE
r-release-osx-x86_64-mavericks 0.2.1 NOTE
r-release-windows-ix86+x86_64 0.2.1 10.00 26.00 36.00 NOTE
r-oldrel-windows-ix86+x86_64 0.2.1 13.00 41.00 54.00 NOTE

Check Details

Version: 0.2.1
Check: dependencies in R code
Result: NOTE
    Package in Depends field not imported from: ‘mnormt’
     These packages need to be imported from (in the NAMESPACE file)
     for when this namespace is loaded but not attached.
Flavors: r-devel-linux-x86_64-debian-clang, r-devel-linux-x86_64-debian-gcc, r-devel-linux-x86_64-fedora-clang, r-devel-linux-x86_64-fedora-gcc, r-devel-macos-x86_64-clang, r-devel-windows-ix86+x86_64, r-patched-linux-x86_64, r-patched-solaris-sparc, r-patched-solaris-x86, r-release-linux-x86_64, r-release-osx-x86_64-mavericks, r-release-windows-ix86+x86_64, r-oldrel-windows-ix86+x86_64

Version: 0.2.1
Check: R code for possible problems
Result: NOTE
    catt.test: no visible global function definition for ‘pnorm’
    fnorm2: no visible global function definition for ‘sadmvn’
    fnorm3: no visible global function definition for ‘sadmvn’
    Undefined global functions or variables:
     pnorm sadmvn
    Consider adding
     importFrom("stats", "pnorm")
    to your NAMESPACE file.
Flavors: r-devel-linux-x86_64-debian-clang, r-devel-linux-x86_64-debian-gcc, r-devel-linux-x86_64-fedora-clang, r-devel-linux-x86_64-fedora-gcc, r-devel-macos-x86_64-clang, r-devel-windows-ix86+x86_64, r-patched-linux-x86_64, r-patched-solaris-sparc, r-patched-solaris-x86, r-release-linux-x86_64, r-release-osx-x86_64-mavericks, r-release-windows-ix86+x86_64

Version: 0.2.1
Check: R code for possible problems
Result: NOTE
    fnorm2: no visible global function definition for 'sadmvn'
    fnorm3: no visible global function definition for 'sadmvn'
Flavor: r-oldrel-windows-ix86+x86_64