CRAN Package Check Results for Package MaXact

Last updated on 2015-03-01 19:48:08.

Flavor Version Tinstall Tcheck Ttotal Status Flags
r-devel-linux-x86_64-debian-clang 0.2.1 1.33 8.48 9.81 NOTE
r-devel-linux-x86_64-debian-gcc 0.2.1 1.41 8.21 9.62 NOTE
r-devel-linux-x86_64-fedora-clang 0.2.1 21.29 NOTE
r-devel-linux-x86_64-fedora-gcc 0.2.1 17.90 NOTE
r-devel-osx-x86_64-clang 0.2.1 22.95 NOTE
r-devel-windows-ix86+x86_64 0.2.1 15.00 24.00 39.00 NOTE
r-patched-linux-x86_64 0.2.1 1.52 9.40 10.92 NOTE
r-patched-solaris-sparc 0.2.1 130.20 NOTE
r-patched-solaris-x86 0.2.1 31.50 NOTE
r-release-linux-ix86 0.2.1 2.10 15.19 17.29 NOTE
r-release-linux-x86_64 0.2.1 1.54 9.32 10.86 NOTE
r-release-osx-x86_64-mavericks 0.2.1 NOTE
r-release-osx-x86_64-snowleopard 0.2.1 OK
r-release-windows-ix86+x86_64 0.2.1 10.00 23.00 33.00 NOTE
r-oldrel-windows-ix86+x86_64 0.2.1 9.00 31.00 40.00 NOTE

Check Details

Version: 0.2.1
Check: dependencies in R code
Result: NOTE
    Package in Depends field not imported from: ‘mnormt’
     These packages need to be imported from (in the NAMESPACE file)
     for when this namespace is loaded but not attached.
Flavors: r-devel-linux-x86_64-debian-clang, r-devel-linux-x86_64-debian-gcc, r-devel-linux-x86_64-fedora-clang, r-devel-linux-x86_64-fedora-gcc, r-devel-osx-x86_64-clang, r-devel-windows-ix86+x86_64, r-patched-linux-x86_64, r-patched-solaris-x86

Version: 0.2.1
Check: R code for possible problems
Result: NOTE
    fnorm2: no visible global function definition for ‘sadmvn’
    fnorm3: no visible global function definition for ‘sadmvn’
Flavors: r-devel-linux-x86_64-debian-clang, r-devel-linux-x86_64-debian-gcc, r-devel-linux-x86_64-fedora-clang, r-devel-linux-x86_64-fedora-gcc, r-devel-osx-x86_64-clang, r-devel-windows-ix86+x86_64, r-patched-linux-x86_64, r-patched-solaris-sparc, r-patched-solaris-x86, r-release-linux-ix86, r-release-linux-x86_64, r-release-osx-x86_64-mavericks, r-release-windows-ix86+x86_64

Version: 0.2.1
Check: dependencies in R code
Result: NOTE
    Package in Depends field not imported from: ‘mnormt’
     These packages need to be imported from (in the NAMESPACE file)
     for when this namespace is loaded but not attached.
    See the information on DESCRIPTION files in the chapter ‘Creating R
    packages’ of the ‘Writing R Extensions’ manual.
Flavors: r-patched-solaris-sparc, r-release-linux-ix86, r-release-linux-x86_64, r-release-osx-x86_64-mavericks, r-release-windows-ix86+x86_64, r-oldrel-windows-ix86+x86_64