CRAN Package Check Results for Package MaXact

Last updated on 2016-07-30 14:49:46.

Flavor Version Tinstall Tcheck Ttotal Status Flags
r-devel-linux-x86_64-debian-clang 0.2.1 1.90 8.86 10.76 NOTE
r-devel-linux-x86_64-debian-gcc 0.2.1 1.78 8.77 10.55 NOTE
r-devel-linux-x86_64-fedora-clang 0.2.1 18.19 NOTE
r-devel-linux-x86_64-fedora-gcc 0.2.1 15.03 NOTE
r-devel-osx-x86_64-clang 0.2.1 15.99 NOTE
r-devel-windows-ix86+x86_64 0.2.1 10.00 26.00 36.00 NOTE
r-patched-linux-x86_64 0.2.1 1.44 8.96 10.40 NOTE
r-patched-solaris-sparc 0.2.1 98.40 NOTE
r-patched-solaris-x86 0.2.1 22.50 NOTE
r-release-linux-x86_64 0.2.1 1.56 11.49 13.05 NOTE
r-release-osx-x86_64-mavericks 0.2.1 NOTE
r-release-windows-ix86+x86_64 0.2.1 10.00 42.00 52.00 NOTE
r-oldrel-windows-ix86+x86_64 0.2.1 13.00 41.00 54.00 NOTE

Check Details

Version: 0.2.1
Check: dependencies in R code
Result: NOTE
    Package in Depends field not imported from: ‘mnormt’
     These packages need to be imported from (in the NAMESPACE file)
     for when this namespace is loaded but not attached.
Flavors: r-devel-linux-x86_64-debian-clang, r-devel-linux-x86_64-debian-gcc, r-devel-linux-x86_64-fedora-clang, r-devel-linux-x86_64-fedora-gcc, r-devel-osx-x86_64-clang, r-devel-windows-ix86+x86_64, r-patched-linux-x86_64, r-patched-solaris-sparc, r-patched-solaris-x86, r-release-linux-x86_64, r-release-osx-x86_64-mavericks, r-release-windows-ix86+x86_64, r-oldrel-windows-ix86+x86_64

Version: 0.2.1
Check: R code for possible problems
Result: NOTE
    catt.test: no visible global function definition for ‘pnorm’
    fnorm2: no visible global function definition for ‘sadmvn’
    fnorm3: no visible global function definition for ‘sadmvn’
    Undefined global functions or variables:
     pnorm sadmvn
    Consider adding
     importFrom("stats", "pnorm")
    to your NAMESPACE file.
Flavors: r-devel-linux-x86_64-debian-clang, r-devel-linux-x86_64-debian-gcc, r-devel-linux-x86_64-fedora-clang, r-devel-linux-x86_64-fedora-gcc, r-devel-osx-x86_64-clang, r-devel-windows-ix86+x86_64, r-patched-linux-x86_64, r-patched-solaris-sparc, r-patched-solaris-x86, r-release-linux-x86_64, r-release-osx-x86_64-mavericks, r-release-windows-ix86+x86_64

Version: 0.2.1
Check: R code for possible problems
Result: NOTE
    fnorm2: no visible global function definition for 'sadmvn'
    fnorm3: no visible global function definition for 'sadmvn'
Flavor: r-oldrel-windows-ix86+x86_64