CRAN Package Check Results for Package MaXact

Last updated on 2014-04-24 15:50:41.

Flavor Version Tinstall Tcheck Ttotal Status Flags
r-devel-linux-x86_64-debian-clang 0.2.1 1.34 9.78 11.12 NOTE
r-devel-linux-x86_64-debian-gcc 0.2.1 1.47 9.53 11.00 NOTE
r-devel-linux-x86_64-fedora-clang 0.2.1 22.58 NOTE
r-devel-linux-x86_64-fedora-gcc 0.2.1 20.12 NOTE
r-devel-osx-x86_64-clang 0.2.1 26.69 NOTE
r-devel-osx-x86_64-gcc 0.2.1 NOTE
r-devel-windows-ix86+x86_64 0.2.1 8.00 23.00 31.00 NOTE
r-patched-linux-x86_64 0.2.1 1.44 9.58 11.02 NOTE
r-patched-solaris-sparc 0.2.1 120.90 NOTE
r-patched-solaris-x86 0.2.1 31.50 NOTE
r-release-linux-ix86 0.2.1 3.00 23.00 26.00 NOTE
r-release-linux-x86_64 0.2.1 1.43 9.64 11.08 NOTE
r-release-osx-x86_64-mavericks 0.2.1 NOTE
r-release-osx-x86_64-snowleopard 0.2.1 OK
r-release-windows-ix86+x86_64 0.2.1 16.00 31.00 47.00 NOTE
r-oldrel-windows-ix86+x86_64 0.2.1 8.00 27.00 35.00 NOTE

Check Details

Version: 0.2.1
Check: dependencies in R code
Result: NOTE
    Package in Depends field not imported from: ‘mnormt’
     These packages need to be imported from (in the NAMESPACE file)
     for when this namespace is loaded but not attached.
    See the information on DESCRIPTION files in the chapter ‘Creating R
    packages’ of the ‘Writing R Extensions’ manual.
Flavors: r-devel-linux-x86_64-debian-clang, r-devel-linux-x86_64-debian-gcc, r-devel-linux-x86_64-fedora-clang, r-devel-linux-x86_64-fedora-gcc, r-devel-osx-x86_64-clang, r-devel-osx-x86_64-gcc, r-devel-windows-ix86+x86_64, r-patched-linux-x86_64, r-patched-solaris-sparc, r-patched-solaris-x86, r-release-linux-ix86, r-release-linux-x86_64, r-release-osx-x86_64-mavericks, r-release-windows-ix86+x86_64, r-oldrel-windows-ix86+x86_64