CRAN Package Check Results for Package MaXact

Last updated on 2014-08-28 11:49:07.

Flavor Version Tinstall Tcheck Ttotal Status Flags
r-devel-linux-x86_64-debian-clang 0.2.1 1.36 8.86 10.22 NOTE
r-devel-linux-x86_64-debian-gcc 0.2.1 1.42 8.91 10.33 NOTE
r-devel-linux-x86_64-fedora-clang 0.2.1 21.96 NOTE
r-devel-linux-x86_64-fedora-gcc 0.2.1 20.30 NOTE
r-devel-osx-x86_64-clang 0.2.1 24.72 NOTE
r-devel-windows-ix86+x86_64 0.2.1 8.00 24.00 32.00 NOTE
r-patched-linux-x86_64 0.2.1 1.41 9.11 10.52 NOTE
r-patched-solaris-sparc 0.2.1 125.50 NOTE
r-patched-solaris-x86 0.2.1 31.10 NOTE
r-release-linux-ix86 0.2.1 2.16 15.39 17.54 NOTE
r-release-linux-x86_64 0.2.1 1.78 9.78 11.56 NOTE
r-release-osx-x86_64-mavericks 0.2.1 NOTE
r-release-osx-x86_64-snowleopard 0.2.1 OK
r-release-windows-ix86+x86_64 0.2.1 13.00 24.00 37.00 NOTE
r-oldrel-windows-ix86+x86_64 0.2.1 9.00 31.00 40.00 NOTE

Check Details

Version: 0.2.1
Check: dependencies in R code
Result: NOTE
    Package in Depends field not imported from: ‘mnormt’
     These packages need to be imported from (in the NAMESPACE file)
     for when this namespace is loaded but not attached.
    See the information on DESCRIPTION files in the chapter ‘Creating R
    packages’ of the ‘Writing R Extensions’ manual.
Flavors: r-devel-linux-x86_64-debian-clang, r-devel-linux-x86_64-debian-gcc, r-devel-linux-x86_64-fedora-clang, r-devel-linux-x86_64-fedora-gcc, r-devel-osx-x86_64-clang, r-devel-windows-ix86+x86_64, r-patched-linux-x86_64, r-patched-solaris-sparc, r-patched-solaris-x86, r-release-linux-ix86, r-release-linux-x86_64, r-release-osx-x86_64-mavericks, r-release-windows-ix86+x86_64, r-oldrel-windows-ix86+x86_64

Version: 0.2.1
Check: R code for possible problems
Result: NOTE
    fnorm2: no visible global function definition for ‘sadmvn’
    fnorm3: no visible global function definition for ‘sadmvn’
Flavors: r-devel-linux-x86_64-debian-clang, r-devel-linux-x86_64-debian-gcc, r-devel-linux-x86_64-fedora-clang, r-devel-linux-x86_64-fedora-gcc, r-devel-osx-x86_64-clang, r-devel-windows-ix86+x86_64