CRAN Package Check Results for Package Maeswrap

Last updated on 2014-09-02 22:47:42.

Flavor Version Tinstall Tcheck Ttotal Status Flags
r-devel-linux-x86_64-debian-clang 1.4.11 0.93 14.11 15.04 NOTE
r-devel-linux-x86_64-debian-gcc 1.4.11 0.97 14.20 15.17 NOTE
r-devel-linux-x86_64-fedora-clang 1.4.11 31.52 NOTE
r-devel-linux-x86_64-fedora-gcc 1.4.11 29.29 NOTE
r-devel-osx-x86_64-clang 1.4.11 30.21 NOTE
r-devel-windows-ix86+x86_64 1.4.11 5.00 23.00 28.00 NOTE
r-patched-linux-x86_64 1.4.11 0.98 16.06 17.04 NOTE
r-patched-solaris-sparc 1.4.11 198.90 NOTE
r-patched-solaris-x86 1.4.11 47.80 NOTE
r-release-linux-ix86 1.4.11 1.41 22.82 24.23 NOTE
r-release-linux-x86_64 1.4.11 1.08 15.98 17.06 NOTE
r-release-osx-x86_64-mavericks 1.4.11 NOTE
r-release-osx-x86_64-snowleopard 1.4.11 NOTE
r-release-windows-ix86+x86_64 1.4.11 5.00 28.00 33.00 NOTE
r-oldrel-windows-ix86+x86_64 1.4.11 4.00 26.00 30.00 NOTE

Check Details

Version: 1.4.11
Check: dependencies in R code
Result: NOTE
    'library' or 'require' calls to packages already attached by Depends:
     ‘geometry’ ‘lattice’ ‘rgl’
     Please remove these calls from your code.
    Packages in Depends field not imported from:
     ‘geometry’ ‘lattice’ ‘rgl’
     These packages need to be imported from (in the NAMESPACE file)
     for when this namespace is loaded but not attached.
    See the information on DESCRIPTION files in the chapter ‘Creating R
    packages’ of the ‘Writing R Extensions’ manual.
Flavors: r-devel-linux-x86_64-debian-clang, r-devel-linux-x86_64-debian-gcc, r-devel-linux-x86_64-fedora-clang, r-devel-linux-x86_64-fedora-gcc, r-devel-osx-x86_64-clang, r-devel-windows-ix86+x86_64, r-patched-linux-x86_64, r-patched-solaris-sparc, r-patched-solaris-x86, r-release-linux-ix86, r-release-linux-x86_64, r-release-osx-x86_64-mavericks, r-release-windows-ix86+x86_64, r-oldrel-windows-ix86+x86_64

Version: 1.4.11
Check: R code for possible problems
Result: NOTE
    Openstand: no visible global function definition for ‘lines3d’
    Plotstand: no visible global function definition for ‘par3d’
    Plotstand: no visible global function definition for ‘axes3d’
    Plotstand: no visible global function definition for ‘title3d’
    addarrow: no visible global function definition for ‘lines3d’
    addarrow: no visible global function definition for ‘lsegments’
    addarrow: no visible global function definition for ‘text3d’
    addarrow: no visible global function definition for ‘ltext’
    plot3dtriangles: no visible global function definition for
     ‘rgl.triangles’
Flavors: r-devel-linux-x86_64-debian-clang, r-devel-linux-x86_64-debian-gcc, r-devel-linux-x86_64-fedora-clang, r-devel-linux-x86_64-fedora-gcc, r-devel-osx-x86_64-clang, r-devel-windows-ix86+x86_64

Version: 1.4.11
Check: dependencies in R code
Result: NOTE
    'library' or 'require' calls to packages already attached by Depends:
     'geometry' 'lattice' 'rgl'
     Please remove these calls from your code.
    See the information on DESCRIPTION files in the chapter 'Creating R
    packages' of the 'Writing R Extensions' manual.
Flavor: r-release-osx-x86_64-snowleopard