CRAN Package Check Results for Package Maeswrap

Last updated on 2017-02-19 14:52:04.

Flavor Version Tinstall Tcheck Ttotal Status Flags
r-devel-linux-x86_64-debian-clang 1.7 1.62 23.38 25.01 OK
r-devel-linux-x86_64-debian-gcc 1.7 1.52 23.47 24.98 OK
r-devel-linux-x86_64-fedora-clang 1.7 39.91 OK --no-stop-on-test-error
r-devel-linux-x86_64-fedora-gcc 1.7 41.51 OK --no-stop-on-test-error
r-devel-macos-x86_64-clang 1.7 35.80 OK --no-stop-on-test-error
r-devel-windows-ix86+x86_64 1.7 7.00 64.00 71.00 OK
r-patched-linux-x86_64 1.7 1.26 20.51 21.77 OK
r-patched-solaris-sparc 1.7 239.50 OK
r-patched-solaris-x86 1.7 55.60 OK
r-release-linux-x86_64 1.7 1.40 19.85 21.25 OK
r-release-osx-x86_64-mavericks 1.7 WARN
r-release-windows-ix86+x86_64 1.7 5.00 44.00 49.00 OK
r-oldrel-windows-ix86+x86_64 1.7 13.00 55.00 68.00 OK

Check Details

Version: 1.7
Check: whether package can be installed
Result: WARN
    Found the following significant warnings:
     Warning: 'rgl_init' failed, running with rgl.useNULL = TRUE
Flavor: r-release-osx-x86_64-mavericks

Version: 1.7
Check: dependencies in R code
Result: NOTE
    Invalid MIT-MAGIC-COOKIE-1 key
Flavor: r-release-osx-x86_64-mavericks

Version: 1.7
Check: S3 generic/method consistency
Result: WARN
    Invalid MIT-MAGIC-COOKIE-1 key
    See section ‘Generic functions and methods’ in the ‘Writing R
    Extensions’ manual.
Flavor: r-release-osx-x86_64-mavericks

Version: 1.7
Check: replacement functions
Result: WARN
    Invalid MIT-MAGIC-COOKIE-1 key
    The argument of a replacement function which corresponds to the right
    hand side must be named ‘value’.
Flavor: r-release-osx-x86_64-mavericks

Version: 1.7
Check: foreign function calls
Result: NOTE
    Invalid MIT-MAGIC-COOKIE-1 key
    See chapter ‘System and foreign language interfaces’ in the ‘Writing R
    Extensions’ manual.
Flavor: r-release-osx-x86_64-mavericks

Version: 1.7
Check: R code for possible problems
Result: NOTE
    Invalid MIT-MAGIC-COOKIE-1 key
Flavor: r-release-osx-x86_64-mavericks

Version: 1.7
Check: for missing documentation entries
Result: WARN
    Invalid MIT-MAGIC-COOKIE-1 key
    All user-level objects in a package should have documentation entries.
    See chapter ‘Writing R documentation files’ in the ‘Writing R
    Extensions’ manual.
Flavor: r-release-osx-x86_64-mavericks

Version: 1.7
Check: for code/documentation mismatches
Result: WARN
    Invalid MIT-MAGIC-COOKIE-1 key
    Invalid MIT-MAGIC-COOKIE-1 key
    Invalid MIT-MAGIC-COOKIE-1 key
Flavor: r-release-osx-x86_64-mavericks

Version: 1.7
Check: Rd \usage sections
Result: NOTE
    Invalid MIT-MAGIC-COOKIE-1 key
    The \usage entries for S3 methods should use the \method markup and not
    their full name.
    See chapter ‘Writing R documentation files’ in the ‘Writing R
    Extensions’ manual.
Flavor: r-release-osx-x86_64-mavericks