CRAN Package Check Results for Package Maeswrap

Last updated on 2014-07-24 15:52:21.

Flavor Version Tinstall Tcheck Ttotal Status Flags
r-devel-linux-x86_64-debian-clang 1.4.11 0.96 14.99 15.95 NOTE
r-devel-linux-x86_64-debian-gcc 1.4.11 0.96 14.71 15.68 NOTE
r-devel-linux-x86_64-fedora-clang 1.4.11 33.37 NOTE
r-devel-linux-x86_64-fedora-gcc 1.4.11 30.79 NOTE
r-devel-osx-x86_64-clang 1.4.11 31.50 NOTE
r-devel-windows-ix86+x86_64 1.4.11 5.00 27.00 32.00 NOTE
r-patched-linux-x86_64 1.4.11 0.99 14.59 15.58 NOTE
r-patched-solaris-sparc 1.4.11 181.40 NOTE
r-patched-solaris-x86 1.4.11 46.00 NOTE
r-release-linux-ix86 1.4.11 1.43 22.81 24.24 NOTE
r-release-linux-x86_64 1.4.11 1.02 15.47 16.49 NOTE
r-release-osx-x86_64-mavericks 1.4.11 NOTE
r-release-osx-x86_64-snowleopard 1.4.11 NOTE
r-release-windows-ix86+x86_64 1.4.11 4.00 27.00 31.00 NOTE
r-oldrel-windows-ix86+x86_64 1.4.11 4.00 27.00 31.00 NOTE

Check Details

Version: 1.4.11
Check: dependencies in R code
Result: NOTE
    'library' or 'require' calls to packages already attached by Depends:
     ‘geometry’ ‘lattice’ ‘rgl’
     Please remove these calls from your code.
    Packages in Depends field not imported from:
     ‘geometry’ ‘lattice’ ‘rgl’
     These packages need to be imported from (in the NAMESPACE file)
     for when this namespace is loaded but not attached.
    See the information on DESCRIPTION files in the chapter ‘Creating R
    packages’ of the ‘Writing R Extensions’ manual.
Flavors: r-devel-linux-x86_64-debian-clang, r-devel-linux-x86_64-debian-gcc, r-devel-linux-x86_64-fedora-clang, r-devel-linux-x86_64-fedora-gcc, r-devel-osx-x86_64-clang, r-devel-windows-ix86+x86_64, r-patched-linux-x86_64, r-patched-solaris-sparc, r-patched-solaris-x86, r-release-linux-ix86, r-release-linux-x86_64, r-release-osx-x86_64-mavericks, r-release-windows-ix86+x86_64, r-oldrel-windows-ix86+x86_64

Version: 1.4.11
Check: dependencies in R code
Result: NOTE
    'library' or 'require' calls to packages already attached by Depends:
     'geometry' 'lattice' 'rgl'
     Please remove these calls from your code.
    See the information on DESCRIPTION files in the chapter 'Creating R
    packages' of the 'Writing R Extensions' manual.
Flavor: r-release-osx-x86_64-snowleopard