CRAN Package Check Results for Package Maeswrap

Last updated on 2015-07-02 11:48:23.

Flavor Version Tinstall Tcheck Ttotal Status Flags
r-devel-linux-x86_64-debian-clang 1.7 0.88 14.20 15.08 OK
r-devel-linux-x86_64-debian-gcc 1.7 0.88 14.05 14.93 OK
r-devel-linux-x86_64-fedora-clang 1.7 28.92 OK
r-devel-linux-x86_64-fedora-gcc 1.7 27.32 OK
r-devel-osx-x86_64-clang 1.7 23.81 OK
r-devel-windows-ix86+x86_64 1.7 6.00 30.00 36.00 OK
r-patched-linux-x86_64 1.7 0.90 14.47 15.36 OK
r-patched-solaris-sparc 1.7 174.10 OK
r-patched-solaris-x86 1.7 40.10 OK
r-release-linux-x86_64 1.7 0.90 14.42 15.32 OK
r-release-osx-x86_64-mavericks 1.4.11 NOTE
r-release-windows-ix86+x86_64 1.7 5.00 25.00 30.00 OK
r-oldrel-windows-ix86+x86_64 1.7 7.00 36.00 43.00 OK

Check Details

Version: 1.4.11
Check: DESCRIPTION meta-information
Result: NOTE
    Malformed Title field: should not end in a period.
Flavor: r-release-osx-x86_64-mavericks

Version: 1.4.11
Check: dependencies in R code
Result: NOTE
    'library' or 'require' calls to packages already attached by Depends:
     ‘geometry’ ‘lattice’ ‘rgl’
     Please remove these calls from your code.
    Packages in Depends field not imported from:
     ‘geometry’ ‘lattice’ ‘rgl’
     These packages need to be imported from (in the NAMESPACE file)
     for when this namespace is loaded but not attached.
Flavor: r-release-osx-x86_64-mavericks

Version: 1.4.11
Check: R code for possible problems
Result: NOTE
    Openstand: no visible global function definition for ‘lines3d’
    Plotstand: no visible global function definition for ‘par3d’
    Plotstand: no visible global function definition for ‘axes3d’
    Plotstand: no visible global function definition for ‘title3d’
    addarrow: no visible global function definition for ‘lines3d’
    addarrow: no visible global function definition for ‘lsegments’
    addarrow: no visible global function definition for ‘text3d’
    addarrow: no visible global function definition for ‘ltext’
    plot3dtriangles: no visible global function definition for
     ‘rgl.triangles’
Flavor: r-release-osx-x86_64-mavericks