CRAN Package Check Results for Package Maeswrap

Last updated on 2015-03-29 19:48:44.

Flavor Version Tinstall Tcheck Ttotal Status Flags
r-devel-linux-x86_64-debian-clang 1.4.11 0.84 12.76 13.60 NOTE
r-devel-linux-x86_64-debian-gcc 1.4.11 0.86 12.33 13.19 NOTE
r-devel-linux-x86_64-fedora-clang 1.4.11 26.73 NOTE
r-devel-linux-x86_64-fedora-gcc 1.4.11 24.25 NOTE
r-devel-osx-x86_64-clang 1.4.11 33.30 NOTE
r-prerel-windows-ix86+x86_64 1.4.11 6.00 22.00 28.00 NOTE
r-prerel-linux-x86_64 1.4.11 0.83 12.72 13.55 NOTE
r-prerel-solaris-sparc 1.4.11 158.00 NOTE
r-prerel-solaris-x86 1.4.11 42.10 NOTE
r-release-linux-x86_64 1.4.11 1.12 15.85 16.97 NOTE
r-release-osx-x86_64-mavericks 1.4.11 NOTE
r-release-osx-x86_64-snowleopard 1.4.11 NOTE
r-release-windows-ix86+x86_64 1.4.11 5.00 28.00 33.00 NOTE
r-oldrel-windows-ix86+x86_64 1.4.11 6.00 49.00 55.00 NOTE

Check Details

Version: 1.4.11
Check: DESCRIPTION meta-information
Result: NOTE
    Malformed Title field: should not end in a period.
Flavors: r-devel-linux-x86_64-debian-clang, r-devel-linux-x86_64-debian-gcc, r-devel-linux-x86_64-fedora-clang, r-devel-linux-x86_64-fedora-gcc, r-devel-osx-x86_64-clang, r-prerel-windows-ix86+x86_64, r-prerel-linux-x86_64, r-prerel-solaris-sparc, r-prerel-solaris-x86

Version: 1.4.11
Check: dependencies in R code
Result: NOTE
    'library' or 'require' calls to packages already attached by Depends:
     ‘geometry’ ‘lattice’ ‘rgl’
     Please remove these calls from your code.
    Packages in Depends field not imported from:
     ‘geometry’ ‘lattice’ ‘rgl’
     These packages need to be imported from (in the NAMESPACE file)
     for when this namespace is loaded but not attached.
Flavors: r-devel-linux-x86_64-debian-clang, r-devel-linux-x86_64-debian-gcc, r-devel-linux-x86_64-fedora-clang, r-devel-linux-x86_64-fedora-gcc, r-devel-osx-x86_64-clang, r-prerel-windows-ix86+x86_64, r-prerel-linux-x86_64, r-prerel-solaris-sparc, r-prerel-solaris-x86, r-release-linux-x86_64, r-release-windows-ix86+x86_64

Version: 1.4.11
Check: R code for possible problems
Result: NOTE
    Openstand: no visible global function definition for ‘lines3d’
    Plotstand: no visible global function definition for ‘par3d’
    Plotstand: no visible global function definition for ‘axes3d’
    Plotstand: no visible global function definition for ‘title3d’
    addarrow: no visible global function definition for ‘lines3d’
    addarrow: no visible global function definition for ‘lsegments’
    addarrow: no visible global function definition for ‘text3d’
    addarrow: no visible global function definition for ‘ltext’
    plot3dtriangles: no visible global function definition for
     ‘rgl.triangles’
Flavors: r-devel-linux-x86_64-debian-clang, r-devel-linux-x86_64-debian-gcc, r-devel-linux-x86_64-fedora-clang, r-devel-linux-x86_64-fedora-gcc, r-devel-osx-x86_64-clang, r-prerel-windows-ix86+x86_64, r-prerel-linux-x86_64, r-prerel-solaris-sparc, r-prerel-solaris-x86, r-release-linux-x86_64, r-release-osx-x86_64-mavericks, r-release-windows-ix86+x86_64

Version: 1.4.11
Check: dependencies in R code
Result: NOTE
    'library' or 'require' calls to packages already attached by Depends:
     ‘geometry’ ‘lattice’ ‘rgl’
     Please remove these calls from your code.
    Packages in Depends field not imported from:
     ‘geometry’ ‘lattice’ ‘rgl’
     These packages need to be imported from (in the NAMESPACE file)
     for when this namespace is loaded but not attached.
    See the information on DESCRIPTION files in the chapter ‘Creating R
    packages’ of the ‘Writing R Extensions’ manual.
Flavors: r-release-osx-x86_64-mavericks, r-oldrel-windows-ix86+x86_64

Version: 1.4.11
Check: dependencies in R code
Result: NOTE
    'library' or 'require' calls to packages already attached by Depends:
     'geometry' 'lattice' 'rgl'
     Please remove these calls from your code.
    See the information on DESCRIPTION files in the chapter 'Creating R
    packages' of the 'Writing R Extensions' manual.
Flavor: r-release-osx-x86_64-snowleopard