CRAN Package Check Results for Package Maeswrap

Last updated on 2016-07-25 23:48:07.

Flavor Version Tinstall Tcheck Ttotal Status Flags
r-devel-linux-x86_64-debian-clang 1.7 1.16 18.42 19.59 OK
r-devel-linux-x86_64-debian-gcc 1.7 1.09 18.84 19.93 OK
r-devel-linux-x86_64-fedora-clang 1.7 27.81 OK
r-devel-linux-x86_64-fedora-gcc 1.7 25.22 OK
r-devel-osx-x86_64-clang 1.7 24.77 OK
r-devel-windows-ix86+x86_64 1.7 5.00 37.00 42.00 OK
r-patched-linux-x86_64 1.7 1.32 19.07 20.39 OK
r-patched-solaris-sparc 1.7 175.20 OK
r-patched-solaris-x86 1.7 40.40 OK
r-release-linux-x86_64 1.7 1.36 18.75 20.11 OK
r-release-osx-x86_64-mavericks 1.7 WARN
r-release-windows-ix86+x86_64 1.7 6.00 46.00 52.00 OK
r-oldrel-windows-ix86+x86_64 1.7 5.00 49.00 54.00 OK

Check Details

Version: 1.7
Check: whether package can be installed
Result: WARN
    Found the following significant warnings:
     Warning: 'rgl_init' failed, running with rgl.useNULL = TRUE
Flavor: r-release-osx-x86_64-mavericks

Version: 1.7
Check: dependencies in R code
Result: NOTE
    Invalid MIT-MAGIC-COOKIE-1 key
Flavor: r-release-osx-x86_64-mavericks

Version: 1.7
Check: S3 generic/method consistency
Result: WARN
    Invalid MIT-MAGIC-COOKIE-1 key
    See section ‘Generic functions and methods’ in the ‘Writing R
    Extensions’ manual.
Flavor: r-release-osx-x86_64-mavericks

Version: 1.7
Check: replacement functions
Result: WARN
    Invalid MIT-MAGIC-COOKIE-1 key
    The argument of a replacement function which corresponds to the right
    hand side must be named ‘value’.
Flavor: r-release-osx-x86_64-mavericks

Version: 1.7
Check: foreign function calls
Result: NOTE
    Invalid MIT-MAGIC-COOKIE-1 key
    See chapter ‘System and foreign language interfaces’ in the ‘Writing R
    Extensions’ manual.
Flavor: r-release-osx-x86_64-mavericks

Version: 1.7
Check: R code for possible problems
Result: NOTE
    Invalid MIT-MAGIC-COOKIE-1 key
Flavor: r-release-osx-x86_64-mavericks

Version: 1.7
Check: for missing documentation entries
Result: WARN
    Invalid MIT-MAGIC-COOKIE-1 key
    All user-level objects in a package should have documentation entries.
    See chapter ‘Writing R documentation files’ in the ‘Writing R
    Extensions’ manual.
Flavor: r-release-osx-x86_64-mavericks

Version: 1.7
Check: for code/documentation mismatches
Result: WARN
    Invalid MIT-MAGIC-COOKIE-1 key
    Invalid MIT-MAGIC-COOKIE-1 key
    Invalid MIT-MAGIC-COOKIE-1 key
Flavor: r-release-osx-x86_64-mavericks

Version: 1.7
Check: Rd \usage sections
Result: NOTE
    Invalid MIT-MAGIC-COOKIE-1 key
    The \usage entries for S3 methods should use the \method markup and not
    their full name.
    See chapter ‘Writing R documentation files’ in the ‘Writing R
    Extensions’ manual.
Flavor: r-release-osx-x86_64-mavericks