CRAN Package Check Results for Package MakefileR

Last updated on 2022-01-29 02:49:53 CET.

Flavor Version Tinstall Tcheck Ttotal Status Flags
r-devel-linux-x86_64-debian-clang 1.0 1.95 35.24 37.19 NOTE
r-devel-linux-x86_64-debian-gcc 1.0 1.51 27.15 28.66 NOTE
r-devel-linux-x86_64-fedora-clang 1.0 43.81 NOTE
r-devel-linux-x86_64-fedora-gcc 1.0 42.45 NOTE
r-devel-windows-x86_64-new-UL 1.0 48.00 68.00 116.00 NOTE
r-devel-windows-x86_64-new-TK 1.0 NOTE
r-patched-linux-x86_64 1.0 1.55 31.56 33.11 NOTE
r-release-linux-x86_64 1.0 1.96 30.96 32.92 NOTE
r-release-macos-arm64 1.0 NOTE
r-release-macos-x86_64 1.0 NOTE
r-release-windows-ix86+x86_64 1.0 5.00 44.00 49.00 NOTE
r-oldrel-macos-x86_64 1.0 OK
r-oldrel-windows-ix86+x86_64 1.0 5.00 43.00 48.00 OK

Check Details

Version: 1.0
Check: LazyData
Result: NOTE
     'LazyData' is specified without a 'data' directory
Flavors: r-devel-linux-x86_64-debian-clang, r-devel-linux-x86_64-debian-gcc, r-devel-linux-x86_64-fedora-clang, r-devel-linux-x86_64-fedora-gcc, r-devel-windows-x86_64-new-UL, r-devel-windows-x86_64-new-TK, r-patched-linux-x86_64, r-release-linux-x86_64, r-release-macos-arm64, r-release-macos-x86_64, r-release-windows-ix86+x86_64