CRAN Package Check Results for Package MapGAM

Last updated on 2015-07-29 23:47:14.

Flavor Version Tinstall Tcheck Ttotal Status Flags
r-devel-linux-x86_64-debian-clang 0.7-5 1.17 20.54 21.71 NOTE
r-devel-linux-x86_64-debian-gcc 0.7-5 1.17 20.50 21.67 NOTE
r-devel-linux-x86_64-fedora-clang 0.7-5 40.05 NOTE
r-devel-linux-x86_64-fedora-gcc 0.7-5 40.82 NOTE
r-devel-osx-x86_64-clang 0.7-5 39.65 OK
r-devel-windows-ix86+x86_64 0.7-5 5.00 38.00 43.00 NOTE
r-patched-linux-x86_64 0.7-5 1.18 21.04 22.23 OK
r-patched-solaris-sparc 0.7-5 267.90 OK
r-patched-solaris-x86 0.7-5 57.80 OK
r-release-linux-x86_64 0.7-5 1.46 20.22 21.68 OK
r-release-osx-x86_64-mavericks 0.7-5 OK
r-release-windows-ix86+x86_64 0.7-5 8.00 58.00 66.00 OK
r-oldrel-windows-ix86+x86_64 0.7-5 9.00 63.00 72.00 OK

Check Details

Version: 0.7-5
Check: R code for possible problems
Result: NOTE
    colormap: no visible global function definition for ‘rainbow’
    colormap: no visible global function definition for ‘par’
    colormap: no visible global function definition for ‘points’
    colormap: no visible global function definition for ‘axis’
    colormap: no visible global function definition for ‘mtext’
    colormap: no visible global function definition for ‘gray’
    colormap: no visible global function definition for ‘lines’
    colormap: no visible global function definition for ‘reshape’
    colormap: no visible global function definition for ‘contour’
    colormap: no visible global function definition for ‘text’
    modgam: no visible binding for global variable ‘binomial’
    modgam: no visible global function definition for ‘quantile’
    modgam: no visible global function definition for ‘as.formula’
    modgam: no visible global function definition for ‘anova’
    optspan: no visible global function definition for ‘binomial’
    optspan: no visible global function definition for ‘as.formula’
    Undefined global functions or variables:
     anova as.formula axis binomial contour gray lines mtext par points
     quantile rainbow reshape text
    Consider adding
     importFrom("grDevices", "gray", "rainbow")
     importFrom("graphics", "axis", "contour", "lines", "mtext", "par",
     "points", "text")
     importFrom("stats", "anova", "as.formula", "binomial", "quantile",
     "reshape")
    to your NAMESPACE.
Flavors: r-devel-linux-x86_64-debian-clang, r-devel-linux-x86_64-debian-gcc, r-devel-linux-x86_64-fedora-clang, r-devel-linux-x86_64-fedora-gcc, r-devel-windows-ix86+x86_64