CRAN Package Check Results for Package MapGAM

Last updated on 2014-10-23 05:46:44.

Flavor Version Tinstall Tcheck Ttotal Status Flags
r-devel-linux-x86_64-debian-clang 0.7-0 1.29 29.26 30.54 NOTE
r-devel-linux-x86_64-debian-gcc 0.7-0 1.28 30.66 31.95 NOTE
r-devel-linux-x86_64-fedora-clang 0.7-0 58.06 NOTE
r-devel-linux-x86_64-fedora-gcc 0.7-0 53.27 NOTE
r-devel-osx-x86_64-clang 0.7-0 54.80 NOTE
r-devel-windows-ix86+x86_64 0.7-0 6.00 47.00 53.00 NOTE
r-patched-linux-x86_64 0.7-0 1.31 30.02 31.33 NOTE
r-patched-solaris-sparc 0.7-0 379.30 NOTE
r-patched-solaris-x86 0.7-0 77.30 NOTE
r-release-linux-ix86 0.7-0 1.94 43.46 45.41 NOTE
r-release-linux-x86_64 0.7-0 1.67 30.55 32.22 NOTE
r-release-osx-x86_64-mavericks 0.7-0 NOTE
r-release-osx-x86_64-snowleopard 0.7-0 OK
r-release-windows-ix86+x86_64 0.7-0 6.00 51.00 57.00 NOTE
r-oldrel-windows-ix86+x86_64 0.7-0 7.00 56.00 63.00 NOTE

Check Details

Version: 0.7-0
Check: dependencies in R code
Result: NOTE
    Packages in Depends field not imported from:
     ‘gam’ ‘maptools’
     These packages need to be imported from (in the NAMESPACE file)
     for when this namespace is loaded but not attached.
    See the information on DESCRIPTION files in the chapter ‘Creating R
    packages’ of the ‘Writing R Extensions’ manual.
Flavors: r-devel-linux-x86_64-debian-clang, r-devel-linux-x86_64-debian-gcc, r-devel-linux-x86_64-fedora-clang, r-devel-linux-x86_64-fedora-gcc, r-devel-osx-x86_64-clang, r-devel-windows-ix86+x86_64, r-patched-linux-x86_64, r-patched-solaris-sparc, r-patched-solaris-x86, r-release-linux-ix86, r-release-linux-x86_64, r-release-osx-x86_64-mavericks, r-release-windows-ix86+x86_64, r-oldrel-windows-ix86+x86_64

Version: 0.7-0
Check: R code for possible problems
Result: NOTE
    modgam: no visible global function definition for ‘gam’
    modgam: no visible global function definition for ‘predict.gam’
    optspan: no visible global function definition for ‘gam’
    sampcont: no visible global function definition for ‘makeGrid’
    sampcont: no visible global function definition for ‘findCells’
    sampcont: no visible global function definition for ‘as.EventData’
    trimdata: no visible global function definition for
     ‘SpatialPolygons2PolySet’
    trimdata: no visible global function definition for ‘map2SpatialLines’
    trimdata: no visible global function definition for ‘CRS’
    trimdata: no visible global function definition for
     ‘SpatialLines2PolySet’
    trimdata: no visible global function definition for ‘calcCentroid’
    trimdata: no visible global function definition for ‘combinePolys’
    trimdata: no visible global function definition for ‘as.EventData’
    trimdata: no visible global function definition for ‘findPolys’
Flavors: r-devel-linux-x86_64-debian-clang, r-devel-linux-x86_64-debian-gcc, r-devel-linux-x86_64-fedora-clang, r-devel-linux-x86_64-fedora-gcc, r-devel-osx-x86_64-clang, r-devel-windows-ix86+x86_64, r-patched-linux-x86_64, r-patched-solaris-sparc, r-patched-solaris-x86