CRAN Package Check Results for Package MapGAM

Last updated on 2014-09-19 17:47:49.

Flavor Version Tinstall Tcheck Ttotal Status Flags
r-devel-linux-x86_64-debian-clang 0.7-0 1.29 29.58 30.86 NOTE
r-devel-linux-x86_64-debian-gcc 0.7-0 1.79 29.11 30.90 NOTE
r-devel-linux-x86_64-fedora-clang 0.7-0 57.61 NOTE
r-devel-linux-x86_64-fedora-gcc 0.7-0 54.06 NOTE
r-devel-osx-x86_64-clang 0.7-0 53.47 NOTE
r-devel-windows-ix86+x86_64 0.7-0 6.00 47.00 53.00 NOTE
r-patched-linux-x86_64 0.7-0 1.32 29.84 31.16 NOTE
r-patched-solaris-sparc 0.7-0 387.50 NOTE
r-patched-solaris-x86 0.7-0 77.40 NOTE
r-release-linux-ix86 0.7-0 1.92 43.12 45.04 NOTE
r-release-linux-x86_64 0.7-0 1.52 30.12 31.64 NOTE
r-release-osx-x86_64-mavericks 0.7-0 NOTE
r-release-osx-x86_64-snowleopard 0.7-0 OK
r-release-windows-ix86+x86_64 0.7-0 6.00 49.00 55.00 NOTE
r-oldrel-windows-ix86+x86_64 0.7-0 6.00 52.00 58.00 NOTE

Check Details

Version: 0.7-0
Check: dependencies in R code
Result: NOTE
    Packages in Depends field not imported from:
     ‘gam’ ‘maptools’
     These packages need to be imported from (in the NAMESPACE file)
     for when this namespace is loaded but not attached.
    See the information on DESCRIPTION files in the chapter ‘Creating R
    packages’ of the ‘Writing R Extensions’ manual.
Flavors: r-devel-linux-x86_64-debian-clang, r-devel-linux-x86_64-debian-gcc, r-devel-linux-x86_64-fedora-clang, r-devel-linux-x86_64-fedora-gcc, r-devel-osx-x86_64-clang, r-devel-windows-ix86+x86_64, r-patched-linux-x86_64, r-patched-solaris-sparc, r-patched-solaris-x86, r-release-linux-ix86, r-release-linux-x86_64, r-release-osx-x86_64-mavericks, r-release-windows-ix86+x86_64, r-oldrel-windows-ix86+x86_64

Version: 0.7-0
Check: R code for possible problems
Result: NOTE
    modgam: no visible global function definition for ‘gam’
    modgam: no visible global function definition for ‘predict.gam’
    optspan: no visible global function definition for ‘gam’
    sampcont: no visible global function definition for ‘makeGrid’
    sampcont: no visible global function definition for ‘findCells’
    sampcont: no visible global function definition for ‘as.EventData’
    trimdata: no visible global function definition for
     ‘SpatialPolygons2PolySet’
    trimdata: no visible global function definition for ‘map2SpatialLines’
    trimdata: no visible global function definition for ‘CRS’
    trimdata: no visible global function definition for
     ‘SpatialLines2PolySet’
    trimdata: no visible global function definition for ‘calcCentroid’
    trimdata: no visible global function definition for ‘combinePolys’
    trimdata: no visible global function definition for ‘as.EventData’
    trimdata: no visible global function definition for ‘findPolys’
Flavors: r-devel-linux-x86_64-debian-clang, r-devel-linux-x86_64-debian-gcc, r-devel-linux-x86_64-fedora-clang, r-devel-linux-x86_64-fedora-gcc, r-devel-osx-x86_64-clang, r-devel-windows-ix86+x86_64