CRAN Package Check Results for Package MapGAM

Last updated on 2014-04-24 03:47:47.

Flavor Version Tinstall Tcheck Ttotal Status Flags
r-devel-linux-x86_64-debian-clang 0.7-0 1.52 30.66 32.18 NOTE
r-devel-linux-x86_64-debian-gcc 0.7-0 1.46 30.77 32.23 NOTE
r-devel-linux-x86_64-fedora-clang 0.7-0 60.07 NOTE
r-devel-linux-x86_64-fedora-gcc 0.7-0 55.88 NOTE
r-devel-osx-x86_64-clang 0.7-0 57.67 NOTE
r-devel-osx-x86_64-gcc 0.7-0 ERROR
r-devel-windows-ix86+x86_64 0.7-0 7.00 47.00 54.00 NOTE
r-patched-linux-x86_64 0.7-0 1.59 30.39 31.98 NOTE
r-patched-solaris-sparc 0.7-0 388.00 NOTE
r-patched-solaris-x86 0.7-0 78.50 NOTE
r-release-linux-ix86 0.7-0 2.00 56.00 58.00 NOTE
r-release-linux-x86_64 0.7-0 1.43 30.48 31.90 NOTE
r-release-osx-x86_64-mavericks 0.7-0 ERROR
r-release-osx-x86_64-snowleopard 0.7-0 OK
r-release-windows-ix86+x86_64 0.7-0 6.00 48.00 54.00 NOTE
r-oldrel-windows-ix86+x86_64 0.7-0 7.00 58.00 65.00 NOTE

Check Details

Version: 0.7-0
Check: dependencies in R code
Result: NOTE
    Packages in Depends field not imported from:
     ‘gam’ ‘maptools’
     These packages need to be imported from (in the NAMESPACE file)
     for when this namespace is loaded but not attached.
    See the information on DESCRIPTION files in the chapter ‘Creating R
    packages’ of the ‘Writing R Extensions’ manual.
Flavors: r-devel-linux-x86_64-debian-clang, r-devel-linux-x86_64-debian-gcc, r-devel-linux-x86_64-fedora-clang, r-devel-linux-x86_64-fedora-gcc, r-devel-osx-x86_64-clang, r-devel-windows-ix86+x86_64, r-patched-linux-x86_64, r-patched-solaris-sparc, r-patched-solaris-x86, r-release-linux-ix86, r-release-linux-x86_64, r-release-windows-ix86+x86_64, r-oldrel-windows-ix86+x86_64

Version: 0.7-0
Check: package dependencies
Result: ERROR
    Package required but not available: ‘maptools’
    
    See the information on DESCRIPTION files in the chapter ‘Creating R
    packages’ of the ‘Writing R Extensions’ manual.
Flavors: r-devel-osx-x86_64-gcc, r-release-osx-x86_64-mavericks