CRAN Package Check Results for Package MarkedPointProcess

Last updated on 2014-04-25 05:47:18.

Flavor Version Tinstall Tcheck Ttotal Status Flags
r-devel-linux-x86_64-debian-clang 0.2.21 2.52 26.30 28.82 NOTE
r-devel-linux-x86_64-debian-gcc 0.2.21 2.90 25.23 28.14 NOTE
r-devel-linux-x86_64-fedora-clang 0.2.21 55.04 NOTE
r-devel-linux-x86_64-fedora-gcc 0.2.21 54.31 NOTE
r-devel-osx-x86_64-clang 0.2.21 51.28 NOTE
r-devel-osx-x86_64-gcc 0.2.21 ERROR
r-devel-windows-ix86+x86_64 0.2.21 13.00 46.00 59.00 NOTE
r-patched-linux-x86_64 0.2.21 2.86 24.97 27.82 NOTE
r-patched-solaris-sparc 0.2.21 314.60 NOTE
r-patched-solaris-x86 0.2.21 74.40 NOTE
r-release-linux-ix86 0.2.21 5.00 44.00 49.00 NOTE
r-release-linux-x86_64 0.2.21 2.91 25.28 28.19 NOTE
r-release-osx-x86_64-mavericks 0.2.21 WARN
r-release-osx-x86_64-snowleopard 0.2.21 OK
r-release-windows-ix86+x86_64 0.2.21 14.00 48.00 62.00 NOTE
r-oldrel-windows-ix86+x86_64 0.2.21 14.00 47.00 61.00 OK

Check Details

Version: 0.2.21
Check: foreign function calls
Result: NOTE
    Calls with DUP = FALSE:
     .C("GetmppParameters", lnorms = integer(1), weights = integer(1),
     tests = integer(1), mppmaxchar = integer(1), modelnr = integer(1),
     PACKAGE = "MarkedPointProcess", DUP = FALSE)
     .C("GetmppParameters", lnorms = integer(1), weights = integer(1),
     tests = integer(1), mppmaxchar = integer(1), modelnr = integer(1),
     PACKAGE = "MarkedPointProcess", DUP = FALSE)
     .C("GetmppParameters", lnorms = integer(1), weights = integer(1),
     tests = integer(1), mppmaxchar = integer(1), modelnr = integer(1),
     PACKAGE = "MarkedPointProcess", DUP = FALSE)
     .C("MCtest", as.integer(MCrepetitions), as.double(x), as.double(d),
     as.integer(ld), as.integer(ncol(x)), simu, as.integer(PrintLevel),
     as.double(bin), as.integer(length(bin) - 1), Etest, VARtest,
     SQtest, .mpp.maxtests, .mpp.nr.maxtests, MAXtest, error,
     as.integer(additive), as.integer(0), PACKAGE = "MarkedPointProcess",
     DUP = FALSE, NAOK = TRUE)
     .C("GenerateMPPData", coord, act.npoints, as.integer(coordmodel -
     1), as.double(edgecorrection), as.double(window), as.double(lambda),
     data, as.integer(repetitions), as.integer(mpp.models), as.integer(length(mpp.models)),
     as.double(mpp.parameters), as.integer(length(mpp.parameters)),
     as.integer(PrintLevel), error, PACKAGE = "MarkedPointProcess",
     DUP = FALSE)
     .C("GetNrMPPParameters", as.integer(n), as.integer(1), np, PACKAGE = "MarkedPointProcess",
     DUP = FALSE)
     .C("GetNrMPPParameters", as.integer(n), as.integer(length(n)),
     np, PACKAGE = "MarkedPointProcess", DUP = FALSE)
     .C("GetmppParameters", lnorms = integer(1), weights = integer(1),
     tests = integer(1), mppmaxchar = integer(1), modelnr = integer(1),
     debug = integer(1), PACKAGE = "MarkedPointProcess", DUP = FALSE)
    DUP = FALSE is deprecated and may be disabled in future versions of R.
Flavors: r-devel-linux-x86_64-debian-clang, r-devel-linux-x86_64-debian-gcc, r-devel-linux-x86_64-fedora-clang, r-devel-linux-x86_64-fedora-gcc, r-devel-osx-x86_64-clang, r-devel-windows-ix86+x86_64, r-patched-linux-x86_64, r-patched-solaris-sparc, r-patched-solaris-x86, r-release-linux-ix86, r-release-linux-x86_64, r-release-osx-x86_64-mavericks, r-release-windows-ix86+x86_64

Version: 0.2.21
Check: package dependencies
Result: ERROR
    Package required but not available: ‘RandomFields’
    
    See the information on DESCRIPTION files in the chapter ‘Creating R
    packages’ of the ‘Writing R Extensions’ manual.
Flavor: r-devel-osx-x86_64-gcc

Version: 0.2.21
Check: PDF version of manual
Result: WARNING
    LaTeX errors when creating PDF version.
    This typically indicates Rd problems.
    LaTeX errors found:
    ! LaTeX Error: File `upquote.sty' not found.
    
    Type X to quit or <RETURN> to proceed,
    or enter new name. (Default extension: sty)
    
    b55735a/Rd2.tex:8: ==> Fatal error occurred, no output PDF file produced!
Flavor: r-release-osx-x86_64-mavericks