CRAN Package Check Results for Package MarkedPointProcess

Last updated on 2014-07-24 14:48:44.

Flavor Version Tinstall Tcheck Ttotal Status Flags
r-devel-linux-x86_64-debian-clang 0.2.21 2.41 23.64 26.05 NOTE
r-devel-linux-x86_64-debian-gcc 0.2.21 2.78 23.52 26.30 NOTE
r-devel-linux-x86_64-fedora-clang 0.2.21 54.79 NOTE
r-devel-linux-x86_64-fedora-gcc 0.2.21 53.23 NOTE
r-devel-osx-x86_64-clang 0.2.21 48.94 NOTE
r-devel-windows-ix86+x86_64 0.2.21 15.00 43.00 58.00 NOTE
r-patched-linux-x86_64 0.2.21 2.76 23.72 26.48 NOTE
r-patched-solaris-sparc 0.2.21 314.60 NOTE
r-patched-solaris-x86 0.2.21 73.10 NOTE
r-release-linux-ix86 0.2.21 3.76 31.30 35.06 NOTE
r-release-linux-x86_64 0.2.21 2.73 24.10 26.83 NOTE
r-release-osx-x86_64-mavericks 0.2.21 NOTE
r-release-osx-x86_64-snowleopard 0.2.21 OK
r-release-windows-ix86+x86_64 0.2.21 13.00 48.00 61.00 NOTE
r-oldrel-windows-ix86+x86_64 0.2.21 14.00 45.00 59.00 OK

Check Details

Version: 0.2.21
Check: foreign function calls
Result: NOTE
    Calls with DUP = FALSE:
     .C("GetmppParameters", lnorms = integer(1), weights = integer(1),
     tests = integer(1), mppmaxchar = integer(1), modelnr = integer(1),
     PACKAGE = "MarkedPointProcess", DUP = FALSE)
     .C("GetmppParameters", lnorms = integer(1), weights = integer(1),
     tests = integer(1), mppmaxchar = integer(1), modelnr = integer(1),
     PACKAGE = "MarkedPointProcess", DUP = FALSE)
     .C("GetmppParameters", lnorms = integer(1), weights = integer(1),
     tests = integer(1), mppmaxchar = integer(1), modelnr = integer(1),
     PACKAGE = "MarkedPointProcess", DUP = FALSE)
     .C("MCtest", as.integer(MCrepetitions), as.double(x), as.double(d),
     as.integer(ld), as.integer(ncol(x)), simu, as.integer(PrintLevel),
     as.double(bin), as.integer(length(bin) - 1), Etest, VARtest,
     SQtest, .mpp.maxtests, .mpp.nr.maxtests, MAXtest, error,
     as.integer(additive), as.integer(0), PACKAGE = "MarkedPointProcess",
     DUP = FALSE, NAOK = TRUE)
     .C("GenerateMPPData", coord, act.npoints, as.integer(coordmodel -
     1), as.double(edgecorrection), as.double(window), as.double(lambda),
     data, as.integer(repetitions), as.integer(mpp.models), as.integer(length(mpp.models)),
     as.double(mpp.parameters), as.integer(length(mpp.parameters)),
     as.integer(PrintLevel), error, PACKAGE = "MarkedPointProcess",
     DUP = FALSE)
     .C("GetNrMPPParameters", as.integer(n), as.integer(1), np, PACKAGE = "MarkedPointProcess",
     DUP = FALSE)
     .C("GetNrMPPParameters", as.integer(n), as.integer(length(n)),
     np, PACKAGE = "MarkedPointProcess", DUP = FALSE)
     .C("GetmppParameters", lnorms = integer(1), weights = integer(1),
     tests = integer(1), mppmaxchar = integer(1), modelnr = integer(1),
     debug = integer(1), PACKAGE = "MarkedPointProcess", DUP = FALSE)
    DUP = FALSE is deprecated and may be disabled in future versions of R.
Flavors: r-devel-linux-x86_64-debian-clang, r-devel-linux-x86_64-debian-gcc, r-devel-linux-x86_64-fedora-clang, r-devel-linux-x86_64-fedora-gcc, r-devel-osx-x86_64-clang, r-devel-windows-ix86+x86_64, r-patched-linux-x86_64, r-patched-solaris-sparc, r-patched-solaris-x86, r-release-linux-ix86, r-release-linux-x86_64, r-release-osx-x86_64-mavericks, r-release-windows-ix86+x86_64