CRAN Package Check Results for Package MarkedPointProcess

Last updated on 2014-09-18 03:47:54.

Flavor Version Tinstall Tcheck Ttotal Status Flags
r-patched-linux-x86_64 0.2.22 3.02 24.52 27.54 NOTE
r-release-osx-x86_64-snowleopard 0.2.22 OK

Check Details

Version: 0.2.22
Check: foreign function calls
Result: NOTE
    Calls with DUP != TRUE:
     .C("GetmppParameters", lnorms = integer(1), weights = integer(1),
     tests = integer(1), mppmaxchar = integer(1), modelnr = integer(1),
     PACKAGE = "MarkedPointProcess", DUP = DUPFALSE)
     .C("GetmppParameters", lnorms = integer(1), weights = integer(1),
     tests = integer(1), mppmaxchar = integer(1), modelnr = integer(1),
     PACKAGE = "MarkedPointProcess", DUP = DUPFALSE)
     .C("GetmppParameters", lnorms = integer(1), weights = integer(1),
     tests = integer(1), mppmaxchar = integer(1), modelnr = integer(1),
     PACKAGE = "MarkedPointProcess", DUP = DUPFALSE)
     .C("MCtest", as.integer(MCrepetitions), as.double(x), as.double(d),
     as.integer(ld), as.integer(ncol(x)), simu, as.integer(PrintLevel),
     as.double(bin), as.integer(length(bin) - 1), Etest, VARtest,
     SQtest, .mpp.maxtests, .mpp.nr.maxtests, MAXtest, error,
     as.integer(additive), as.integer(0), PACKAGE = "MarkedPointProcess",
     DUP = DUPFALSE, NAOK = TRUE)
     .C("GenerateMPPData", coord, act.npoints, as.integer(coordmodel -
     1), as.double(edgecorrection), as.double(window), as.double(lambda),
     data, as.integer(repetitions), as.integer(mpp.models), as.integer(length(mpp.models)),
     as.double(mpp.parameters), as.integer(length(mpp.parameters)),
     as.integer(PrintLevel), error, PACKAGE = "MarkedPointProcess",
     DUP = DUPFALSE)
     .C("GetNrMPPParameters", as.integer(n), as.integer(1), np, PACKAGE = "MarkedPointProcess",
     DUP = DUPFALSE)
     .C("GetNrMPPParameters", as.integer(n), as.integer(length(n)),
     np, PACKAGE = "MarkedPointProcess", DUP = DUPFALSE)
     .C("GetmppParameters", lnorms = integer(1), weights = integer(1),
     tests = integer(1), mppmaxchar = integer(1), modelnr = integer(1),
     debug = integer(1), PACKAGE = "MarkedPointProcess", DUP = DUPFALSE)
    DUP = FALSE is deprecated and may be disabled in future versions of R.
Flavor: r-patched-linux-x86_64