CRAN Package Check Results for Package MasterBayes

Last updated on 2014-10-22 16:50:47.

Flavor Version Tinstall Tcheck Ttotal Status Flags
r-devel-linux-x86_64-debian-clang 2.51 29.01 68.90 97.91 OK
r-devel-linux-x86_64-debian-gcc 2.51 27.69 67.52 95.21 OK
r-devel-linux-x86_64-fedora-clang 2.51 228.99 OK
r-devel-linux-x86_64-fedora-gcc 2.51 197.69 OK
r-devel-osx-x86_64-clang 2.51 164.67 OK
r-devel-windows-ix86+x86_64 2.51 90.00 122.00 212.00 OK
r-patched-linux-x86_64 2.51 28.38 68.75 97.13 OK
r-patched-solaris-sparc 2.51 1124.70 NOTE
r-patched-solaris-x86 2.51 242.50 OK
r-release-linux-ix86 2.51 35.39 86.07 121.46 OK
r-release-linux-x86_64 2.51 27.53 71.24 98.77 OK
r-release-osx-x86_64-mavericks 2.51 OK
r-release-osx-x86_64-snowleopard 2.51 OK
r-release-windows-ix86+x86_64 2.51 88.00 137.00 225.00 OK
r-oldrel-windows-ix86+x86_64 2.51 88.00 131.00 219.00 OK

Memtest notes: UBSAN-gcc

Check Details

Version: 2.51
Check: installed package size
Result: NOTE
     installed size is 5.1Mb
     sub-directories of 1Mb or more:
     doc 1.2Mb
     libs 3.5Mb
Flavor: r-patched-solaris-sparc