CRAN Package Check Results for Package MasterBayes

Last updated on 2016-07-01 17:50:34.

Flavor Version Tinstall Tcheck Ttotal Status Flags
r-devel-linux-x86_64-debian-gcc 2.52 40.98 65.74 106.72 NOTE
r-devel-linux-x86_64-fedora-clang 2.52 190.25 NOTE
r-devel-linux-x86_64-fedora-gcc 2.52 170.22 NOTE
r-devel-osx-x86_64-clang 2.52 140.13 NOTE
r-devel-windows-ix86+x86_64 2.52 76.00 145.00 221.00 NOTE
r-patched-linux-x86_64 2.52 30.77 65.31 96.08 NOTE
r-patched-solaris-sparc 2.52 875.50 NOTE
r-patched-solaris-x86 2.52 174.60 NOTE
r-release-linux-x86_64 2.52 25.24 58.71 83.95 NOTE
r-release-osx-x86_64-mavericks 2.52 NOTE
r-release-windows-ix86+x86_64 2.52 105.00 140.00 245.00 NOTE
r-oldrel-windows-ix86+x86_64 2.52 82.00 173.00 255.00 OK

Check Details

Version: 2.52
Check: R code for possible problems
Result: NOTE
    ErrorCheck: no visible global function definition for ‘na.omit’
    GdataPed: no visible global function definition for ‘as’
    MLE.beta: no visible global function definition for ‘optim’
    MLE.popsize: no visible global function definition for ‘optim’
    [.genotypeD: no visible global function definition for ‘na.omit’
    insertPed: no visible global function definition for ‘na.omit’
    legalG: no visible global function definition for ‘rbinom’
    simgenotypes: no visible global function definition for ‘rbinom’
    varPed: no visible global function definition for ‘model.matrix’
    Undefined global functions or variables:
     as model.matrix na.omit optim rbinom
    Consider adding
     importFrom("methods", "as")
     importFrom("stats", "model.matrix", "na.omit", "optim", "rbinom")
    to your NAMESPACE file (and ensure that your DESCRIPTION Imports field
    contains 'methods').
Flavors: r-devel-linux-x86_64-debian-gcc, r-devel-linux-x86_64-fedora-clang, r-devel-linux-x86_64-fedora-gcc, r-devel-osx-x86_64-clang, r-devel-windows-ix86+x86_64, r-patched-linux-x86_64, r-patched-solaris-sparc, r-patched-solaris-x86, r-release-linux-x86_64, r-release-osx-x86_64-mavericks, r-release-windows-ix86+x86_64

Version: 2.52
Check: installed package size
Result: NOTE
     installed size is 6.7Mb
     sub-directories of 1Mb or more:
     doc 1.2Mb
     libs 5.1Mb
Flavors: r-patched-solaris-sparc, r-patched-solaris-x86