CRAN Package Check Results for Package MasterBayes

Last updated on 2017-05-24 05:50:09.

Flavor Version Tinstall Tcheck Ttotal Status Flags
r-devel-linux-x86_64-debian-clang 2.54 27.66 64.57 92.23 NOTE
r-devel-linux-x86_64-debian-gcc 2.54 28.52 64.29 92.81 NOTE
r-devel-linux-x86_64-fedora-clang 2.54 214.47 NOTE --no-stop-on-test-error
r-devel-linux-x86_64-fedora-gcc 2.54 196.30 NOTE --no-stop-on-test-error
r-devel-windows-ix86+x86_64 2.54 92.00 182.00 274.00 OK
r-patched-linux-x86_64 2.54 24.82 61.30 86.12 NOTE
r-patched-solaris-sparc 2.54 947.10 OK
r-patched-solaris-x86 2.54 191.60 OK
r-release-linux-x86_64 2.54 25.51 61.69 87.20 NOTE
r-release-windows-ix86+x86_64 2.54 81.00 178.00 259.00 OK
r-release-osx-x86_64 2.54 OK
r-oldrel-windows-ix86+x86_64 2.54 113.00 165.00 278.00 OK
r-oldrel-osx-x86_64 2.54 OK

Check Details

Version: 2.54
Check: compiled code
Result: NOTE
    File ‘MasterBayes/libs/MasterBayes.so’:
     Found no calls to: ‘R_registerRoutines’, ‘R_useDynamicSymbols’
    
    It is good practice to register native routines and to disable symbol
    search.
    
    See ‘Writing portable packages’ in the ‘Writing R Extensions’ manual.
Flavors: r-devel-linux-x86_64-debian-clang, r-devel-linux-x86_64-debian-gcc, r-patched-linux-x86_64, r-release-linux-x86_64

Version: 2.54
Flags: --no-stop-on-test-error
Check: compiled code
Result: NOTE
    File ‘MasterBayes/libs/MasterBayes.so’:
     Found no calls to: ‘R_registerRoutines’, ‘R_useDynamicSymbols’
    
    It is good practice to register native routines and to disable symbol
    search.
    
    See ‘Writing portable packages’ in the ‘Writing R Extensions’ manual.
Flavors: r-devel-linux-x86_64-fedora-clang, r-devel-linux-x86_64-fedora-gcc