CRAN Package Check Results for Package MasterBayes

Last updated on 2017-06-28 03:48:34.

Flavor Version Tinstall Tcheck Ttotal Status Flags
r-devel-linux-x86_64-debian-clang 2.54 27.90 60.44 88.34 NOTE
r-devel-linux-x86_64-debian-gcc 2.54 27.59 60.68 88.27 NOTE
r-devel-linux-x86_64-fedora-clang 2.54 198.15 NOTE
r-devel-linux-x86_64-fedora-gcc 2.54 186.66 NOTE
r-devel-windows-ix86+x86_64 2.54 107.00 141.00 248.00 OK
r-patched-linux-x86_64 2.54 30.70 61.44 92.14 NOTE
r-patched-solaris-sparc 2.54 947.10 OK
r-patched-solaris-x86 2.54 193.50 OK
r-release-linux-x86_64 2.54 28.73 60.02 88.76 NOTE
r-release-windows-ix86+x86_64 2.54 91.00 179.00 270.00 OK
r-release-osx-x86_64 2.54 OK
r-oldrel-windows-ix86+x86_64 2.54 112.00 158.00 270.00 OK
r-oldrel-osx-x86_64 2.54 OK

Check Details

Version: 2.54
Check: compiled code
Result: NOTE
    File ‘MasterBayes/libs/MasterBayes.so’:
     Found no calls to: ‘R_registerRoutines’, ‘R_useDynamicSymbols’
    
    It is good practice to register native routines and to disable symbol
    search.
    
    See ‘Writing portable packages’ in the ‘Writing R Extensions’ manual.
Flavors: r-devel-linux-x86_64-debian-clang, r-devel-linux-x86_64-debian-gcc, r-devel-linux-x86_64-fedora-clang, r-devel-linux-x86_64-fedora-gcc, r-patched-linux-x86_64, r-release-linux-x86_64