CRAN Package Check Results for Package MasterBayes

Last updated on 2017-02-22 22:50:41.

Flavor Version Tinstall Tcheck Ttotal Status Flags
r-devel-linux-x86_64-debian-clang 2.54 30.70 61.59 92.29 NOTE
r-devel-linux-x86_64-debian-gcc 2.54 28.67 61.94 90.61 NOTE
r-devel-linux-x86_64-fedora-clang 2.54 210.78 NOTE --no-stop-on-test-error
r-devel-linux-x86_64-fedora-gcc 2.54 181.02 NOTE --no-stop-on-test-error
r-devel-macos-x86_64-clang 2.54 148.62 NOTE --no-stop-on-test-error
r-devel-windows-ix86+x86_64 2.54 122.00 250.00 372.00 OK
r-patched-linux-x86_64 2.54 24.84 58.00 82.84 OK
r-patched-solaris-sparc 2.54 894.50 OK
r-patched-solaris-x86 2.54 181.60 OK
r-release-linux-x86_64 2.54 24.72 59.48 84.20 OK
r-release-osx-x86_64-mavericks 2.54 OK
r-release-windows-ix86+x86_64 2.54 155.00 130.00 285.00 OK
r-oldrel-windows-ix86+x86_64 2.54 114.00 162.00 276.00 OK

Check Details

Version: 2.54
Check: compiled code
Result: NOTE
    File ‘MasterBayes/libs/MasterBayes.so’:
     Found no calls to: ‘R_registerRoutines’, ‘R_useDynamicSymbols’
    
    It is good practice to register native routines and to disable symbol
    search.
    
    See ‘Writing portable packages’ in the ‘Writing R Extensions’ manual.
Flavors: r-devel-linux-x86_64-debian-clang, r-devel-linux-x86_64-debian-gcc

Version: 2.54
Flags: --no-stop-on-test-error
Check: compiled code
Result: NOTE
    File ‘MasterBayes/libs/MasterBayes.so’:
     Found no calls to: ‘R_registerRoutines’, ‘R_useDynamicSymbols’
    
    It is good practice to register native routines and to disable symbol
    search.
    
    See ‘Writing portable packages’ in the ‘Writing R Extensions’ manual.
Flavors: r-devel-linux-x86_64-fedora-clang, r-devel-linux-x86_64-fedora-gcc, r-devel-macos-x86_64-clang