CRAN Package Check Results for Package MasterBayes

Last updated on 2015-04-28 21:46:38.

Flavor Version Tinstall Tcheck Ttotal Status Flags
r-devel-linux-x86_64-debian-clang 2.52 26.16 58.64 84.81 OK
r-devel-linux-x86_64-debian-gcc 2.52 25.95 56.74 82.69 OK
r-devel-linux-x86_64-fedora-clang 2.52 187.63 OK
r-devel-linux-x86_64-fedora-gcc 2.52 162.58 OK
r-devel-osx-x86_64-clang 2.52 147.61 OK
r-devel-windows-ix86+x86_64 2.52 87.00 114.00 201.00 OK
r-patched-linux-x86_64 2.52 25.61 57.20 82.81 OK
r-patched-solaris-sparc 2.52 950.90 NOTE
r-patched-solaris-x86 2.52 203.90 OK
r-release-linux-x86_64 2.52 25.61 57.20 82.81 OK
r-release-osx-x86_64-mavericks 2.52 OK
r-release-osx-x86_64-snowleopard 2.52 OK
r-release-windows-ix86+x86_64 2.52 87.00 107.00 194.00 OK
r-oldrel-windows-ix86+x86_64 2.52 77.00 155.00 232.00 OK

Check Details

Version: 2.52
Check: installed package size
Result: NOTE
     installed size is 5.1Mb
     sub-directories of 1Mb or more:
     doc 1.2Mb
     libs 3.5Mb
Flavor: r-patched-solaris-sparc