CRAN Package Check Results for Package MasterBayes

Last updated on 2014-08-27 19:48:33.

Flavor Version Tinstall Tcheck Ttotal Status Flags
r-devel-linux-x86_64-debian-clang 2.51 23.67 63.94 87.61 OK
r-devel-linux-x86_64-debian-gcc 2.51 28.53 62.57 91.10 OK
r-devel-linux-x86_64-fedora-clang 2.51 221.17 OK
r-devel-linux-x86_64-fedora-gcc 2.51 204.31 OK
r-devel-osx-x86_64-clang 2.51 159.70 OK
r-devel-windows-ix86+x86_64 2.51 82.00 127.00 209.00 OK
r-patched-linux-x86_64 2.51 27.51 65.87 93.38 OK
r-patched-solaris-sparc 2.51 1124.70 NOTE
r-patched-solaris-x86 2.51 259.40 OK
r-release-linux-ix86 2.51 35.41 83.62 119.02 OK
r-release-linux-x86_64 2.51 27.54 66.35 93.89 OK
r-release-osx-x86_64-mavericks 2.51 OK
r-release-osx-x86_64-snowleopard 2.51 OK
r-release-windows-ix86+x86_64 2.51 79.00 134.00 213.00 OK
r-oldrel-windows-ix86+x86_64 2.51 82.00 128.00 210.00 OK

Check Details

Version: 2.51
Check: installed package size
Result: NOTE
     installed size is 5.1Mb
     sub-directories of 1Mb or more:
     doc 1.2Mb
     libs 3.5Mb
Flavor: r-patched-solaris-sparc