CRAN Package Check Results for Package MasterBayes

Last updated on 2015-01-26 22:47:35.

Flavor Version Tinstall Tcheck Ttotal Status Flags
r-devel-linux-x86_64-debian-clang 2.52 29.12 63.58 92.70 OK
r-devel-linux-x86_64-debian-gcc 2.52 27.15 61.53 88.68 OK
r-devel-linux-x86_64-fedora-clang 2.52 224.26 OK
r-devel-linux-x86_64-fedora-gcc 2.52 202.17 OK
r-devel-osx-x86_64-clang 2.52 166.09 OK
r-devel-windows-ix86+x86_64 2.52 116.00 146.00 262.00 OK
r-patched-linux-x86_64 2.52 27.16 70.10 97.27 OK
r-patched-solaris-sparc 2.52 1106.10 NOTE
r-patched-solaris-x86 2.52 244.60 OK
r-release-linux-ix86 2.52 33.39 2.56 35.95 OK
r-release-linux-x86_64 2.52 27.40 69.11 96.50 OK
r-release-osx-x86_64-mavericks 2.52 OK
r-release-osx-x86_64-snowleopard 2.52 OK
r-release-windows-ix86+x86_64 2.52 82.00 136.00 218.00 OK
r-oldrel-windows-ix86+x86_64 2.52 122.00 203.00 325.00 OK

Check Details

Version: 2.52
Check: installed package size
Result: NOTE
     installed size is 5.1Mb
     sub-directories of 1Mb or more:
     doc 1.2Mb
     libs 3.5Mb
Flavor: r-patched-solaris-sparc