CRAN Package Check Results for Package MasterBayes

Last updated on 2015-03-04 23:47:23.

Flavor Version Tinstall Tcheck Ttotal Status Flags
r-devel-linux-x86_64-debian-clang 2.52 27.40 57.61 85.02 OK
r-devel-linux-x86_64-debian-gcc 2.52 27.18 55.54 82.72 OK
r-devel-linux-x86_64-fedora-clang 2.52 186.61 OK
r-devel-linux-x86_64-fedora-gcc 2.52 161.29 OK
r-devel-osx-x86_64-clang 2.52 147.32 OK
r-devel-windows-ix86+x86_64 2.52 90.00 114.00 204.00 OK
r-patched-linux-x86_64 2.52 27.44 69.20 96.64 OK
r-patched-solaris-sparc 2.52 1152.30 NOTE
r-patched-solaris-x86 2.52 245.90 OK
r-release-linux-ix86 2.52 36.35 86.51 122.86 OK
r-release-linux-x86_64 2.52 28.11 69.00 97.11 OK
r-release-osx-x86_64-mavericks 2.52 OK
r-release-osx-x86_64-snowleopard 2.52 OK
r-release-windows-ix86+x86_64 2.52 85.00 137.00 222.00 OK
r-oldrel-windows-ix86+x86_64 2.52 87.00 144.00 231.00 OK

Check Details

Version: 2.52
Check: installed package size
Result: NOTE
     installed size is 5.1Mb
     sub-directories of 1Mb or more:
     doc 1.2Mb
     libs 3.5Mb
Flavor: r-patched-solaris-sparc