CRAN Package Check Results for Package MasterBayes

Last updated on 2014-07-30 03:48:22.

Flavor Version Tinstall Tcheck Ttotal Status Flags
r-devel-linux-x86_64-debian-clang 2.51 24.06 65.28 89.34 OK
r-devel-linux-x86_64-debian-gcc 2.51 27.39 64.48 91.87 OK
r-devel-linux-x86_64-fedora-clang 2.51 216.97 OK
r-devel-linux-x86_64-fedora-gcc 2.51 208.18 OK
r-devel-osx-x86_64-clang 2.51 167.96 OK
r-devel-windows-ix86+x86_64 2.51 86.00 120.00 206.00 OK
r-patched-linux-x86_64 2.51 27.40 65.91 93.31 OK
r-patched-solaris-sparc 2.51 1024.90 NOTE
r-patched-solaris-x86 2.51 259.20 OK
r-release-linux-ix86 2.51 35.15 83.09 118.24 OK
r-release-linux-x86_64 2.51 27.71 67.04 94.75 OK
r-release-osx-x86_64-mavericks 2.51 OK
r-release-osx-x86_64-snowleopard 2.51 OK
r-release-windows-ix86+x86_64 2.51 86.00 130.00 216.00 OK
r-oldrel-windows-ix86+x86_64 2.51 91.00 130.00 221.00 OK

Check Details

Version: 2.51
Check: installed package size
Result: NOTE
     installed size is 5.3Mb
     sub-directories of 1Mb or more:
     doc 1.2Mb
     libs 3.8Mb
Flavor: r-patched-solaris-sparc