CRAN Package Check Results for Package MasterBayes

Last updated on 2016-05-05 03:48:53.

Flavor Version Tinstall Tcheck Ttotal Status Flags
r-devel-linux-x86_64-debian-gcc 2.52 25.61 58.36 83.97 NOTE
r-devel-linux-x86_64-fedora-clang 2.52 191.60 NOTE
r-devel-linux-x86_64-fedora-gcc 2.52 159.23 NOTE
r-devel-osx-x86_64-clang 2.52 167.72 NOTE
r-devel-windows-ix86+x86_64 2.52 78.00 173.00 251.00 NOTE
r-patched-linux-x86_64 2.52 25.74 57.80 83.54 NOTE
r-patched-solaris-sparc 2.52 WARN
r-patched-solaris-x86 2.52 172.10 NOTE
r-release-linux-x86_64 2.52 25.06 58.69 83.75 NOTE
r-release-osx-x86_64-mavericks 2.52 OK
r-release-windows-ix86+x86_64 2.52 78.00 173.00 251.00 NOTE
r-oldrel-windows-ix86+x86_64 2.52 112.00 155.00 267.00 OK

Check Details

Version: 2.52
Check: R code for possible problems
Result: NOTE
    ErrorCheck: no visible global function definition for ‘na.omit’
    GdataPed: no visible global function definition for ‘as’
    MLE.beta: no visible global function definition for ‘optim’
    MLE.popsize: no visible global function definition for ‘optim’
    [.genotypeD: no visible global function definition for ‘na.omit’
    insertPed: no visible global function definition for ‘na.omit’
    legalG: no visible global function definition for ‘rbinom’
    simgenotypes: no visible global function definition for ‘rbinom’
    varPed: no visible global function definition for ‘model.matrix’
    Undefined global functions or variables:
     as model.matrix na.omit optim rbinom
    Consider adding
     importFrom("methods", "as")
     importFrom("stats", "model.matrix", "na.omit", "optim", "rbinom")
    to your NAMESPACE file (and ensure that your DESCRIPTION Imports field
    contains 'methods').
Flavors: r-devel-linux-x86_64-debian-gcc, r-devel-linux-x86_64-fedora-clang, r-devel-linux-x86_64-fedora-gcc, r-devel-osx-x86_64-clang, r-devel-windows-ix86+x86_64, r-patched-linux-x86_64, r-patched-solaris-sparc, r-patched-solaris-x86, r-release-linux-x86_64, r-release-windows-ix86+x86_64

Version: 2.52
Check: re-building of vignette outputs
Result: WARN
    Error in re-building vignettes:
     ...
    Error in texi2dvi(file = file, pdf = TRUE, clean = clean, quiet = quiet, :
     Running 'texi2dvi' on 'Tutorial.tex' failed.
    BibTeX errors:
    The top-level auxiliary file: Tutorial.aux
    I found no \citation commands---while reading file Tutorial.aux
    I found no \bibdata command---while reading file Tutorial.aux
    I found no \bibstyle command---while reading file Tutorial.aux
    Calls: buildVignettes -> texi2pdf -> texi2dvi
    Execution halted
Flavor: r-patched-solaris-sparc