CRAN Package Check Results for Package MasterBayes

Last updated on 2015-08-04 06:47:43.

Flavor Version Tinstall Tcheck Ttotal Status Flags
r-devel-linux-x86_64-debian-clang 2.52 26.26 59.12 85.38 NOTE
r-devel-linux-x86_64-debian-gcc 2.52 25.69 57.37 83.06 NOTE
r-devel-linux-x86_64-fedora-clang 2.52 187.91 NOTE
r-devel-linux-x86_64-fedora-gcc 2.52 162.57 NOTE
r-devel-osx-x86_64-clang 2.52 153.64 OK
r-devel-windows-ix86+x86_64 2.52 129.00 165.00 294.00 NOTE
r-patched-linux-x86_64 2.52 25.82 59.09 84.90 OK
r-patched-solaris-sparc 2.52 925.80 OK
r-patched-solaris-x86 2.52 188.10 OK
r-release-linux-x86_64 2.52 26.42 58.83 85.24 OK
r-release-osx-x86_64-mavericks 2.52 OK
r-release-windows-ix86+x86_64 2.52 115.00 174.00 289.00 OK
r-oldrel-windows-ix86+x86_64 2.52 92.00 145.00 237.00 OK

Check Details

Version: 2.52
Check: R code for possible problems
Result: NOTE
    ErrorCheck: no visible global function definition for ‘na.omit’
    GdataPed: no visible global function definition for ‘as’
    MLE.beta: no visible global function definition for ‘optim’
    MLE.popsize: no visible global function definition for ‘optim’
    [.genotypeD: no visible global function definition for ‘na.omit’
    insertPed: no visible global function definition for ‘na.omit’
    legalG: no visible global function definition for ‘rbinom’
    simgenotypes: no visible global function definition for ‘rbinom’
    varPed: no visible global function definition for ‘model.matrix’
    Undefined global functions or variables:
     as model.matrix na.omit optim rbinom
    Consider adding
     importFrom("methods", "as")
     importFrom("stats", "model.matrix", "na.omit", "optim", "rbinom")
    to your NAMESPACE.
Flavors: r-devel-linux-x86_64-debian-clang, r-devel-linux-x86_64-debian-gcc, r-devel-linux-x86_64-fedora-clang, r-devel-linux-x86_64-fedora-gcc, r-devel-windows-ix86+x86_64