CRAN Package Check Results for Package MasterBayes

Last updated on 2014-12-22 17:51:27.

Flavor Version Tinstall Tcheck Ttotal Status Flags
r-devel-linux-x86_64-debian-clang 2.52 28.86 68.74 97.60 OK
r-devel-linux-x86_64-debian-gcc 2.52 26.90 66.21 93.11 OK
r-devel-linux-x86_64-fedora-clang 2.52 226.39 OK
r-devel-linux-x86_64-fedora-gcc 2.52 197.58 OK
r-devel-osx-x86_64-clang 2.52 163.57 OK
r-devel-windows-ix86+x86_64 2.52 91.00 136.00 227.00 OK
r-patched-linux-x86_64 2.52 27.24 68.77 96.01 OK
r-patched-solaris-sparc 2.52 1106.00 NOTE
r-patched-solaris-x86 2.52 242.60 OK
r-release-linux-ix86 2.52 33.44 80.25 113.70 OK
r-release-linux-x86_64 2.52 27.44 68.78 96.22 OK
r-release-osx-x86_64-mavericks 2.52 OK
r-release-osx-x86_64-snowleopard 2.52 OK
r-release-windows-ix86+x86_64 2.52 83.00 132.00 215.00 OK
r-oldrel-windows-ix86+x86_64 2.52 84.00 137.00 221.00 OK

Check Details

Version: 2.52
Check: installed package size
Result: NOTE
     installed size is 5.1Mb
     sub-directories of 1Mb or more:
     doc 1.2Mb
     libs 3.5Mb
Flavor: r-patched-solaris-sparc