CRAN Package Check Results for Package MasterBayes

Last updated on 2016-02-08 08:47:40.

Flavor Version Tinstall Tcheck Ttotal Status Flags
r-devel-linux-x86_64-debian-gcc 2.52 24.81 56.85 81.66 NOTE
r-devel-linux-x86_64-fedora-clang 2.52 191.70 NOTE
r-devel-linux-x86_64-fedora-gcc 2.52 158.95 NOTE
r-devel-osx-x86_64-clang 2.52 165.96 NOTE
r-devel-windows-ix86+x86_64 2.52 118.00 126.00 244.00 NOTE
r-patched-linux-x86_64 2.52 25.67 59.58 85.25 OK
r-patched-solaris-sparc 2.52 889.20 OK
r-patched-solaris-x86 2.52 175.70 OK
r-release-linux-x86_64 2.52 25.51 60.00 85.51 OK
r-release-osx-x86_64-mavericks 2.52 OK
r-release-windows-ix86+x86_64 2.52 112.00 128.00 240.00 OK
r-oldrel-windows-ix86+x86_64 2.52 125.00 195.00 320.00 OK

Check Details

Version: 2.52
Check: R code for possible problems
Result: NOTE
    ErrorCheck: no visible global function definition for ‘na.omit’
    GdataPed: no visible global function definition for ‘as’
    MLE.beta: no visible global function definition for ‘optim’
    MLE.popsize: no visible global function definition for ‘optim’
    [.genotypeD: no visible global function definition for ‘na.omit’
    insertPed: no visible global function definition for ‘na.omit’
    legalG: no visible global function definition for ‘rbinom’
    simgenotypes: no visible global function definition for ‘rbinom’
    varPed: no visible global function definition for ‘model.matrix’
    Undefined global functions or variables:
     as model.matrix na.omit optim rbinom
    Consider adding
     importFrom("methods", "as")
     importFrom("stats", "model.matrix", "na.omit", "optim", "rbinom")
    to your NAMESPACE file (and ensure that your DESCRIPTION Imports field
    contains 'methods').
Flavors: r-devel-linux-x86_64-debian-gcc, r-devel-linux-x86_64-fedora-clang, r-devel-linux-x86_64-fedora-gcc, r-devel-osx-x86_64-clang, r-devel-windows-ix86+x86_64