CRAN Package Check Results for Package MasterBayes

Last updated on 2015-06-30 14:47:55.

Flavor Version Tinstall Tcheck Ttotal Status Flags
r-devel-linux-x86_64-debian-clang 2.52 26.36 59.18 85.54 NOTE
r-devel-linux-x86_64-debian-gcc 2.52 26.59 58.20 84.80 NOTE
r-devel-linux-x86_64-fedora-clang 2.52 185.58 NOTE
r-devel-linux-x86_64-fedora-gcc 2.52 161.31 OK
r-devel-osx-x86_64-clang 2.52 151.86 OK
r-devel-windows-ix86+x86_64 2.52 133.00 169.00 302.00 NOTE
r-patched-linux-x86_64 2.52 25.82 58.65 84.47 OK
r-patched-solaris-sparc 2.52 960.20 NOTE
r-patched-solaris-x86 2.52 202.30 OK
r-release-linux-x86_64 2.52 25.65 57.54 83.20 OK
r-release-osx-x86_64-mavericks 2.52 OK
r-release-windows-ix86+x86_64 2.52 106.00 119.00 225.00 OK
r-oldrel-windows-ix86+x86_64 2.52 83.00 145.00 228.00 OK

Check Details

Version: 2.52
Check: R code for possible problems
Result: NOTE
    ErrorCheck: no visible global function definition for ‘na.omit’
    GdataPed: no visible global function definition for ‘as’
    MLE.beta: no visible global function definition for ‘optim’
    MLE.popsize: no visible global function definition for ‘optim’
    [.genotypeD: no visible global function definition for ‘na.omit’
    insertPed: no visible global function definition for ‘na.omit’
    legalG: no visible global function definition for ‘rbinom’
    simgenotypes: no visible global function definition for ‘rbinom’
    varPed: no visible global function definition for ‘model.matrix’
Flavors: r-devel-linux-x86_64-debian-clang, r-devel-linux-x86_64-debian-gcc, r-devel-linux-x86_64-fedora-clang, r-devel-windows-ix86+x86_64

Version: 2.52
Check: installed package size
Result: NOTE
     installed size is 5.1Mb
     sub-directories of 1Mb or more:
     doc 1.2Mb
     libs 3.5Mb
Flavor: r-patched-solaris-sparc