CRAN Package Check Results for Package MasterBayes

Last updated on 2014-09-15 05:48:13.

Flavor Version Tinstall Tcheck Ttotal Status Flags
r-devel-linux-x86_64-debian-clang 2.51 29.67 67.38 97.04 OK
r-devel-linux-x86_64-debian-gcc 2.51 27.38 66.08 93.46 OK
r-devel-linux-x86_64-fedora-clang 2.51 222.50 OK
r-devel-linux-x86_64-fedora-gcc 2.51 189.05 OK
r-devel-osx-x86_64-clang 2.51 157.81 OK
r-devel-windows-ix86+x86_64 2.51 83.00 121.00 204.00 OK
r-patched-linux-x86_64 2.51 27.67 67.07 94.74 OK
r-patched-solaris-sparc 2.51 1124.70 NOTE
r-patched-solaris-x86 2.51 247.20 OK
r-release-linux-ix86 2.51 35.31 84.29 119.60 OK
r-release-linux-x86_64 2.51 27.74 66.65 94.39 OK
r-release-osx-x86_64-mavericks 2.51 OK
r-release-osx-x86_64-snowleopard 2.51 OK
r-release-windows-ix86+x86_64 2.51 78.00 131.00 209.00 OK
r-oldrel-windows-ix86+x86_64 2.51 81.00 130.00 211.00 OK

Check Details

Version: 2.51
Check: installed package size
Result: NOTE
     installed size is 5.1Mb
     sub-directories of 1Mb or more:
     doc 1.2Mb
     libs 3.5Mb
Flavor: r-patched-solaris-sparc