CRAN Package Check Results for Package MasterBayes

Last updated on 2015-09-03 07:46:47.

Flavor Version Tinstall Tcheck Ttotal Status Flags
r-devel-linux-x86_64-debian-clang 2.52 25.33 58.08 83.41 NOTE
r-devel-linux-x86_64-debian-gcc 2.52 26.02 57.00 83.02 NOTE
r-devel-linux-x86_64-fedora-clang 2.52 190.08 NOTE
r-devel-linux-x86_64-fedora-gcc 2.52 160.61 NOTE
r-devel-osx-x86_64-clang 2.52 142.69 OK
r-devel-windows-ix86+x86_64 2.52 126.00 155.00 281.00 NOTE
r-patched-linux-x86_64 2.52 25.60 58.60 84.19 OK
r-patched-solaris-sparc 2.52 925.80 OK
r-patched-solaris-x86 2.52 186.40 OK
r-release-linux-x86_64 2.52 26.66 58.12 84.78 OK
r-release-osx-x86_64-mavericks 2.52 OK
r-release-windows-ix86+x86_64 2.52 112.00 119.00 231.00 OK
r-oldrel-windows-ix86+x86_64 2.52 119.00 166.00 285.00 OK

Check Details

Version: 2.52
Check: R code for possible problems
Result: NOTE
    ErrorCheck: no visible global function definition for ‘na.omit’
    GdataPed: no visible global function definition for ‘as’
    MLE.beta: no visible global function definition for ‘optim’
    MLE.popsize: no visible global function definition for ‘optim’
    [.genotypeD: no visible global function definition for ‘na.omit’
    insertPed: no visible global function definition for ‘na.omit’
    legalG: no visible global function definition for ‘rbinom’
    simgenotypes: no visible global function definition for ‘rbinom’
    varPed: no visible global function definition for ‘model.matrix’
    Undefined global functions or variables:
     as model.matrix na.omit optim rbinom
    Consider adding
     importFrom("methods", "as")
     importFrom("stats", "model.matrix", "na.omit", "optim", "rbinom")
    to your NAMESPACE (and ensure that your DESCRIPTION Imports field
    contains 'methods').
Flavors: r-devel-linux-x86_64-debian-clang, r-devel-linux-x86_64-debian-gcc, r-devel-linux-x86_64-fedora-clang, r-devel-linux-x86_64-fedora-gcc, r-devel-windows-ix86+x86_64