CRAN Package Check Results for Package MasterBayes

Last updated on 2014-04-25 05:47:19.

Flavor Version Tinstall Tcheck Ttotal Status Flags
r-devel-linux-x86_64-debian-clang 2.51 23.68 71.03 94.72 OK
r-devel-linux-x86_64-debian-gcc 2.51 28.00 69.71 97.71 OK
r-devel-linux-x86_64-fedora-clang 2.51 221.00 OK
r-devel-linux-x86_64-fedora-gcc 2.51 210.94 OK
r-devel-osx-x86_64-clang 2.51 174.74 OK
r-devel-osx-x86_64-gcc 2.51 OK
r-devel-windows-ix86+x86_64 2.51 83.00 124.00 207.00 OK
r-patched-linux-x86_64 2.51 27.55 69.82 97.38 OK
r-patched-solaris-sparc 2.51 1024.90 NOTE
r-patched-solaris-x86 2.51 246.20 OK
r-release-linux-ix86 2.51 43.00 112.00 155.00 OK
r-release-linux-x86_64 2.51 27.28 70.29 97.56 OK
r-release-osx-x86_64-mavericks 2.51 WARN
r-release-osx-x86_64-snowleopard 2.51 OK
r-release-windows-ix86+x86_64 2.51 83.00 132.00 215.00 OK
r-oldrel-windows-ix86+x86_64 2.51 76.00 126.00 202.00 OK

Check Details

Version: 2.51
Check: installed package size
Result: NOTE
     installed size is 5.3Mb
     sub-directories of 1Mb or more:
     doc 1.2Mb
     libs 3.8Mb
Flavor: r-patched-solaris-sparc

Version: 2.51
Check: PDF version of manual
Result: WARNING
    LaTeX errors when creating PDF version.
    This typically indicates Rd problems.
    LaTeX errors found:
    ! LaTeX Error: File `upquote.sty' not found.
    
    Type X to quit or <RETURN> to proceed,
    or enter new name. (Default extension: sty)
    
    1e57c2/Rd2.tex:8: ==> Fatal error occurred, no output PDF file produced!
Flavor: r-release-osx-x86_64-mavericks