CRAN Package Check Results for Package MasterBayes

Last updated on 2017-01-16 10:47:53.

Flavor Version Tinstall Tcheck Ttotal Status Flags
r-devel-linux-x86_64-debian-clang 2.54 29.78 60.77 90.55 OK
r-devel-linux-x86_64-debian-gcc 2.54 28.73 59.80 88.52 OK
r-devel-linux-x86_64-fedora-clang 2.54 202.54 OK --no-stop-on-test-error
r-devel-linux-x86_64-fedora-gcc 2.54 174.46 NOTE --no-stop-on-test-error
r-devel-macos-x86_64-clang 2.54 145.49 OK --no-stop-on-test-error
r-devel-windows-ix86+x86_64 2.54 114.00 127.00 241.00 OK
r-patched-linux-x86_64 2.54 24.45 59.95 84.40 OK
r-patched-solaris-sparc 2.54 894.50 OK
r-patched-solaris-x86 2.54 174.40 OK
r-release-linux-x86_64 2.54 24.82 57.75 82.58 OK
r-release-osx-x86_64-mavericks 2.54 OK
r-release-windows-ix86+x86_64 2.54 126.00 117.00 243.00 OK
r-oldrel-windows-ix86+x86_64 2.54 83.00 132.00 215.00 OK

Check Details

Version: 2.54
Flags: --no-stop-on-test-error
Check: compiled code
Result: NOTE
    File ‘MasterBayes/libs/MasterBayes.so’:
     Found no calls to: ‘R_registerRoutines’, ‘R_useDynamicSymbols’
    
    It is good practice to use registered native symbols and disable symbol
    search.
    
    See ‘Writing portable packages’ in the ‘Writing R Extensions’ manual.
Flavor: r-devel-linux-x86_64-fedora-gcc