CRAN Package Check Results for Package MasterBayes

Last updated on 2017-03-29 23:53:14.

Flavor Version Tinstall Tcheck Ttotal Status Flags
r-devel-linux-x86_64-debian-clang 2.54 28.42 61.70 90.12 NOTE
r-devel-linux-x86_64-debian-gcc 2.54 28.40 60.24 88.64 NOTE
r-devel-linux-x86_64-fedora-clang 2.54 200.06 NOTE --no-stop-on-test-error
r-devel-linux-x86_64-fedora-gcc 2.54 182.60 NOTE --no-stop-on-test-error
r-devel-macos-x86_64-clang 2.54 147.04 NOTE --no-stop-on-test-error
r-devel-windows-ix86+x86_64 2.54 93.00 139.00 232.00 OK
r-patched-linux-x86_64 2.54 24.38 63.47 87.85 NOTE
r-patched-solaris-sparc 2.54 947.10 OK
r-patched-solaris-x86 2.54 197.80 OK
r-release-linux-x86_64 2.54 24.68 58.67 83.34 OK
r-release-osx-x86_64-mavericks 2.54 OK
r-release-windows-ix86+x86_64 2.54 180.00 172.00 352.00 OK
r-oldrel-windows-ix86+x86_64 2.54 112.00 166.00 278.00 OK

Check Details

Version: 2.54
Check: compiled code
Result: NOTE
    File ‘MasterBayes/libs/MasterBayes.so’:
     Found no calls to: ‘R_registerRoutines’, ‘R_useDynamicSymbols’
    
    It is good practice to register native routines and to disable symbol
    search.
    
    See ‘Writing portable packages’ in the ‘Writing R Extensions’ manual.
Flavors: r-devel-linux-x86_64-debian-clang, r-devel-linux-x86_64-debian-gcc, r-patched-linux-x86_64

Version: 2.54
Flags: --no-stop-on-test-error
Check: compiled code
Result: NOTE
    File ‘MasterBayes/libs/MasterBayes.so’:
     Found no calls to: ‘R_registerRoutines’, ‘R_useDynamicSymbols’
    
    It is good practice to register native routines and to disable symbol
    search.
    
    See ‘Writing portable packages’ in the ‘Writing R Extensions’ manual.
Flavors: r-devel-linux-x86_64-fedora-clang, r-devel-linux-x86_64-fedora-gcc, r-devel-macos-x86_64-clang