CRAN Package Check Results for Package MasterBayes

Last updated on 2015-05-29 15:46:38.

Flavor Version Tinstall Tcheck Ttotal Status Flags
r-devel-linux-x86_64-debian-clang 2.52 26.86 59.31 86.18 OK
r-devel-linux-x86_64-debian-gcc 2.52 28.09 57.78 85.88 OK
r-devel-linux-x86_64-fedora-clang 2.52 193.80 OK
r-devel-linux-x86_64-fedora-gcc 2.52 168.53 OK
r-devel-osx-x86_64-clang 2.52 158.60 OK
r-devel-windows-ix86+x86_64 2.52 90.00 109.00 199.00 OK
r-patched-linux-x86_64 2.52 26.28 58.53 84.81 OK
r-patched-solaris-sparc 2.52 960.20 NOTE
r-patched-solaris-x86 2.52 204.80 OK
r-release-linux-x86_64 2.52 25.60 59.28 84.88 OK
r-release-osx-x86_64-mavericks 2.52 OK
r-release-osx-x86_64-snowleopard 2.52 OK
r-release-windows-ix86+x86_64 2.52 88.00 116.00 204.00 OK
r-oldrel-windows-ix86+x86_64 2.52 88.00 199.00 287.00 OK

Check Details

Version: 2.52
Check: installed package size
Result: NOTE
     installed size is 5.1Mb
     sub-directories of 1Mb or more:
     doc 1.2Mb
     libs 3.5Mb
Flavor: r-patched-solaris-sparc