CRAN Package Check Results for Package MatchIt

Last updated on 2017-09-22 05:48:05.

Flavor Version Tinstall Tcheck Ttotal Status Flags
r-devel-linux-x86_64-debian-clang 3.0.1 0.80 40.31 41.11 OK
r-devel-linux-x86_64-debian-gcc 3.0.1 0.78 42.37 43.15 OK
r-devel-linux-x86_64-fedora-clang 3.0.1 75.86 NOTE
r-devel-linux-x86_64-fedora-gcc 3.0.1 75.40 NOTE
r-devel-windows-ix86+x86_64 3.0.1 4.00 61.00 65.00 OK
r-patched-linux-x86_64 3.0.1 0.80 39.16 39.96 OK
r-patched-solaris-x86 3.0.1 93.90 NOTE
r-release-linux-x86_64 3.0.1 0.81 39.86 40.67 OK
r-release-windows-ix86+x86_64 3.0.1 5.00 63.00 68.00 OK
r-release-osx-x86_64 3.0.1 NOTE
r-oldrel-windows-ix86+x86_64 3.0.1 4.00 53.00 57.00 OK
r-oldrel-osx-x86_64 3.0.1 NOTE

Check Details

Version: 3.0.1
Check: dependencies in R code
Result: NOTE
    Namespace in Imports field not imported from: ‘rgenoud’
     All declared Imports should be used.
Flavors: r-devel-linux-x86_64-fedora-clang, r-devel-linux-x86_64-fedora-gcc, r-patched-solaris-x86, r-release-osx-x86_64, r-oldrel-osx-x86_64