CRAN Package Check Results for Package MatchIt

Last updated on 2014-12-21 18:52:08.

Flavor Version Tinstall Tcheck Ttotal Status Flags
r-devel-linux-x86_64-debian-clang 2.4-21 0.82 16.51 17.33 NOTE
r-devel-linux-x86_64-debian-gcc 2.4-21 0.73 15.93 16.66 NOTE
r-devel-linux-x86_64-fedora-clang 2.4-21 34.92 NOTE
r-devel-linux-x86_64-fedora-gcc 2.4-21 32.76 NOTE
r-devel-osx-x86_64-clang 2.4-21 35.48 NOTE
r-devel-windows-ix86+x86_64 2.4-21 4.00 25.00 29.00 NOTE
r-patched-linux-x86_64 2.4-21 0.80 16.84 17.64 NOTE
r-patched-solaris-sparc 2.4-21 194.90 NOTE
r-patched-solaris-x86 2.4-21 45.00 NOTE
r-release-linux-ix86 2.4-21 1.16 23.25 24.40 NOTE
r-release-linux-x86_64 2.4-21 1.12 16.77 17.89 NOTE
r-release-osx-x86_64-mavericks 2.4-21 OK
r-release-windows-ix86+x86_64 2.4-21 3.00 28.00 31.00 NOTE
r-oldrel-windows-ix86+x86_64 2.4-21 4.00 31.00 35.00 OK

Check Details

Version: 2.4-21
Check: R code for possible problems
Result: NOTE
    discard: no visible global function definition for ‘whatif’
    distance2GAMcauchit: no visible global function definition for ‘gam’
    distance2GAMcloglog: no visible global function definition for ‘gam’
    distance2GAMlog: no visible global function definition for ‘gam’
    distance2GAMlogit: no visible global function definition for ‘gam’
    distance2GAMprobit: no visible global function definition for ‘gam’
    distance2nnet: no visible global function definition for ‘nnet’
    distance2rpart: no visible global function definition for ‘rpart’
    matchit2cem: no visible global function definition for ‘cem’
    matchit2full: no visible global function definition for ‘fullmatch’
    matchit2genetic: no visible global function definition for ‘GenMatch’
    matchit2optimal: no visible global function definition for ‘fullmatch’
Flavors: r-devel-linux-x86_64-debian-clang, r-devel-linux-x86_64-debian-gcc, r-devel-linux-x86_64-fedora-clang, r-devel-linux-x86_64-fedora-gcc, r-devel-osx-x86_64-clang, r-devel-windows-ix86+x86_64, r-patched-linux-x86_64, r-patched-solaris-sparc, r-patched-solaris-x86, r-release-linux-ix86, r-release-linux-x86_64, r-release-windows-ix86+x86_64