CRAN Package Check Results for Package MatchIt

Last updated on 2014-04-23 07:55:02.

Flavor Version Tinstall Tcheck Ttotal Status Flags
r-devel-linux-x86_64-debian-clang 2.4-21 0.89 20.12 21.01 OK
r-devel-linux-x86_64-debian-gcc 2.4-21 0.90 20.24 21.14 OK
r-devel-linux-x86_64-fedora-clang 2.4-21 39.70 OK
r-devel-linux-x86_64-fedora-gcc 2.4-21 37.87 OK
r-devel-osx-x86_64-clang 2.4-21 38.62 OK
r-devel-osx-x86_64-gcc 2.4-21 NOTE
r-devel-windows-ix86+x86_64 2.4-21 3.00 29.00 32.00 OK
r-patched-linux-x86_64 2.4-21 0.81 19.83 20.64 OK
r-patched-solaris-sparc 2.4-21 221.30 OK
r-patched-solaris-x86 2.4-21 51.00 OK
r-release-linux-ix86 2.4-21 1.00 37.00 38.00 OK
r-release-linux-x86_64 2.4-21 0.84 19.87 20.71 OK
r-release-osx-x86_64-mavericks 2.4-21 WARN
r-release-windows-ix86+x86_64 2.4-21 3.00 31.00 34.00 OK
r-oldrel-windows-ix86+x86_64 2.4-21 3.00 29.00 32.00 OK

Check Details

Version: 2.4-21
Check: package dependencies
Result: NOTE
    Package suggested but not available for checking: ‘cem’
Flavor: r-devel-osx-x86_64-gcc

Version: 2.4-21
Check: R code for possible problems
Result: NOTE
    matchit2cem: no visible global function definition for ‘cem’
Flavor: r-devel-osx-x86_64-gcc

Version: 2.4-21
Check: PDF version of manual
Result: WARNING
    LaTeX errors when creating PDF version.
    This typically indicates Rd problems.
    LaTeX errors found:
    ! LaTeX Error: File `upquote.sty' not found.
    
    Type X to quit or <RETURN> to proceed,
    or enter new name. (Default extension: sty)
    
    0b97913/Rd2.tex:8: ==> Fatal error occurred, no output PDF file produced!
Flavor: r-release-osx-x86_64-mavericks