CRAN Package Check Results for Package MatchIt

Last updated on 2017-05-25 17:48:09.

Flavor Version Tinstall Tcheck Ttotal Status Flags
r-devel-linux-x86_64-debian-clang 3.0.1 0.80 42.40 43.19 OK
r-devel-linux-x86_64-debian-gcc 3.0.1 0.98 42.35 43.33 OK
r-devel-linux-x86_64-fedora-clang 3.0.1 79.77 NOTE --no-stop-on-test-error
r-devel-linux-x86_64-fedora-gcc 3.0.1 78.60 NOTE --no-stop-on-test-error
r-devel-windows-ix86+x86_64 3.0.1 4.00 64.00 68.00 OK
r-patched-linux-x86_64 3.0.1 0.71 38.96 39.68 OK
r-patched-solaris-sparc 3.0.1 493.70 NOTE
r-patched-solaris-x86 3.0.1 95.30 NOTE
r-release-linux-x86_64 3.0.1 0.74 41.81 42.56 OK
r-release-windows-ix86+x86_64 3.0.1 8.00 64.00 72.00 OK
r-release-osx-x86_64 3.0.1 NOTE
r-oldrel-windows-ix86+x86_64 3.0.1 5.00 80.00 85.00 OK
r-oldrel-osx-x86_64 3.0.1 NOTE

Check Details

Version: 3.0.1
Flags: --no-stop-on-test-error
Check: dependencies in R code
Result: NOTE
    Namespace in Imports field not imported from: ‘rgenoud’
     All declared Imports should be used.
Flavors: r-devel-linux-x86_64-fedora-clang, r-devel-linux-x86_64-fedora-gcc

Version: 3.0.1
Check: dependencies in R code
Result: NOTE
    Namespace in Imports field not imported from: ‘rgenoud’
     All declared Imports should be used.
Flavors: r-patched-solaris-sparc, r-patched-solaris-x86, r-release-osx-x86_64, r-oldrel-osx-x86_64