CRAN Package Check Results for Package MatchIt

Last updated on 2015-07-01 21:46:38.

Flavor Version Tinstall Tcheck Ttotal Status Flags
r-devel-linux-x86_64-debian-clang 2.4-21 0.93 14.78 15.70 NOTE
r-devel-linux-x86_64-debian-gcc 2.4-21 0.70 14.86 15.56 NOTE
r-devel-linux-x86_64-fedora-clang 2.4-21 28.84 NOTE
r-devel-linux-x86_64-fedora-gcc 2.4-21 27.06 NOTE
r-devel-osx-x86_64-clang 2.4-21 29.96 NOTE
r-devel-windows-ix86+x86_64 2.4-21 3.00 24.00 27.00 NOTE
r-patched-linux-x86_64 2.4-21 0.76 15.42 16.18 NOTE
r-patched-solaris-sparc 2.4-21 186.10 NOTE
r-patched-solaris-x86 2.4-21 41.90 NOTE
r-release-linux-x86_64 2.4-21 0.72 15.24 15.96 NOTE
r-release-osx-x86_64-mavericks 2.4-21 NOTE
r-release-windows-ix86+x86_64 2.4-21 3.00 25.00 28.00 NOTE
r-oldrel-windows-ix86+x86_64 2.4-21 3.00 27.00 30.00 NOTE

Check Details

Version: 2.4-21
Check: dependencies in R code
Result: NOTE
    'library' or 'require' calls in package code:
     ‘Matching’ ‘WhatIf’ ‘cem’ ‘mgcv’ ‘nnet’ ‘optmatch’ ‘rpart’
     Please use :: or requireNamespace() instead.
     See section 'Suggested packages' in the 'Writing R Extensions' manual.
Flavors: r-devel-linux-x86_64-debian-clang, r-devel-linux-x86_64-debian-gcc, r-devel-linux-x86_64-fedora-clang, r-devel-linux-x86_64-fedora-gcc, r-devel-osx-x86_64-clang, r-devel-windows-ix86+x86_64, r-patched-linux-x86_64, r-patched-solaris-sparc, r-patched-solaris-x86, r-release-linux-x86_64, r-release-osx-x86_64-mavericks, r-release-windows-ix86+x86_64, r-oldrel-windows-ix86+x86_64

Version: 2.4-21
Check: R code for possible problems
Result: NOTE
    discard: no visible global function definition for ‘whatif’
    distance2GAMcauchit: no visible global function definition for ‘gam’
    distance2GAMcauchit: Error while checking: invalid ‘envir’ argument
    distance2GAMcloglog: no visible global function definition for ‘gam’
    distance2GAMcloglog: Error while checking: invalid ‘envir’ argument
    distance2GAMlog: no visible global function definition for ‘gam’
    distance2GAMlog: Error while checking: invalid ‘envir’ argument
    distance2GAMlogit: no visible global function definition for ‘gam’
    distance2GAMlogit: Error while checking: invalid ‘envir’ argument
    distance2GAMprobit: no visible global function definition for ‘gam’
    distance2GAMprobit: Error while checking: invalid ‘envir’ argument
    distance2cauchit: no visible global function definition for ‘glm’
    distance2cauchit: Error while checking: invalid ‘envir’ argument
    distance2cloglog: no visible global function definition for ‘glm’
    distance2cloglog: Error while checking: invalid ‘envir’ argument
    distance2linear.cloglog: no visible global function definition for
     ‘glm’
    distance2linear.cloglog: Error while checking: invalid ‘envir’ argument
    distance2linear.log: no visible global function definition for ‘glm’
    distance2linear.log: Error while checking: invalid ‘envir’ argument
    distance2linear.logit: no visible global function definition for ‘glm’
    distance2linear.logit: Error while checking: invalid ‘envir’ argument
    distance2linear.probit: no visible global function definition for ‘glm’
    distance2linear.probit: Error while checking: invalid ‘envir’ argument
    distance2linearcauchit: no visible global function definition for ‘glm’
    distance2linearcauchit: Error while checking: invalid ‘envir’ argument
    distance2log: no visible global function definition for ‘glm’
    distance2log: Error while checking: invalid ‘envir’ argument
    distance2logit: no visible global function definition for ‘glm’
    distance2logit: Error while checking: invalid ‘envir’ argument
    distance2mahalanobis: no visible global function definition for
     ‘model.matrix’
    distance2nnet: no visible global function definition for ‘nnet’
    distance2nnet: no visible global function definition for ‘fitted’
    distance2probit: no visible global function definition for ‘glm’
    distance2probit: Error while checking: invalid ‘envir’ argument
    distance2rpart: no visible global function definition for ‘rpart’
    distance2rpart: no visible global function definition for ‘predict’
    eqqplot: no visible global function definition for ‘approx’
    eqqplot: no visible global function definition for ‘plot’
    help.matchit: no visible global function definition for ‘browseURL’
    hist.pscore: no visible global function definition for ‘par’
    hist.pscore: no visible global function definition for ‘na.omit’
    hist.pscore: no visible global function definition for ‘hist’
    hist.pscore: no visible global function definition for ‘abline’
    jitter.pscore: no visible global function definition for ‘plot’
    jitter.pscore: no visible global function definition for ‘abline’
    jitter.pscore: no visible global function definition for ‘points’
    jitter.pscore: no visible global function definition for ‘axis’
    jitter.pscore: no visible global function definition for ‘text’
    jitter.pscore: no visible global function definition for ‘na.omit’
    jitter.pscore: no visible global function definition for ‘box’
    jitter.pscore: no visible global function definition for ‘identify’
    match.data: no visible global function definition for ‘terms’
    matchit: no visible global function definition for ‘model.frame’
    matchit: no visible global function definition for ‘terms’
    matchit: no visible global function definition for ‘model.response’
    matchit: no visible global function definition for ‘model.matrix’
    matchit.qqplot: no visible global function definition for ‘formula’
    matchit.qqplot: no visible global function definition for
     ‘model.matrix’
    matchit.qqplot: no visible global function definition for ‘par’
    matchit.qqplot: no visible global function definition for ‘plot’
    matchit.qqplot: no visible global function definition for ‘mtext’
    matchit.qqplot: no visible global function definition for ‘strwidth’
    matchit.qqplot: no visible global function definition for ‘text’
    matchit.qqplot: no visible global function definition for ‘abline’
    matchit.qqplot: no visible global function definition for ‘axis’
    matchit.qqplot: no visible global function definition for ‘box’
    matchit2cem: no visible global function definition for ‘cem’
    matchit2full: no visible global function definition for ‘fullmatch’
    matchit2genetic: no visible global function definition for ‘GenMatch’
    matchit2nearest: no visible global function definition for ‘var’
    matchit2nearest: no visible global function definition for ‘na.omit’
    matchit2nearest: no visible global function definition for
     ‘mahalanobis’
    matchit2optimal: no visible global function definition for ‘fullmatch’
    matchit2subclass: no visible global function definition for ‘na.omit’
    matchit2subclass: no visible global function definition for ‘quantile’
    plot.summary.matchit: no visible global function definition for ‘par’
    plot.summary.matchit: no visible global function definition for ‘plot’
    plot.summary.matchit: no visible global function definition for
     ‘abline’
    plot.summary.matchit: no visible global function definition for ‘axis’
    plot.summary.matchit: no visible global function definition for
     ‘points’
    plot.summary.matchit: no visible global function definition for ‘mtext’
    plot.summary.matchit: no visible global function definition for
     ‘identify’
    qoi : weighted.var: no visible global function definition for
     ‘weighted.mean’
    qoi: no visible global function definition for ‘sd’
    qoi: no visible global function definition for ‘weighted.mean’
    qoi.by.sub: no visible global function definition for ‘sd’
    qqsum: no visible global function definition for ‘ecdf’
    qqsum: no visible global function definition for ‘approx’
    qqsum: no visible global function definition for ‘median’
    summary.matchit: no visible global function definition for ‘formula’
    summary.matchit: no visible global function definition for
     ‘model.matrix’
    summary.matchit.subclass: no visible global function definition for
     ‘formula’
    summary.matchit.subclass: no visible global function definition for
     ‘model.matrix’
    weights.matrix: no visible global function definition for ‘na.omit’
    weights.subclass: no visible global function definition for ‘na.omit’
Flavors: r-devel-linux-x86_64-debian-clang, r-devel-linux-x86_64-debian-gcc, r-devel-linux-x86_64-fedora-clang, r-devel-linux-x86_64-fedora-gcc, r-devel-windows-ix86+x86_64

Version: 2.4-21
Check: R code for possible problems
Result: NOTE
    discard: no visible global function definition for ‘whatif’
    distance2GAMcauchit: no visible global function definition for ‘gam’
    distance2GAMcloglog: no visible global function definition for ‘gam’
    distance2GAMlog: no visible global function definition for ‘gam’
    distance2GAMlogit: no visible global function definition for ‘gam’
    distance2GAMprobit: no visible global function definition for ‘gam’
    distance2nnet: no visible global function definition for ‘nnet’
    distance2rpart: no visible global function definition for ‘rpart’
    matchit2cem: no visible global function definition for ‘cem’
    matchit2full: no visible global function definition for ‘fullmatch’
    matchit2genetic: no visible global function definition for ‘GenMatch’
    matchit2optimal: no visible global function definition for ‘fullmatch’
Flavors: r-devel-osx-x86_64-clang, r-patched-linux-x86_64, r-patched-solaris-sparc, r-patched-solaris-x86, r-release-linux-x86_64, r-release-osx-x86_64-mavericks, r-release-windows-ix86+x86_64, r-oldrel-windows-ix86+x86_64