CRAN Package Check Results for Package MatchIt

Last updated on 2014-08-21 22:47:13.

Flavor Version Tinstall Tcheck Ttotal Status Flags
r-devel-linux-x86_64-debian-clang 2.4-21 0.77 18.27 19.04 OK
r-devel-linux-x86_64-debian-gcc 2.4-21 0.73 18.04 18.77 OK
r-devel-linux-x86_64-fedora-clang 2.4-21 33.62 NOTE
r-devel-linux-x86_64-fedora-gcc 2.4-21 32.04 NOTE
r-devel-osx-x86_64-clang 2.4-21 32.65 NOTE
r-devel-windows-ix86+x86_64 2.4-21 2.00 28.00 30.00 OK
r-patched-linux-x86_64 2.4-21 0.77 18.86 19.63 OK
r-patched-solaris-sparc 2.4-21 203.50 OK
r-patched-solaris-x86 2.4-21 50.60 OK
r-release-linux-ix86 2.4-21 1.18 26.48 27.66 OK
r-release-linux-x86_64 2.4-21 0.80 19.14 19.94 OK
r-release-osx-x86_64-mavericks 2.4-21 OK
r-release-windows-ix86+x86_64 2.4-21 3.00 30.00 33.00 OK
r-oldrel-windows-ix86+x86_64 2.4-21 3.00 27.00 30.00 OK

Check Details

Version: 2.4-21
Check: R code for possible problems
Result: NOTE
    discard: no visible global function definition for ‘whatif’
    distance2GAMcauchit: no visible global function definition for ‘gam’
    distance2GAMcloglog: no visible global function definition for ‘gam’
    distance2GAMlog: no visible global function definition for ‘gam’
    distance2GAMlogit: no visible global function definition for ‘gam’
    distance2GAMprobit: no visible global function definition for ‘gam’
    distance2nnet: no visible global function definition for ‘nnet’
    distance2rpart: no visible global function definition for ‘rpart’
    matchit2cem: no visible global function definition for ‘cem’
    matchit2full: no visible global function definition for ‘fullmatch’
    matchit2genetic: no visible global function definition for ‘GenMatch’
    matchit2optimal: no visible global function definition for ‘fullmatch’
Flavors: r-devel-linux-x86_64-fedora-clang, r-devel-linux-x86_64-fedora-gcc, r-devel-osx-x86_64-clang