CRAN Package Check Results for Package MatchIt

Last updated on 2014-11-28 01:48:08.

Flavor Version Tinstall Tcheck Ttotal Status Flags
r-devel-linux-x86_64-debian-clang 2.4-21 0.83 17.06 17.88 NOTE
r-devel-linux-x86_64-debian-gcc 2.4-21 0.75 16.64 17.40 NOTE
r-devel-linux-x86_64-fedora-clang 2.4-21 35.30 NOTE
r-devel-linux-x86_64-fedora-gcc 2.4-21 34.25 NOTE
r-devel-osx-x86_64-clang 2.4-21 34.63 NOTE
r-devel-windows-ix86+x86_64 2.4-21 3.00 27.00 30.00 NOTE
r-patched-linux-x86_64 2.4-21 0.78 17.22 18.00 NOTE
r-patched-solaris-sparc 2.4-21 194.90 NOTE
r-patched-solaris-x86 2.4-21 47.50 NOTE
r-release-linux-ix86 2.4-21 1.15 22.87 24.02 NOTE
r-release-linux-x86_64 2.4-21 0.80 16.78 17.58 NOTE
r-release-osx-x86_64-mavericks 2.4-21 OK
r-release-windows-ix86+x86_64 2.4-21 4.00 26.00 30.00 NOTE
r-oldrel-windows-ix86+x86_64 2.4-21 3.00 31.00 34.00 OK

Check Details

Version: 2.4-21
Check: R code for possible problems
Result: NOTE
    discard: no visible global function definition for ‘whatif’
    distance2GAMcauchit: no visible global function definition for ‘gam’
    distance2GAMcloglog: no visible global function definition for ‘gam’
    distance2GAMlog: no visible global function definition for ‘gam’
    distance2GAMlogit: no visible global function definition for ‘gam’
    distance2GAMprobit: no visible global function definition for ‘gam’
    distance2nnet: no visible global function definition for ‘nnet’
    distance2rpart: no visible global function definition for ‘rpart’
    matchit2cem: no visible global function definition for ‘cem’
    matchit2full: no visible global function definition for ‘fullmatch’
    matchit2genetic: no visible global function definition for ‘GenMatch’
    matchit2optimal: no visible global function definition for ‘fullmatch’
Flavors: r-devel-linux-x86_64-debian-clang, r-devel-linux-x86_64-debian-gcc, r-devel-linux-x86_64-fedora-clang, r-devel-linux-x86_64-fedora-gcc, r-devel-osx-x86_64-clang, r-devel-windows-ix86+x86_64, r-patched-linux-x86_64, r-patched-solaris-sparc, r-patched-solaris-x86, r-release-linux-ix86, r-release-linux-x86_64, r-release-windows-ix86+x86_64