CRAN Package Check Results for Package MatchIt

Last updated on 2015-03-02 13:47:08.

Flavor Version Tinstall Tcheck Ttotal Status Flags
r-devel-linux-x86_64-debian-clang 2.4-21 0.74 15.62 16.36 NOTE
r-devel-linux-x86_64-debian-gcc 2.4-21 1.00 15.20 16.20 NOTE
r-devel-linux-x86_64-fedora-clang 2.4-21 30.30 NOTE
r-devel-linux-x86_64-fedora-gcc 2.4-21 27.24 NOTE
r-devel-osx-x86_64-clang 2.4-21 33.79 NOTE
r-devel-windows-ix86+x86_64 2.4-21 8.00 30.00 38.00 NOTE
r-patched-linux-x86_64 2.4-21 0.86 17.03 17.89 NOTE
r-patched-solaris-sparc 2.4-21 239.20 NOTE
r-patched-solaris-x86 2.4-21 46.60 NOTE
r-release-linux-ix86 2.4-21 1.16 23.42 24.57 NOTE
r-release-linux-x86_64 2.4-21 0.81 17.56 18.37 NOTE
r-release-osx-x86_64-mavericks 2.4-21 NOTE
r-release-windows-ix86+x86_64 2.4-21 8.00 38.00 46.00 NOTE
r-oldrel-windows-ix86+x86_64 2.4-21 3.00 30.00 33.00 OK

Check Details

Version: 2.4-21
Check: dependencies in R code
Result: NOTE
    'library' or 'require' calls in package code:
     ‘Matching’ ‘WhatIf’ ‘cem’ ‘mgcv’ ‘nnet’ ‘optmatch’ ‘rpart’
     Please use :: or requireNamespace() instead.
     See section 'Suggested packages' in the 'Writing R Extensions' manual.
Flavors: r-devel-linux-x86_64-debian-clang, r-devel-linux-x86_64-debian-gcc, r-devel-linux-x86_64-fedora-clang, r-devel-linux-x86_64-fedora-gcc, r-devel-osx-x86_64-clang, r-devel-windows-ix86+x86_64, r-patched-linux-x86_64, r-patched-solaris-sparc, r-patched-solaris-x86

Version: 2.4-21
Check: R code for possible problems
Result: NOTE
    discard: no visible global function definition for ‘whatif’
    distance2GAMcauchit: no visible global function definition for ‘gam’
    distance2GAMcloglog: no visible global function definition for ‘gam’
    distance2GAMlog: no visible global function definition for ‘gam’
    distance2GAMlogit: no visible global function definition for ‘gam’
    distance2GAMprobit: no visible global function definition for ‘gam’
    distance2nnet: no visible global function definition for ‘nnet’
    distance2rpart: no visible global function definition for ‘rpart’
    matchit2cem: no visible global function definition for ‘cem’
    matchit2full: no visible global function definition for ‘fullmatch’
    matchit2genetic: no visible global function definition for ‘GenMatch’
    matchit2optimal: no visible global function definition for ‘fullmatch’
Flavors: r-devel-linux-x86_64-debian-clang, r-devel-linux-x86_64-debian-gcc, r-devel-linux-x86_64-fedora-clang, r-devel-linux-x86_64-fedora-gcc, r-devel-osx-x86_64-clang, r-devel-windows-ix86+x86_64, r-patched-linux-x86_64, r-patched-solaris-sparc, r-patched-solaris-x86, r-release-linux-ix86, r-release-linux-x86_64, r-release-osx-x86_64-mavericks, r-release-windows-ix86+x86_64