CRAN Package Check Results for Package MatchIt

Last updated on 2015-05-23 05:47:53.

Flavor Version Tinstall Tcheck Ttotal Status Flags
r-devel-linux-x86_64-debian-clang 2.4-21 0.79 15.94 16.73 NOTE
r-devel-linux-x86_64-debian-gcc 2.4-21 0.78 15.84 16.62 NOTE
r-devel-linux-x86_64-fedora-clang 2.4-21 30.80 NOTE
r-devel-linux-x86_64-fedora-gcc 2.4-21 28.32 NOTE
r-devel-osx-x86_64-clang 2.4-21 33.48 NOTE
r-devel-windows-ix86+x86_64 2.4-21 4.00 25.00 29.00 NOTE
r-patched-linux-x86_64 2.4-21 0.75 15.68 16.42 NOTE
r-patched-solaris-sparc 2.4-21 186.10 NOTE
r-patched-solaris-x86 2.4-21 40.70 NOTE
r-release-linux-x86_64 2.4-21 0.75 15.73 16.48 NOTE
r-release-osx-x86_64-mavericks 2.4-21 NOTE
r-release-osx-x86_64-snowleopard 2.4-21 NOTE
r-release-windows-ix86+x86_64 2.4-21 3.00 23.00 26.00 NOTE
r-oldrel-windows-ix86+x86_64 2.4-21 4.00 27.00 31.00 NOTE

Check Details

Version: 2.4-21
Check: dependencies in R code
Result: NOTE
    'library' or 'require' calls in package code:
     ‘Matching’ ‘WhatIf’ ‘cem’ ‘mgcv’ ‘nnet’ ‘optmatch’ ‘rpart’
     Please use :: or requireNamespace() instead.
     See section 'Suggested packages' in the 'Writing R Extensions' manual.
Flavors: r-devel-linux-x86_64-debian-clang, r-devel-linux-x86_64-debian-gcc, r-devel-linux-x86_64-fedora-clang, r-devel-linux-x86_64-fedora-gcc, r-devel-osx-x86_64-clang, r-devel-windows-ix86+x86_64, r-patched-linux-x86_64, r-patched-solaris-sparc, r-patched-solaris-x86, r-release-linux-x86_64, r-release-osx-x86_64-mavericks, r-release-osx-x86_64-snowleopard, r-release-windows-ix86+x86_64, r-oldrel-windows-ix86+x86_64

Version: 2.4-21
Check: R code for possible problems
Result: NOTE
    discard: no visible global function definition for ‘whatif’
    distance2GAMcauchit: no visible global function definition for ‘gam’
    distance2GAMcloglog: no visible global function definition for ‘gam’
    distance2GAMlog: no visible global function definition for ‘gam’
    distance2GAMlogit: no visible global function definition for ‘gam’
    distance2GAMprobit: no visible global function definition for ‘gam’
    distance2nnet: no visible global function definition for ‘nnet’
    distance2rpart: no visible global function definition for ‘rpart’
    matchit2cem: no visible global function definition for ‘cem’
    matchit2full: no visible global function definition for ‘fullmatch’
    matchit2genetic: no visible global function definition for ‘GenMatch’
    matchit2optimal: no visible global function definition for ‘fullmatch’
Flavors: r-devel-linux-x86_64-debian-clang, r-devel-linux-x86_64-debian-gcc, r-devel-linux-x86_64-fedora-clang, r-devel-linux-x86_64-fedora-gcc, r-devel-osx-x86_64-clang, r-devel-windows-ix86+x86_64, r-patched-linux-x86_64, r-patched-solaris-sparc, r-patched-solaris-x86, r-release-linux-x86_64, r-release-osx-x86_64-mavericks, r-release-osx-x86_64-snowleopard, r-release-windows-ix86+x86_64, r-oldrel-windows-ix86+x86_64