CRAN Package Check Results for Package MatchIt

Last updated on 2020-08-12 20:47:04 CEST.

Flavor Version Tinstall Tcheck Ttotal Status Flags
r-devel-linux-x86_64-debian-clang 3.0.2 4.60 90.43 95.03 NOTE
r-devel-linux-x86_64-debian-gcc 3.0.2 3.75 71.30 75.05 NOTE
r-devel-linux-x86_64-fedora-clang 3.0.2 123.81 NOTE
r-devel-linux-x86_64-fedora-gcc 3.0.2 118.13 NOTE
r-devel-windows-ix86+x86_64 3.0.2 14.00 82.00 96.00 OK
r-patched-linux-x86_64 3.0.2 4.55 93.25 97.80 NOTE
r-patched-solaris-x86 3.0.2 169.30 NOTE
r-release-linux-x86_64 3.0.2 4.15 92.74 96.89 NOTE
r-release-macos-x86_64 3.0.2 NOTE
r-release-windows-ix86+x86_64 3.0.2 12.00 130.00 142.00 OK
r-oldrel-macos-x86_64 3.0.2 OK
r-oldrel-windows-ix86+x86_64 3.0.2 10.00 92.00 102.00 OK

Check Details

Version: 3.0.2
Check: package dependencies
Result: NOTE
    Package suggested but not available for checking: 'WhatIf'
Flavors: r-devel-linux-x86_64-debian-clang, r-devel-linux-x86_64-debian-gcc, r-devel-linux-x86_64-fedora-clang, r-devel-linux-x86_64-fedora-gcc, r-patched-linux-x86_64, r-patched-solaris-x86, r-release-linux-x86_64, r-release-macos-x86_64