CRAN Package Check Results for Package MatchIt

Last updated on 2014-10-23 05:46:45.

Flavor Version Tinstall Tcheck Ttotal Status Flags
r-devel-linux-x86_64-debian-clang 2.4-21 0.79 16.93 17.72 NOTE
r-devel-linux-x86_64-debian-gcc 2.4-21 0.79 19.15 19.94 NOTE
r-devel-linux-x86_64-fedora-clang 2.4-21 33.77 NOTE
r-devel-linux-x86_64-fedora-gcc 2.4-21 30.62 NOTE
r-devel-osx-x86_64-clang 2.4-21 35.62 NOTE
r-devel-windows-ix86+x86_64 2.4-21 3.00 26.00 29.00 NOTE
r-patched-linux-x86_64 2.4-21 0.79 17.28 18.08 NOTE
r-patched-solaris-sparc 2.4-21 194.90 NOTE
r-patched-solaris-x86 2.4-21 46.40 NOTE
r-release-linux-ix86 2.4-21 1.20 26.65 27.85 OK
r-release-linux-x86_64 2.4-21 0.80 19.41 20.21 OK
r-release-osx-x86_64-mavericks 2.4-21 OK
r-release-windows-ix86+x86_64 2.4-21 3.00 28.00 31.00 OK
r-oldrel-windows-ix86+x86_64 2.4-21 3.00 29.00 32.00 OK

Check Details

Version: 2.4-21
Check: R code for possible problems
Result: NOTE
    discard: no visible global function definition for ‘whatif’
    distance2GAMcauchit: no visible global function definition for ‘gam’
    distance2GAMcloglog: no visible global function definition for ‘gam’
    distance2GAMlog: no visible global function definition for ‘gam’
    distance2GAMlogit: no visible global function definition for ‘gam’
    distance2GAMprobit: no visible global function definition for ‘gam’
    distance2nnet: no visible global function definition for ‘nnet’
    distance2rpart: no visible global function definition for ‘rpart’
    matchit2cem: no visible global function definition for ‘cem’
    matchit2full: no visible global function definition for ‘fullmatch’
    matchit2genetic: no visible global function definition for ‘GenMatch’
    matchit2optimal: no visible global function definition for ‘fullmatch’
Flavors: r-devel-linux-x86_64-debian-clang, r-devel-linux-x86_64-debian-gcc, r-devel-linux-x86_64-fedora-clang, r-devel-linux-x86_64-fedora-gcc, r-devel-osx-x86_64-clang, r-devel-windows-ix86+x86_64, r-patched-linux-x86_64, r-patched-solaris-sparc, r-patched-solaris-x86