CRAN Package Check Results for Package MatchIt

Last updated on 2017-11-25 04:49:16 CET.

Flavor Version Tinstall Tcheck Ttotal Status Flags
r-devel-linux-x86_64-debian-clang 3.0.1 1.03 114.00 115.03 OK
r-devel-linux-x86_64-debian-gcc 3.0.1 0.96 96.75 97.71 OK
r-devel-linux-x86_64-fedora-clang 3.0.1 71.88 NOTE
r-devel-linux-x86_64-fedora-gcc 3.0.1 71.84 NOTE
r-devel-windows-ix86+x86_64 3.0.1 5.00 89.00 94.00 OK
r-patched-linux-x86_64 3.0.1 1.27 106.57 107.84 OK
r-patched-solaris-x86 3.0.1 120.20 NOTE
r-release-linux-x86_64 3.0.1 0.93 99.39 100.31 OK
r-release-windows-ix86+x86_64 3.0.1 4.00 71.00 75.00 OK
r-release-osx-x86_64 3.0.1 NOTE
r-oldrel-windows-ix86+x86_64 3.0.1 4.00 81.00 85.00 OK
r-oldrel-osx-x86_64 3.0.1 NOTE

Check Details

Version: 3.0.1
Check: dependencies in R code
Result: NOTE
    Namespace in Imports field not imported from: ‘rgenoud’
     All declared Imports should be used.
Flavors: r-devel-linux-x86_64-fedora-clang, r-devel-linux-x86_64-fedora-gcc, r-patched-solaris-x86, r-release-osx-x86_64, r-oldrel-osx-x86_64