CRAN Package Check Results for Package MatchIt

Last updated on 2017-07-25 03:49:29.

Flavor Version Tinstall Tcheck Ttotal Status Flags
r-devel-linux-x86_64-debian-clang 3.0.1 0.76 46.75 47.52 OK
r-devel-linux-x86_64-debian-gcc 3.0.1 0.75 45.73 46.47 OK
r-devel-linux-x86_64-fedora-clang 3.0.1 77.58 NOTE
r-devel-linux-x86_64-fedora-gcc 3.0.1 81.11 NOTE
r-devel-windows-ix86+x86_64 3.0.1 4.00 62.00 66.00 OK
r-patched-linux-x86_64 3.0.1 0.87 46.67 47.54 OK
r-patched-solaris-x86 3.0.1 94.80 NOTE
r-release-linux-x86_64 3.0.1 0.80 45.90 46.70 OK
r-release-windows-ix86+x86_64 3.0.1 4.00 78.00 82.00 OK
r-release-osx-x86_64 3.0.1 NOTE
r-oldrel-windows-ix86+x86_64 3.0.1 3.00 52.00 55.00 OK
r-oldrel-osx-x86_64 3.0.1 NOTE

Check Details

Version: 3.0.1
Check: dependencies in R code
Result: NOTE
    Namespace in Imports field not imported from: ‘rgenoud’
     All declared Imports should be used.
Flavors: r-devel-linux-x86_64-fedora-clang, r-devel-linux-x86_64-fedora-gcc, r-patched-solaris-x86, r-release-osx-x86_64, r-oldrel-osx-x86_64