CRAN Package Check Results for Package MatchIt

Last updated on 2014-09-17 03:47:40.

Flavor Version Tinstall Tcheck Ttotal Status Flags
r-devel-linux-x86_64-debian-clang 2.4-21 0.82 16.65 17.47 NOTE
r-devel-linux-x86_64-debian-gcc 2.4-21 0.82 16.38 17.20 NOTE
r-devel-linux-x86_64-fedora-clang 2.4-21 33.12 NOTE
r-devel-linux-x86_64-fedora-gcc 2.4-21 35.82 NOTE
r-devel-osx-x86_64-clang 2.4-21 31.69 NOTE
r-devel-windows-ix86+x86_64 2.4-21 3.00 26.00 29.00 NOTE
r-patched-linux-x86_64 2.4-21 0.77 19.66 20.43 OK
r-patched-solaris-sparc 2.4-21 203.50 OK
r-patched-solaris-x86 2.4-21 50.90 OK
r-release-linux-ix86 2.4-21 1.21 27.15 28.36 OK
r-release-linux-x86_64 2.4-21 0.80 19.45 20.24 OK
r-release-osx-x86_64-mavericks 2.4-21 OK
r-release-windows-ix86+x86_64 2.4-21 3.00 29.00 32.00 OK
r-oldrel-windows-ix86+x86_64 2.4-21 4.00 29.00 33.00 OK

Check Details

Version: 2.4-21
Check: R code for possible problems
Result: NOTE
    discard: no visible global function definition for ‘whatif’
    distance2GAMcauchit: no visible global function definition for ‘gam’
    distance2GAMcloglog: no visible global function definition for ‘gam’
    distance2GAMlog: no visible global function definition for ‘gam’
    distance2GAMlogit: no visible global function definition for ‘gam’
    distance2GAMprobit: no visible global function definition for ‘gam’
    distance2nnet: no visible global function definition for ‘nnet’
    distance2rpart: no visible global function definition for ‘rpart’
    matchit2cem: no visible global function definition for ‘cem’
    matchit2full: no visible global function definition for ‘fullmatch’
    matchit2genetic: no visible global function definition for ‘GenMatch’
    matchit2optimal: no visible global function definition for ‘fullmatch’
Flavors: r-devel-linux-x86_64-debian-clang, r-devel-linux-x86_64-debian-gcc, r-devel-linux-x86_64-fedora-clang, r-devel-linux-x86_64-fedora-gcc, r-devel-osx-x86_64-clang, r-devel-windows-ix86+x86_64