CRAN Package Check Results for Package Matching

Last updated on 2014-04-21 09:48:03.

Flavor Version Tinstall Tcheck Ttotal Status Flags
r-devel-linux-x86_64-debian-clang 4.8-3.4 4.45 33.46 37.91 OK
r-devel-linux-x86_64-debian-gcc 4.8-3.4 6.85 34.14 40.99 OK
r-devel-linux-x86_64-fedora-clang 4.8-3.4 74.00 OK
r-devel-linux-x86_64-fedora-gcc 4.8-3.4 76.66 OK
r-devel-macosx-x86_64-clang 4.8-3.4 65.82 OK
r-devel-macosx-x86_64-gcc 4.8-3.4 NOTE
r-devel-windows-ix86+x86_64 4.8-3.4 24.00 66.00 90.00 OK
r-patched-linux-x86_64 4.8-3.4 6.92 33.96 40.88 OK
r-patched-solaris-sparc 4.8-3.4 425.70 OK
r-patched-solaris-x86 4.8-3.4 93.10 OK
r-release-linux-ix86 OK
r-release-linux-x86_64 4.8-3.4 6.84 34.05 40.89 OK
r-release-macosx-x86_64 4.8-3.4 OK
r-release-windows-ix86+x86_64 4.8-3.4 30.00 76.00 106.00 OK
r-oldrel-windows-ix86+x86_64 4.8-3.4 24.00 73.00 97.00 OK

Memtest notes: valgrind

Check Details

Version: 4.8-3.4
Check: package dependencies
Result: NOTE
    Package suggested but not available for checking: ‘rbounds’
Flavor: r-devel-macosx-x86_64-gcc