CRAN Package Check Results for Package Matching

Last updated on 2017-05-27 20:46:22.

Flavor Version Tinstall Tcheck Ttotal Status Flags
r-devel-linux-x86_64-debian-clang 4.9-2 7.79 39.98 47.77 NOTE
r-devel-linux-x86_64-debian-gcc 4.9-2 7.72 39.23 46.96 NOTE
r-devel-linux-x86_64-fedora-clang 4.9-2 83.85 NOTE
r-devel-linux-x86_64-fedora-gcc 4.9-2 81.03 NOTE
r-devel-windows-ix86+x86_64 4.9-2 38.00 95.00 133.00 OK
r-patched-linux-x86_64 4.9-2 7.74 38.99 46.73 NOTE
r-patched-solaris-sparc 4.9-2 515.70 OK
r-patched-solaris-x86 4.9-2 99.60 OK
r-release-linux-x86_64 4.9-2 7.51 37.38 44.88 NOTE
r-release-windows-ix86+x86_64 4.9-2 27.00 93.00 120.00 OK
r-release-osx-x86_64 4.9-2 OK
r-oldrel-windows-ix86+x86_64 4.9-2 40.00 76.00 116.00 OK
r-oldrel-osx-x86_64 4.9-2 OK

Additional issues

valgrind

Check Details

Version: 4.9-2
Check: compiled code
Result: NOTE
    File ‘Matching/libs/Matching.so’:
     Found no calls to: ‘R_registerRoutines’, ‘R_useDynamicSymbols’
    
    It is good practice to register native routines and to disable symbol
    search.
    
    See ‘Writing portable packages’ in the ‘Writing R Extensions’ manual.
Flavors: r-devel-linux-x86_64-debian-clang, r-devel-linux-x86_64-debian-gcc, r-devel-linux-x86_64-fedora-clang, r-devel-linux-x86_64-fedora-gcc, r-patched-linux-x86_64, r-release-linux-x86_64