CRAN Package Check Results for Package Matching

Last updated on 2017-02-26 17:51:28.

Flavor Version Tinstall Tcheck Ttotal Status Flags
r-devel-linux-x86_64-debian-clang 4.9-2 7.37 35.20 42.57 NOTE
r-devel-linux-x86_64-debian-gcc 4.9-2 7.46 34.63 42.09 NOTE
r-devel-linux-x86_64-fedora-clang 4.9-2 75.49 NOTE --no-stop-on-test-error
r-devel-linux-x86_64-fedora-gcc 4.9-2 80.12 NOTE --no-stop-on-test-error
r-devel-macos-x86_64-clang 4.9-2 62.87 NOTE --no-stop-on-test-error
r-devel-windows-ix86+x86_64 4.9-2 37.00 121.00 158.00 OK
r-patched-linux-x86_64 4.9-2 6.80 28.78 35.58 OK
r-patched-solaris-sparc 4.9-2 402.40 OK
r-patched-solaris-x86 4.9-2 77.80 OK
r-release-linux-x86_64 4.9-2 6.87 29.23 36.11 OK
r-release-osx-x86_64-mavericks 4.9-2 OK
r-release-windows-ix86+x86_64 4.9-2 34.00 95.00 129.00 OK
r-oldrel-windows-ix86+x86_64 4.9-2 44.00 81.00 125.00 OK

Memtest notes: valgrind

Check Details

Version: 4.9-2
Check: compiled code
Result: NOTE
    File ‘Matching/libs/Matching.so’:
     Found no calls to: ‘R_registerRoutines’, ‘R_useDynamicSymbols’
    
    It is good practice to register native routines and to disable symbol
    search.
    
    See ‘Writing portable packages’ in the ‘Writing R Extensions’ manual.
Flavors: r-devel-linux-x86_64-debian-clang, r-devel-linux-x86_64-debian-gcc

Version: 4.9-2
Flags: --no-stop-on-test-error
Check: compiled code
Result: NOTE
    File ‘Matching/libs/Matching.so’:
     Found no calls to: ‘R_registerRoutines’, ‘R_useDynamicSymbols’
    
    It is good practice to register native routines and to disable symbol
    search.
    
    See ‘Writing portable packages’ in the ‘Writing R Extensions’ manual.
Flavors: r-devel-linux-x86_64-fedora-clang, r-devel-linux-x86_64-fedora-gcc, r-devel-macos-x86_64-clang