CRAN Package Check Results for Package Matching

Last updated on 2014-09-18 14:46:57.

Flavor Version Tinstall Tcheck Ttotal Status Flags
r-devel-linux-x86_64-debian-clang 4.8-3.4 4.58 31.96 36.54 NOTE
r-devel-linux-x86_64-debian-gcc 4.8-3.4 6.84 31.74 38.58 NOTE
r-devel-linux-x86_64-fedora-clang 4.8-3.4 70.17 NOTE
r-devel-linux-x86_64-fedora-gcc 4.8-3.4 69.69 NOTE
r-devel-osx-x86_64-clang 4.8-3.4 61.93 NOTE
r-devel-windows-ix86+x86_64 4.8-3.4 24.00 70.00 94.00 NOTE
r-patched-linux-x86_64 4.8-3.4 6.82 35.27 42.09 OK
r-patched-solaris-sparc 4.8-3.4 432.80 OK
r-patched-solaris-x86 4.8-3.4 92.00 OK
r-release-linux-ix86 4.8-3.4 11.15 41.67 52.82 OK
r-release-linux-x86_64 4.8-3.4 7.08 33.10 40.18 OK
r-release-osx-x86_64-mavericks 4.8-3.4 OK
r-release-osx-x86_64-snowleopard 4.8-3.4 OK
r-release-windows-ix86+x86_64 4.8-3.4 26.00 69.00 95.00 OK
r-oldrel-windows-ix86+x86_64 4.8-3.4 25.00 72.00 97.00 OK

Memtest notes: valgrind

Check Details

Version: 4.8-3.4
Check: R code for possible problems
Result: NOTE
    GenMatch: no visible global function definition for ‘genoud’
Flavors: r-devel-linux-x86_64-debian-clang, r-devel-linux-x86_64-debian-gcc, r-devel-linux-x86_64-fedora-clang, r-devel-linux-x86_64-fedora-gcc, r-devel-osx-x86_64-clang, r-devel-windows-ix86+x86_64