CRAN Package Check Results for Package Matching

Last updated on 2015-05-23 02:46:51.

Flavor Version Tinstall Tcheck Ttotal Status Flags
r-devel-linux-x86_64-debian-clang 4.8-3.4 4.70 30.15 34.85 NOTE
r-devel-linux-x86_64-debian-gcc 4.8-3.4 6.84 28.92 35.76 NOTE
r-devel-linux-x86_64-fedora-clang 4.8-3.4 66.43 NOTE
r-devel-linux-x86_64-fedora-gcc 4.8-3.4 66.13 NOTE
r-devel-osx-x86_64-clang 4.8-3.4 66.41 NOTE
r-devel-windows-ix86+x86_64 4.8-3.4 26.00 71.00 97.00 NOTE
r-patched-linux-x86_64 4.8-3.4 6.93 29.87 36.80 NOTE
r-patched-solaris-sparc 4.8-3.4 419.70 NOTE
r-patched-solaris-x86 4.8-3.4 87.30 NOTE
r-release-linux-x86_64 4.8-3.4 6.96 29.34 36.30 NOTE
r-release-osx-x86_64-mavericks 4.8-3.4 NOTE
r-release-osx-x86_64-snowleopard 4.8-3.4 NOTE
r-release-windows-ix86+x86_64 4.8-3.4 26.00 70.00 96.00 NOTE
r-oldrel-windows-ix86+x86_64 4.8-3.4 24.00 75.00 99.00 NOTE

Memtest notes: valgrind

Check Details

Version: 4.8-3.4
Check: dependencies in R code
Result: NOTE
    'library' or 'require' calls in package code:
     ‘parallel’ ‘rgenoud’
     Please use :: or requireNamespace() instead.
     See section 'Suggested packages' in the 'Writing R Extensions' manual.
Flavors: r-devel-linux-x86_64-debian-clang, r-devel-linux-x86_64-debian-gcc, r-devel-linux-x86_64-fedora-clang, r-devel-linux-x86_64-fedora-gcc, r-devel-osx-x86_64-clang, r-devel-windows-ix86+x86_64, r-patched-linux-x86_64, r-patched-solaris-sparc, r-patched-solaris-x86, r-release-linux-x86_64, r-release-osx-x86_64-mavericks, r-release-osx-x86_64-snowleopard, r-release-windows-ix86+x86_64, r-oldrel-windows-ix86+x86_64

Version: 4.8-3.4
Check: R code for possible problems
Result: NOTE
    GenMatch: no visible global function definition for ‘genoud’
Flavors: r-devel-linux-x86_64-debian-clang, r-devel-linux-x86_64-debian-gcc, r-devel-linux-x86_64-fedora-clang, r-devel-linux-x86_64-fedora-gcc, r-devel-osx-x86_64-clang, r-devel-windows-ix86+x86_64, r-patched-linux-x86_64, r-patched-solaris-sparc, r-patched-solaris-x86, r-release-linux-x86_64, r-release-osx-x86_64-mavericks, r-release-osx-x86_64-snowleopard, r-release-windows-ix86+x86_64, r-oldrel-windows-ix86+x86_64