CRAN Package Check Results for Package Matching

Last updated on 2014-10-21 10:49:33.

Flavor Version Tinstall Tcheck Ttotal Status Flags
r-devel-linux-x86_64-debian-clang 4.8-3.4 4.67 33.24 37.90 NOTE
r-devel-linux-x86_64-debian-gcc 4.8-3.4 7.15 32.10 39.24 NOTE
r-devel-linux-x86_64-fedora-clang 4.8-3.4 72.35 NOTE
r-devel-linux-x86_64-fedora-gcc 4.8-3.4 72.62 NOTE
r-devel-osx-x86_64-clang 4.8-3.4 67.38 NOTE
r-devel-windows-ix86+x86_64 4.8-3.4 24.00 71.00 95.00 NOTE
r-patched-linux-x86_64 4.8-3.4 6.99 32.53 39.52 NOTE
r-patched-solaris-sparc 4.8-3.4 430.70 NOTE
r-patched-solaris-x86 4.8-3.4 94.20 NOTE
r-release-linux-ix86 4.8-3.4 10.65 42.10 52.75 OK
r-release-linux-x86_64 4.8-3.4 6.90 33.09 40.00 OK
r-release-osx-x86_64-mavericks 4.8-3.4 OK
r-release-osx-x86_64-snowleopard 4.8-3.4 OK
r-release-windows-ix86+x86_64 4.8-3.4 26.00 71.00 97.00 OK
r-oldrel-windows-ix86+x86_64 4.8-3.4 26.00 75.00 101.00 OK

Memtest notes: valgrind

Check Details

Version: 4.8-3.4
Check: R code for possible problems
Result: NOTE
    GenMatch: no visible global function definition for ‘genoud’
Flavors: r-devel-linux-x86_64-debian-clang, r-devel-linux-x86_64-debian-gcc, r-devel-linux-x86_64-fedora-clang, r-devel-linux-x86_64-fedora-gcc, r-devel-osx-x86_64-clang, r-devel-windows-ix86+x86_64, r-patched-linux-x86_64, r-patched-solaris-sparc, r-patched-solaris-x86