CRAN Package Check Results for Package Matching

Last updated on 2017-03-30 19:47:53.

Flavor Version Tinstall Tcheck Ttotal Status Flags
r-devel-linux-x86_64-debian-clang 4.9-2 7.45 35.95 43.39 NOTE
r-devel-linux-x86_64-debian-gcc 4.9-2 7.44 35.85 43.29 NOTE
r-devel-linux-x86_64-fedora-clang 4.9-2 75.51 NOTE --no-stop-on-test-error
r-devel-linux-x86_64-fedora-gcc 4.9-2 74.30 NOTE --no-stop-on-test-error
r-devel-macos-x86_64-clang 4.9-2 61.91 NOTE --no-stop-on-test-error
r-devel-windows-ix86+x86_64 4.9-2 30.00 84.00 114.00 OK
r-patched-linux-x86_64 4.9-2 6.93 35.33 42.25 NOTE
r-patched-solaris-sparc 4.9-2 515.70 OK
r-patched-solaris-x86 4.9-2 100.60 OK
r-release-linux-x86_64 4.9-2 6.86 28.99 35.85 OK
r-release-osx-x86_64-mavericks 4.9-2 OK
r-release-windows-ix86+x86_64 4.9-2 55.00 74.00 129.00 OK
r-oldrel-windows-ix86+x86_64 4.9-2 35.00 110.00 145.00 OK

Memtest notes: valgrind

Check Details

Version: 4.9-2
Check: compiled code
Result: NOTE
    File ‘Matching/libs/Matching.so’:
     Found no calls to: ‘R_registerRoutines’, ‘R_useDynamicSymbols’
    
    It is good practice to register native routines and to disable symbol
    search.
    
    See ‘Writing portable packages’ in the ‘Writing R Extensions’ manual.
Flavors: r-devel-linux-x86_64-debian-clang, r-devel-linux-x86_64-debian-gcc, r-patched-linux-x86_64

Version: 4.9-2
Flags: --no-stop-on-test-error
Check: compiled code
Result: NOTE
    File ‘Matching/libs/Matching.so’:
     Found no calls to: ‘R_registerRoutines’, ‘R_useDynamicSymbols’
    
    It is good practice to register native routines and to disable symbol
    search.
    
    See ‘Writing portable packages’ in the ‘Writing R Extensions’ manual.
Flavors: r-devel-linux-x86_64-fedora-clang, r-devel-linux-x86_64-fedora-gcc, r-devel-macos-x86_64-clang