CRAN Package Check Results for Package Matching

Last updated on 2016-07-28 13:47:31.

Flavor Version Tinstall Tcheck Ttotal Status Flags
r-devel-linux-x86_64-debian-clang 4.9-2 9.74 35.23 44.97 WARN
r-devel-linux-x86_64-debian-gcc 4.9-2 8.91 33.83 42.74 OK
r-devel-linux-x86_64-fedora-clang 4.9-2 64.73 OK
r-devel-linux-x86_64-fedora-gcc 4.9-2 62.60 OK
r-devel-osx-x86_64-clang 4.9-2 53.96 OK
r-devel-windows-ix86+x86_64 4.9-2 37.00 103.00 140.00 OK
r-patched-linux-x86_64 4.9-2 8.94 32.46 41.39 OK
r-patched-solaris-sparc 4.9-2 401.00 OK
r-patched-solaris-x86 4.9-2 79.20 OK
r-release-linux-x86_64 4.9-2 8.07 35.37 43.45 OK
r-release-osx-x86_64-mavericks 4.9-2 OK
r-release-windows-ix86+x86_64 4.9-2 38.00 97.00 135.00 OK
r-oldrel-windows-ix86+x86_64 4.9-2 38.00 95.00 133.00 OK

Memtest notes: valgrind

Check Details

Version: 4.9-2
Check: whether package can be installed
Result: WARN
    Found the following significant warnings:
     scythematrix.cc:2029:4: warning: 'register' storage class specifier is deprecated and incompatible with C++1z [-Wdeprecated-register]
     scythematrix.cc:2055:7: warning: 'register' storage class specifier is deprecated and incompatible with C++1z [-Wdeprecated-register]
     scythematrix.cc:2073:7: warning: 'register' storage class specifier is deprecated and incompatible with C++1z [-Wdeprecated-register]
     scythematrix.cc:2270:4: warning: 'register' storage class specifier is deprecated and incompatible with C++1z [-Wdeprecated-register]
Flavor: r-devel-linux-x86_64-debian-clang