CRAN Package Check Results for Package Matching

Last updated on 2018-04-21 16:46:54 CEST.

Flavor Version Tinstall Tcheck Ttotal Status Flags
r-devel-linux-x86_64-debian-clang 4.9-2 15.94 46.34 62.28 WARN
r-devel-linux-x86_64-debian-gcc 4.9-2 13.69 36.73 50.42 WARN
r-devel-linux-x86_64-fedora-clang 4.9-2 75.39 NOTE
r-devel-linux-x86_64-fedora-gcc 4.9-2 80.19 WARN
r-devel-windows-ix86+x86_64 4.9-2 45.00 110.00 155.00 WARN
r-devel-osx-x86_64 4.9-2 OK
r-patched-linux-x86_64 4.9-2 16.08 46.54 62.62 WARN
r-patched-solaris-x86 4.9-2 110.80 OK
r-release-linux-x86_64 4.9-2 11.58 54.66 66.24 NOTE
r-release-windows-ix86+x86_64 4.9-2 27.00 124.00 151.00 OK
r-release-osx-x86_64 4.9-2 OK
r-oldrel-windows-ix86+x86_64 4.9-2 37.00 80.00 117.00 OK

Additional issues

valgrind

Check Details

Version: 4.9-2
Check: whether package can be installed
Result: WARN
    Found the following significant warnings:
     scythematrix.cc:2029:4: warning: 'register' storage class specifier is deprecated and incompatible with C++17 [-Wdeprecated-register]
     scythematrix.cc:2055:7: warning: 'register' storage class specifier is deprecated and incompatible with C++17 [-Wdeprecated-register]
     scythematrix.cc:2073:7: warning: 'register' storage class specifier is deprecated and incompatible with C++17 [-Wdeprecated-register]
     scythematrix.cc:2270:4: warning: 'register' storage class specifier is deprecated and incompatible with C++17 [-Wdeprecated-register]
Flavor: r-devel-linux-x86_64-debian-clang

Version: 4.9-2
Check: compiled code
Result: NOTE
    File ‘Matching/libs/Matching.so’:
     Found no calls to: ‘R_registerRoutines’, ‘R_useDynamicSymbols’
    
    It is good practice to register native routines and to disable symbol
    search.
    
    See ‘Writing portable packages’ in the ‘Writing R Extensions’ manual.
Flavors: r-devel-linux-x86_64-debian-clang, r-devel-linux-x86_64-debian-gcc, r-devel-linux-x86_64-fedora-clang, r-devel-linux-x86_64-fedora-gcc, r-patched-linux-x86_64, r-release-linux-x86_64

Version: 4.9-2
Check: whether package can be installed
Result: WARN
    Found the following significant warnings:
     matching.cc:267:19: warning: suggest parentheses around comparison in operand of ‘&’ [-Wparentheses]
     matching.cc:466:19: warning: suggest parentheses around comparison in operand of ‘&’ [-Wparentheses]
     matching.cc:821:19: warning: suggest parentheses around comparison in operand of ‘&’ [-Wparentheses]
     matching.cc:1227:14: warning: suggest parentheses around comparison in operand of ‘&’ [-Wparentheses]
     matching.cc:1428:26: warning: suggest parentheses around comparison in operand of ‘|’ [-Wparentheses]
     matching.cc:1838:14: warning: suggest parentheses around comparison in operand of ‘&’ [-Wparentheses]
     matching.cc:2018:26: warning: suggest parentheses around comparison in operand of ‘|’ [-Wparentheses]
     matching.cc:2615:26: warning: suggest parentheses around comparison in operand of ‘|’ [-Wparentheses]
     matching.cc:2683:24: warning: suggest parentheses around comparison in operand of ‘|’ [-Wparentheses]
Flavors: r-devel-linux-x86_64-debian-gcc, r-devel-linux-x86_64-fedora-gcc, r-devel-windows-ix86+x86_64, r-patched-linux-x86_64