CRAN Package Check Results for Package Matching

Last updated on 2015-01-28 05:48:48.

Flavor Version Tinstall Tcheck Ttotal Status Flags
r-devel-linux-x86_64-debian-clang 4.8-3.4 4.88 31.80 36.69 NOTE
r-devel-linux-x86_64-debian-gcc 4.8-3.4 6.90 31.48 38.39 NOTE
r-devel-linux-x86_64-fedora-clang 4.8-3.4 73.94 NOTE
r-devel-linux-x86_64-fedora-gcc 4.8-3.4 76.64 NOTE
r-devel-osx-x86_64-clang 4.8-3.4 69.01 NOTE
r-devel-windows-ix86+x86_64 4.8-3.4 35.00 70.00 105.00 NOTE
r-patched-linux-x86_64 4.8-3.4 7.02 32.89 39.91 NOTE
r-patched-solaris-sparc 4.8-3.4 436.30 NOTE
r-patched-solaris-x86 4.8-3.4 92.80 NOTE
r-release-linux-ix86 4.8-3.4 9.82 1.72 11.54 OK
r-release-linux-x86_64 4.8-3.4 6.93 32.62 39.55 NOTE
r-release-osx-x86_64-mavericks 4.8-3.4 NOTE
r-release-osx-x86_64-snowleopard 4.8-3.4 OK
r-release-windows-ix86+x86_64 4.8-3.4 24.00 71.00 95.00 NOTE
r-oldrel-windows-ix86+x86_64 4.8-3.4 27.00 80.00 107.00 OK

Memtest notes: valgrind

Check Details

Version: 4.8-3.4
Check: dependencies in R code
Result: NOTE
    'library' or 'require' calls in package code:
     ‘parallel’ ‘rgenoud’
     Please use :: or requireNamespace() instead.
     See section 'Suggested packages' in the 'Writing R Extensions' manual.
Flavors: r-devel-linux-x86_64-debian-clang, r-devel-linux-x86_64-debian-gcc, r-devel-linux-x86_64-fedora-clang, r-devel-linux-x86_64-fedora-gcc, r-devel-osx-x86_64-clang, r-devel-windows-ix86+x86_64

Version: 4.8-3.4
Check: R code for possible problems
Result: NOTE
    GenMatch: no visible global function definition for ‘genoud’
Flavors: r-devel-linux-x86_64-debian-clang, r-devel-linux-x86_64-debian-gcc, r-devel-linux-x86_64-fedora-clang, r-devel-linux-x86_64-fedora-gcc, r-devel-osx-x86_64-clang, r-devel-windows-ix86+x86_64, r-patched-linux-x86_64, r-patched-solaris-sparc, r-patched-solaris-x86, r-release-linux-x86_64, r-release-osx-x86_64-mavericks, r-release-windows-ix86+x86_64