CRAN Package Check Results for Package Matching

Last updated on 2018-02-23 20:48:45 CET.

Flavor Version Tinstall Tcheck Ttotal Status Flags
r-devel-linux-x86_64-debian-clang 4.9-2 14.48 45.49 59.97 NOTE
r-devel-linux-x86_64-debian-gcc 4.9-2 13.66 36.07 49.73 NOTE
r-devel-linux-x86_64-fedora-clang 4.9-2 75.35 NOTE
r-devel-linux-x86_64-fedora-gcc 4.9-2 76.30 NOTE
r-devel-windows-ix86+x86_64 4.9-2 48.00 110.00 158.00 OK
r-patched-linux-x86_64 4.9-2 10.39 54.51 64.90 NOTE
r-patched-solaris-x86 4.9-2 105.20 OK
r-release-linux-x86_64 4.9-2 10.43 53.49 63.92 NOTE
r-release-windows-ix86+x86_64 4.9-2 25.00 120.00 145.00 OK
r-release-osx-x86_64 4.9-2 OK
r-oldrel-windows-ix86+x86_64 4.9-2 26.00 79.00 105.00 OK
r-oldrel-osx-x86_64 4.9-2 OK

Additional issues

valgrind

Check Details

Version: 4.9-2
Check: compiled code
Result: NOTE
    File ‘Matching/libs/Matching.so’:
     Found no calls to: ‘R_registerRoutines’, ‘R_useDynamicSymbols’
    
    It is good practice to register native routines and to disable symbol
    search.
    
    See ‘Writing portable packages’ in the ‘Writing R Extensions’ manual.
Flavors: r-devel-linux-x86_64-debian-clang, r-devel-linux-x86_64-debian-gcc, r-devel-linux-x86_64-fedora-clang, r-devel-linux-x86_64-fedora-gcc, r-patched-linux-x86_64, r-release-linux-x86_64