CRAN Package Check Results for Package Matching

Last updated on 2014-11-27 23:48:42.

Flavor Version Tinstall Tcheck Ttotal Status Flags
r-devel-linux-x86_64-debian-clang 4.8-3.4 4.56 32.80 37.36 NOTE
r-devel-linux-x86_64-debian-gcc 4.8-3.4 7.03 33.47 40.50 NOTE
r-devel-linux-x86_64-fedora-clang 4.8-3.4 73.26 NOTE
r-devel-linux-x86_64-fedora-gcc 4.8-3.4 75.02 NOTE
r-devel-osx-x86_64-clang 4.8-3.4 66.77 NOTE
r-devel-windows-ix86+x86_64 4.8-3.4 23.00 73.00 96.00 NOTE
r-patched-linux-x86_64 4.8-3.4 6.85 32.65 39.50 NOTE
r-patched-solaris-sparc 4.8-3.4 430.70 NOTE
r-patched-solaris-x86 4.8-3.4 96.40 NOTE
r-release-linux-ix86 4.8-3.4 9.67 40.46 50.13 NOTE
r-release-linux-x86_64 4.8-3.4 6.98 32.79 39.77 NOTE
r-release-osx-x86_64-mavericks 4.8-3.4 OK
r-release-osx-x86_64-snowleopard 4.8-3.4 OK
r-release-windows-ix86+x86_64 4.8-3.4 26.00 75.00 101.00 NOTE
r-oldrel-windows-ix86+x86_64 4.8-3.4 26.00 79.00 105.00 OK

Memtest notes: valgrind

Check Details

Version: 4.8-3.4
Check: R code for possible problems
Result: NOTE
    GenMatch: no visible global function definition for ‘genoud’
Flavors: r-devel-linux-x86_64-debian-clang, r-devel-linux-x86_64-debian-gcc, r-devel-linux-x86_64-fedora-clang, r-devel-linux-x86_64-fedora-gcc, r-devel-osx-x86_64-clang, r-devel-windows-ix86+x86_64, r-patched-linux-x86_64, r-patched-solaris-sparc, r-patched-solaris-x86, r-release-linux-ix86, r-release-linux-x86_64, r-release-windows-ix86+x86_64