CRAN Package Check Results for Package Matching

Last updated on 2017-09-19 20:47:11.

Flavor Version Tinstall Tcheck Ttotal Status Flags
r-devel-linux-x86_64-debian-clang 4.9-2 6.79 36.76 43.55 NOTE
r-devel-linux-x86_64-debian-gcc 4.9-2 7.71 37.29 45.01 NOTE
r-devel-linux-x86_64-fedora-clang 4.9-2 78.03 NOTE
r-devel-linux-x86_64-fedora-gcc 4.9-2 78.88 NOTE
r-devel-windows-ix86+x86_64 4.9-2 31.00 118.00 149.00 OK
r-patched-linux-x86_64 4.9-2 7.51 35.61 43.13 NOTE
r-patched-solaris-x86 4.9-2 101.30 OK
r-release-linux-x86_64 4.9-2 7.32 37.59 44.91 NOTE
r-release-windows-ix86+x86_64 4.9-2 27.00 97.00 124.00 OK
r-release-osx-x86_64 4.9-2 OK
r-oldrel-windows-ix86+x86_64 4.9-2 27.00 76.00 103.00 OK
r-oldrel-osx-x86_64 4.9-2 OK

Additional issues

valgrind

Check Details

Version: 4.9-2
Check: compiled code
Result: NOTE
    File ‘Matching/libs/Matching.so’:
     Found no calls to: ‘R_registerRoutines’, ‘R_useDynamicSymbols’
    
    It is good practice to register native routines and to disable symbol
    search.
    
    See ‘Writing portable packages’ in the ‘Writing R Extensions’ manual.
Flavors: r-devel-linux-x86_64-debian-clang, r-devel-linux-x86_64-debian-gcc, r-devel-linux-x86_64-fedora-clang, r-devel-linux-x86_64-fedora-gcc, r-patched-linux-x86_64, r-release-linux-x86_64