CRAN Package Check Results for Package Matching

Last updated on 2014-12-22 14:48:44.

Flavor Version Tinstall Tcheck Ttotal Status Flags
r-devel-linux-x86_64-debian-clang 4.8-3.4 4.59 32.75 37.34 NOTE
r-devel-linux-x86_64-debian-gcc 4.8-3.4 7.04 31.89 38.93 NOTE
r-devel-linux-x86_64-fedora-clang 4.8-3.4 73.15 NOTE
r-devel-linux-x86_64-fedora-gcc 4.8-3.4 73.70 NOTE
r-devel-osx-x86_64-clang 4.8-3.4 67.85 NOTE
r-devel-windows-ix86+x86_64 4.8-3.4 27.00 75.00 102.00 NOTE
r-patched-linux-x86_64 4.8-3.4 7.35 33.24 40.59 NOTE
r-patched-solaris-sparc 4.8-3.4 436.80 NOTE
r-patched-solaris-x86 4.8-3.4 93.50 NOTE
r-release-linux-ix86 4.8-3.4 9.70 40.50 50.20 NOTE
r-release-linux-x86_64 4.8-3.4 6.96 32.73 39.69 NOTE
r-release-osx-x86_64-mavericks 4.8-3.4 OK
r-release-osx-x86_64-snowleopard 4.8-3.4 OK
r-release-windows-ix86+x86_64 4.8-3.4 25.00 67.00 92.00 NOTE
r-oldrel-windows-ix86+x86_64 4.8-3.4 25.00 76.00 101.00 OK

Memtest notes: valgrind

Check Details

Version: 4.8-3.4
Check: R code for possible problems
Result: NOTE
    GenMatch: no visible global function definition for ‘genoud’
Flavors: r-devel-linux-x86_64-debian-clang, r-devel-linux-x86_64-debian-gcc, r-devel-linux-x86_64-fedora-clang, r-devel-linux-x86_64-fedora-gcc, r-devel-osx-x86_64-clang, r-devel-windows-ix86+x86_64, r-patched-linux-x86_64, r-patched-solaris-sparc, r-patched-solaris-x86, r-release-linux-ix86, r-release-linux-x86_64, r-release-windows-ix86+x86_64