CRAN Package Check Results for Package Matching

Last updated on 2015-03-01 03:48:38.

Flavor Version Tinstall Tcheck Ttotal Status Flags
r-devel-linux-x86_64-debian-clang 4.8-3.4 4.52 29.45 33.96 NOTE
r-devel-linux-x86_64-debian-gcc 4.8-3.4 6.77 28.82 35.58 NOTE
r-devel-linux-x86_64-fedora-clang 4.8-3.4 68.12 NOTE
r-devel-linux-x86_64-fedora-gcc 4.8-3.4 63.54 NOTE
r-devel-osx-x86_64-clang 4.8-3.4 66.15 NOTE
r-devel-windows-ix86+x86_64 4.8-3.4 36.00 68.00 104.00 NOTE
r-patched-linux-x86_64 4.8-3.4 7.63 33.85 41.48 NOTE
r-patched-solaris-sparc 4.8-3.4 478.70 NOTE
r-patched-solaris-x86 4.8-3.4 95.70 NOTE
r-release-linux-ix86 4.8-3.4 10.62 41.06 51.69 NOTE
r-release-linux-x86_64 4.8-3.4 7.21 32.97 40.18 NOTE
r-release-osx-x86_64-mavericks 4.8-3.4 NOTE
r-release-osx-x86_64-snowleopard 4.8-3.4 OK
r-release-windows-ix86+x86_64 4.8-3.4 26.00 75.00 101.00 NOTE
r-oldrel-windows-ix86+x86_64 4.8-3.4 24.00 80.00 104.00 OK

Memtest notes: valgrind

Check Details

Version: 4.8-3.4
Check: dependencies in R code
Result: NOTE
    'library' or 'require' calls in package code:
     ‘parallel’ ‘rgenoud’
     Please use :: or requireNamespace() instead.
     See section 'Suggested packages' in the 'Writing R Extensions' manual.
Flavors: r-devel-linux-x86_64-debian-clang, r-devel-linux-x86_64-debian-gcc, r-devel-linux-x86_64-fedora-clang, r-devel-linux-x86_64-fedora-gcc, r-devel-osx-x86_64-clang, r-devel-windows-ix86+x86_64, r-patched-linux-x86_64, r-patched-solaris-sparc, r-patched-solaris-x86

Version: 4.8-3.4
Check: R code for possible problems
Result: NOTE
    GenMatch: no visible global function definition for ‘genoud’
Flavors: r-devel-linux-x86_64-debian-clang, r-devel-linux-x86_64-debian-gcc, r-devel-linux-x86_64-fedora-clang, r-devel-linux-x86_64-fedora-gcc, r-devel-osx-x86_64-clang, r-devel-windows-ix86+x86_64, r-patched-linux-x86_64, r-patched-solaris-sparc, r-patched-solaris-x86, r-release-linux-ix86, r-release-linux-x86_64, r-release-osx-x86_64-mavericks, r-release-windows-ix86+x86_64