CRAN Package Check Results for Package Matching

Last updated on 2015-07-28 09:47:07.

Flavor Version Tinstall Tcheck Ttotal Status Flags
r-devel-linux-x86_64-debian-clang 4.8-3.4 5.00 28.50 33.50 NOTE
r-devel-linux-x86_64-debian-gcc 4.8-3.4 6.89 27.64 34.53 NOTE
r-devel-linux-x86_64-fedora-clang 4.8-3.4 63.57 NOTE
r-devel-linux-x86_64-fedora-gcc 4.8-3.4 63.66 NOTE
r-devel-osx-x86_64-clang 4.8-3.4 63.39 NOTE
r-devel-windows-ix86+x86_64 4.8-3.4 26.00 66.00 92.00 NOTE
r-patched-linux-x86_64 4.8-3.4 6.97 29.16 36.13 NOTE
r-patched-solaris-sparc 4.8-3.4 430.40 NOTE
r-patched-solaris-x86 4.8-3.4 88.10 NOTE
r-release-linux-x86_64 4.8-3.4 6.93 30.05 36.98 NOTE
r-release-osx-x86_64-mavericks 4.8-3.4 NOTE
r-release-windows-ix86+x86_64 4.8-3.4 34.00 95.00 129.00 NOTE
r-oldrel-windows-ix86+x86_64 4.8-3.4 36.00 78.00 114.00 NOTE

Memtest notes: valgrind

Check Details

Version: 4.8-3.4
Check: dependencies in R code
Result: NOTE
    'library' or 'require' calls in package code:
     ‘parallel’ ‘rgenoud’
     Please use :: or requireNamespace() instead.
     See section 'Suggested packages' in the 'Writing R Extensions' manual.
Flavors: r-devel-linux-x86_64-debian-clang, r-devel-linux-x86_64-debian-gcc, r-devel-linux-x86_64-fedora-clang, r-devel-linux-x86_64-fedora-gcc, r-devel-osx-x86_64-clang, r-devel-windows-ix86+x86_64, r-patched-linux-x86_64, r-patched-solaris-sparc, r-patched-solaris-x86, r-release-linux-x86_64, r-release-osx-x86_64-mavericks, r-release-windows-ix86+x86_64, r-oldrel-windows-ix86+x86_64

Version: 4.8-3.4
Check: R code for possible problems
Result: NOTE
    .onAttach: no visible global function definition for
     ‘packageDescription’
    GenBalanceQQ: no visible global function definition for ‘median’
    GenMatch: no visible global function definition for ‘var’
    GenMatch : genoudfunc : GenBalance.internal : MATCHpt: no visible
     global function definition for ‘pt’
    GenMatch : genoudfunc : GenBalanceQQ.internal: no visible global
     function definition for ‘median’
    GenMatch: no visible global function definition for ‘genoud’
    MATCHpt: no visible global function definition for ‘pt’
    Match: no visible global function definition for ‘var’
    MatchBalance: no visible binding for global variable ‘na.pass’
    McNemar2: no visible global function definition for ‘complete.cases’
    McNemar2: no visible global function definition for ‘pchisq’
    Mks.test: no visible global function definition for ‘ks.test’
    Rmatch: no visible binding for global variable ‘sd’
    RmatchLoop: no visible binding for global variable ‘sd’
    get.xdata: no visible global function definition for ‘terms’
    get.xdata: no visible global function definition for ‘model.matrix’
    get.ydata: no visible global function definition for ‘terms’
    get.ydata: no visible global function definition for ‘model.response’
    get.ydata: no visible global function definition for ‘model.frame’
    qqstats: no visible global function definition for ‘ecdf’
    qqstats: no visible global function definition for ‘approx’
    qqstats: no visible global function definition for ‘median’
    summary.Match: no visible global function definition for ‘pnorm’
    summary.Matchby: no visible global function definition for ‘pnorm’
    Undefined global functions or variables:
     approx complete.cases ecdf genoud ks.test median model.frame
     model.matrix model.response na.pass packageDescription pchisq pnorm
     pt sd terms var
    Consider adding
     importFrom("stats", "approx", "complete.cases", "ecdf", "ks.test",
     "median", "model.frame", "model.matrix", "model.response",
     "na.pass", "pchisq", "pnorm", "pt", "sd", "terms", "var")
     importFrom("utils", "packageDescription")
    to your NAMESPACE.
Flavors: r-devel-linux-x86_64-debian-clang, r-devel-linux-x86_64-debian-gcc, r-devel-linux-x86_64-fedora-clang, r-devel-linux-x86_64-fedora-gcc, r-devel-windows-ix86+x86_64

Version: 4.8-3.4
Check: R code for possible problems
Result: NOTE
    GenMatch: no visible global function definition for ‘genoud’
    Undefined global functions or variables:
     genoud
Flavor: r-devel-osx-x86_64-clang

Version: 4.8-3.4
Check: R code for possible problems
Result: NOTE
    GenMatch: no visible global function definition for ‘genoud’
Flavors: r-patched-linux-x86_64, r-patched-solaris-sparc, r-patched-solaris-x86, r-release-linux-x86_64, r-release-osx-x86_64-mavericks, r-release-windows-ix86+x86_64, r-oldrel-windows-ix86+x86_64