Last updated on 2025-01-22 01:51:55 CET.
Flavor | Version | Tinstall | Tcheck | Ttotal | Status | Flags |
---|---|---|---|---|---|---|
r-devel-linux-x86_64-debian-clang | 1.7-1 | 290.34 | 325.10 | 615.44 | OK | |
r-devel-linux-x86_64-debian-gcc | 1.7-1 | 219.95 | 220.99 | 440.94 | OK | |
r-devel-linux-x86_64-fedora-clang | 1.7-1 | 991.51 | OK | |||
r-devel-linux-x86_64-fedora-gcc | 1.7-1 | 1107.82 | OK | |||
r-devel-windows-x86_64 | 1.7-1 | 398.00 | 418.00 | 816.00 | OK | |
r-patched-linux-x86_64 | 1.7-1 | 317.65 | 303.13 | 620.78 | OK | |
r-release-linux-x86_64 | 1.7-1 | 307.92 | 303.67 | 611.59 | OK | |
r-release-macos-arm64 | 1.7-1 | 191.00 | OK | |||
r-release-macos-x86_64 | 1.7-1 | 329.00 | OK | |||
r-release-windows-x86_64 | 1.7-1 | 411.00 | 416.00 | 827.00 | OK | |
r-oldrel-macos-arm64 | 1.6-5 | 228.00 | NOTE | |||
r-oldrel-macos-x86_64 | 1.6-5 | 525.00 | NOTE | |||
r-oldrel-windows-x86_64 | 1.6-5 | 281.00 | 512.00 | 793.00 | OK |
Version: 1.6-5
Check: R code for possible problems
Result: NOTE
qr.X: no visible binding for global variable ‘R’
Undefined global functions or variables:
R
Flavors: r-oldrel-macos-arm64, r-oldrel-macos-x86_64