CRAN Package Check Results for Package Matrix

Last updated on 2017-01-24 08:49:47.

Flavor Version Tinstall Tcheck Ttotal Status Flags
r-devel-linux-x86_64-debian-clang 1.2-8 67.83 192.04 259.87 OK
r-devel-linux-x86_64-debian-gcc 1.2-8 58.29 188.95 247.24 OK
r-devel-linux-x86_64-fedora-clang 1.2-8 579.75 OK --no-stop-on-test-error
r-devel-linux-x86_64-fedora-gcc 1.2-8 468.11 OK --no-stop-on-test-error
r-devel-macos-x86_64-clang 1.2-8 387.57 OK --no-stop-on-test-error
r-devel-windows-ix86+x86_64 1.2-8 216.00 572.00 788.00 WARN
r-patched-linux-x86_64 1.2-8 55.28 171.33 226.61 OK
r-patched-solaris-sparc 1.2-8 OK
r-patched-solaris-x86 1.2-8 OK
r-release-linux-x86_64 1.2-8 53.73 174.83 228.56 OK
r-release-osx-x86_64-mavericks 1.2-8 OK
r-release-windows-ix86+x86_64 1.2-8 298.00 503.00 801.00 OK
r-oldrel-windows-ix86+x86_64 1.2-8 269.00 606.00 875.00 OK

Check Details

Version: 1.2-8
Check: whether package can be installed
Result: WARN
    Found the following significant warnings:
     ../Check/cholmod_write.c:132:2: warning: ISO C does not support the 'I64' ms_printf length modifier [-Wformat=]
     ../Check/cholmod_write.c:265:5: warning: ISO C does not support the 'I64' ms_printf length modifier [-Wformat=]
     ../Check/cholmod_write.c:577:5: warning: ISO C does not support the 'I64' ms_printf length modifier [-Wformat=]
     ../Check/cholmod_write.c:716:5: warning: ISO C does not support the 'I64' ms_printf length modifier [-Wformat=]
Flavor: r-devel-windows-ix86+x86_64