CRAN Package Check Results for Package Matrix

Last updated on 2022-01-25 23:50:30 CET.

Flavor Version Tinstall Tcheck Ttotal Status Flags
r-devel-linux-x86_64-debian-clang 1.4-0 175.81 370.76 546.57 OK
r-devel-linux-x86_64-debian-gcc 1.4-0 139.05 303.65 442.70 OK
r-devel-linux-x86_64-fedora-clang 1.4-0 683.19 OK
r-devel-linux-x86_64-fedora-gcc 1.4-0 668.65 OK
r-devel-windows-x86_64-new-UL 1.4-0 642.00 522.00 1164.00 WARN
r-devel-windows-x86_64-new-TK 1.4-0 OK
r-patched-linux-x86_64 1.4-0 156.74 353.00 509.74 OK
r-release-linux-x86_64 1.4-0 148.95 358.56 507.51 OK
r-release-macos-arm64 1.4-0 OK
r-release-macos-x86_64 1.4-0 OK
r-release-windows-ix86+x86_64 1.4-0 357.00 629.00 986.00 OK
r-oldrel-macos-x86_64 1.4-0 OK
r-oldrel-windows-ix86+x86_64 1.4-0 359.00 636.00 995.00 OK

Additional issues

rchk

Check Details

Version: 1.4-0
Check: whether package can be installed
Result: WARN
    Found the following significant warnings:
     ../../SuiteSparse_config/SuiteSparse_config.h:67:29: warning: ISO C does not support the 'I' printf flag [-Wformat=]
Flavor: r-devel-windows-x86_64-new-UL