CRAN Package Check Results for Package Matrix

Last updated on 2017-05-30 14:47:16.

Flavor Version Tinstall Tcheck Ttotal Status Flags
r-devel-linux-x86_64-debian-clang 1.2-10 69.87 198.36 268.23 OK
r-devel-linux-x86_64-debian-gcc 1.2-10 58.81 192.82 251.63 OK
r-devel-linux-x86_64-fedora-clang 1.2-10 532.19 OK
r-devel-linux-x86_64-fedora-gcc 1.2-10 516.69 OK
r-devel-windows-ix86+x86_64 1.2-10 216.00 549.00 765.00 WARN
r-patched-linux-x86_64 1.2-10 57.05 191.30 248.35 OK
r-patched-solaris-sparc 1.2-9 OK
r-patched-solaris-x86 1.2-9 OK
r-release-linux-x86_64 1.2-10 57.88 190.26 248.14 OK
r-release-windows-ix86+x86_64 1.2-10 308.00 579.00 887.00 OK
r-release-osx-x86_64 1.2-10 NOTE
r-oldrel-windows-ix86+x86_64 1.2-10 196.00 390.00 586.00 OK
r-oldrel-osx-x86_64 1.2-10 OK

Check Details

Version: 1.2-10
Check: whether package can be installed
Result: WARN
    Found the following significant warnings:
     ../Check/cholmod_write.c:132:2: warning: ISO C does not support the 'I64' ms_printf length modifier [-Wformat=]
     ../Check/cholmod_write.c:265:5: warning: ISO C does not support the 'I64' ms_printf length modifier [-Wformat=]
     ../Check/cholmod_write.c:577:5: warning: ISO C does not support the 'I64' ms_printf length modifier [-Wformat=]
     ../Check/cholmod_write.c:716:5: warning: ISO C does not support the 'I64' ms_printf length modifier [-Wformat=]
Flavor: r-devel-windows-ix86+x86_64

Version: 1.2-10
Check: package dependencies
Result: NOTE
    Package which this enhances but not available for checking: ‘graph’
Flavor: r-release-osx-x86_64

Version: 1.2-10
Check: Rd cross-references
Result: NOTE
    Package unavailable to check Rd xrefs: ‘graph’
Flavor: r-release-osx-x86_64