CRAN Package Check Results for Package Matrix

Last updated on 2017-09-20 19:47:11.

Flavor Version Tinstall Tcheck Ttotal Status Flags
r-devel-linux-x86_64-debian-clang 1.2-11 69.15 195.87 265.02 OK
r-devel-linux-x86_64-debian-gcc 1.2-11 61.01 194.63 255.64 OK
r-devel-linux-x86_64-fedora-clang 1.2-11 506.23 OK
r-devel-linux-x86_64-fedora-gcc 1.2-11 522.92 OK
r-devel-windows-ix86+x86_64 1.2-11 217.00 614.00 831.00 OK
r-patched-linux-x86_64 1.2-11 61.78 195.76 257.54 OK
r-patched-solaris-x86 1.2-11 OK
r-release-linux-x86_64 1.2-11 63.68 198.78 262.46 OK
r-release-windows-ix86+x86_64 1.2-11 217.00 478.00 695.00 OK
r-release-osx-x86_64 1.2-11 NOTE
r-oldrel-windows-ix86+x86_64 1.2-11 210.00 366.00 576.00 OK
r-oldrel-osx-x86_64 1.2-11 OK

Check Details

Version: 1.2-11
Check: package dependencies
Result: NOTE
    Package which this enhances but not available for checking: ‘graph’
Flavor: r-release-osx-x86_64

Version: 1.2-11
Check: Rd cross-references
Result: NOTE
    Package unavailable to check Rd xrefs: ‘graph’
Flavor: r-release-osx-x86_64

Version: 1.2-11
Check: re-building of vignette outputs
Result: NOTE
    Error in re-building vignettes:
     ...
    <sparse>[ <logic> ] : .M.sub.i.logical() maybe inefficient
    <sparse>[ <logic> ] : .M.sub.i.logical() maybe inefficient
    Error in texi2dvi(file = file, pdf = TRUE, clean = clean, quiet = quiet, :
     Running 'texi2dvi' on 'Intro2Matrix.tex' failed.
    LaTeX errors:
    ! LaTeX Error: File `fullpage.sty' not found.
    
    Type X to quit or <RETURN> to proceed,
    or enter new name. (Default extension: sty)
    
    ! Emergency stop.
    <read *>
    
    l.5 \usepackage
     [authoryear,round]{natbib}^^M
    ! ==> Fatal error occurred, no output PDF file produced!
    Calls: buildVignettes -> texi2pdf -> texi2dvi
    Execution halted
Flavor: r-release-osx-x86_64