CRAN Package Check Results for Package Matrix

Last updated on 2017-07-28 01:51:04.

Flavor Version Tinstall Tcheck Ttotal Status Flags
r-devel-linux-x86_64-debian-clang 1.2-10 77.67 224.57 302.25 OK
r-devel-linux-x86_64-debian-gcc 1.2-10 59.51 222.14 281.65 OK
r-devel-linux-x86_64-fedora-clang 1.2-10 504.71 OK
r-devel-linux-x86_64-fedora-gcc 1.2-10 513.12 OK
r-devel-windows-ix86+x86_64 1.2-10 207.00 432.00 639.00 WARN
r-patched-linux-x86_64 1.2-10 62.36 228.57 290.93 OK
r-patched-solaris-x86 1.2-9 OK
r-release-linux-x86_64 1.2-10 60.80 246.15 306.96 OK
r-release-windows-ix86+x86_64 1.2-10 245.00 594.00 839.00 OK
r-release-osx-x86_64 1.2-10 NOTE
r-oldrel-windows-ix86+x86_64 1.2-10 218.00 430.00 648.00 OK
r-oldrel-osx-x86_64 1.2-10 OK

Check Details

Version: 1.2-10
Check: whether package can be installed
Result: WARN
    Found the following significant warnings:
     ../Check/cholmod_write.c:132:2: warning: ISO C does not support the 'I64' ms_printf length modifier [-Wformat=]
     ../Check/cholmod_write.c:265:5: warning: ISO C does not support the 'I64' ms_printf length modifier [-Wformat=]
     ../Check/cholmod_write.c:577:5: warning: ISO C does not support the 'I64' ms_printf length modifier [-Wformat=]
     ../Check/cholmod_write.c:716:5: warning: ISO C does not support the 'I64' ms_printf length modifier [-Wformat=]
Flavor: r-devel-windows-ix86+x86_64

Version: 1.2-10
Check: package dependencies
Result: NOTE
    Package which this enhances but not available for checking: ‘graph’
Flavor: r-release-osx-x86_64

Version: 1.2-10
Check: Rd cross-references
Result: NOTE
    Package unavailable to check Rd xrefs: ‘graph’
Flavor: r-release-osx-x86_64