CRAN Package Check Results for Package Matrix

Last updated on 2016-09-27 16:47:47.

Flavor Version Tinstall Tcheck Ttotal Status Flags
r-devel-linux-x86_64-debian-clang 1.2-7.1 66.99 164.57 231.56 OK
r-devel-linux-x86_64-debian-gcc 1.2-7.1 59.27 173.50 232.76 OK
r-devel-linux-x86_64-fedora-clang 1.2-7.1 453.65 OK
r-devel-linux-x86_64-fedora-gcc 1.2-7.1 458.85 OK
r-devel-macos-x86_64-clang 1.2-7.1 344.65 OK
r-devel-windows-ix86+x86_64 1.2-7.1 269.00 465.00 734.00 WARN
r-patched-linux-x86_64 1.2-7.1 54.11 165.40 219.51 OK
r-patched-solaris-sparc 1.2-7.1 OK
r-patched-solaris-x86 1.2-7.1 OK
r-release-linux-x86_64 1.2-7.1 55.96 167.14 223.10 OK
r-release-osx-x86_64-mavericks 1.2-7.1 OK
r-release-windows-ix86+x86_64 1.2-7.1 271.00 502.00 773.00 OK
r-oldrel-windows-ix86+x86_64 1.2-7.1 298.00 561.00 859.00 OK

Check Details

Version: 1.2-7.1
Check: whether package can be installed
Result: WARN
    Found the following significant warnings:
     ../Check/cholmod_write.c:132:2: warning: ISO C does not support the 'I64' ms_printf length modifier [-Wformat=]
     ../Check/cholmod_write.c:265:5: warning: ISO C does not support the 'I64' ms_printf length modifier [-Wformat=]
     ../Check/cholmod_write.c:577:5: warning: ISO C does not support the 'I64' ms_printf length modifier [-Wformat=]
     ../Check/cholmod_write.c:716:5: warning: ISO C does not support the 'I64' ms_printf length modifier [-Wformat=]
Flavor: r-devel-windows-ix86+x86_64