CRAN Package Check Results for Package Matrix

Last updated on 2014-11-23 03:48:02.

Flavor Version Tinstall Tcheck Ttotal Status Flags
r-devel-linux-x86_64-debian-clang 1.1-4 86.44 194.92 281.36 NOTE
r-devel-linux-x86_64-debian-gcc 1.1-4 91.95 189.01 280.96 NOTE
r-devel-linux-x86_64-fedora-clang 1.1-4 617.49 NOTE
r-devel-linux-x86_64-fedora-gcc 1.1-4 586.58 NOTE
r-devel-osx-x86_64-clang 1.1-4 490.82 NOTE
r-patched-linux-x86_64 1.1-4 98.94 196.46 295.40 NOTE
r-patched-solaris-sparc 1.1-4 NOTE
r-patched-solaris-x86 1.1-4 NOTE
r-release-linux-ix86 1.1-4 113.76 224.68 338.44 NOTE
r-release-linux-x86_64 1.1-4 98.23 197.18 295.40 NOTE
r-release-osx-x86_64-mavericks 1.1-4 NOTE
r-release-osx-x86_64-snowleopard 1.1-4 NOTE
r-release-windows-ix86+x86_64 1.1-4 333.00 387.00 720.00 NOTE
r-oldrel-windows-ix86+x86_64 1.1-4 243.00 379.00 622.00 NOTE

Check Details

Version: 1.1-4
Check: installed package size
Result: NOTE
     installed size is 6.4Mb
     sub-directories of 1Mb or more:
     R 2.0Mb
     libs 2.3Mb
Flavors: r-devel-linux-x86_64-debian-clang, r-devel-linux-x86_64-debian-gcc, r-devel-linux-x86_64-fedora-clang, r-devel-linux-x86_64-fedora-gcc, r-patched-linux-x86_64, r-patched-solaris-sparc, r-patched-solaris-x86, r-release-linux-ix86, r-release-linux-x86_64, r-release-osx-x86_64-mavericks, r-release-osx-x86_64-snowleopard, r-release-windows-ix86+x86_64, r-oldrel-windows-ix86+x86_64

Version: 1.1-4
Check: compiled code
Result: NOTE
    File ‘Matrix/libs/Matrix.so’:
     Found ‘rand’, possibly from ‘rand’ (C)
     Object: ‘cs.o’
     Found ‘srand’, possibly from ‘srand’ (C)
     Object: ‘cs.o’
    
    Compiled code should not call entry points which might terminate R nor
    write to stdout/stderr instead of to the console, nor the C RNG.
    
    See ‘Writing portable packages’ in the ‘Writing R Extensions’ manual.
Flavors: r-devel-linux-x86_64-debian-clang, r-devel-linux-x86_64-debian-gcc, r-devel-linux-x86_64-fedora-clang, r-devel-linux-x86_64-fedora-gcc, r-patched-linux-x86_64, r-patched-solaris-sparc, r-patched-solaris-x86, r-release-linux-ix86, r-release-linux-x86_64

Version: 1.1-4
Check: compiled code
Result: NOTE
    File ‘Matrix/libs/Matrix.so’:
     Found ‘_rand’, possibly from ‘rand’ (C)
     Object: ‘cs.o’
     Found ‘_srand’, possibly from ‘srand’ (C)
     Object: ‘cs.o’
    
    Compiled code should not call entry points which might terminate R nor
    write to stdout/stderr instead of to the console, nor the C RNG.
    
    See ‘Writing portable packages’ in the ‘Writing R Extensions’ manual.
Flavor: r-devel-osx-x86_64-clang

Version: 1.1-4
Check: package dependencies
Result: NOTE
    Package which this enhances but not available for checking: ‘graph’
Flavor: r-release-osx-x86_64-mavericks

Version: 1.1-4
Check: Rd cross-references
Result: NOTE
    Package unavailable to check Rd xrefs: ‘graph’
Flavor: r-release-osx-x86_64-mavericks

Version: 1.1-4
Check: compiled code
Result: NOTE
    File 'Matrix/libs/i386/Matrix.dll':
     Found 'rand', possibly from 'rand' (C)
     Object: 'cs.o'
     Found 'srand', possibly from 'srand' (C)
     Object: 'cs.o'
    File 'Matrix/libs/x64/Matrix.dll':
     Found 'rand', possibly from 'rand' (C)
     Object: 'cs.o'
     Found 'srand', possibly from 'srand' (C)
     Object: 'cs.o'
    
    Compiled code should not call entry points which might terminate R nor
    write to stdout/stderr instead of to the console, nor the C RNG.
    
    See 'Writing portable packages' in the 'Writing R Extensions' manual.
Flavor: r-release-windows-ix86+x86_64