CRAN Package Check Results for Package Matrix

Last updated on 2015-07-02 19:47:18.

Flavor Version Tinstall Tcheck Ttotal Status Flags
r-devel-linux-x86_64-debian-clang 1.2-1 83.48 184.40 267.88 NOTE
r-devel-linux-x86_64-debian-gcc 1.2-1 85.12 183.00 268.13 NOTE
r-devel-linux-x86_64-fedora-clang 1.2-1 538.11 NOTE
r-devel-linux-x86_64-fedora-gcc 1.2-1 521.42 NOTE
r-devel-osx-x86_64-clang 1.2-1 484.06 OK
r-patched-linux-x86_64 1.2-1 85.47 179.22 264.69 OK
r-patched-solaris-sparc 1.2-1 OK
r-patched-solaris-x86 1.2-1 OK
r-release-linux-x86_64 1.2-1 87.42 179.62 267.03 OK
r-release-osx-x86_64-mavericks 1.2-1 NOTE
r-release-windows-ix86+x86_64 1.2-1 270.00 379.00 649.00 OK
r-oldrel-windows-ix86+x86_64 1.2-1 300.00 414.00 714.00 WARN

Check Details

Version: 1.2-1
Check: R code for possible problems
Result: NOTE
    .M.sub.i.logical: no visible global function definition for ‘canCoerce’
    .tril.tr: no visible global function definition for ‘callNextMethod’
    .triu.tr: no visible global function definition for ‘callNextMethod’
    Cmp.Mat.atomic: no visible global function definition for ‘slotNames’
    KhatriRao: no visible global function definition for ‘diffinv’
    Logic.Mat.atomic: no visible global function definition for ‘slotNames’
    MatrixClass: no visible global function definition for ‘packageSlot’
    MatrixClass: no visible global function definition for
     ‘.selectSuperClasses’
    as.vector.sparseVector: no visible global function definition for
     ‘.slotNames’
    attrSlotNames: no visible global function definition for ‘slotNames’
    copyClass: no visible global function definition for ‘slotNames’
    detSparseLU: no visible global function definition for ‘slotNames’
    model.spmatrix: no visible global function definition for ‘str’
    onenormest: no visible global function definition for ‘runif’
    replCmat: no visible global function definition for ‘.slotNames’
    replCmat4: no visible global function definition for ‘slotNames’
    replTmat: no visible global function definition for ‘slotNames’
    rsparsematrix : <anonymous>: no visible global function definition for
     ‘rnorm’
    sp2vec: no visible global function definition for ‘.slotNames’
    spV2M: no visible global function definition for ‘slotNames’
    sparse.model.matrix: no visible global function definition for ‘terms’
    sparse.model.matrix: no visible global function definition for
     ‘model.frame’
    sparse.model.matrix: no visible global function definition for
     ‘contrasts<-’
    sparse.model.matrix: no visible global function definition for ‘str’
    sparseInt.r: no visible global function definition for ‘symnum’
    try_as: no visible global function definition for ‘canCoerce’
    Compare,dMatrix-logical: no visible global function definition for
     ‘slotNames’
    Compare,dMatrix-numeric: no visible global function definition for
     ‘slotNames’
    Compare,lMatrix-logical: no visible global function definition for
     ‘slotNames’
    Compare,lMatrix-numeric: no visible global function definition for
     ‘slotNames’
    Compare,nMatrix-logical: no visible global function definition for
     ‘slotNames’
    Compare,nMatrix-numeric: no visible global function definition for
     ‘slotNames’
    Logic,dMatrix-logical: no visible global function definition for
     ‘slotNames’
    Logic,dMatrix-numeric: no visible global function definition for
     ‘slotNames’
    Logic,dMatrix-sparseVector: no visible global function definition for
     ‘slotNames’
    Logic,lMatrix-logical: no visible global function definition for
     ‘slotNames’
    Logic,lMatrix-numeric: no visible global function definition for
     ‘slotNames’
    Logic,lMatrix-sparseVector: no visible global function definition for
     ‘slotNames’
    Logic,nMatrix-logical: no visible global function definition for
     ‘slotNames’
    Logic,nMatrix-numeric: no visible global function definition for
     ‘slotNames’
    Logic,nMatrix-sparseVector: no visible global function definition for
     ‘slotNames’
    Math,CsparseMatrix: no visible global function definition for
     ‘slotNames’
    [,Matrix-lMatrix-missing-missing: no visible global function definition
     for ‘canCoerce’
    [,Matrix-logical-missing-missing: no visible global function definition
     for ‘canCoerce’
    [<-,CsparseMatrix-index-index-replValue: no visible global function
     definition for ‘.slotNames’
    [<-,CsparseMatrix-index-index-sparseVector: no visible global function
     definition for ‘.slotNames’
    [<-,CsparseMatrix-index-missing-replValue: no visible global function
     definition for ‘.slotNames’
    [<-,CsparseMatrix-index-missing-sparseVector: no visible global
     function definition for ‘.slotNames’
    [<-,CsparseMatrix-missing-index-replValue: no visible global function
     definition for ‘.slotNames’
    [<-,CsparseMatrix-missing-index-sparseVector: no visible global
     function definition for ‘.slotNames’
    [<-,TsparseMatrix-index-index-replValue: no visible global function
     definition for ‘slotNames’
    [<-,TsparseMatrix-index-index-sparseVector: no visible global function
     definition for ‘slotNames’
    [<-,TsparseMatrix-index-missing-replValue: no visible global function
     definition for ‘slotNames’
    [<-,TsparseMatrix-index-missing-sparseVector: no visible global
     function definition for ‘slotNames’
    [<-,TsparseMatrix-missing-index-replValue: no visible global function
     definition for ‘slotNames’
    [<-,TsparseMatrix-missing-index-sparseVector: no visible global
     function definition for ‘slotNames’
    as.vector,sparseVector-character: no visible global function definition
     for ‘.slotNames’
    as.vector,sparseVector-missing: no visible global function definition
     for ‘.slotNames’
    coerce,dMatrix-lMatrix: no visible global function definition for
     ‘slotNames’
    coerce,dMatrix-nMatrix: no visible global function definition for
     ‘slotNames’
    coerce,lMatrix-dMatrix: no visible global function definition for
     ‘slotNames’
    coerce,lMatrix-nMatrix: no visible global function definition for
     ‘slotNames’
    coerce,nMatrix-dMatrix: no visible global function definition for
     ‘slotNames’
    coerce,nMatrix-lMatrix: no visible global function definition for
     ‘slotNames’
    determinant,dgCMatrix-logical: no visible global function definition
     for ‘slotNames’
    initialize,Matrix: no visible global function definition for
     ‘callNextMethod’
    show,BunchKaufman: no visible global function definition for ‘str’
    show,MatrixFactorization: no visible global function definition for
     ‘str’
    show,pBunchKaufman: no visible global function definition for ‘str’
    t,TsparseMatrix: no visible global function definition for ‘slotNames’
    tril,dtCMatrix: no visible global function definition for
     ‘callNextMethod’
    tril,dtRMatrix: no visible global function definition for
     ‘callNextMethod’
    tril,dtTMatrix: no visible global function definition for
     ‘callNextMethod’
    tril,dtpMatrix: no visible global function definition for
     ‘callNextMethod’
    tril,dtrMatrix: no visible global function definition for
     ‘callNextMethod’
    tril,ltCMatrix: no visible global function definition for
     ‘callNextMethod’
    tril,ltRMatrix: no visible global function definition for
     ‘callNextMethod’
    tril,ltTMatrix: no visible global function definition for
     ‘callNextMethod’
    tril,ltpMatrix: no visible global function definition for
     ‘callNextMethod’
    tril,ltrMatrix: no visible global function definition for
     ‘callNextMethod’
    tril,ntCMatrix: no visible global function definition for
     ‘callNextMethod’
    tril,ntRMatrix: no visible global function definition for
     ‘callNextMethod’
    tril,ntTMatrix: no visible global function definition for
     ‘callNextMethod’
    tril,ntpMatrix: no visible global function definition for
     ‘callNextMethod’
    tril,ntrMatrix: no visible global function definition for
     ‘callNextMethod’
    triu,dtCMatrix: no visible global function definition for
     ‘callNextMethod’
    triu,dtRMatrix: no visible global function definition for
     ‘callNextMethod’
    triu,dtTMatrix: no visible global function definition for
     ‘callNextMethod’
    triu,dtpMatrix: no visible global function definition for
     ‘callNextMethod’
    triu,dtrMatrix: no visible global function definition for
     ‘callNextMethod’
    triu,ltCMatrix: no visible global function definition for
     ‘callNextMethod’
    triu,ltRMatrix: no visible global function definition for
     ‘callNextMethod’
    triu,ltTMatrix: no visible global function definition for
     ‘callNextMethod’
    triu,ltpMatrix: no visible global function definition for
     ‘callNextMethod’
    triu,ltrMatrix: no visible global function definition for
     ‘callNextMethod’
    triu,ntCMatrix: no visible global function definition for
     ‘callNextMethod’
    triu,ntRMatrix: no visible global function definition for
     ‘callNextMethod’
    triu,ntTMatrix: no visible global function definition for
     ‘callNextMethod’
    triu,ntpMatrix: no visible global function definition for
     ‘callNextMethod’
    triu,ntrMatrix: no visible global function definition for
     ‘callNextMethod’
    Undefined global functions or variables:
     .selectSuperClasses .slotNames callNextMethod canCoerce contrasts<-
     diffinv model.frame packageSlot rnorm runif slotNames str symnum
     terms
Flavors: r-devel-linux-x86_64-debian-clang, r-devel-linux-x86_64-fedora-clang, r-devel-linux-x86_64-fedora-gcc

Version: 1.2-1
Check: R code for possible problems
Result: NOTE
    .M.sub.i.logical: no visible global function definition for ‘canCoerce’
    .tril.tr: no visible global function definition for ‘callNextMethod’
    .triu.tr: no visible global function definition for ‘callNextMethod’
    Cmp.Mat.atomic: no visible global function definition for ‘slotNames’
    KhatriRao: no visible global function definition for ‘diffinv’
    Logic.Mat.atomic: no visible global function definition for ‘slotNames’
    MatrixClass: no visible global function definition for ‘packageSlot’
    MatrixClass: no visible global function definition for
     ‘.selectSuperClasses’
    as.vector.sparseVector: no visible global function definition for
     ‘.slotNames’
    attrSlotNames: no visible global function definition for ‘slotNames’
    copyClass: no visible global function definition for ‘slotNames’
    detSparseLU: no visible global function definition for ‘slotNames’
    model.spmatrix: no visible global function definition for ‘str’
    onenormest: no visible global function definition for ‘runif’
    replCmat: no visible global function definition for ‘.slotNames’
    replCmat4: no visible global function definition for ‘slotNames’
    replTmat: no visible global function definition for ‘slotNames’
    rsparsematrix : <anonymous>: no visible global function definition for
     ‘rnorm’
    sp2vec: no visible global function definition for ‘.slotNames’
    spV2M: no visible global function definition for ‘slotNames’
    sparse.model.matrix: no visible global function definition for ‘terms’
    sparse.model.matrix: no visible global function definition for
     ‘model.frame’
    sparse.model.matrix: no visible global function definition for
     ‘contrasts<-’
    sparse.model.matrix: no visible global function definition for ‘str’
    sparseInt.r: no visible global function definition for ‘symnum’
    try_as: no visible global function definition for ‘canCoerce’
    Compare,dMatrix-logical: no visible global function definition for
     ‘slotNames’
    Compare,dMatrix-numeric: no visible global function definition for
     ‘slotNames’
    Compare,lMatrix-logical: no visible global function definition for
     ‘slotNames’
    Compare,lMatrix-numeric: no visible global function definition for
     ‘slotNames’
    Compare,nMatrix-logical: no visible global function definition for
     ‘slotNames’
    Compare,nMatrix-numeric: no visible global function definition for
     ‘slotNames’
    Logic,dMatrix-logical: no visible global function definition for
     ‘slotNames’
    Logic,dMatrix-numeric: no visible global function definition for
     ‘slotNames’
    Logic,dMatrix-sparseVector: no visible global function definition for
     ‘slotNames’
    Logic,lMatrix-logical: no visible global function definition for
     ‘slotNames’
    Logic,lMatrix-numeric: no visible global function definition for
     ‘slotNames’
    Logic,lMatrix-sparseVector: no visible global function definition for
     ‘slotNames’
    Logic,nMatrix-logical: no visible global function definition for
     ‘slotNames’
    Logic,nMatrix-numeric: no visible global function definition for
     ‘slotNames’
    Logic,nMatrix-sparseVector: no visible global function definition for
     ‘slotNames’
    Math,CsparseMatrix: no visible global function definition for
     ‘slotNames’
    [,Matrix-lMatrix-missing-missing: no visible global function definition
     for ‘canCoerce’
    [,Matrix-logical-missing-missing: no visible global function definition
     for ‘canCoerce’
    [<-,CsparseMatrix-index-index-replValue: no visible global function
     definition for ‘.slotNames’
    [<-,CsparseMatrix-index-index-sparseVector: no visible global function
     definition for ‘.slotNames’
    [<-,CsparseMatrix-index-missing-replValue: no visible global function
     definition for ‘.slotNames’
    [<-,CsparseMatrix-index-missing-sparseVector: no visible global
     function definition for ‘.slotNames’
    [<-,CsparseMatrix-missing-index-replValue: no visible global function
     definition for ‘.slotNames’
    [<-,CsparseMatrix-missing-index-sparseVector: no visible global
     function definition for ‘.slotNames’
    [<-,TsparseMatrix-index-index-replValue: no visible global function
     definition for ‘slotNames’
    [<-,TsparseMatrix-index-index-sparseVector: no visible global function
     definition for ‘slotNames’
    [<-,TsparseMatrix-index-missing-replValue: no visible global function
     definition for ‘slotNames’
    [<-,TsparseMatrix-index-missing-sparseVector: no visible global
     function definition for ‘slotNames’
    [<-,TsparseMatrix-missing-index-replValue: no visible global function
     definition for ‘slotNames’
    [<-,TsparseMatrix-missing-index-sparseVector: no visible global
     function definition for ‘slotNames’
    as.vector,sparseVector-character: no visible global function definition
     for ‘.slotNames’
    as.vector,sparseVector-missing: no visible global function definition
     for ‘.slotNames’
    coerce,dMatrix-lMatrix: no visible global function definition for
     ‘slotNames’
    coerce,dMatrix-nMatrix: no visible global function definition for
     ‘slotNames’
    coerce,lMatrix-dMatrix: no visible global function definition for
     ‘slotNames’
    coerce,lMatrix-nMatrix: no visible global function definition for
     ‘slotNames’
    coerce,nMatrix-dMatrix: no visible global function definition for
     ‘slotNames’
    coerce,nMatrix-lMatrix: no visible global function definition for
     ‘slotNames’
    determinant,dgCMatrix-logical: no visible global function definition
     for ‘slotNames’
    initialize,Matrix: no visible global function definition for
     ‘callNextMethod’
    show,BunchKaufman: no visible global function definition for ‘str’
    show,MatrixFactorization: no visible global function definition for
     ‘str’
    show,pBunchKaufman: no visible global function definition for ‘str’
    t,TsparseMatrix: no visible global function definition for ‘slotNames’
    tril,dtCMatrix: no visible global function definition for
     ‘callNextMethod’
    tril,dtRMatrix: no visible global function definition for
     ‘callNextMethod’
    tril,dtTMatrix: no visible global function definition for
     ‘callNextMethod’
    tril,dtpMatrix: no visible global function definition for
     ‘callNextMethod’
    tril,dtrMatrix: no visible global function definition for
     ‘callNextMethod’
    tril,ltCMatrix: no visible global function definition for
     ‘callNextMethod’
    tril,ltRMatrix: no visible global function definition for
     ‘callNextMethod’
    tril,ltTMatrix: no visible global function definition for
     ‘callNextMethod’
    tril,ltpMatrix: no visible global function definition for
     ‘callNextMethod’
    tril,ltrMatrix: no visible global function definition for
     ‘callNextMethod’
    tril,ntCMatrix: no visible global function definition for
     ‘callNextMethod’
    tril,ntRMatrix: no visible global function definition for
     ‘callNextMethod’
    tril,ntTMatrix: no visible global function definition for
     ‘callNextMethod’
    tril,ntpMatrix: no visible global function definition for
     ‘callNextMethod’
    tril,ntrMatrix: no visible global function definition for
     ‘callNextMethod’
    triu,dtCMatrix: no visible global function definition for
     ‘callNextMethod’
    triu,dtRMatrix: no visible global function definition for
     ‘callNextMethod’
    triu,dtTMatrix: no visible global function definition for
     ‘callNextMethod’
    triu,dtpMatrix: no visible global function definition for
     ‘callNextMethod’
    triu,dtrMatrix: no visible global function definition for
     ‘callNextMethod’
    triu,ltCMatrix: no visible global function definition for
     ‘callNextMethod’
    triu,ltRMatrix: no visible global function definition for
     ‘callNextMethod’
    triu,ltTMatrix: no visible global function definition for
     ‘callNextMethod’
    triu,ltpMatrix: no visible global function definition for
     ‘callNextMethod’
    triu,ltrMatrix: no visible global function definition for
     ‘callNextMethod’
    triu,ntCMatrix: no visible global function definition for
     ‘callNextMethod’
    triu,ntRMatrix: no visible global function definition for
     ‘callNextMethod’
    triu,ntTMatrix: no visible global function definition for
     ‘callNextMethod’
    triu,ntpMatrix: no visible global function definition for
     ‘callNextMethod’
    triu,ntrMatrix: no visible global function definition for
     ‘callNextMethod’
Flavor: r-devel-linux-x86_64-debian-gcc

Version: 1.2-1
Check: installed package size
Result: NOTE
     installed size is 6.3Mb
     sub-directories of 1Mb or more:
     R 2.0Mb
     libs 2.1Mb
Flavors: r-release-osx-x86_64-mavericks, r-oldrel-windows-ix86+x86_64

Version: 1.2-1
Check: package subdirectories
Result: WARN
    Problems with news in 'inst/NEWS.Rd':
     inst/NEWS.Rd:283: unknown macro '\sspace'
Flavor: r-oldrel-windows-ix86+x86_64