CRAN Package Check Results for Package Matrix

Last updated on 2014-07-26 03:50:07.

Flavor Version Tinstall Tcheck Ttotal Status Flags
r-devel-linux-x86_64-debian-clang 1.1-4 85.24 196.33 281.57 NOTE
r-devel-linux-x86_64-debian-gcc 1.1-4 100.63 189.02 289.65 NOTE
r-devel-linux-x86_64-fedora-clang 1.1-4 629.18 NOTE
r-devel-linux-x86_64-fedora-gcc 1.1-4 633.15 NOTE
r-devel-osx-x86_64-clang 1.1-4 475.89 OK
r-patched-linux-x86_64 1.1-4 100.22 195.46 295.68 NOTE
r-patched-solaris-sparc 1.1-4 NOTE
r-patched-solaris-x86 1.1-4 NOTE
r-release-linux-ix86 1.1-4 120.39 233.79 354.18 NOTE
r-release-linux-x86_64 1.1-4 103.66 192.87 296.53 NOTE
r-release-osx-x86_64-mavericks 1.1-4 NOTE
r-release-osx-x86_64-snowleopard 1.1-4 NOTE
r-release-windows-ix86+x86_64 1.1-4 257.00 392.00 649.00 NOTE
r-oldrel-windows-ix86+x86_64 1.1-4 247.00 400.00 647.00 NOTE

Check Details

Version: 1.1-4
Check: installed package size
Result: NOTE
     installed size is 6.0Mb
     sub-directories of 1Mb or more:
     R 2.0Mb
     libs 2.0Mb
Flavors: r-devel-linux-x86_64-debian-clang, r-devel-linux-x86_64-debian-gcc, r-devel-linux-x86_64-fedora-clang, r-devel-linux-x86_64-fedora-gcc, r-patched-linux-x86_64, r-patched-solaris-sparc, r-patched-solaris-x86, r-release-linux-ix86, r-release-linux-x86_64, r-release-osx-x86_64-mavericks, r-release-osx-x86_64-snowleopard, r-release-windows-ix86+x86_64, r-oldrel-windows-ix86+x86_64

Version: 1.1-4
Check: package dependencies
Result: NOTE
    Package which this enhances but not available for checking: ‘graph’
Flavor: r-release-osx-x86_64-mavericks

Version: 1.1-4
Check: Rd cross-references
Result: NOTE
    Package unavailable to check Rd xrefs: ‘graph’
Flavor: r-release-osx-x86_64-mavericks