CRAN Package Check Results for Package Matrix

Last updated on 2015-09-05 06:48:15.

Flavor Version Tinstall Tcheck Ttotal Status Flags
r-devel-linux-x86_64-debian-clang 1.2-2 82.12 176.41 258.52 OK
r-devel-linux-x86_64-debian-gcc 1.2-2 85.98 182.75 268.73 OK
r-devel-linux-x86_64-fedora-clang 1.2-2 536.22 OK
r-devel-linux-x86_64-fedora-gcc 1.2-2 518.64 OK
r-devel-osx-x86_64-clang 1.2-2 444.95 OK
r-patched-linux-x86_64 1.2-2 90.84 183.72 274.56 OK
r-patched-solaris-sparc 1.2-2 OK
r-patched-solaris-x86 1.2-2 OK
r-release-linux-x86_64 1.2-2 87.45 185.41 272.86 OK
r-release-osx-x86_64-mavericks 1.2-2 NOTE
r-release-windows-ix86+x86_64 1.2-2 311.00 540.00 851.00 OK
r-oldrel-windows-ix86+x86_64 1.2-2 353.00 605.00 958.00 WARN

Check Details

Version: 1.2-2
Check: installed package size
Result: NOTE
     installed size is 6.3Mb
     sub-directories of 1Mb or more:
     R 2.0Mb
     libs 2.1Mb
Flavors: r-release-osx-x86_64-mavericks, r-oldrel-windows-ix86+x86_64

Version: 1.2-2
Check: package subdirectories
Result: WARN
    Problems with news in 'inst/NEWS.Rd':
     inst/NEWS.Rd:299: unknown macro '\sspace'
Flavor: r-oldrel-windows-ix86+x86_64