CRAN Package Check Results for Package Matrix

Last updated on 2015-08-01 23:47:21.

Flavor Version Tinstall Tcheck Ttotal Status Flags
r-devel-linux-x86_64-debian-clang 1.2-2 85.29 181.46 266.75 OK
r-devel-linux-x86_64-debian-gcc 1.2-2 88.09 178.72 266.81 OK
r-devel-linux-x86_64-fedora-clang 1.2-2 540.55 OK
r-devel-linux-x86_64-fedora-gcc 1.2-2 509.91 OK
r-devel-osx-x86_64-clang 1.2-2 454.98 OK
r-patched-linux-x86_64 1.2-2 86.99 182.94 269.93 OK
r-patched-solaris-sparc 1.2-2 OK
r-patched-solaris-x86 1.2-2 OK
r-release-linux-x86_64 1.2-2 86.10 184.61 270.71 OK
r-release-osx-x86_64-mavericks 1.2-2 NOTE
r-release-windows-ix86+x86_64 1.2-2 330.00 544.00 874.00 OK
r-oldrel-windows-ix86+x86_64 1.2-2 374.00 454.00 828.00 WARN

Check Details

Version: 1.2-2
Check: installed package size
Result: NOTE
     installed size is 6.3Mb
     sub-directories of 1Mb or more:
     R 2.0Mb
     libs 2.1Mb
Flavors: r-release-osx-x86_64-mavericks, r-oldrel-windows-ix86+x86_64

Version: 1.2-2
Check: package subdirectories
Result: WARN
    Problems with news in 'inst/NEWS.Rd':
     inst/NEWS.Rd:299: unknown macro '\sspace'
Flavor: r-oldrel-windows-ix86+x86_64