CRAN Package Check Results for Package Matrix

Last updated on 2015-05-22 23:48:02.

Flavor Version Tinstall Tcheck Ttotal Status Flags
r-devel-linux-x86_64-debian-clang 1.2-0 82.69 181.61 264.30 NOTE
r-devel-linux-x86_64-debian-gcc 1.2-0 84.81 173.64 258.46 NOTE
r-devel-linux-x86_64-fedora-clang 1.2-0 526.89 NOTE
r-devel-linux-x86_64-fedora-gcc 1.2-0 523.41 NOTE
r-devel-osx-x86_64-clang 1.2-0 451.70 NOTE
r-patched-linux-x86_64 1.2-0 88.63 179.36 267.98 NOTE
r-patched-solaris-sparc 1.2-0 NOTE
r-patched-solaris-x86 1.2-0 NOTE
r-release-linux-x86_64 1.2-0 86.36 178.05 264.41 NOTE
r-release-osx-x86_64-mavericks 1.2-0 NOTE
r-release-osx-x86_64-snowleopard 1.2-0 NOTE
r-release-windows-ix86+x86_64 1.2-0 237.00 379.00 616.00 NOTE
r-oldrel-windows-ix86+x86_64 1.2-0 233.00 389.00 622.00 NOTE

Check Details

Version: 1.2-0
Check: installed package size
Result: NOTE
     installed size is 6.7Mb
     sub-directories of 1Mb or more:
     R 2.0Mb
     libs 2.4Mb
Flavors: r-devel-linux-x86_64-debian-clang, r-devel-linux-x86_64-debian-gcc, r-devel-linux-x86_64-fedora-clang, r-devel-linux-x86_64-fedora-gcc, r-devel-osx-x86_64-clang, r-patched-linux-x86_64, r-patched-solaris-sparc, r-patched-solaris-x86, r-release-linux-x86_64, r-release-osx-x86_64-mavericks, r-release-osx-x86_64-snowleopard, r-release-windows-ix86+x86_64, r-oldrel-windows-ix86+x86_64

Version: 1.2-0
Check: package dependencies
Result: NOTE
    Package which this enhances but not available for checking: ‘graph’
Flavor: r-release-osx-x86_64-snowleopard

Version: 1.2-0
Check: Rd cross-references
Result: NOTE
    Packages unavailable to check Rd xrefs: ‘spdep’, ‘graph’, ‘igraph’
Flavor: r-release-osx-x86_64-snowleopard