CRAN Package Check Results for Package Matrix

Last updated on 2017-03-29 18:47:16.

Flavor Version Tinstall Tcheck Ttotal Status Flags
r-devel-linux-x86_64-debian-clang 1.2-9 69.30 194.69 263.99 OK
r-devel-linux-x86_64-debian-gcc 1.2-9 58.66 190.59 249.25 OK
r-devel-linux-x86_64-fedora-clang 1.2-9 505.57 OK --no-stop-on-test-error
r-devel-linux-x86_64-fedora-gcc 1.2-9 488.34 OK --no-stop-on-test-error
r-devel-macos-x86_64-clang 1.2-9 384.47 OK --no-stop-on-test-error
r-devel-windows-ix86+x86_64 1.2-8 225.00 632.00 857.00 WARN
r-patched-linux-x86_64 1.2-9 55.00 198.02 253.02 OK
r-patched-solaris-sparc 1.2-9 OK
r-patched-solaris-x86 1.2-9 OK
r-release-linux-x86_64 1.2-8 53.95 172.07 226.02 OK
r-release-osx-x86_64-mavericks 1.2-8 OK
r-release-windows-ix86+x86_64 1.2-8 294.00 528.00 822.00 OK
r-oldrel-windows-ix86+x86_64 1.2-8 426.00 714.00 1140.00 OK

Check Details

Version: 1.2-8
Check: whether package can be installed
Result: WARN
    Found the following significant warnings:
     ../Check/cholmod_write.c:132:2: warning: ISO C does not support the 'I64' ms_printf length modifier [-Wformat=]
     ../Check/cholmod_write.c:265:5: warning: ISO C does not support the 'I64' ms_printf length modifier [-Wformat=]
     ../Check/cholmod_write.c:577:5: warning: ISO C does not support the 'I64' ms_printf length modifier [-Wformat=]
     ../Check/cholmod_write.c:716:5: warning: ISO C does not support the 'I64' ms_printf length modifier [-Wformat=]
Flavor: r-devel-windows-ix86+x86_64