CRAN Package Check Results for Package Matrix

Last updated on 2019-05-20 06:47:41 CEST.

Flavor Version Tinstall Tcheck Ttotal Status Flags
r-devel-linux-x86_64-debian-clang 1.2-17 172.14 315.03 487.17 OK
r-devel-linux-x86_64-debian-gcc 1.2-17 130.59 237.32 367.91 OK
r-devel-linux-x86_64-fedora-clang 1.2-17 611.74 OK
r-devel-linux-x86_64-fedora-gcc 1.2-17 554.58 OK
r-devel-windows-ix86+x86_64 1.2-17 392.00 620.00 1012.00 OK
r-patched-linux-x86_64 1.2-17 143.55 315.08 458.63 OK
r-patched-solaris-x86 1.2-17 OK
r-release-linux-x86_64 1.2-17 141.69 312.01 453.70 OK
r-release-windows-ix86+x86_64 1.2-17 426.00 626.00 1052.00 OK
r-release-osx-x86_64 1.2-17 NOTE
r-oldrel-windows-ix86+x86_64 1.2-17 272.00 497.00 769.00 OK
r-oldrel-osx-x86_64 1.2-17 OK

Additional issues

rchk

Check Details

Version: 1.2-17
Check: package dependencies
Result: NOTE
    Package which this enhances but not available for checking: ‘graph’
Flavor: r-release-osx-x86_64

Version: 1.2-17
Check: Rd cross-references
Result: NOTE
    Package unavailable to check Rd xrefs: ‘graph’
Flavor: r-release-osx-x86_64