CRAN Package Check Results for Package Matrix

Last updated on 2014-04-24 21:47:44.

Flavor Version Tinstall Tcheck Ttotal Status Flags
r-devel-linux-x86_64-debian-clang 1.1-3 88.54 203.46 292.00 NOTE
r-devel-linux-x86_64-debian-gcc 1.1-3 99.44 201.88 301.33 NOTE
r-devel-linux-x86_64-fedora-clang 1.1-3 636.13 NOTE
r-devel-linux-x86_64-fedora-gcc 1.1-3 640.76 NOTE
r-devel-osx-x86_64-clang 1.1-3 498.88 OK
r-devel-osx-x86_64-gcc 1.1-3 NOTE
r-patched-linux-x86_64 1.1-3 101.32 203.39 304.70 NOTE
r-patched-solaris-sparc 1.1-3 NOTE
r-patched-solaris-x86 1.1-3 NOTE
r-release-linux-ix86 1.1-3 142.00 314.00 456.00 NOTE
r-release-linux-x86_64 1.1-3 101.99 206.36 308.35 NOTE
r-release-osx-x86_64-mavericks 1.1-3 WARN
r-release-osx-x86_64-snowleopard 1.1-3 NOTE
r-release-windows-ix86+x86_64 1.1-3 246.00 385.00 631.00 NOTE
r-oldrel-windows-ix86+x86_64 1.1-3 246.00 385.00 631.00 NOTE

Check Details

Version: 1.1-3
Check: installed package size
Result: NOTE
     installed size is 6.0Mb
     sub-directories of 1Mb or more:
     R 1.9Mb
     libs 1.9Mb
Flavors: r-devel-linux-x86_64-debian-clang, r-devel-linux-x86_64-debian-gcc, r-devel-linux-x86_64-fedora-clang, r-devel-linux-x86_64-fedora-gcc, r-devel-osx-x86_64-gcc, r-patched-linux-x86_64, r-patched-solaris-sparc, r-patched-solaris-x86, r-release-linux-ix86, r-release-linux-x86_64, r-release-osx-x86_64-mavericks, r-release-osx-x86_64-snowleopard, r-release-windows-ix86+x86_64, r-oldrel-windows-ix86+x86_64

Version: 1.1-3
Check: package dependencies
Result: NOTE
    Package which this enhances but not available for checking: ‘graph’
Flavors: r-devel-osx-x86_64-gcc, r-release-osx-x86_64-mavericks, r-release-osx-x86_64-snowleopard

Version: 1.1-3
Check: Rd cross-references
Result: NOTE
    Packages unavailable to check Rd xrefs: ‘spdep’, ‘graph’, ‘igraph’
Flavor: r-devel-osx-x86_64-gcc

Version: 1.1-3
Check: Rd cross-references
Result: NOTE
    Packages unavailable to check Rd xrefs: ‘spdep’, ‘graph’
Flavor: r-release-osx-x86_64-mavericks

Version: 1.1-3
Check: PDF version of manual
Result: WARNING
    LaTeX errors when creating PDF version.
    This typically indicates Rd problems.
    LaTeX errors found:
    ! LaTeX Error: File `upquote.sty' not found.
    
    Type X to quit or <RETURN> to proceed,
    or enter new name. (Default extension: sty)
    
    6fb4436/Rd2.tex:8: ==> Fatal error occurred, no output PDF file produced!
Flavor: r-release-osx-x86_64-mavericks

Version: 1.1-3
Check: Rd cross-references
Result: NOTE
    Package unavailable to check Rd xrefs: ‘graph’
Flavor: r-release-osx-x86_64-snowleopard