CRAN Package Check Results for Package Matrix

Last updated on 2014-09-03 08:53:33.

Flavor Version Tinstall Tcheck Ttotal Status Flags
r-devel-linux-x86_64-debian-clang 1.1-4 81.10 185.43 266.52 NOTE
r-devel-linux-x86_64-debian-gcc 1.1-4 97.99 186.32 284.30 NOTE
r-devel-linux-x86_64-fedora-clang 1.1-4 622.39 NOTE
r-devel-linux-x86_64-fedora-gcc 1.1-4 605.08 NOTE
r-devel-osx-x86_64-clang 1.1-4 459.08 NOTE
r-patched-linux-x86_64 1.1-4 97.16 191.08 288.24 NOTE
r-patched-solaris-sparc 1.1-4 NOTE
r-patched-solaris-x86 1.1-4 NOTE
r-release-linux-ix86 1.1-4 120.78 234.34 355.12 NOTE
r-release-linux-x86_64 1.1-4 98.95 192.90 291.85 NOTE
r-release-osx-x86_64-mavericks 1.1-4 NOTE
r-release-osx-x86_64-snowleopard 1.1-4 NOTE
r-release-windows-ix86+x86_64 1.1-4 255.00 388.00 643.00 NOTE
r-oldrel-windows-ix86+x86_64 1.1-4 239.00 403.00 642.00 NOTE

Check Details

Version: 1.1-4
Check: installed package size
Result: NOTE
     installed size is 6.0Mb
     sub-directories of 1Mb or more:
     R 2.0Mb
     libs 2.0Mb
Flavors: r-devel-linux-x86_64-debian-clang, r-devel-linux-x86_64-debian-gcc, r-devel-linux-x86_64-fedora-clang, r-devel-linux-x86_64-fedora-gcc, r-patched-linux-x86_64, r-patched-solaris-sparc, r-patched-solaris-x86, r-release-linux-ix86, r-release-linux-x86_64, r-release-osx-x86_64-mavericks, r-release-osx-x86_64-snowleopard, r-release-windows-ix86+x86_64, r-oldrel-windows-ix86+x86_64

Version: 1.1-4
Check: compiled code
Result: NOTE
    File ‘/home/hornik/tmp/R.check/r-devel-clang/Work/build/Packages/Matrix/libs/Matrix.so’:
     Found ‘rand’, possibly from ‘rand’ (C)
     Object: ‘cs.o’
     Found ‘srand’, possibly from ‘srand’ (C)
     Object: ‘cs.o’
    
    Compiled code should not call entry points which might terminate R nor
    write to stdout/stderr instead of to the console, nor the C RNG.
    
    See ‘Writing portable packages’ in the ‘Writing R Extensions’ manual.
Flavor: r-devel-linux-x86_64-debian-clang

Version: 1.1-4
Check: compiled code
Result: NOTE
    File ‘/home/hornik/tmp/R.check/r-devel-gcc/Work/build/Packages/Matrix/libs/Matrix.so’:
     Found ‘rand’, possibly from ‘rand’ (C)
     Object: ‘cs.o’
     Found ‘srand’, possibly from ‘srand’ (C)
     Object: ‘cs.o’
    
    Compiled code should not call entry points which might terminate R nor
    write to stdout/stderr instead of to the console, nor the C RNG.
    
    See ‘Writing portable packages’ in the ‘Writing R Extensions’ manual.
Flavor: r-devel-linux-x86_64-debian-gcc

Version: 1.1-4
Check: compiled code
Result: NOTE
    File ‘/data/gannet/ripley/R/packages/tests-clang/Matrix.Rcheck/Matrix/libs/Matrix.so’:
     Found ‘rand’, possibly from ‘rand’ (C)
     Object: ‘cs.o’
     Found ‘srand’, possibly from ‘srand’ (C)
     Object: ‘cs.o’
    
    Compiled code should not call entry points which might terminate R nor
    write to stdout/stderr instead of to the console, nor the C RNG.
    
    See ‘Writing portable packages’ in the ‘Writing R Extensions’ manual.
Flavor: r-devel-linux-x86_64-fedora-clang

Version: 1.1-4
Check: compiled code
Result: NOTE
    File ‘/data/gannet/ripley/R/packages/tests-devel/Matrix.Rcheck/Matrix/libs/Matrix.so’:
     Found ‘rand’, possibly from ‘rand’ (C)
     Object: ‘cs.o’
     Found ‘srand’, possibly from ‘srand’ (C)
     Object: ‘cs.o’
    
    Compiled code should not call entry points which might terminate R nor
    write to stdout/stderr instead of to the console, nor the C RNG.
    
    See ‘Writing portable packages’ in the ‘Writing R Extensions’ manual.
Flavor: r-devel-linux-x86_64-fedora-gcc

Version: 1.1-4
Check: compiled code
Result: NOTE
    File ‘/Users/ripley/R/packages/tests-devel/Matrix.Rcheck/Matrix/libs/Matrix.so’:
     Found ‘_rand’, possibly from ‘rand’ (C)
     Object: ‘cs.o’
     Found ‘_srand’, possibly from ‘srand’ (C)
     Object: ‘cs.o’
    
    Compiled code should not call entry points which might terminate R nor
    write to stdout/stderr instead of to the console, nor the C RNG.
    
    See ‘Writing portable packages’ in the ‘Writing R Extensions’ manual.
Flavor: r-devel-osx-x86_64-clang

Version: 1.1-4
Check: package dependencies
Result: NOTE
    Package which this enhances but not available for checking: ‘graph’
Flavor: r-release-osx-x86_64-mavericks

Version: 1.1-4
Check: Rd cross-references
Result: NOTE
    Package unavailable to check Rd xrefs: ‘graph’
Flavor: r-release-osx-x86_64-mavericks