CRAN Package Check Results for Package Matrix

Last updated on 2014-08-02 03:50:55.

Flavor Version Tinstall Tcheck Ttotal Status Flags
r-devel-linux-x86_64-debian-clang 1.1-4 85.39 192.19 277.58 NOTE
r-devel-linux-x86_64-debian-gcc 1.1-4 97.14 189.61 286.75 NOTE
r-devel-linux-x86_64-fedora-clang 1.1-4 629.18 NOTE
r-devel-linux-x86_64-fedora-gcc 1.1-4 633.15 NOTE
r-devel-osx-x86_64-clang 1.1-4 482.76 OK
r-patched-linux-x86_64 1.1-4 100.15 191.47 291.62 NOTE
r-patched-solaris-sparc 1.1-4 NOTE
r-patched-solaris-x86 1.1-4 NOTE
r-release-linux-ix86 1.1-4 118.26 231.48 349.74 NOTE
r-release-linux-x86_64 1.1-4 102.01 193.07 295.08 NOTE
r-release-osx-x86_64-mavericks 1.1-4 NOTE
r-release-osx-x86_64-snowleopard 1.1-4 NOTE
r-release-windows-ix86+x86_64 1.1-4 259.00 520.00 779.00 NOTE
r-oldrel-windows-ix86+x86_64 1.1-4 397.00 529.00 926.00 NOTE

Check Details

Version: 1.1-4
Check: installed package size
Result: NOTE
     installed size is 6.0Mb
     sub-directories of 1Mb or more:
     R 2.0Mb
     libs 2.0Mb
Flavors: r-devel-linux-x86_64-debian-clang, r-devel-linux-x86_64-debian-gcc, r-devel-linux-x86_64-fedora-clang, r-devel-linux-x86_64-fedora-gcc, r-patched-linux-x86_64, r-patched-solaris-sparc, r-patched-solaris-x86, r-release-linux-ix86, r-release-linux-x86_64, r-release-osx-x86_64-mavericks, r-release-osx-x86_64-snowleopard, r-release-windows-ix86+x86_64, r-oldrel-windows-ix86+x86_64

Version: 1.1-4
Check: package dependencies
Result: NOTE
    Package which this enhances but not available for checking: graph
Flavor: r-release-osx-x86_64-mavericks

Version: 1.1-4
Check: Rd cross-references
Result: NOTE
    Package unavailable to check Rd xrefs: graph
Flavor: r-release-osx-x86_64-mavericks