CRAN Package Check Results for Package Matrix

Last updated on 2016-04-30 15:47:03.

Flavor Version Tinstall Tcheck Ttotal Status Flags
r-devel-linux-x86_64-debian-gcc 1.2-5 88.40 171.12 259.53 OK
r-devel-linux-x86_64-fedora-clang 1.2-5 531.92 OK
r-devel-linux-x86_64-fedora-gcc 1.2-5 482.15 OK
r-devel-osx-x86_64-clang 1.2-5 574.57 OK
r-devel-windows-ix86+x86_64 1.2-5 259.00 405.00 664.00 OK
r-patched-linux-x86_64 1.2-5 90.90 168.38 259.27 OK
r-patched-solaris-sparc 1.2-5 OK
r-patched-solaris-x86 1.2-5 OK
r-release-linux-x86_64 1.2-5 91.05 193.51 284.56 OK
r-release-osx-x86_64-mavericks 1.2-5 OK
r-release-windows-ix86+x86_64 1.2-5 246.00 466.00 712.00 OK
r-oldrel-windows-ix86+x86_64 1.2-5 374.00 439.00 813.00 WARN

Check Details

Version: 1.2-5
Check: whether package can be installed
Result: WARN
    Found the following significant warnings:
     Warning: D:/temp/RtmpSqOJ4s/R.INSTALL7fd440b27c1/Matrix/man/SparseM-conv.Rd:59: unknown macro '\CRANpkg'
Flavor: r-oldrel-windows-ix86+x86_64

Version: 1.2-5
Check: installed package size
Result: NOTE
     installed size is 5.7Mb
     sub-directories of 1Mb or more:
     R 2.0Mb
     libs 1.4Mb
Flavor: r-oldrel-windows-ix86+x86_64

Version: 1.2-5
Check: package subdirectories
Result: WARN
    Problems with news in 'inst/NEWS.Rd':
     inst/NEWS.Rd:370: unknown macro '\sspace'
Flavor: r-oldrel-windows-ix86+x86_64

Version: 1.2-5
Check: Rd files
Result: WARN
    prepare_Rd: SparseM-conv.Rd:59: unknown macro '\CRANpkg'
Flavor: r-oldrel-windows-ix86+x86_64