CRAN Package Check Results for Package Matrix

Last updated on 2019-08-17 19:48:30 CEST.

Flavor Version Tinstall Tcheck Ttotal Status Flags
r-devel-linux-x86_64-debian-clang 1.2-17 170.81 317.49 488.30 OK
r-devel-linux-x86_64-debian-gcc 1.2-17 131.75 243.91 375.66 OK
r-devel-linux-x86_64-fedora-clang 1.2-17 623.37 OK
r-devel-linux-x86_64-fedora-gcc 1.2-17 606.20 OK
r-devel-windows-ix86+x86_64 1.2-17 436.00 632.00 1068.00 OK
r-patched-linux-x86_64 1.2-17 141.17 310.90 452.07 OK
r-patched-solaris-x86 1.2-17 OK
r-release-linux-x86_64 1.2-17 137.01 314.19 451.20 OK
r-release-windows-ix86+x86_64 1.2-17 450.00 634.00 1084.00 OK
r-release-osx-x86_64 1.2-17 NOTE
r-oldrel-windows-ix86+x86_64 1.2-17 392.00 563.00 955.00 OK
r-oldrel-osx-x86_64 1.2-17 OK

Additional issues

rchk

Check Details

Version: 1.2-17
Check: package dependencies
Result: NOTE
    Package which this enhances but not available for checking: ‘graph’
Flavor: r-release-osx-x86_64

Version: 1.2-17
Check: Rd cross-references
Result: NOTE
    Package unavailable to check Rd xrefs: ‘graph’
Flavor: r-release-osx-x86_64