CRAN Package Check Results for Package Matrix

Last updated on 2015-04-01 08:50:08.

Flavor Version Tinstall Tcheck Ttotal Status Flags
r-devel-linux-x86_64-debian-clang 1.1-5-1 83.87 173.86 257.73 NOTE
r-devel-linux-x86_64-debian-gcc 1.1-5-1 83.91 177.24 261.15 NOTE
r-devel-linux-x86_64-fedora-clang 1.1-5-1 520.90 NOTE
r-devel-linux-x86_64-fedora-gcc 1.1-5-1 509.20 NOTE
r-devel-osx-x86_64-clang 1.1-5-1 471.12 OK
r-prerel-linux-x86_64 1.1-5-1 87.22 170.75 257.97 NOTE
r-prerel-solaris-sparc 1.1-5-1 NOTE
r-prerel-solaris-x86 1.1-5-1 NOTE
r-release-linux-x86_64 1.1-5 104.64 197.80 302.44 NOTE
r-release-osx-x86_64-mavericks 1.1-5 NOTE
r-release-osx-x86_64-snowleopard 1.1-5 NOTE
r-release-windows-ix86+x86_64 1.1-5 279.00 411.00 690.00 NOTE
r-oldrel-windows-ix86+x86_64 1.1-5 334.00 385.00 719.00 NOTE

Check Details

Version: 1.1-5-1
Check: installed package size
Result: NOTE
     installed size is 6.5Mb
     sub-directories of 1Mb or more:
     R 2.0Mb
     libs 2.4Mb
Flavors: r-devel-linux-x86_64-debian-clang, r-devel-linux-x86_64-debian-gcc, r-devel-linux-x86_64-fedora-clang, r-devel-linux-x86_64-fedora-gcc, r-prerel-linux-x86_64, r-prerel-solaris-sparc, r-prerel-solaris-x86

Version: 1.1-5
Check: installed package size
Result: NOTE
     installed size is 6.7Mb
     sub-directories of 1Mb or more:
     R 2.0Mb
     libs 2.6Mb
Flavors: r-release-linux-x86_64, r-release-osx-x86_64-mavericks, r-release-osx-x86_64-snowleopard, r-release-windows-ix86+x86_64, r-oldrel-windows-ix86+x86_64