CRAN Package Check Results for Package Matrix

Last updated on 2016-12-06 13:48:38.

Flavor Version Tinstall Tcheck Ttotal Status Flags
r-devel-linux-x86_64-debian-clang 1.2-7.1 68.83 190.27 259.10 OK
r-devel-linux-x86_64-debian-gcc 1.2-7.1 58.78 190.98 249.76 OK
r-devel-linux-x86_64-fedora-clang 1.2-7.1 527.69 OK --no-stop-on-test-error
r-devel-linux-x86_64-fedora-gcc 1.2-7.1 472.90 OK --no-stop-on-test-error
r-devel-macos-x86_64-clang 1.2-7.1 378.16 OK --no-stop-on-test-error
r-devel-windows-ix86+x86_64 1.2-7.1 200.00 410.00 610.00 WARN
r-patched-linux-x86_64 1.2-7.1 53.77 175.41 229.18 OK
r-patched-solaris-sparc 1.2-7.1 OK
r-patched-solaris-x86 1.2-7.1 OK
r-release-linux-x86_64 1.2-7.1 52.89 164.16 217.06 OK
r-release-osx-x86_64-mavericks 1.2-7.1 OK
r-release-windows-ix86+x86_64 1.2-7.1 286.00 386.00 672.00 OK
r-oldrel-windows-ix86+x86_64 1.2-7.1 268.00 443.00 711.00 OK

Check Details

Version: 1.2-7.1
Check: whether package can be installed
Result: WARN
    Found the following significant warnings:
     ../Check/cholmod_write.c:132:2: warning: ISO C does not support the 'I64' ms_printf length modifier [-Wformat=]
     ../Check/cholmod_write.c:265:5: warning: ISO C does not support the 'I64' ms_printf length modifier [-Wformat=]
     ../Check/cholmod_write.c:577:5: warning: ISO C does not support the 'I64' ms_printf length modifier [-Wformat=]
     ../Check/cholmod_write.c:716:5: warning: ISO C does not support the 'I64' ms_printf length modifier [-Wformat=]
Flavor: r-devel-windows-ix86+x86_64