CRAN Package Check Results for Package Matrix

Last updated on 2015-03-06 06:46:59.

Flavor Version Tinstall Tcheck Ttotal Status Flags
r-devel-linux-x86_64-debian-clang 1.1-5 76.98 173.00 249.98 NOTE
r-devel-linux-x86_64-debian-gcc 1.1-5 82.75 170.04 252.79 NOTE
r-devel-linux-x86_64-fedora-clang 1.1-5 523.88 NOTE
r-devel-linux-x86_64-fedora-gcc 1.1-5 518.57 NOTE
r-devel-osx-x86_64-clang 1.1-5 470.32 OK
r-patched-linux-x86_64 1.1-5 98.50 200.33 298.82 NOTE
r-patched-solaris-sparc 1.1-5 NOTE
r-patched-solaris-x86 1.1-5 NOTE
r-release-linux-ix86 1.1-5 115.25 231.80 347.05 NOTE
r-release-linux-x86_64 1.1-5 100.80 200.86 301.66 NOTE
r-release-osx-x86_64-mavericks 1.1-5 NOTE
r-release-osx-x86_64-snowleopard 1.1-5 NOTE
r-release-windows-ix86+x86_64 1.1-5 247.00 409.00 656.00 NOTE
r-oldrel-windows-ix86+x86_64 1.1-5 249.00 441.00 690.00 NOTE

Check Details

Version: 1.1-5
Check: installed package size
Result: NOTE
     installed size is 6.5Mb
     sub-directories of 1Mb or more:
     R 2.0Mb
     libs 2.3Mb
Flavors: r-devel-linux-x86_64-debian-clang, r-devel-linux-x86_64-debian-gcc, r-devel-linux-x86_64-fedora-clang, r-devel-linux-x86_64-fedora-gcc, r-patched-linux-x86_64, r-patched-solaris-sparc, r-patched-solaris-x86, r-release-linux-ix86, r-release-linux-x86_64, r-release-osx-x86_64-mavericks, r-release-osx-x86_64-snowleopard, r-release-windows-ix86+x86_64, r-oldrel-windows-ix86+x86_64