CRAN Package Check Results for Package Matrix

Last updated on 2015-01-31 04:47:57.

Flavor Version Tinstall Tcheck Ttotal Status Flags
r-devel-linux-x86_64-debian-clang 1.1-5 78.70 178.23 256.93 NOTE
r-devel-linux-x86_64-debian-gcc 1.1-5 90.52 171.29 261.81 NOTE
r-devel-linux-x86_64-fedora-clang 1.1-5 617.92 NOTE
r-devel-linux-x86_64-fedora-gcc 1.1-5 556.82 NOTE
r-devel-osx-x86_64-clang 1.1-5 320.65 OK
r-patched-linux-x86_64 1.1-5 99.42 199.17 298.58 NOTE
r-patched-solaris-sparc 1.1-5 NOTE
r-patched-solaris-x86 1.1-5 NOTE
r-release-linux-ix86 1.1-5 116.39 2.84 119.23 OK
r-release-linux-x86_64 1.1-5 97.97 198.80 296.77 NOTE
r-release-osx-x86_64-mavericks 1.1-5 NOTE
r-release-osx-x86_64-snowleopard 1.1-5 NOTE
r-release-windows-ix86+x86_64 1.1-5 268.00 392.00 660.00 NOTE
r-oldrel-windows-ix86+x86_64 1.1-5 251.00 389.00 640.00 NOTE

Check Details

Version: 1.1-5
Check: package dependencies
Result: NOTE
    Package which this enhances but not available for checking: ‘graph’
Flavors: r-devel-linux-x86_64-debian-clang, r-devel-linux-x86_64-debian-gcc

Version: 1.1-5
Check: installed package size
Result: NOTE
     installed size is 6.5Mb
     sub-directories of 1Mb or more:
     R 2.0Mb
     libs 2.3Mb
Flavors: r-devel-linux-x86_64-debian-clang, r-devel-linux-x86_64-debian-gcc, r-devel-linux-x86_64-fedora-clang, r-devel-linux-x86_64-fedora-gcc, r-patched-linux-x86_64, r-patched-solaris-sparc, r-patched-solaris-x86, r-release-linux-x86_64, r-release-osx-x86_64-mavericks, r-release-osx-x86_64-snowleopard, r-release-windows-ix86+x86_64, r-oldrel-windows-ix86+x86_64

Version: 1.1-5
Check: Rd cross-references
Result: NOTE
    Package unavailable to check Rd xrefs: ‘graph’
Flavors: r-devel-linux-x86_64-debian-clang, r-devel-linux-x86_64-debian-gcc

Version: 1.1-5
Check: re-building of vignette outputs
Result: NOTE
    Error in re-building vignettes:
     ...
    <sparse>[ <logic> ] : .M.sub.i.logical() maybe inefficient
    <sparse>[ <logic> ] : .M.sub.i.logical() maybe inefficient
    Warning: running command '"D:\compiler\texmf\miktex\bin\texi2dvi.exe" --quiet --pdf "Intro2Matrix.tex" --max-iterations=20 -I "D:/RCompile/recent/R-3.1.2/share/texmf/tex/latex" -I "D:/RCompile/recent/R-3.1.2/share/texmf/bibtex/bst"' had status 1
    Error in find_vignette_product(name, by = "texi2pdf", engine = engine) :
     Failed to locate the 'texi2pdf' output file (by engine 'utils::Sweave') for vignette with name 'Intro2Matrix'. The following files exist in directory '.': 'Comparisons.Rnw', 'Comparisons.aux', 'Comparisons.bbl', 'Comparisons.blg', 'Comparisons.log', 'Comparisons.out', 'Comparisons.pdf', 'Comparisons.tex', 'Design-issues.Rnw', 'Design-issues.aux', 'Design-issues.log', 'Design-issues.out', 'Design-issues.pdf', 'Design-issues.tex', 'Intro2Matrix-image.pdf', 'Intro2Matrix.Rnw', 'Intro2Matrix.tex', 'Introduction.Rnw', 'Matrix.bib', 'fullpage.sty', 'myVignette.sty', 'sparseModels.Rnw'
    Calls: buildVignettes -> find_vignette_product
    Execution halted
Flavor: r-release-windows-ix86+x86_64