CRAN Package Check Results for Package Matrix

Last updated on 2016-02-09 10:47:59.

Flavor Version Tinstall Tcheck Ttotal Status Flags
r-devel-linux-x86_64-debian-gcc 1.2-3 88.00 166.02 254.02 OK
r-devel-linux-x86_64-fedora-clang 1.2-3 532.85 OK
r-devel-linux-x86_64-fedora-gcc 1.2-3 481.59 OK
r-devel-osx-x86_64-clang 1.2-3 532.93 OK
r-devel-windows-ix86+x86_64 1.2-3 360.00 467.00 827.00 OK
r-patched-linux-x86_64 1.2-3 91.39 187.01 278.40 OK
r-patched-solaris-sparc 1.2-3 OK
r-patched-solaris-x86 1.2-3 OK
r-release-linux-x86_64 1.2-3 91.55 188.65 280.20 OK
r-release-osx-x86_64-mavericks 1.2-3 OK
r-release-windows-ix86+x86_64 1.2-3 322.00 410.00 732.00 OK
r-oldrel-windows-ix86+x86_64 1.2-3 382.00 443.00 825.00 WARN

Check Details

Version: 1.2-3
Check: whether package can be installed
Result: WARN
    Found the following significant warnings:
     Warning: D:/temp/RtmpQDAaCY/R.INSTALL315866235866/Matrix/man/SparseM-conv.Rd:59: unknown macro '\CRANpkg'
Flavor: r-oldrel-windows-ix86+x86_64

Version: 1.2-3
Check: installed package size
Result: NOTE
     installed size is 5.6Mb
     sub-directories of 1Mb or more:
     R 2.0Mb
     libs 1.4Mb
Flavor: r-oldrel-windows-ix86+x86_64

Version: 1.2-3
Check: package subdirectories
Result: WARN
    Problems with news in 'inst/NEWS.Rd':
     inst/NEWS.Rd:330: unknown macro '\sspace'
Flavor: r-oldrel-windows-ix86+x86_64

Version: 1.2-3
Check: Rd files
Result: WARN
    prepare_Rd: SparseM-conv.Rd:59: unknown macro '\CRANpkg'
Flavor: r-oldrel-windows-ix86+x86_64