CRAN Package Check Results for Package Matrix

Last updated on 2014-10-23 05:46:45.

Flavor Version Tinstall Tcheck Ttotal Status Flags
r-devel-linux-x86_64-debian-clang 1.1-4 86.91 189.82 276.72 NOTE
r-devel-linux-x86_64-debian-gcc 1.1-4 90.20 188.38 278.57 NOTE
r-devel-linux-x86_64-fedora-clang 1.1-4 607.53 NOTE
r-devel-linux-x86_64-fedora-gcc 1.1-4 587.83 NOTE
r-devel-osx-x86_64-clang 1.1-4 487.85 NOTE
r-patched-linux-x86_64 1.1-4 97.74 202.64 300.38 NOTE
r-patched-solaris-sparc 1.1-4 NOTE
r-patched-solaris-x86 1.1-4 NOTE
r-release-linux-ix86 1.1-4 120.68 237.31 357.99 NOTE
r-release-linux-x86_64 1.1-4 100.70 206.00 306.70 NOTE
r-release-osx-x86_64-mavericks 1.1-4 NOTE
r-release-osx-x86_64-snowleopard 1.1-4 NOTE
r-release-windows-ix86+x86_64 1.1-4 245.00 405.00 650.00 NOTE
r-oldrel-windows-ix86+x86_64 1.1-4 248.00 393.00 641.00 NOTE

Check Details

Version: 1.1-4
Check: installed package size
Result: NOTE
     installed size is 6.4Mb
     sub-directories of 1Mb or more:
     R 2.0Mb
     libs 2.3Mb
Flavors: r-devel-linux-x86_64-debian-clang, r-devel-linux-x86_64-debian-gcc, r-devel-linux-x86_64-fedora-clang, r-devel-linux-x86_64-fedora-gcc, r-patched-linux-x86_64, r-patched-solaris-sparc, r-patched-solaris-x86, r-release-linux-ix86, r-release-linux-x86_64, r-release-osx-x86_64-mavericks, r-release-osx-x86_64-snowleopard, r-release-windows-ix86+x86_64, r-oldrel-windows-ix86+x86_64

Version: 1.1-4
Check: compiled code
Result: NOTE
    File ‘Matrix/libs/Matrix.so’:
     Found ‘rand’, possibly from ‘rand’ (C)
     Object: ‘cs.o’
     Found ‘srand’, possibly from ‘srand’ (C)
     Object: ‘cs.o’
    
    Compiled code should not call entry points which might terminate R nor
    write to stdout/stderr instead of to the console, nor the C RNG.
    
    See ‘Writing portable packages’ in the ‘Writing R Extensions’ manual.
Flavors: r-devel-linux-x86_64-debian-clang, r-devel-linux-x86_64-debian-gcc, r-devel-linux-x86_64-fedora-clang, r-devel-linux-x86_64-fedora-gcc, r-patched-linux-x86_64, r-patched-solaris-sparc, r-patched-solaris-x86

Version: 1.1-4
Check: compiled code
Result: NOTE
    File ‘Matrix/libs/Matrix.so’:
     Found ‘_rand’, possibly from ‘rand’ (C)
     Object: ‘cs.o’
     Found ‘_srand’, possibly from ‘srand’ (C)
     Object: ‘cs.o’
    
    Compiled code should not call entry points which might terminate R nor
    write to stdout/stderr instead of to the console, nor the C RNG.
    
    See ‘Writing portable packages’ in the ‘Writing R Extensions’ manual.
Flavor: r-devel-osx-x86_64-clang

Version: 1.1-4
Check: package dependencies
Result: NOTE
    Package which this enhances but not available for checking: ‘graph’
Flavor: r-release-osx-x86_64-mavericks

Version: 1.1-4
Check: Rd cross-references
Result: NOTE
    Package unavailable to check Rd xrefs: ‘graph’
Flavor: r-release-osx-x86_64-mavericks