CRAN Package Check Results for Package Matrix

Last updated on 2017-02-23 23:49:38.

Flavor Version Tinstall Tcheck Ttotal Status Flags
r-devel-linux-x86_64-debian-clang 1.2-8 69.66 192.20 261.86 OK
r-devel-linux-x86_64-debian-gcc 1.2-8 58.50 190.36 248.87 OK
r-devel-linux-x86_64-fedora-clang 1.2-8 508.94 OK --no-stop-on-test-error
r-devel-linux-x86_64-fedora-gcc 1.2-8 474.74 OK --no-stop-on-test-error
r-devel-macos-x86_64-clang 1.2-8 390.89 OK --no-stop-on-test-error
r-devel-windows-ix86+x86_64 1.2-8 283.00 594.00 877.00 WARN
r-patched-linux-x86_64 1.2-8 53.69 182.62 236.31 OK
r-patched-solaris-sparc 1.2-8 OK
r-patched-solaris-x86 1.2-8 OK
r-release-linux-x86_64 1.2-8 54.70 177.60 232.30 OK
r-release-osx-x86_64-mavericks 1.2-8 OK
r-release-windows-ix86+x86_64 1.2-8 297.00 532.00 829.00 OK
r-oldrel-windows-ix86+x86_64 1.2-8 413.00 726.00 1139.00 OK

Check Details

Version: 1.2-8
Check: whether package can be installed
Result: WARN
    Found the following significant warnings:
     ../Check/cholmod_write.c:132:2: warning: ISO C does not support the 'I64' ms_printf length modifier [-Wformat=]
     ../Check/cholmod_write.c:265:5: warning: ISO C does not support the 'I64' ms_printf length modifier [-Wformat=]
     ../Check/cholmod_write.c:577:5: warning: ISO C does not support the 'I64' ms_printf length modifier [-Wformat=]
     ../Check/cholmod_write.c:716:5: warning: ISO C does not support the 'I64' ms_printf length modifier [-Wformat=]
Flavor: r-devel-windows-ix86+x86_64