CRAN Package Check Results for Package MatrixModels

Last updated on 2017-08-21 09:48:03.

Flavor Version Tinstall Tcheck Ttotal Status Flags
r-devel-linux-x86_64-debian-clang 0.4-1 4.45 37.82 42.27 OK
r-devel-linux-x86_64-debian-gcc 0.4-1 4.20 36.03 40.23 OK
r-devel-linux-x86_64-fedora-clang 0.4-1 94.79 OK
r-devel-linux-x86_64-fedora-gcc 0.4-1 97.35 OK
r-devel-windows-ix86+x86_64 0.4-1 10.00 61.00 71.00 OK
r-patched-linux-x86_64 0.4-1 4.72 36.78 41.50 OK
r-patched-solaris-x86 0.4-1 119.10 OK
r-release-linux-x86_64 0.4-1 4.20 37.39 41.60 OK
r-release-windows-ix86+x86_64 0.4-1 13.00 7.00 20.00 ERROR
r-release-osx-x86_64 0.4-1 OK
r-oldrel-windows-ix86+x86_64 0.4-1 9.00 54.00 63.00 OK
r-oldrel-osx-x86_64 0.4-1 OK

Check Details

Version: 0.4-1
Check: whether package can be installed
Result: ERROR
    Installation failed.
Flavor: r-release-windows-ix86+x86_64