CRAN Package Check Results for Package MatrixModels

Last updated on 2016-02-12 09:50:47.

Flavor Version Tinstall Tcheck Ttotal Status Flags
r-devel-linux-x86_64-debian-gcc 0.4-1 3.01 34.18 37.19 OK
r-devel-linux-x86_64-fedora-clang 0.4-1 74.23 OK
r-devel-linux-x86_64-fedora-gcc 0.4-1 69.74 OK
r-devel-osx-x86_64-clang 0.4-1 79.64 OK
r-devel-windows-ix86+x86_64 0.4-1 9.00 74.00 83.00 OK
r-patched-linux-x86_64 0.4-1 3.46 36.56 40.02 OK
r-patched-solaris-sparc 0.4-1 468.70 OK
r-patched-solaris-x86 0.4-1 102.80 OK
r-release-linux-x86_64 0.4-1 3.39 36.71 40.09 OK
r-release-osx-x86_64-mavericks 0.4-1 OK
r-release-windows-ix86+x86_64 0.4-1 11.00 58.00 69.00 OK
r-oldrel-windows-ix86+x86_64 0.4-1 14.00 71.00 85.00 WARN

Check Details

Version: 0.4-1
Check: whether package can be installed
Result: WARN
    Found the following significant warnings:
     Warning: class "xMatrix" is defined (with package slot 'Matrix') but no metadata object found to revise subclass information---not exported? Making a copy in package 'MatrixModels'
Flavor: r-oldrel-windows-ix86+x86_64