CRAN Package Check Results for Package MatrixModels

Last updated on 2015-02-01 17:50:11.

Flavor Version Tinstall Tcheck Ttotal Status Flags
r-devel-linux-x86_64-debian-clang 0.4-0 3.40 34.78 38.18 NOTE
r-devel-linux-x86_64-debian-gcc 0.4-0 3.06 34.33 37.38 NOTE
r-devel-linux-x86_64-fedora-clang 0.4-0 110.16 NOTE
r-devel-linux-x86_64-fedora-gcc 0.4-0 79.55 NOTE
r-devel-osx-x86_64-clang 0.4-0 82.47 NOTE
r-devel-windows-ix86+x86_64 0.4-0 11.00 53.00 64.00 NOTE
r-patched-linux-x86_64 0.4-0 3.88 42.63 46.50 NOTE
r-patched-solaris-sparc 0.4-0 556.80 NOTE
r-patched-solaris-x86 0.4-0 144.20 NOTE
r-release-linux-ix86 0.4-0 4.51 50.88 55.39 NOTE
r-release-linux-x86_64 0.4-0 4.04 43.02 47.06 NOTE
r-release-osx-x86_64-mavericks 0.4-0 NOTE
r-release-osx-x86_64-snowleopard 0.4-0 NOTE
r-release-windows-ix86+x86_64 0.4-0 9.00 65.00 74.00 NOTE
r-oldrel-windows-ix86+x86_64 0.4-0 10.00 63.00 73.00 NOTE

Check Details

Version: 0.4-0
Check: foreign function calls
Result: NOTE
    Foreign function calls to a different package:
     .Call(Matrix:::dgCMatrix_cholsol, ...)
     .Call(Matrix:::dgCMatrix_qrsol, ...)
    See chapter ‘System and foreign language interfaces’ in the ‘Writing R
    Extensions’ manual.
Flavors: r-devel-linux-x86_64-debian-clang, r-devel-linux-x86_64-debian-gcc, r-devel-linux-x86_64-fedora-clang, r-devel-linux-x86_64-fedora-gcc, r-devel-osx-x86_64-clang, r-devel-windows-ix86+x86_64

Version: 0.4-0
Check: foreign function calls
Result: NOTE
    Foreign function calls to a different package:
     .Call(Matrix:::dgCMatrix_cholsol, ...)
     .Call(Matrix:::dgCMatrix_qrsol, ...)
    See the chapter ‘System and foreign language interfaces’ of the
    ‘Writing R Extensions’ manual.
Flavors: r-patched-linux-x86_64, r-patched-solaris-sparc, r-patched-solaris-x86, r-release-linux-ix86, r-release-linux-x86_64, r-release-osx-x86_64-mavericks, r-release-osx-x86_64-snowleopard, r-release-windows-ix86+x86_64, r-oldrel-windows-ix86+x86_64