CRAN Package Check Results for Package MatrixModels

Last updated on 2014-04-24 23:48:06.

Flavor Version Tinstall Tcheck Ttotal Status Flags
r-devel-linux-x86_64-debian-clang 0.3-1.1 4.17 44.83 49.00 NOTE
r-devel-linux-x86_64-debian-gcc 0.3-1.1 4.09 44.45 48.54 NOTE
r-devel-linux-x86_64-fedora-clang 0.3-1.1 115.43 NOTE
r-devel-linux-x86_64-fedora-gcc 0.3-1.1 111.48 NOTE
r-devel-osx-x86_64-clang 0.3-1.1 92.72 NOTE
r-devel-osx-x86_64-gcc 0.3-1.1 NOTE
r-devel-windows-ix86+x86_64 0.3-1.1 10.00 62.00 72.00 NOTE
r-patched-linux-x86_64 0.3-1.1 4.02 43.91 47.93 NOTE
r-patched-solaris-sparc 0.3-1.1 608.00 NOTE
r-patched-solaris-x86 0.3-1.1 146.00 NOTE
r-release-linux-ix86 0.3-1.1 7.00 72.00 79.00 NOTE
r-release-linux-x86_64 0.3-1.1 4.01 45.22 49.24 NOTE
r-release-osx-x86_64-mavericks 0.3-1.1 WARN
r-release-osx-x86_64-snowleopard 0.3-1.1 NOTE
r-release-windows-ix86+x86_64 0.3-1.1 10.00 62.00 72.00 NOTE
r-oldrel-windows-ix86+x86_64 0.3-1.1 11.00 57.00 68.00 NOTE

Check Details

Version: 0.3-1.1
Check: dependencies in R code
Result: NOTE
    Package in Depends field not imported from: ‘methods’
     These packages need to be imported from (in the NAMESPACE file)
     for when this namespace is loaded but not attached.
    Unexported objects imported by ':::' calls:
     ‘Matrix:::dgCMatrix_cholsol’ ‘Matrix:::dgCMatrix_qrsol’
     See the note in ?`:::` about the use of this operator.
    See the information on DESCRIPTION files in the chapter ‘Creating R
    packages’ of the ‘Writing R Extensions’ manual.
Flavors: r-devel-linux-x86_64-debian-clang, r-devel-linux-x86_64-debian-gcc, r-devel-linux-x86_64-fedora-clang, r-devel-linux-x86_64-fedora-gcc, r-devel-osx-x86_64-clang, r-devel-osx-x86_64-gcc, r-devel-windows-ix86+x86_64, r-patched-linux-x86_64, r-patched-solaris-sparc, r-patched-solaris-x86, r-release-linux-ix86, r-release-linux-x86_64, r-release-osx-x86_64-mavericks, r-release-windows-ix86+x86_64, r-oldrel-windows-ix86+x86_64

Version: 0.3-1.1
Check: foreign function calls
Result: NOTE
    Foreign function calls to a different package:
     .Call(Matrix:::dgCMatrix_cholsol, ...)
     .Call(Matrix:::dgCMatrix_qrsol, ...)
    See the chapter ‘System and foreign language interfaces’ of the
    ‘Writing R Extensions’ manual.
Flavors: r-devel-linux-x86_64-debian-clang, r-devel-linux-x86_64-debian-gcc, r-devel-linux-x86_64-fedora-clang, r-devel-linux-x86_64-fedora-gcc, r-devel-osx-x86_64-clang, r-devel-osx-x86_64-gcc, r-devel-windows-ix86+x86_64, r-patched-linux-x86_64, r-patched-solaris-sparc, r-patched-solaris-x86, r-release-linux-ix86, r-release-linux-x86_64, r-release-osx-x86_64-mavericks, r-release-osx-x86_64-snowleopard, r-release-windows-ix86+x86_64, r-oldrel-windows-ix86+x86_64

Version: 0.3-1.1
Check: R code for possible problems
Result: NOTE
    IRLS: no visible binding for global variable ‘MXITER’
    IRLS: no visible binding for global variable ‘warnOnly’
    IRLS: no visible binding for global variable ‘verbose’
    IRLS: no visible binding for global variable ‘quick’
    IRLS: no visible binding for global variable ‘TOL’
    IRLS: no visible binding for global variable ‘SMIN’
    IRLS: no visible binding for global variable ‘finalUpdate’
Flavors: r-devel-linux-x86_64-debian-clang, r-devel-linux-x86_64-debian-gcc, r-devel-linux-x86_64-fedora-clang, r-devel-linux-x86_64-fedora-gcc, r-devel-osx-x86_64-clang, r-devel-osx-x86_64-gcc, r-devel-windows-ix86+x86_64, r-patched-linux-x86_64, r-patched-solaris-sparc, r-patched-solaris-x86, r-release-linux-ix86, r-release-linux-x86_64, r-release-osx-x86_64-mavericks, r-release-osx-x86_64-snowleopard, r-release-windows-ix86+x86_64, r-oldrel-windows-ix86+x86_64

Version: 0.3-1.1
Check: PDF version of manual
Result: WARNING
    LaTeX errors when creating PDF version.
    This typically indicates Rd problems.
    LaTeX errors found:
    ! LaTeX Error: File `upquote.sty' not found.
    
    Type X to quit or <RETURN> to proceed,
    or enter new name. (Default extension: sty)
    
    7fac593/Rd2.tex:8: ==> Fatal error occurred, no output PDF file produced!
Flavor: r-release-osx-x86_64-mavericks

Version: 0.3-1.1
Check: dependencies in R code
Result: NOTE
    Package in Depends field not imported from: ‘methods’
     These packages need to be imported from for the case when
     this namespace is loaded but not attached.
    Unexported objects imported by ‘:::’ calls:
     ‘Matrix:::dgCMatrix_cholsol’ ‘Matrix:::dgCMatrix_qrsol’
     See the note in ?`:::` about the use of this operator.
    See the information on DESCRIPTION files in the chapter ‘Creating R
    packages’ of the ‘Writing R Extensions’ manual.
Flavor: r-release-osx-x86_64-snowleopard