CRAN Package Check Results for Package MatrixModels

Last updated on 2014-07-31 17:48:23.

Flavor Version Tinstall Tcheck Ttotal Status Flags
r-devel-linux-x86_64-debian-clang 0.3-1.1 3.93 42.75 46.68 NOTE
r-devel-linux-x86_64-debian-gcc 0.3-1.1 3.81 42.42 46.23 NOTE
r-devel-linux-x86_64-fedora-clang 0.3-1.1 115.11 NOTE
r-devel-linux-x86_64-fedora-gcc 0.3-1.1 108.08 NOTE
r-devel-osx-x86_64-clang 0.3-1.1 90.58 NOTE
r-devel-windows-ix86+x86_64 0.3-1.1 9.00 63.00 72.00 NOTE
r-patched-linux-x86_64 0.3-1.1 3.90 42.63 46.52 NOTE
r-patched-solaris-sparc 0.3-1.1 602.90 NOTE
r-patched-solaris-x86 0.3-1.1 147.50 NOTE
r-release-linux-ix86 0.3-1.1 4.67 52.42 57.09 NOTE
r-release-linux-x86_64 0.3-1.1 4.09 42.82 46.92 NOTE
r-release-osx-x86_64-mavericks 0.3-1.1 NOTE
r-release-osx-x86_64-snowleopard 0.3-1.1 NOTE
r-release-windows-ix86+x86_64 0.3-1.1 14.00 84.00 98.00 NOTE
r-oldrel-windows-ix86+x86_64 0.3-1.1 13.00 79.00 92.00 NOTE

Check Details

Version: 0.3-1.1
Check: dependencies in R code
Result: NOTE
    Package in Depends field not imported from: methods
     These packages need to be imported from (in the NAMESPACE file)
     for when this namespace is loaded but not attached.
    Unexported objects imported by ':::' calls:
     Matrix:::dgCMatrix_cholsol Matrix:::dgCMatrix_qrsol
     See the note in ?`:::` about the use of this operator.
    See the information on DESCRIPTION files in the chapter Creating R
    packages of the Writing R Extensions manual.
Flavors: r-devel-linux-x86_64-debian-clang, r-devel-linux-x86_64-debian-gcc, r-devel-linux-x86_64-fedora-clang, r-devel-linux-x86_64-fedora-gcc, r-devel-osx-x86_64-clang, r-devel-windows-ix86+x86_64, r-patched-linux-x86_64, r-patched-solaris-sparc, r-patched-solaris-x86, r-release-linux-ix86, r-release-linux-x86_64, r-release-osx-x86_64-mavericks, r-release-windows-ix86+x86_64, r-oldrel-windows-ix86+x86_64

Version: 0.3-1.1
Check: foreign function calls
Result: NOTE
    Foreign function calls to a different package:
     .Call(Matrix:::dgCMatrix_cholsol, ...)
     .Call(Matrix:::dgCMatrix_qrsol, ...)
    See the chapter System and foreign language interfaces of the
     Writing R Extensions manual.
Flavors: r-devel-linux-x86_64-debian-clang, r-devel-linux-x86_64-debian-gcc, r-devel-linux-x86_64-fedora-clang, r-devel-linux-x86_64-fedora-gcc, r-devel-osx-x86_64-clang, r-devel-windows-ix86+x86_64, r-patched-linux-x86_64, r-patched-solaris-sparc, r-patched-solaris-x86, r-release-linux-ix86, r-release-linux-x86_64, r-release-osx-x86_64-mavericks, r-release-osx-x86_64-snowleopard, r-release-windows-ix86+x86_64, r-oldrel-windows-ix86+x86_64

Version: 0.3-1.1
Check: R code for possible problems
Result: NOTE
    IRLS: no visible binding for global variable MXITER
    IRLS: no visible binding for global variable warnOnly
    IRLS: no visible binding for global variable verbose
    IRLS: no visible binding for global variable quick
    IRLS: no visible binding for global variable TOL
    IRLS: no visible binding for global variable SMIN
    IRLS: no visible binding for global variable finalUpdate
Flavors: r-devel-linux-x86_64-debian-clang, r-devel-linux-x86_64-debian-gcc, r-devel-linux-x86_64-fedora-clang, r-devel-linux-x86_64-fedora-gcc, r-devel-osx-x86_64-clang, r-devel-windows-ix86+x86_64, r-patched-linux-x86_64, r-patched-solaris-sparc, r-patched-solaris-x86, r-release-linux-ix86, r-release-linux-x86_64, r-release-osx-x86_64-mavericks, r-release-osx-x86_64-snowleopard, r-release-windows-ix86+x86_64, r-oldrel-windows-ix86+x86_64

Version: 0.3-1.1
Check: dependencies in R code
Result: NOTE
    Package in Depends field not imported from: methods
     These packages need to be imported from for the case when
     this namespace is loaded but not attached.
    Unexported objects imported by ::: calls:
     Matrix:::dgCMatrix_cholsol Matrix:::dgCMatrix_qrsol
     See the note in ?`:::` about the use of this operator.
    See the information on DESCRIPTION files in the chapter Creating R
    packages of the Writing R Extensions manual.
Flavor: r-release-osx-x86_64-snowleopard