CRAN Package Check Results for Package MatrixModels

Last updated on 2015-05-27 06:46:50.

Flavor Version Tinstall Tcheck Ttotal Status Flags
r-devel-linux-x86_64-debian-clang 0.4-0 3.16 36.49 39.64 NOTE
r-devel-linux-x86_64-debian-gcc 0.4-0 3.08 36.51 39.59 NOTE
r-devel-linux-x86_64-fedora-clang 0.4-0 81.75 NOTE
r-devel-linux-x86_64-fedora-gcc 0.4-0 76.70 NOTE
r-devel-osx-x86_64-clang 0.4-0 70.60 NOTE
r-devel-windows-ix86+x86_64 0.4-0 9.00 55.00 64.00 NOTE
r-patched-linux-x86_64 0.4-0 3.24 35.86 39.10 NOTE
r-patched-solaris-sparc 0.4-0 481.70 NOTE
r-patched-solaris-x86 0.4-0 111.00 NOTE
r-release-linux-x86_64 0.4-0 3.15 35.83 38.98 NOTE
r-release-osx-x86_64-mavericks 0.4-0 NOTE
r-release-osx-x86_64-snowleopard 0.4-0 NOTE
r-release-windows-ix86+x86_64 0.4-0 8.00 53.00 61.00 NOTE
r-oldrel-windows-ix86+x86_64 0.4-0 11.00 84.00 95.00 WARN

Check Details

Version: 0.4-0
Check: foreign function calls
Result: NOTE
    Foreign function calls to a different package:
     .Call(Matrix:::dgCMatrix_cholsol, ...)
     .Call(Matrix:::dgCMatrix_qrsol, ...)
    See chapter ‘System and foreign language interfaces’ in the ‘Writing R
    Extensions’ manual.
Flavors: r-devel-linux-x86_64-debian-clang, r-devel-linux-x86_64-debian-gcc, r-devel-linux-x86_64-fedora-clang, r-devel-linux-x86_64-fedora-gcc, r-devel-osx-x86_64-clang, r-devel-windows-ix86+x86_64, r-patched-linux-x86_64, r-patched-solaris-sparc, r-patched-solaris-x86, r-release-linux-x86_64, r-release-osx-x86_64-mavericks, r-release-osx-x86_64-snowleopard, r-release-windows-ix86+x86_64, r-oldrel-windows-ix86+x86_64

Version: 0.4-0
Check: whether package can be installed
Result: WARN
    Found the following significant warnings:
     Warning: class "xMatrix" is defined (with package slot 'Matrix') but no metadata object found to revise subclass information---not exported? Making a copy in package 'MatrixModels'
Flavor: r-oldrel-windows-ix86+x86_64