CRAN Package Check Results for Package MatrixModels

Last updated on 2015-04-01 03:49:20.

Flavor Version Tinstall Tcheck Ttotal Status Flags
r-devel-linux-x86_64-debian-clang 0.4-0 3.34 36.39 39.72 NOTE
r-devel-linux-x86_64-debian-gcc 0.4-0 3.07 35.84 38.92 NOTE
r-devel-linux-x86_64-fedora-clang 0.4-0 80.72 NOTE
r-devel-linux-x86_64-fedora-gcc 0.4-0 75.03 NOTE
r-devel-osx-x86_64-clang 0.4-0 76.54 NOTE
r-prerel-windows-ix86+x86_64 0.4-0 10.00 54.00 64.00 NOTE
r-prerel-linux-x86_64 0.4-0 3.08 35.33 38.42 NOTE
r-prerel-solaris-sparc 0.4-0 472.80 NOTE
r-prerel-solaris-x86 0.4-0 106.70 NOTE
r-release-linux-x86_64 0.4-0 3.91 42.95 46.86 NOTE
r-release-osx-x86_64-mavericks 0.4-0 NOTE
r-release-osx-x86_64-snowleopard 0.4-0 NOTE
r-release-windows-ix86+x86_64 0.4-0 10.00 60.00 70.00 NOTE
r-oldrel-windows-ix86+x86_64 0.4-0 9.00 59.00 68.00 NOTE

Check Details

Version: 0.4-0
Check: foreign function calls
Result: NOTE
    Foreign function calls to a different package:
     .Call(Matrix:::dgCMatrix_cholsol, ...)
     .Call(Matrix:::dgCMatrix_qrsol, ...)
    See chapter ‘System and foreign language interfaces’ in the ‘Writing R
    Extensions’ manual.
Flavors: r-devel-linux-x86_64-debian-clang, r-devel-linux-x86_64-debian-gcc, r-devel-linux-x86_64-fedora-clang, r-devel-linux-x86_64-fedora-gcc, r-devel-osx-x86_64-clang, r-prerel-windows-ix86+x86_64, r-prerel-linux-x86_64, r-prerel-solaris-sparc, r-prerel-solaris-x86, r-release-linux-x86_64, r-release-windows-ix86+x86_64

Version: 0.4-0
Check: foreign function calls
Result: NOTE
    Foreign function calls to a different package:
     .Call(Matrix:::dgCMatrix_cholsol, ...)
     .Call(Matrix:::dgCMatrix_qrsol, ...)
    See the chapter ‘System and foreign language interfaces’ of the
    ‘Writing R Extensions’ manual.
Flavors: r-release-osx-x86_64-mavericks, r-release-osx-x86_64-snowleopard, r-oldrel-windows-ix86+x86_64