CRAN Package Check Results for Package MatrixModels

Last updated on 2016-09-28 05:48:20.

Flavor Version Tinstall Tcheck Ttotal Status Flags
r-devel-linux-x86_64-debian-clang 0.4-1 2.62 30.71 33.33 OK
r-devel-linux-x86_64-debian-gcc 0.4-1 2.62 31.82 34.44 OK
r-devel-linux-x86_64-fedora-clang 0.4-1 70.42 OK
r-devel-linux-x86_64-fedora-gcc 0.4-1 69.07 OK
r-devel-macos-x86_64-clang 0.4-1 54.99 OK
r-devel-windows-ix86+x86_64 0.4-1 9.00 72.00 81.00 OK
r-patched-linux-x86_64 0.4-1 2.60 31.33 33.93 OK
r-patched-solaris-sparc 0.4-1 458.20 WARN
r-patched-solaris-x86 0.4-1 95.90 WARN
r-release-linux-x86_64 0.4-1 2.76 32.12 34.88 OK
r-release-osx-x86_64-mavericks 0.4-1 OK
r-release-windows-ix86+x86_64 0.4-1 10.00 54.00 64.00 OK
r-oldrel-windows-ix86+x86_64 0.4-1 10.00 73.00 83.00 OK

Check Details

Version: 0.4-1
Check: Rd cross-references
Result: WARN
    Missing link or links in documentation object 'resid-et-al.Rd':
     ‘Methods’
    
    See section 'Cross-references' in the 'Writing R Extensions' manual.
Flavors: r-patched-solaris-sparc, r-patched-solaris-x86