CRAN Package Check Results for Package MatrixModels

Last updated on 2015-03-06 09:49:36.

Flavor Version Tinstall Tcheck Ttotal Status Flags
r-devel-linux-x86_64-debian-clang 0.4-0 3.10 35.96 39.06 NOTE
r-devel-linux-x86_64-debian-gcc 0.4-0 3.00 34.55 37.55 NOTE
r-devel-linux-x86_64-fedora-clang 0.4-0 81.75 NOTE
r-devel-linux-x86_64-fedora-gcc 0.4-0 75.24 NOTE
r-devel-osx-x86_64-clang 0.4-0 74.86 NOTE
r-devel-windows-ix86+x86_64 0.4-0 8.00 57.00 65.00 NOTE
r-patched-linux-x86_64 0.4-0 3.84 43.78 47.62 NOTE
r-patched-solaris-sparc 0.4-0 623.10 NOTE
r-patched-solaris-x86 0.4-0 144.70 NOTE
r-release-linux-ix86 0.4-0 4.95 50.97 55.92 NOTE
r-release-linux-x86_64 0.4-0 3.86 42.35 46.21 NOTE
r-release-osx-x86_64-mavericks 0.4-0 NOTE
r-release-osx-x86_64-snowleopard 0.4-0 NOTE
r-release-windows-ix86+x86_64 0.4-0 10.00 66.00 76.00 NOTE
r-oldrel-windows-ix86+x86_64 0.4-0 10.00 86.00 96.00 NOTE

Check Details

Version: 0.4-0
Check: foreign function calls
Result: NOTE
    Foreign function calls to a different package:
     .Call(Matrix:::dgCMatrix_cholsol, ...)
     .Call(Matrix:::dgCMatrix_qrsol, ...)
    See chapter ‘System and foreign language interfaces’ in the ‘Writing R
    Extensions’ manual.
Flavors: r-devel-linux-x86_64-debian-clang, r-devel-linux-x86_64-debian-gcc, r-devel-linux-x86_64-fedora-clang, r-devel-linux-x86_64-fedora-gcc, r-devel-osx-x86_64-clang, r-devel-windows-ix86+x86_64, r-patched-linux-x86_64, r-patched-solaris-sparc, r-patched-solaris-x86

Version: 0.4-0
Check: foreign function calls
Result: NOTE
    Foreign function calls to a different package:
     .Call(Matrix:::dgCMatrix_cholsol, ...)
     .Call(Matrix:::dgCMatrix_qrsol, ...)
    See the chapter ‘System and foreign language interfaces’ of the
    ‘Writing R Extensions’ manual.
Flavors: r-release-linux-ix86, r-release-linux-x86_64, r-release-osx-x86_64-mavericks, r-release-osx-x86_64-snowleopard, r-release-windows-ix86+x86_64, r-oldrel-windows-ix86+x86_64