CRAN Package Check Results for Package MatrixModels

Last updated on 2015-07-06 10:47:07.

Flavor Version Tinstall Tcheck Ttotal Status Flags
r-devel-linux-x86_64-debian-clang 0.4-0 3.14 35.83 38.97 NOTE
r-devel-linux-x86_64-debian-gcc 0.4-0 3.08 35.14 38.22 NOTE
r-devel-linux-x86_64-fedora-clang 0.4-0 80.56 NOTE
r-devel-linux-x86_64-fedora-gcc 0.4-0 75.62 NOTE
r-devel-osx-x86_64-clang 0.4-0 70.66 NOTE
r-devel-windows-ix86+x86_64 0.4-0 12.00 81.00 93.00 NOTE
r-patched-linux-x86_64 0.4-0 3.06 36.22 39.28 NOTE
r-patched-solaris-sparc 0.4-0 481.70 NOTE
r-patched-solaris-x86 0.4-0 111.70 NOTE
r-release-linux-x86_64 0.4-0 3.14 35.60 38.75 NOTE
r-release-osx-x86_64-mavericks 0.4-0 NOTE
r-release-windows-ix86+x86_64 0.4-0 11.00 78.00 89.00 NOTE
r-oldrel-windows-ix86+x86_64 0.4-0 10.00 92.00 102.00 WARN

Check Details

Version: 0.4-0
Check: foreign function calls
Result: NOTE
    Foreign function calls to a different package:
     .Call(Matrix:::dgCMatrix_cholsol, ...)
     .Call(Matrix:::dgCMatrix_qrsol, ...)
    See chapter ‘System and foreign language interfaces’ in the ‘Writing R
    Extensions’ manual.
Flavors: r-devel-linux-x86_64-debian-clang, r-devel-linux-x86_64-debian-gcc, r-devel-linux-x86_64-fedora-clang, r-devel-linux-x86_64-fedora-gcc, r-devel-osx-x86_64-clang, r-devel-windows-ix86+x86_64, r-patched-linux-x86_64, r-patched-solaris-sparc, r-patched-solaris-x86, r-release-linux-x86_64, r-release-osx-x86_64-mavericks, r-release-windows-ix86+x86_64, r-oldrel-windows-ix86+x86_64

Version: 0.4-0
Check: R code for possible problems
Result: NOTE
    mkRespMod: Error while checking: invalid ‘envir’ argument
Flavors: r-devel-linux-x86_64-debian-clang, r-devel-linux-x86_64-debian-gcc, r-devel-linux-x86_64-fedora-clang, r-devel-linux-x86_64-fedora-gcc

Version: 0.4-0
Check: R code for possible problems
Result: NOTE
    mkRespMod: no visible global function definition for 'Quote'
    Undefined global functions or variables:
     Quote
Flavor: r-devel-windows-ix86+x86_64

Version: 0.4-0
Check: whether package can be installed
Result: WARN
    Found the following significant warnings:
     Warning: class "xMatrix" is defined (with package slot 'Matrix') but no metadata object found to revise subclass information---not exported? Making a copy in package 'MatrixModels'
Flavor: r-oldrel-windows-ix86+x86_64