CRAN Package Check Results for Package MatrixModels

Last updated on 2015-09-03 19:47:18.

Flavor Version Tinstall Tcheck Ttotal Status Flags
r-devel-linux-x86_64-debian-clang 0.4-1 2.91 34.27 37.18 OK
r-devel-linux-x86_64-debian-gcc 0.4-1 2.86 34.26 37.12 OK
r-devel-linux-x86_64-fedora-clang 0.4-1 77.85 OK
r-devel-linux-x86_64-fedora-gcc 0.4-1 73.10 OK
r-devel-osx-x86_64-clang 0.4-1 65.85 OK
r-devel-windows-ix86+x86_64 0.4-1 12.00 76.00 88.00 OK
r-patched-linux-x86_64 0.4-1 3.29 36.32 39.61 OK
r-patched-solaris-sparc 0.4-1 444.00 OK
r-patched-solaris-x86 0.4-1 110.00 OK
r-release-linux-x86_64 0.4-1 3.17 36.00 39.17 OK
r-release-osx-x86_64-mavericks 0.4-1 OK
r-release-windows-ix86+x86_64 0.4-1 11.00 57.00 68.00 OK
r-oldrel-windows-ix86+x86_64 0.4-1 14.00 78.00 92.00 WARN

Check Details

Version: 0.4-1
Check: whether package can be installed
Result: WARN
    Found the following significant warnings:
     Warning: class "xMatrix" is defined (with package slot 'Matrix') but no metadata object found to revise subclass information---not exported? Making a copy in package 'MatrixModels'
Flavor: r-oldrel-windows-ix86+x86_64