CRAN Package Check Results for Package MatrixModels

Last updated on 2016-05-05 14:47:38.

Flavor Version Tinstall Tcheck Ttotal Status Flags
r-devel-linux-x86_64-debian-gcc 0.4-1 2.98 35.00 37.97 OK
r-devel-linux-x86_64-fedora-clang 0.4-1 76.69 OK
r-devel-linux-x86_64-fedora-gcc 0.4-1 71.00 OK
r-devel-osx-x86_64-clang 0.4-1 78.34 OK
r-devel-windows-ix86+x86_64 0.4-1 6.00 59.00 65.00 OK
r-patched-linux-x86_64 0.4-1 2.86 34.22 37.07 OK
r-patched-solaris-sparc 0.4-1 497.40 OK
r-patched-solaris-x86 0.4-1 98.40 OK
r-release-linux-x86_64 0.4-1 2.86 34.80 37.66 OK
r-release-osx-x86_64-mavericks 0.4-1 OK
r-release-windows-ix86+x86_64 0.4-1 6.00 59.00 65.00 OK
r-oldrel-windows-ix86+x86_64 0.4-1 9.00 2.00 11.00 ERROR

Check Details

Version: 0.4-1
Check: whether package can be installed
Result: ERROR
    Installation failed.
Flavor: r-oldrel-windows-ix86+x86_64