CRAN Package Check Results for Package MatrixModels

Last updated on 2014-09-19 00:46:58.

Flavor Version Tinstall Tcheck Ttotal Status Flags
r-devel-linux-x86_64-debian-clang 0.3-1.1 3.89 45.17 49.06 NOTE
r-devel-linux-x86_64-debian-gcc 0.3-1.1 3.73 42.18 45.91 NOTE
r-devel-linux-x86_64-fedora-clang 0.3-1.1 109.71 NOTE
r-devel-linux-x86_64-fedora-gcc 0.3-1.1 147.78 NOTE
r-devel-osx-x86_64-clang 0.3-1.1 86.97 NOTE
r-devel-windows-ix86+x86_64 0.3-1.1 9.00 59.00 68.00 NOTE
r-patched-linux-x86_64 0.3-1.1 3.91 43.86 47.77 NOTE
r-patched-solaris-sparc 0.3-1.1 602.90 NOTE
r-patched-solaris-x86 0.3-1.1 146.40 NOTE
r-release-linux-ix86 0.3-1.1 4.68 53.02 57.70 NOTE
r-release-linux-x86_64 0.3-1.1 3.97 43.90 47.88 NOTE
r-release-osx-x86_64-mavericks 0.3-1.1 NOTE
r-release-osx-x86_64-snowleopard 0.3-1.1 NOTE
r-release-windows-ix86+x86_64 0.3-1.1 9.00 59.00 68.00 NOTE
r-oldrel-windows-ix86+x86_64 0.3-1.1 8.00 56.00 64.00 NOTE

Check Details

Version: 0.3-1.1
Check: dependencies in R code
Result: NOTE
    Package in Depends field not imported from: ‘methods’
     These packages need to be imported from (in the NAMESPACE file)
     for when this namespace is loaded but not attached.
    Unexported objects imported by ':::' calls:
     ‘Matrix:::dgCMatrix_cholsol’ ‘Matrix:::dgCMatrix_qrsol’
     See the note in ?`:::` about the use of this operator.
    See the information on DESCRIPTION files in the chapter ‘Creating R
    packages’ of the ‘Writing R Extensions’ manual.
Flavors: r-devel-linux-x86_64-debian-clang, r-devel-linux-x86_64-debian-gcc, r-devel-linux-x86_64-fedora-clang, r-devel-linux-x86_64-fedora-gcc, r-devel-osx-x86_64-clang, r-devel-windows-ix86+x86_64, r-patched-linux-x86_64, r-patched-solaris-sparc, r-patched-solaris-x86, r-release-linux-ix86, r-release-linux-x86_64, r-release-osx-x86_64-mavericks, r-release-windows-ix86+x86_64, r-oldrel-windows-ix86+x86_64

Version: 0.3-1.1
Check: foreign function calls
Result: NOTE
    Foreign function calls to a different package:
     .Call(Matrix:::dgCMatrix_cholsol, ...)
     .Call(Matrix:::dgCMatrix_qrsol, ...)
    See the chapter ‘System and foreign language interfaces’ of the
    ‘Writing R Extensions’ manual.
Flavors: r-devel-linux-x86_64-debian-clang, r-devel-linux-x86_64-debian-gcc, r-devel-linux-x86_64-fedora-clang, r-devel-linux-x86_64-fedora-gcc, r-devel-osx-x86_64-clang, r-devel-windows-ix86+x86_64, r-patched-linux-x86_64, r-patched-solaris-sparc, r-patched-solaris-x86, r-release-linux-ix86, r-release-linux-x86_64, r-release-osx-x86_64-mavericks, r-release-osx-x86_64-snowleopard, r-release-windows-ix86+x86_64, r-oldrel-windows-ix86+x86_64

Version: 0.3-1.1
Check: R code for possible problems
Result: NOTE
    IRLS: no visible binding for global variable ‘MXITER’
    IRLS: no visible binding for global variable ‘warnOnly’
    IRLS: no visible binding for global variable ‘verbose’
    IRLS: no visible binding for global variable ‘quick’
    IRLS: no visible binding for global variable ‘TOL’
    IRLS: no visible binding for global variable ‘SMIN’
    IRLS: no visible binding for global variable ‘finalUpdate’
    model.Matrix: no visible global function definition for
     ‘sparse.model.matrix’
    reweightPred,sPredModule-matrix-numeric: no visible global function
     definition for ‘Diagonal’
    solveCoef,sPredModule: no visible global function definition for
     ‘isLDL’
Flavors: r-devel-linux-x86_64-debian-clang, r-devel-linux-x86_64-debian-gcc, r-devel-linux-x86_64-fedora-clang, r-devel-linux-x86_64-fedora-gcc, r-devel-osx-x86_64-clang, r-devel-windows-ix86+x86_64

Version: 0.3-1.1
Check: R code for possible problems
Result: NOTE
    IRLS: no visible binding for global variable ‘MXITER’
    IRLS: no visible binding for global variable ‘warnOnly’
    IRLS: no visible binding for global variable ‘verbose’
    IRLS: no visible binding for global variable ‘quick’
    IRLS: no visible binding for global variable ‘TOL’
    IRLS: no visible binding for global variable ‘SMIN’
    IRLS: no visible binding for global variable ‘finalUpdate’
Flavors: r-patched-linux-x86_64, r-patched-solaris-sparc, r-patched-solaris-x86, r-release-linux-ix86, r-release-linux-x86_64, r-release-osx-x86_64-mavericks, r-release-osx-x86_64-snowleopard, r-release-windows-ix86+x86_64, r-oldrel-windows-ix86+x86_64

Version: 0.3-1.1
Check: dependencies in R code
Result: NOTE
    Package in Depends field not imported from: ‘methods’
     These packages need to be imported from for the case when
     this namespace is loaded but not attached.
    Unexported objects imported by ‘:::’ calls:
     ‘Matrix:::dgCMatrix_cholsol’ ‘Matrix:::dgCMatrix_qrsol’
     See the note in ?`:::` about the use of this operator.
    See the information on DESCRIPTION files in the chapter ‘Creating R
    packages’ of the ‘Writing R Extensions’ manual.
Flavor: r-release-osx-x86_64-snowleopard