CRAN Package Check Results for Package MaxMC

Last updated on 2022-05-19 17:51:29 CEST.

Flavor Version Tinstall Tcheck Ttotal Status Flags
r-devel-linux-x86_64-debian-clang 0.1.1 2.59 47.32 49.91 NOTE
r-devel-linux-x86_64-debian-gcc 0.1.1 1.28 35.45 36.73 NOTE
r-devel-linux-x86_64-fedora-clang 0.1.1 58.31 NOTE
r-devel-linux-x86_64-fedora-gcc 0.1.1 33.28 NOTE
r-devel-windows-x86_64 0.1.1 13.00 61.00 74.00 NOTE
r-patched-linux-x86_64 0.1.1 6.37 44.99 51.36 NOTE
r-release-linux-x86_64 0.1.1 2.71 43.91 46.62 NOTE
r-release-macos-arm64 0.1.1 22.00 NOTE
r-release-macos-x86_64 0.1.1 29.00 NOTE
r-release-windows-x86_64 0.1.1 16.00 60.00 76.00 NOTE
r-oldrel-macos-arm64 0.1.1 27.00 NOTE
r-oldrel-macos-x86_64 0.1.1 40.00 NOTE
r-oldrel-windows-ix86+x86_64 0.1.1 7.00 64.00 71.00 NOTE

Check Details

Version: 0.1.1
Check: LazyData
Result: NOTE
     'LazyData' is specified without a 'data' directory
Flavors: r-devel-linux-x86_64-debian-clang, r-devel-linux-x86_64-debian-gcc, r-devel-linux-x86_64-fedora-clang, r-devel-linux-x86_64-fedora-gcc, r-devel-windows-x86_64, r-patched-linux-x86_64, r-release-linux-x86_64, r-release-macos-arm64, r-release-macos-x86_64, r-release-windows-x86_64, r-oldrel-macos-arm64, r-oldrel-macos-x86_64, r-oldrel-windows-ix86+x86_64