Last updated on 2023-02-08 07:54:35 CET.
Flavor | Version | Tinstall | Tcheck | Ttotal | Status | Flags |
---|---|---|---|---|---|---|
r-devel-linux-x86_64-debian-clang | 0.8.1 | 5.34 | 96.31 | 101.65 | OK | |
r-devel-linux-x86_64-debian-gcc | 0.8.1 | 4.83 | 73.62 | 78.45 | OK | |
r-devel-linux-x86_64-fedora-clang | 0.8.1 | 125.22 | NOTE | |||
r-devel-linux-x86_64-fedora-gcc | 0.8.1 | 134.40 | NOTE | |||
r-devel-windows-x86_64 | 0.8.1 | 249.00 | 147.00 | 396.00 | OK | |
r-patched-linux-x86_64 | 0.8.1 | 5.77 | 93.89 | 99.66 | OK | |
r-release-linux-x86_64 | 0.8.1 | 6.27 | 90.92 | 97.19 | OK | |
r-release-macos-arm64 | 0.8.1 | 50.00 | NOTE | |||
r-release-macos-x86_64 | 0.8.1 | 61.00 | NOTE | |||
r-release-windows-x86_64 | 0.8.1 | 202.00 | 145.00 | 347.00 | OK | |
r-oldrel-macos-arm64 | 0.8.1 | 51.00 | NOTE | |||
r-oldrel-macos-x86_64 | 0.8.1 | 68.00 | NOTE | |||
r-oldrel-windows-ix86+x86_64 | 0.8.1 | 16.00 | 135.00 | 151.00 | OK |
Version: 0.8.1
Check: data for non-ASCII characters
Result: NOTE
Note: found 54 marked UTF-8 strings
Flavors: r-devel-linux-x86_64-fedora-clang, r-devel-linux-x86_64-fedora-gcc, r-release-macos-arm64, r-release-macos-x86_64, r-oldrel-macos-arm64, r-oldrel-macos-x86_64