CRAN Package Check Results for Package McParre

Last updated on 2014-04-20 03:47:30.

Flavor Version Tinstall Tcheck Ttotal Status Flags
r-devel-linux-x86_64-debian-clang 1.0.1 1.34 15.91 17.25 NOTE
r-devel-linux-x86_64-debian-gcc 1.0.1 1.40 15.99 17.38 NOTE
r-devel-linux-x86_64-fedora-clang 1.0.1 31.15 NOTE
r-devel-linux-x86_64-fedora-gcc 1.0.1 30.47 NOTE
r-devel-macosx-x86_64-clang 1.0.1 32.77 NOTE
r-devel-macosx-x86_64-gcc 1.0.1 NOTE
r-devel-windows-ix86+x86_64 1.0.1 7.00 29.00 36.00 NOTE
r-patched-linux-x86_64 1.0.1 1.36 16.01 17.38 NOTE
r-patched-solaris-sparc 1.0.1 180.90 NOTE
r-patched-solaris-x86 1.0.1 43.00 NOTE
r-release-linux-ix86 NOTE
r-release-linux-x86_64 1.0.1 1.39 15.77 17.16 NOTE
r-release-macosx-x86_64 1.0.1 NOTE
r-release-windows-ix86+x86_64 1.0.1 10.00 31.00 41.00 NOTE
r-oldrel-windows-ix86+x86_64 1.0.1 8.00 30.00 38.00 NOTE

Check Details

Version: 1.0.1
Check: dependencies in R code
Result: NOTE
    'library' or 'require' call to ‘MASS’ which was already attached by Depends.
     Please remove these calls from your code.
    Package in Depends field not imported from: ‘MASS’
     These packages need to be imported from (in the NAMESPACE file)
     for when this namespace is loaded but not attached.
    See the information on DESCRIPTION files in the chapter ‘Creating R
    packages’ of the ‘Writing R Extensions’ manual.
Flavors: r-devel-linux-x86_64-debian-clang, r-devel-linux-x86_64-debian-gcc, r-devel-linux-x86_64-fedora-clang, r-devel-linux-x86_64-fedora-gcc, r-devel-macosx-x86_64-clang, r-devel-macosx-x86_64-gcc, r-devel-windows-ix86+x86_64, r-patched-linux-x86_64, r-patched-solaris-sparc, r-patched-solaris-x86, r-release-linux-ix86, r-release-linux-x86_64, r-release-windows-ix86+x86_64, r-oldrel-windows-ix86+x86_64

Version: 1.0.1
Check: Rd line widths
Result: NOTE
    Rd file 'regenProbsTopicModel.Rd':
     \usage lines wider than 90 characters:
     regenProbsTopicModel(x, y, xTil, distSetThetaAll, distSetBetaAll, K, V, wid, did, totalWords, numDocs)
    
    Rd file 'runMarkovChainRegenIP.Rd':
     \usage lines wider than 90 characters:
     runMarkovChainRegenIP(genNextState, genNextStateArgList = NULL, initialPoint, regenProbs, regenProbsArgList = NULL, transDens, transDen ... [TRUNCATED]
    
    Rd file 'runMarkovChainRegenSslave.Rd':
     \usage lines wider than 90 characters:
     runMarkovChainRegenSslave(genNextState, initialPoint, regenProbs, transDens, smallMeasure, smallFn, numericParams, nsim, nTours)
    
    Rd file 'smallFnHLMM.Rd':
     \usage lines wider than 90 characters:
     smallFnHLMM(x, xTil, Y, X, Z, r1, r2, d1, d2, beta0, Bmat, p, q, n, lamRInterval, lamDInterval)
    
    Rd file 'smallMeasureHLMM.Rd':
     \usage lines wider than 90 characters:
     smallMeasureHLMM(xTil, y, Y, X, Z, r1, r2, d1, d2, beta0, Bmat, p, q, n, lamRInterval, lamDInterval)
    
    These lines will be truncated in the PDF manual.
Flavors: r-devel-linux-x86_64-fedora-clang, r-devel-linux-x86_64-fedora-gcc

Version: 1.0.1
Check: package dependencies
Result: NOTE
    Package suggested but not available for checking: ‘Rmpi’
Flavor: r-devel-macosx-x86_64-gcc

Version: 1.0.1
Check: R code for possible problems
Result: NOTE
    runMarkovChainRegenIP: no visible global function definition for
     ‘mpi.comm.size’
    runMarkovChainRegenIP: no visible global function definition for
     ‘mpi.bcast.Robj2slave’
    runMarkovChainRegenIP: no visible global function definition for
     ‘mpi.remote.exec’
    runMarkovChainRegenP: no visible global function definition for
     ‘mpi.comm.size’
    runMarkovChainRegenP: no visible global function definition for
     ‘mpi.comm.rank’
    runMarkovChainRegenP: no visible global function definition for
     ‘mpi.send.Robj’
    runMarkovChainRegenP: no visible global function definition for
     ‘mpi.recv.Robj’
    runMarkovChainRegenP: no visible global function definition for
     ‘mpi.any.source’
    runMarkovChainRegenP: no visible global function definition for
     ‘mpi.get.sourcetag’
Flavor: r-devel-macosx-x86_64-gcc

Version: 1.0.1
Check: R code for possible problems
Result: NOTE
    Error : .onLoad failed in loadNamespace() for 'Rmpi', details:
     call: inDL(x, as.logical(local), as.logical(now), ...)
     error: unable to load shared object 'd:/RCompile/CRANpkg/lib/3.2/Rmpi/libs/x64/Rmpi.dll':
     LoadLibrary failure: Das angegebene Modul wurde nicht gefunden.
    
    runMarkovChainRegenIP: no visible global function definition for
     'mpi.comm.size'
    runMarkovChainRegenIP: no visible global function definition for
     'mpi.bcast.Robj2slave'
    runMarkovChainRegenIP: no visible global function definition for
     'mpi.remote.exec'
    runMarkovChainRegenP: no visible global function definition for
     'mpi.comm.size'
    runMarkovChainRegenP: no visible global function definition for
     'mpi.comm.rank'
    runMarkovChainRegenP: no visible global function definition for
     'mpi.send.Robj'
    runMarkovChainRegenP: no visible global function definition for
     'mpi.recv.Robj'
    runMarkovChainRegenP: no visible global function definition for
     'mpi.any.source'
    runMarkovChainRegenP: no visible global function definition for
     'mpi.get.sourcetag'
Flavor: r-devel-windows-ix86+x86_64

Version: 1.0.1
Check: dependencies in R code
Result: NOTE
    'library' or 'require' call to 'MASS' which was already attached by Depends.
     Please remove these calls from your code.
    See the information on DESCRIPTION files in the chapter 'Creating R
    packages' of the 'Writing R Extensions' manual.
Flavor: r-release-macosx-x86_64

Version: 1.0.1
Check: R code for possible problems
Result: NOTE
    Error : .onLoad failed in loadNamespace() for 'Rmpi', details:
     call: inDL(x, as.logical(local), as.logical(now), ...)
     error: unable to load shared object 'd:/RCompile/CRANpkg/lib/3.1/Rmpi/libs/x64/Rmpi.dll':
     LoadLibrary failure: Das angegebene Modul wurde nicht gefunden.
    
    runMarkovChainRegenIP: no visible global function definition for
     'mpi.comm.size'
    runMarkovChainRegenIP: no visible global function definition for
     'mpi.bcast.Robj2slave'
    runMarkovChainRegenIP: no visible global function definition for
     'mpi.remote.exec'
    runMarkovChainRegenP: no visible global function definition for
     'mpi.comm.size'
    runMarkovChainRegenP: no visible global function definition for
     'mpi.comm.rank'
    runMarkovChainRegenP: no visible global function definition for
     'mpi.send.Robj'
    runMarkovChainRegenP: no visible global function definition for
     'mpi.recv.Robj'
    runMarkovChainRegenP: no visible global function definition for
     'mpi.any.source'
    runMarkovChainRegenP: no visible global function definition for
     'mpi.get.sourcetag'
Flavor: r-release-windows-ix86+x86_64

Version: 1.0.1
Check: R code for possible problems
Result: NOTE
    Error : .onLoad failed in loadNamespace() for 'Rmpi', details:
     call: inDL(x, as.logical(local), as.logical(now), ...)
     error: unable to load shared object 'd:/RCompile/CRANpkg/lib/3.0/Rmpi/libs/i386/Rmpi.dll':
     LoadLibrary failure: Das angegebene Modul wurde nicht gefunden.
    
    runMarkovChainRegenIP: no visible global function definition for
     'mpi.comm.size'
    runMarkovChainRegenIP: no visible global function definition for
     'mpi.bcast.Robj2slave'
    runMarkovChainRegenIP: no visible global function definition for
     'mpi.remote.exec'
    runMarkovChainRegenP: no visible global function definition for
     'mpi.comm.size'
    runMarkovChainRegenP: no visible global function definition for
     'mpi.comm.rank'
    runMarkovChainRegenP: no visible global function definition for
     'mpi.send.Robj'
    runMarkovChainRegenP: no visible global function definition for
     'mpi.recv.Robj'
    runMarkovChainRegenP: no visible global function definition for
     'mpi.any.source'
    runMarkovChainRegenP: no visible global function definition for
     'mpi.get.sourcetag'
Flavor: r-oldrel-windows-ix86+x86_64