CRAN Package Check Results for Package McSpatial

Last updated on 2014-07-25 10:52:01.

Flavor Version Tinstall Tcheck Ttotal Status Flags
r-devel-linux-x86_64-debian-clang 2.0 2.82 73.51 76.33 NOTE
r-devel-linux-x86_64-debian-gcc 2.0 2.48 73.82 76.31 NOTE
r-devel-linux-x86_64-fedora-clang 2.0 166.60 NOTE
r-devel-linux-x86_64-fedora-gcc 2.0 161.44 NOTE
r-devel-osx-x86_64-clang 2.0 131.12 NOTE
r-devel-windows-ix86+x86_64 2.0 10.00 117.00 127.00 NOTE
r-patched-linux-x86_64 2.0 2.44 74.22 76.66 NOTE
r-patched-solaris-sparc 2.0 967.90 NOTE
r-patched-solaris-x86 2.0 207.80 NOTE
r-release-linux-ix86 2.0 3.21 95.18 98.39 NOTE
r-release-linux-x86_64 2.0 2.53 74.84 77.37 NOTE
r-release-osx-x86_64-mavericks 2.0 NOTE
r-release-osx-x86_64-snowleopard 2.0 NOTE
r-release-windows-ix86+x86_64 2.0 9.00 123.00 132.00 NOTE
r-oldrel-windows-ix86+x86_64 2.0 9.00 119.00 128.00 NOTE

Check Details

Version: 2.0
Check: package dependencies
Result: NOTE
    Depends: includes the non-default packages:
     ‘lattice’ ‘locfit’ ‘maptools’ ‘quantreg’ ‘RANN’ ‘SparseM’
    Adding so many packages to the search path is excessive and importing
    selectively is preferable.
Flavors: r-devel-linux-x86_64-debian-clang, r-devel-linux-x86_64-debian-gcc, r-devel-linux-x86_64-fedora-clang, r-devel-linux-x86_64-fedora-gcc, r-devel-osx-x86_64-clang, r-devel-windows-ix86+x86_64, r-patched-linux-x86_64, r-patched-solaris-sparc, r-patched-solaris-x86, r-release-linux-ix86, r-release-linux-x86_64, r-release-osx-x86_64-mavericks, r-release-osx-x86_64-snowleopard, r-release-windows-ix86+x86_64

Version: 2.0
Check: dependencies in R code
Result: NOTE
    'library' or 'require' call to ‘lattice’ which was already attached by Depends.
     Please remove these calls from your code.
    Packages in Depends field not imported from:
     ‘RANN’ ‘maptools’
     These packages need to be imported from (in the NAMESPACE file)
     for when this namespace is loaded but not attached.
    See the information on DESCRIPTION files in the chapter ‘Creating R
    packages’ of the ‘Writing R Extensions’ manual.
Flavors: r-devel-linux-x86_64-debian-clang, r-devel-linux-x86_64-debian-gcc, r-devel-linux-x86_64-fedora-clang, r-devel-linux-x86_64-fedora-gcc, r-devel-osx-x86_64-clang, r-devel-windows-ix86+x86_64, r-patched-linux-x86_64, r-patched-solaris-sparc, r-patched-solaris-x86, r-release-linux-ix86, r-release-linux-x86_64, r-release-osx-x86_64-mavericks, r-release-windows-ix86+x86_64, r-oldrel-windows-ix86+x86_64

Version: 2.0
Check: dependencies in R code
Result: NOTE
    'library' or 'require' call to 'lattice' which was already attached by Depends.
     Please remove these calls from your code.
    Packages in Depends field not imported from:
     'RANN' 'maptools'
     These packages need to be imported from for the case when
     this namespace is loaded but not attached.
    See the information on DESCRIPTION files in the chapter 'Creating R
    packages' of the 'Writing R Extensions' manual.
Flavor: r-release-osx-x86_64-snowleopard