CRAN Package Check Results for Package McSpatial

Last updated on 2014-04-23 17:47:48.

Flavor Version Tinstall Tcheck Ttotal Status Flags
r-devel-linux-x86_64-debian-clang 2.0 2.66 80.02 82.67 NOTE
r-devel-linux-x86_64-debian-gcc 2.0 2.54 80.14 82.68 NOTE
r-devel-linux-x86_64-fedora-clang 2.0 167.82 NOTE
r-devel-linux-x86_64-fedora-gcc 2.0 164.05 NOTE
r-devel-osx-x86_64-clang 2.0 147.91 NOTE
r-devel-osx-x86_64-gcc 2.0 ERROR
r-devel-windows-ix86+x86_64 2.0 9.00 113.00 122.00 NOTE
r-patched-linux-x86_64 2.0 2.55 78.78 81.32 NOTE
r-patched-solaris-sparc 2.0 967.90 NOTE
r-patched-solaris-x86 2.0 208.00 NOTE
r-release-linux-ix86 2.0 4.00 128.00 132.00 NOTE
r-release-linux-x86_64 2.0 2.76 80.12 82.88 NOTE
r-release-osx-x86_64-mavericks 2.0 ERROR
r-release-osx-x86_64-snowleopard 2.0 NOTE
r-release-windows-ix86+x86_64 2.0 9.00 114.00 123.00 NOTE
r-oldrel-windows-ix86+x86_64 2.0 10.00 113.00 123.00 NOTE

Check Details

Version: 2.0
Check: package dependencies
Result: NOTE
    Depends: includes the non-default packages:
     ‘lattice’ ‘locfit’ ‘maptools’ ‘quantreg’ ‘RANN’ ‘SparseM’
    Adding so many packages to the search path is excessive and importing
    selectively is preferable.
Flavors: r-devel-linux-x86_64-debian-clang, r-devel-linux-x86_64-debian-gcc, r-devel-linux-x86_64-fedora-clang, r-devel-linux-x86_64-fedora-gcc, r-devel-osx-x86_64-clang, r-devel-windows-ix86+x86_64, r-patched-linux-x86_64, r-patched-solaris-sparc, r-patched-solaris-x86, r-release-linux-ix86, r-release-linux-x86_64, r-release-osx-x86_64-snowleopard, r-release-windows-ix86+x86_64

Version: 2.0
Check: dependencies in R code
Result: NOTE
    'library' or 'require' call to ‘lattice’ which was already attached by Depends.
     Please remove these calls from your code.
    Packages in Depends field not imported from:
     ‘RANN’ ‘maptools’
     These packages need to be imported from (in the NAMESPACE file)
     for when this namespace is loaded but not attached.
    See the information on DESCRIPTION files in the chapter ‘Creating R
    packages’ of the ‘Writing R Extensions’ manual.
Flavors: r-devel-linux-x86_64-debian-clang, r-devel-linux-x86_64-debian-gcc, r-devel-linux-x86_64-fedora-clang, r-devel-linux-x86_64-fedora-gcc, r-devel-osx-x86_64-clang, r-devel-windows-ix86+x86_64, r-patched-linux-x86_64, r-patched-solaris-sparc, r-patched-solaris-x86, r-release-linux-ix86, r-release-linux-x86_64, r-release-windows-ix86+x86_64, r-oldrel-windows-ix86+x86_64

Version: 2.0
Check: package dependencies
Result: ERROR
    Packages required but not available: ‘maptools’ ‘quantreg’
    
    Packages suggested but not available for checking: ‘car’ ‘mlogit’ ‘spdep’
    
    Depends: includes the non-default packages:
     ‘lattice’ ‘locfit’ ‘maptools’ ‘quantreg’ ‘RANN’ ‘SparseM’
    Adding so many packages to the search path is excessive and importing
    selectively is preferable.
    
    See the information on DESCRIPTION files in the chapter ‘Creating R
    packages’ of the ‘Writing R Extensions’ manual.
Flavor: r-devel-osx-x86_64-gcc

Version: 2.0
Check: package dependencies
Result: ERROR
    Package required but not available: ‘maptools’
    
    Package suggested but not available for checking: ‘spdep’
    
    Depends: includes the non-default packages:
     ‘lattice’ ‘locfit’ ‘maptools’ ‘quantreg’ ‘RANN’ ‘SparseM’
    Adding so many packages to the search path is excessive and importing
    selectively is preferable.
    
    See the information on DESCRIPTION files in the chapter ‘Creating R
    packages’ of the ‘Writing R Extensions’ manual.
Flavor: r-release-osx-x86_64-mavericks

Version: 2.0
Check: dependencies in R code
Result: NOTE
    'library' or 'require' call to 'lattice' which was already attached by Depends.
     Please remove these calls from your code.
    Packages in Depends field not imported from:
     'RANN' 'maptools'
     These packages need to be imported from for the case when
     this namespace is loaded but not attached.
    See the information on DESCRIPTION files in the chapter 'Creating R
    packages' of the 'Writing R Extensions' manual.
Flavor: r-release-osx-x86_64-snowleopard