CRAN Package Check Results for Package McSpatial

Last updated on 2015-07-04 03:48:16.

Flavor Version Tinstall Tcheck Ttotal Status Flags
r-devel-linux-x86_64-debian-clang 2.0 2.11 60.39 62.50 NOTE
r-devel-linux-x86_64-debian-gcc 2.0 2.27 59.43 61.70 NOTE
r-devel-linux-x86_64-fedora-clang 2.0 123.21 NOTE
r-devel-linux-x86_64-fedora-gcc 2.0 119.94 NOTE
r-devel-osx-x86_64-clang 2.0 104.69 NOTE
r-devel-windows-ix86+x86_64 2.0 13.00 97.00 110.00 NOTE
r-patched-linux-x86_64 2.0 2.13 62.04 64.17 NOTE
r-patched-solaris-sparc 2.0 852.70 NOTE
r-patched-solaris-x86 2.0 172.80 NOTE
r-release-linux-x86_64 2.0 2.15 61.61 63.76 NOTE
r-release-osx-x86_64-mavericks 2.0 NOTE
r-release-windows-ix86+x86_64 2.0 12.00 93.00 105.00 NOTE
r-oldrel-windows-ix86+x86_64 2.0 11.00 114.00 125.00 NOTE

Check Details

Version: 2.0
Check: package dependencies
Result: NOTE
    Depends: includes the non-default packages:
     ‘lattice’ ‘locfit’ ‘maptools’ ‘quantreg’ ‘RANN’ ‘SparseM’
    Adding so many packages to the search path is excessive and importing
    selectively is preferable.
Flavors: r-devel-linux-x86_64-debian-clang, r-devel-linux-x86_64-debian-gcc, r-devel-linux-x86_64-fedora-clang, r-devel-linux-x86_64-fedora-gcc, r-devel-osx-x86_64-clang, r-devel-windows-ix86+x86_64, r-patched-linux-x86_64, r-patched-solaris-sparc, r-patched-solaris-x86, r-release-linux-x86_64, r-release-osx-x86_64-mavericks, r-release-windows-ix86+x86_64, r-oldrel-windows-ix86+x86_64

Version: 2.0
Check: DESCRIPTION meta-information
Result: NOTE
    Malformed Description field: should contain one or more complete sentences.
Flavors: r-devel-linux-x86_64-debian-clang, r-devel-linux-x86_64-debian-gcc, r-devel-linux-x86_64-fedora-clang, r-devel-linux-x86_64-fedora-gcc, r-devel-osx-x86_64-clang, r-devel-windows-ix86+x86_64, r-patched-linux-x86_64, r-patched-solaris-sparc, r-patched-solaris-x86, r-release-linux-x86_64, r-release-osx-x86_64-mavericks, r-release-windows-ix86+x86_64

Version: 2.0
Check: dependencies in R code
Result: NOTE
    'library' or 'require' call to ‘lattice’ which was already attached by Depends.
     Please remove these calls from your code.
    'library' or 'require' calls in package code:
     ‘RColorBrewer’ ‘car’ ‘spatstat’ ‘spdep’
     Please use :: or requireNamespace() instead.
     See section 'Suggested packages' in the 'Writing R Extensions' manual.
    Packages in Depends field not imported from:
     ‘RANN’ ‘maptools’
     These packages need to be imported from (in the NAMESPACE file)
     for when this namespace is loaded but not attached.
Flavors: r-devel-linux-x86_64-debian-clang, r-devel-linux-x86_64-debian-gcc, r-devel-linux-x86_64-fedora-clang, r-devel-linux-x86_64-fedora-gcc, r-devel-osx-x86_64-clang, r-devel-windows-ix86+x86_64, r-patched-linux-x86_64, r-patched-solaris-sparc, r-patched-solaris-x86, r-release-linux-x86_64, r-release-osx-x86_64-mavericks, r-release-windows-ix86+x86_64, r-oldrel-windows-ix86+x86_64

Version: 2.0
Check: R code for possible problems
Result: NOTE
    condens: no visible global function definition for ‘model.frame’
    condens : wgt: no visible global function definition for ‘dnorm’
    condens: no visible global function definition for ‘sd’
    condens: no visible global function definition for ‘quantile’
    condens: no visible global function definition for ‘plot’
    condens: no visible global function definition for ‘lines’
    condens: no visible global function definition for ‘legend’
    cparlogit: no visible global function definition for ‘model.frame’
    cparlogit: no visible global function definition for ‘var’
    cparlogit: no visible global function definition for ‘cov’
    cparlogit: no visible global function definition for ‘terms’
    cparlogit: no visible global function definition for ‘glm’
    cparlogit: Error while checking: invalid ‘envir’ argument
    cparlwr: no visible global function definition for ‘model.frame’
    cparlwr: no visible global function definition for ‘var’
    cparlwr: no visible global function definition for ‘cov’
    cparlwr: no visible global function definition for ‘terms’
    cparlwr: no visible global function definition for ‘mahalanobis’
    cparlwr: no visible global function definition for ‘quantile’
    cparmlogit: no visible global function definition for ‘model.frame’
    cparmlogit: no visible global function definition for ‘var’
    cparmlogit: no visible global function definition for ‘cov’
    cparmlogit: no visible global function definition for ‘terms’
    cparmlogit: no visible global function definition for ‘glm’
    cparmlogit: Error while checking: invalid ‘envir’ argument
    cparprobit: no visible global function definition for ‘model.frame’
    cparprobit: no visible global function definition for ‘var’
    cparprobit: no visible global function definition for ‘cov’
    cparprobit: no visible global function definition for ‘terms’
    cparprobit: no visible global function definition for ‘glm’
    cparprobit: Error while checking: invalid ‘envir’ argument
    cubespline: no visible global function definition for ‘model.frame’
    cubespline: no visible global function definition for ‘update’
    cubespline: no visible global function definition for ‘lm’
    cubespline: no visible global function definition for ‘residuals’
    cubespline: no visible global function definition for ‘fitted’
    dfldens: no visible global function definition for ‘model.frame’
    dfldens: no visible global function definition for ‘glm’
    dfldens: Error while checking: invalid ‘envir’ argument
    fourier: no visible global function definition for ‘model.frame’
    fourier: no visible global function definition for ‘update’
    fourier: no visible global function definition for ‘lm’
    fourier: no visible global function definition for ‘residuals’
    fourier: no visible global function definition for ‘fitted’
    geodensity: no visible global function definition for ‘quantile’
    geogravity: no visible global function definition for ‘chull’
    geoshape: no visible global function definition for ‘coordinates’
    geoshape: no visible global function definition for ‘ppp’
    geoshape: no visible global function definition for ‘nncross’
    gmmlogit: no visible global function definition for ‘poly2nb’
    gmmlogit: no visible global function definition for ‘nb2mat’
    gmmlogit: no visible global function definition for ‘model.frame’
    gmmlogit: no visible global function definition for ‘glm’
    gmmlogit: Error while checking: invalid ‘envir’ argument
    gmmprobit: no visible global function definition for ‘poly2nb’
    gmmprobit: no visible global function definition for ‘nb2mat’
    gmmprobit: no visible global function definition for ‘model.frame’
    gmmprobit: no visible global function definition for ‘glm’
    gmmprobit: Error while checking: invalid ‘envir’ argument
    kdensity: no visible global function definition for ‘quantile’
    kdensity: no visible global function definition for ‘density’
    kdensity: no visible global function definition for ‘qnorm’
    kdensity: no visible global function definition for ‘plot’
    kdensity: no visible global function definition for ‘lines’
    ksim: no visible global function definition for ‘quantile’
    ksim: no visible global function definition for ‘density’
    ksim: no visible global function definition for ‘qnorm’
    ksim : qfunc0: no visible global function definition for ‘quantile’
    ksim : qfunc1: no visible global function definition for ‘quantile’
    ksim: no visible global function definition for ‘plot’
    ksim: no visible global function definition for ‘lines’
    lwr: no visible global function definition for ‘as.formula’
    lwr: no visible global function definition for ‘model.frame’
    lwr: no visible global function definition for ‘var’
    lwr: no visible global function definition for ‘cov’
    lwr: no visible global function definition for ‘terms’
    lwr: no visible global function definition for ‘mahalanobis’
    lwr: no visible global function definition for ‘quantile’
    maketarget: no visible global function definition for ‘var’
    maketarget: no visible global function definition for ‘cov’
    maketarget: no visible global function definition for ‘mahalanobis’
    maketarget: no visible global function definition for ‘chull’
    makew: no visible global function definition for ‘coordinates’
    makew: no visible global function definition for ‘poly2nb’
    makew: no visible global function definition for ‘nb2mat’
    makew: no visible global function definition for ‘knearneigh’
    makew: no visible global function definition for ‘knn2nb’
    makew: no visible global function definition for ‘quantile’
    matchmahal: no visible global function definition for ‘model.frame’
    matchmahal: no visible global function definition for ‘as.formula’
    matchmahal: no visible global function definition for ‘glm’
    matchmahal: Error while checking: invalid ‘envir’ argument
    matchprop: no visible global function definition for ‘model.frame’
    matchprop: no visible global function definition for ‘as.formula’
    matchprop: no visible global function definition for ‘glm’
    matchprop: Error while checking: invalid ‘envir’ argument
    matchqreg: no visible global function definition for ‘model.frame’
    matchqreg: no visible global function definition for ‘quantile’
    matchqreg: no visible global function definition for ‘aggregate’
    matchqreg: no visible global function definition for ‘plot’
    matchqreg: no visible global function definition for ‘lines’
    qregbmat: no visible global function definition for ‘plot’
    qregcdf: no visible global function definition for ‘model.frame’
    qregcdf: no visible global function definition for ‘quantile’
    qregcdf: no visible global function definition for ‘sd’
    qregcdf: no visible global function definition for ‘dnorm’
    qregcdf: no visible global function definition for ‘pnorm’
    qregcdf: no visible global function definition for ‘plot’
    qregcdf: no visible global function definition for ‘lines’
    qregcpar: no visible global function definition for ‘model.frame’
    qregcpar: no visible global function definition for ‘var’
    qregcpar: no visible global function definition for ‘cov’
    qregcpar: no visible global function definition for ‘terms’
    qregcpar: no visible global function definition for ‘mahalanobis’
    qregcpar: no visible global function definition for ‘quantile’
    qreglwr: no visible global function definition for ‘model.frame’
    qreglwr: no visible global function definition for ‘var’
    qreglwr: no visible global function definition for ‘cov’
    qreglwr: no visible global function definition for ‘terms’
    qreglwr: no visible global function definition for ‘mahalanobis’
    qreglwr: no visible global function definition for ‘quantile’
    qregsim1: no visible global function definition for ‘model.frame’
    qregsim1: no visible global function definition for ‘density’
    qregsim1: no visible global function definition for ‘plot’
    qregsim1: no visible global function definition for ‘hist’
    qregsim1: no visible global function definition for ‘lines’
    qregsim1: no visible global function definition for ‘legend’
    qregsim1: no visible global function definition for ‘quantile’
    qregsim1: no visible global function definition for ‘brewer.pal’
    qregsim2: no visible global function definition for ‘model.frame’
    qregsim2: no visible global function definition for ‘density’
    qregsim2: no visible global function definition for ‘plot’
    qregsim2: no visible global function definition for ‘lines’
    qregsim2: no visible global function definition for ‘legend’
    qregsim2: no visible global function definition for ‘barplot’
    qregspiv: no visible global function definition for ‘model.frame’
    qregspiv: no visible global function definition for ‘poly2nb’
    qregspiv: no visible global function definition for ‘nb2mat’
    qregspiv: no visible global function definition for ‘as.formula’
    qregspiv: no visible global function definition for ‘lm’
    qregspiv: no visible global function definition for ‘fitted’
    qregspiv: no visible global function definition for ‘update’
    qregspiv: no visible global function definition for ‘pnorm’
    qregspiv : qriv: no visible global function definition for ‘fitted’
    qregspiv : qriv: no visible global function definition for ‘update’
    qregspiv: no visible binding for global variable ‘sd’
    qregspiv : qlo: no visible global function definition for ‘quantile’
    qregspiv : qhi: no visible global function definition for ‘quantile’
    qregspiv: no visible global function definition for ‘residuals’
    qregspiv: no visible global function definition for ‘sd’
    repsale: no visible global function definition for ‘lm’
    repsale: no visible global function definition for ‘residuals’
    repsale: no visible global function definition for ‘model.frame’
    repsale: no visible global function definition for ‘fitted’
    repsale: no visible global function definition for ‘pf’
    repsale: no visible global function definition for ‘confint’
    repsale: no visible global function definition for ‘plot’
    repsale: no visible global function definition for ‘lines’
    repsalefourier: no visible global function definition for ‘lm’
    repsalefourier: no visible global function definition for ‘residuals’
    repsalefourier: no visible global function definition for ‘model.frame’
    repsalefourier: no visible global function definition for ‘fitted’
    repsalefourier: no visible global function definition for ‘pf’
    repsalefourier: no visible global function definition for ‘plot’
    repsalefourier: no visible global function definition for ‘lines’
    repsaleqreg: no visible global function definition for ‘qnorm’
    repsaleqreg: no visible global function definition for ‘plot’
    repsaleqreg: no visible global function definition for ‘lines’
    sarml: no visible global function definition for ‘as.formula’
    sarml: no visible global function definition for ‘model.frame’
    sarml: no visible global function definition for ‘poly2nb’
    sarml: no visible global function definition for ‘nb2mat’
    sarml: no visible global function definition for ‘nb2listw’
    sarml: no visible global function definition for ‘eigenw’
    sarml: no visible global function definition for ‘lm’
    sarml: no visible global function definition for ‘residuals’
    sarml: no visible global function definition for ‘coef’
    sarml: no visible global function definition for ‘update’
    sarml: no visible global function definition for ‘optimize’
    sarml: no visible global function definition for ‘nlm’
    sarml: no visible global function definition for ‘pnorm’
    semip: no visible global function definition for ‘model.frame’
    semip: no visible global function definition for ‘update’
    semip: no visible global function definition for ‘lm’
    semip: no visible global function definition for ‘pnorm’
    smooth12: no visible global function definition for ‘aggregate’
    smooth12: no visible binding for global variable ‘sd’
    smooth12: no visible global function definition for ‘nn2’
    splogit: no visible global function definition for ‘model.frame’
    splogit: no visible global function definition for ‘glm’
    splogit: Error while checking: invalid ‘envir’ argument
    spprobit: no visible global function definition for ‘model.frame’
    spprobit: no visible global function definition for ‘glm’
    spprobit: Error while checking: invalid ‘envir’ argument
    spprobitml: no visible global function definition for ‘model.frame’
    spprobitml: no visible global function definition for ‘glm’
    spprobitml: Error while checking: invalid ‘envir’ argument
    Undefined global functions or variables:
     aggregate as.formula barplot brewer.pal chull coef confint
     coordinates cov density dnorm eigenw fitted glm hist knearneigh
     knn2nb legend lines lm mahalanobis model.frame nb2listw nb2mat nlm
     nn2 nncross optimize pf plot pnorm poly2nb ppp qnorm quantile
     residuals sd terms update var
Flavors: r-devel-linux-x86_64-debian-clang, r-devel-linux-x86_64-debian-gcc, r-devel-linux-x86_64-fedora-clang, r-devel-linux-x86_64-fedora-gcc

Version: 2.0
Check: R code for possible problems
Result: NOTE
    geoshape: no visible global function definition for ‘coordinates’
    geoshape: no visible global function definition for ‘ppp’
    geoshape: no visible global function definition for ‘nncross’
    gmmlogit: no visible global function definition for ‘poly2nb’
    gmmlogit: no visible global function definition for ‘nb2mat’
    gmmprobit: no visible global function definition for ‘poly2nb’
    gmmprobit: no visible global function definition for ‘nb2mat’
    makew: no visible global function definition for ‘coordinates’
    makew: no visible global function definition for ‘poly2nb’
    makew: no visible global function definition for ‘nb2mat’
    makew: no visible global function definition for ‘knearneigh’
    makew: no visible global function definition for ‘knn2nb’
    qregsim1: no visible global function definition for ‘brewer.pal’
    qregspiv: no visible global function definition for ‘poly2nb’
    qregspiv: no visible global function definition for ‘nb2mat’
    sarml: no visible global function definition for ‘poly2nb’
    sarml: no visible global function definition for ‘nb2mat’
    sarml: no visible global function definition for ‘nb2listw’
    sarml: no visible global function definition for ‘eigenw’
    smooth12: no visible global function definition for ‘nn2’
    splogit: no visible global function definition for ‘poly2nb’
    splogit: no visible global function definition for ‘nb2mat’
    splogit: no visible global function definition for ‘hccm’
    spprobit: no visible global function definition for ‘poly2nb’
    spprobit: no visible global function definition for ‘nb2mat’
    spprobit: no visible global function definition for ‘hccm’
    spprobitml : makevar: no visible global function definition for
     ‘poly2nb’
    spprobitml : makevar: no visible global function definition for
     ‘nb2mat’
    Undefined global functions or variables:
     brewer.pal coordinates eigenw hccm knearneigh knn2nb nb2listw nb2mat
     nn2 nncross poly2nb ppp
Flavor: r-devel-osx-x86_64-clang

Version: 2.0
Check: R code for possible problems
Result: NOTE
    condens: no visible global function definition for 'model.frame'
    condens : wgt: no visible global function definition for 'dnorm'
    condens: no visible global function definition for 'sd'
    condens: no visible global function definition for 'quantile'
    condens: no visible global function definition for 'plot'
    condens: no visible global function definition for 'lines'
    condens: no visible global function definition for 'legend'
    cparlogit: no visible global function definition for 'model.frame'
    cparlogit: no visible global function definition for 'var'
    cparlogit: no visible global function definition for 'cov'
    cparlogit: no visible global function definition for 'terms'
    cparlogit: no visible global function definition for 'glm'
    cparlogit: no visible global function definition for 'binomial'
    cparlogit: no visible global function definition for 'mahalanobis'
    cparlogit: no visible global function definition for 'quantile'
    cparlogit: no visible global function definition for 'qnorm'
    cparlwr: no visible global function definition for 'model.frame'
    cparlwr: no visible global function definition for 'var'
    cparlwr: no visible global function definition for 'cov'
    cparlwr: no visible global function definition for 'terms'
    cparlwr: no visible global function definition for 'mahalanobis'
    cparlwr: no visible global function definition for 'quantile'
    cparmlogit: no visible global function definition for 'model.frame'
    cparmlogit: no visible global function definition for 'var'
    cparmlogit: no visible global function definition for 'cov'
    cparmlogit: no visible global function definition for 'terms'
    cparmlogit: no visible global function definition for 'glm'
    cparmlogit: no visible global function definition for 'binomial'
    cparmlogit: no visible global function definition for 'mahalanobis'
    cparmlogit: no visible global function definition for 'quantile'
    cparmlogit: no visible global function definition for 'nlm'
    cparprobit: no visible global function definition for 'model.frame'
    cparprobit: no visible global function definition for 'var'
    cparprobit: no visible global function definition for 'cov'
    cparprobit: no visible global function definition for 'terms'
    cparprobit: no visible global function definition for 'glm'
    cparprobit: no visible global function definition for 'binomial'
    cparprobit: no visible global function definition for 'mahalanobis'
    cparprobit: no visible global function definition for 'quantile'
    cparprobit: no visible global function definition for 'qnorm'
    cparprobit: no visible global function definition for 'pnorm'
    cparprobit: no visible global function definition for 'dnorm'
    cubespline: no visible global function definition for 'model.frame'
    cubespline: no visible global function definition for 'update'
    cubespline: no visible global function definition for 'lm'
    cubespline: no visible global function definition for 'residuals'
    cubespline: no visible global function definition for 'fitted'
    dfldens: no visible global function definition for 'model.frame'
    dfldens: no visible global function definition for 'glm'
    dfldens: no visible global function definition for 'binomial'
    dfldens: no visible global function definition for 'fitted'
    dfldens : wgt: no visible global function definition for 'dnorm'
    dfldens: no visible global function definition for 'quantile'
    dfldens: no visible global function definition for 'plot'
    dfldens: no visible global function definition for 'lines'
    dfldens: no visible global function definition for 'legend'
    fourier: no visible global function definition for 'model.frame'
    fourier: no visible global function definition for 'update'
    fourier: no visible global function definition for 'lm'
    fourier: no visible global function definition for 'residuals'
    fourier: no visible global function definition for 'fitted'
    geodensity: no visible global function definition for 'quantile'
    geogravity: no visible global function definition for 'chull'
    geoshape: no visible global function definition for 'coordinates'
    geoshape: no visible global function definition for 'ppp'
    geoshape: no visible global function definition for 'nncross'
    gmmlogit: no visible global function definition for 'poly2nb'
    gmmlogit: no visible global function definition for 'nb2mat'
    gmmlogit: no visible global function definition for 'model.frame'
    gmmlogit: no visible global function definition for 'glm'
    gmmlogit: no visible global function definition for 'binomial'
    gmmlogit : sublogit: no visible global function definition for 'fitted'
    gmmlogit : sublogit: no visible global function definition for 'lm'
    gmmlogit: no visible global function definition for 'pnorm'
    gmmprobit: no visible global function definition for 'poly2nb'
    gmmprobit: no visible global function definition for 'nb2mat'
    gmmprobit: no visible global function definition for 'model.frame'
    gmmprobit: no visible global function definition for 'glm'
    gmmprobit: no visible global function definition for 'binomial'
    gmmprobit : subprobit: no visible global function definition for
     'pnorm'
    gmmprobit : subprobit: no visible global function definition for
     'dnorm'
    gmmprobit : subprobit: no visible global function definition for
     'fitted'
    gmmprobit : subprobit: no visible global function definition for 'lm'
    gmmprobit: no visible global function definition for 'pnorm'
    kdensity: no visible global function definition for 'quantile'
    kdensity: no visible global function definition for 'density'
    kdensity: no visible global function definition for 'qnorm'
    kdensity: no visible global function definition for 'plot'
    kdensity: no visible global function definition for 'lines'
    ksim: no visible global function definition for 'quantile'
    ksim: no visible global function definition for 'density'
    ksim: no visible global function definition for 'qnorm'
    ksim : qfunc0: no visible global function definition for 'quantile'
    ksim : qfunc1: no visible global function definition for 'quantile'
    ksim: no visible global function definition for 'plot'
    ksim: no visible global function definition for 'lines'
    lwr: no visible global function definition for 'as.formula'
    lwr: no visible global function definition for 'model.frame'
    lwr: no visible global function definition for 'var'
    lwr: no visible global function definition for 'cov'
    lwr: no visible global function definition for 'terms'
    lwr: no visible global function definition for 'mahalanobis'
    lwr: no visible global function definition for 'quantile'
    maketarget: no visible global function definition for 'var'
    maketarget: no visible global function definition for 'cov'
    maketarget: no visible global function definition for 'mahalanobis'
    maketarget: no visible global function definition for 'chull'
    makew: no visible global function definition for 'coordinates'
    makew: no visible global function definition for 'poly2nb'
    makew: no visible global function definition for 'nb2mat'
    makew: no visible global function definition for 'knearneigh'
    makew: no visible global function definition for 'knn2nb'
    makew: no visible global function definition for 'quantile'
    matchmahal: no visible global function definition for 'model.frame'
    matchmahal: no visible global function definition for 'as.formula'
    matchmahal: no visible global function definition for 'glm'
    matchmahal: no visible global function definition for 'binomial'
    matchmahal: no visible global function definition for 'fitted'
    matchmahal: no visible global function definition for 'mahalanobis'
    matchmahal: no visible global function definition for 'cov'
    matchmahal: no visible global function definition for 'rnorm'
    matchprop: no visible global function definition for 'model.frame'
    matchprop: no visible global function definition for 'as.formula'
    matchprop: no visible global function definition for 'glm'
    matchprop: no visible global function definition for 'binomial'
    matchprop: no visible global function definition for 'fitted'
    matchprop: no visible global function definition for 'mahalanobis'
    matchprop: no visible global function definition for 'cov'
    matchprop: no visible global function definition for 'rnorm'
    matchqreg: no visible global function definition for 'model.frame'
    matchqreg: no visible global function definition for 'quantile'
    matchqreg: no visible global function definition for 'aggregate'
    matchqreg: no visible global function definition for 'plot'
    matchqreg: no visible global function definition for 'lines'
    qregbmat: no visible global function definition for 'plot'
    qregcdf: no visible global function definition for 'model.frame'
    qregcdf: no visible global function definition for 'quantile'
    qregcdf: no visible global function definition for 'sd'
    qregcdf: no visible global function definition for 'dnorm'
    qregcdf: no visible global function definition for 'pnorm'
    qregcdf: no visible global function definition for 'plot'
    qregcdf: no visible global function definition for 'lines'
    qregcpar: no visible global function definition for 'model.frame'
    qregcpar: no visible global function definition for 'var'
    qregcpar: no visible global function definition for 'cov'
    qregcpar: no visible global function definition for 'terms'
    qregcpar: no visible global function definition for 'mahalanobis'
    qregcpar: no visible global function definition for 'quantile'
    qreglwr: no visible global function definition for 'model.frame'
    qreglwr: no visible global function definition for 'var'
    qreglwr: no visible global function definition for 'cov'
    qreglwr: no visible global function definition for 'terms'
    qreglwr: no visible global function definition for 'mahalanobis'
    qreglwr: no visible global function definition for 'quantile'
    qregsim1: no visible global function definition for 'model.frame'
    qregsim1: no visible global function definition for 'density'
    qregsim1: no visible global function definition for 'plot'
    qregsim1: no visible global function definition for 'hist'
    qregsim1: no visible global function definition for 'lines'
    qregsim1: no visible global function definition for 'legend'
    qregsim1: no visible global function definition for 'quantile'
    qregsim1: no visible global function definition for 'brewer.pal'
    qregsim2: no visible global function definition for 'model.frame'
    qregsim2: no visible global function definition for 'density'
    qregsim2: no visible global function definition for 'plot'
    qregsim2: no visible global function definition for 'lines'
    qregsim2: no visible global function definition for 'legend'
    qregsim2: no visible global function definition for 'barplot'
    qregspiv: no visible global function definition for 'model.frame'
    qregspiv: no visible global function definition for 'poly2nb'
    qregspiv: no visible global function definition for 'nb2mat'
    qregspiv: no visible global function definition for 'as.formula'
    qregspiv: no visible global function definition for 'lm'
    qregspiv: no visible global function definition for 'fitted'
    qregspiv: no visible global function definition for 'update'
    qregspiv: no visible global function definition for 'pnorm'
    qregspiv : qriv: no visible global function definition for 'fitted'
    qregspiv : qriv: no visible global function definition for 'update'
    qregspiv: no visible binding for global variable 'sd'
    qregspiv : qlo: no visible global function definition for 'quantile'
    qregspiv : qhi: no visible global function definition for 'quantile'
    qregspiv: no visible global function definition for 'residuals'
    qregspiv: no visible global function definition for 'sd'
    repsale: no visible global function definition for 'lm'
    repsale: no visible global function definition for 'residuals'
    repsale: no visible global function definition for 'model.frame'
    repsale: no visible global function definition for 'fitted'
    repsale: no visible global function definition for 'pf'
    repsale: no visible global function definition for 'confint'
    repsale: no visible global function definition for 'plot'
    repsale: no visible global function definition for 'lines'
    repsalefourier: no visible global function definition for 'lm'
    repsalefourier: no visible global function definition for 'residuals'
    repsalefourier: no visible global function definition for 'model.frame'
    repsalefourier: no visible global function definition for 'fitted'
    repsalefourier: no visible global function definition for 'pf'
    repsalefourier: no visible global function definition for 'plot'
    repsalefourier: no visible global function definition for 'lines'
    repsaleqreg: no visible global function definition for 'qnorm'
    repsaleqreg: no visible global function definition for 'plot'
    repsaleqreg: no visible global function definition for 'lines'
    sarml: no visible global function definition for 'as.formula'
    sarml: no visible global function definition for 'model.frame'
    sarml: no visible global function definition for 'poly2nb'
    sarml: no visible global function definition for 'nb2mat'
    sarml: no visible global function definition for 'nb2listw'
    sarml: no visible global function definition for 'eigenw'
    sarml: no visible global function definition for 'lm'
    sarml: no visible global function definition for 'residuals'
    sarml: no visible global function definition for 'coef'
    sarml: no visible global function definition for 'update'
    sarml: no visible global function definition for 'optimize'
    sarml: no visible global function definition for 'nlm'
    sarml: no visible global function definition for 'pnorm'
    semip: no visible global function definition for 'model.frame'
    semip: no visible global function definition for 'update'
    semip: no visible global function definition for 'lm'
    semip: no visible global function definition for 'pnorm'
    smooth12: no visible global function definition for 'aggregate'
    smooth12: no visible binding for global variable 'sd'
    smooth12: no visible global function definition for 'nn2'
    splogit: no visible global function definition for 'model.frame'
    splogit: no visible global function definition for 'glm'
    splogit: no visible global function definition for 'binomial'
    splogit: no visible global function definition for 'qnorm'
    splogit: no visible global function definition for 'poly2nb'
    splogit: no visible global function definition for 'nb2mat'
    splogit: no visible global function definition for 'lm'
    splogit: no visible global function definition for 'hccm'
    splogit: no visible global function definition for 'pnorm'
    spprobit: no visible global function definition for 'model.frame'
    spprobit: no visible global function definition for 'glm'
    spprobit: no visible global function definition for 'binomial'
    spprobit: no visible global function definition for 'qnorm'
    spprobit: no visible global function definition for 'pnorm'
    spprobit: no visible global function definition for 'dnorm'
    spprobit: no visible global function definition for 'poly2nb'
    spprobit: no visible global function definition for 'nb2mat'
    spprobit: no visible global function definition for 'lm'
    spprobit: no visible global function definition for 'hccm'
    spprobitml: no visible global function definition for 'model.frame'
    spprobitml: no visible global function definition for 'glm'
    spprobitml: no visible global function definition for 'binomial'
    spprobitml : makevar: no visible global function definition for
     'poly2nb'
    spprobitml : makevar: no visible global function definition for
     'nb2mat'
    spprobitml : probitrho: no visible global function definition for 'glm'
    spprobitml : probitrho: no visible global function definition for
     'binomial'
    spprobitml : probitrho: no visible global function definition for
     'pnorm'
    spprobitml: no visible global function definition for 'optimize'
    spprobitml: no visible global function definition for 'pnorm'
    spprobitml: no visible global function definition for 'dnorm'
    spprobitml : logl: no visible global function definition for 'pnorm'
    Undefined global functions or variables:
     aggregate as.formula barplot binomial brewer.pal chull coef confint
     coordinates cov density dnorm eigenw fitted glm hccm hist knearneigh
     knn2nb legend lines lm mahalanobis model.frame nb2listw nb2mat nlm
     nn2 nncross optimize pf plot pnorm poly2nb ppp qnorm quantile
     residuals rnorm sd terms update var
Flavor: r-devel-windows-ix86+x86_64

Version: 2.0
Check: R code for possible problems
Result: NOTE
    geoshape: no visible global function definition for ‘coordinates’
    geoshape: no visible global function definition for ‘ppp’
    geoshape: no visible global function definition for ‘nncross’
    gmmlogit: no visible global function definition for ‘poly2nb’
    gmmlogit: no visible global function definition for ‘nb2mat’
    gmmprobit: no visible global function definition for ‘poly2nb’
    gmmprobit: no visible global function definition for ‘nb2mat’
    makew: no visible global function definition for ‘coordinates’
    makew: no visible global function definition for ‘poly2nb’
    makew: no visible global function definition for ‘nb2mat’
    makew: no visible global function definition for ‘knearneigh’
    makew: no visible global function definition for ‘knn2nb’
    qregsim1: no visible global function definition for ‘brewer.pal’
    qregspiv: no visible global function definition for ‘poly2nb’
    qregspiv: no visible global function definition for ‘nb2mat’
    sarml: no visible global function definition for ‘poly2nb’
    sarml: no visible global function definition for ‘nb2mat’
    sarml: no visible global function definition for ‘nb2listw’
    sarml: no visible global function definition for ‘eigenw’
    smooth12: no visible global function definition for ‘nn2’
    splogit: no visible global function definition for ‘poly2nb’
    splogit: no visible global function definition for ‘nb2mat’
    splogit: no visible global function definition for ‘hccm’
    spprobit: no visible global function definition for ‘poly2nb’
    spprobit: no visible global function definition for ‘nb2mat’
    spprobit: no visible global function definition for ‘hccm’
    spprobitml : makevar: no visible global function definition for
     ‘poly2nb’
    spprobitml : makevar: no visible global function definition for
     ‘nb2mat’
Flavors: r-patched-linux-x86_64, r-patched-solaris-sparc, r-patched-solaris-x86, r-release-linux-x86_64, r-release-osx-x86_64-mavericks, r-release-windows-ix86+x86_64, r-oldrel-windows-ix86+x86_64