CRAN Package Check Results for Package McSpatial

Last updated on 2014-10-23 10:48:08.

Flavor Version Tinstall Tcheck Ttotal Status Flags
r-devel-linux-x86_64-debian-clang 2.0 2.43 68.56 70.98 NOTE
r-devel-linux-x86_64-debian-gcc 2.0 2.31 70.05 72.36 NOTE
r-devel-linux-x86_64-fedora-clang 2.0 155.35 NOTE
r-devel-linux-x86_64-fedora-gcc 2.0 146.32 NOTE
r-devel-osx-x86_64-clang 2.0 125.55 NOTE
r-devel-windows-ix86+x86_64 2.0 9.00 96.00 105.00 NOTE
r-patched-linux-x86_64 2.0 2.46 70.56 73.01 NOTE
r-patched-solaris-sparc 2.0 920.80 NOTE
r-patched-solaris-x86 2.0 198.30 NOTE
r-release-linux-ix86 2.0 3.23 96.93 100.16 NOTE
r-release-linux-x86_64 2.0 2.46 82.19 84.64 NOTE
r-release-osx-x86_64-mavericks 2.0 NOTE
r-release-osx-x86_64-snowleopard 2.0 NOTE
r-release-windows-ix86+x86_64 2.0 10.00 113.00 123.00 NOTE
r-oldrel-windows-ix86+x86_64 2.0 10.00 116.00 126.00 NOTE

Check Details

Version: 2.0
Check: package dependencies
Result: NOTE
    Depends: includes the non-default packages:
     ‘lattice’ ‘locfit’ ‘maptools’ ‘quantreg’ ‘RANN’ ‘SparseM’
    Adding so many packages to the search path is excessive and importing
    selectively is preferable.
Flavors: r-devel-linux-x86_64-debian-clang, r-devel-linux-x86_64-debian-gcc, r-devel-linux-x86_64-fedora-clang, r-devel-linux-x86_64-fedora-gcc, r-devel-osx-x86_64-clang, r-devel-windows-ix86+x86_64, r-patched-linux-x86_64, r-patched-solaris-sparc, r-patched-solaris-x86, r-release-linux-ix86, r-release-linux-x86_64, r-release-osx-x86_64-mavericks, r-release-osx-x86_64-snowleopard, r-release-windows-ix86+x86_64

Version: 2.0
Check: dependencies in R code
Result: NOTE
    'library' or 'require' call to ‘lattice’ which was already attached by Depends.
     Please remove these calls from your code.
    Packages in Depends field not imported from:
     ‘RANN’ ‘maptools’
     These packages need to be imported from (in the NAMESPACE file)
     for when this namespace is loaded but not attached.
    See the information on DESCRIPTION files in the chapter ‘Creating R
    packages’ of the ‘Writing R Extensions’ manual.
Flavors: r-devel-linux-x86_64-debian-clang, r-devel-linux-x86_64-debian-gcc, r-devel-linux-x86_64-fedora-clang, r-devel-linux-x86_64-fedora-gcc, r-devel-osx-x86_64-clang, r-devel-windows-ix86+x86_64, r-patched-linux-x86_64, r-patched-solaris-sparc, r-patched-solaris-x86, r-release-linux-ix86, r-release-linux-x86_64, r-release-osx-x86_64-mavericks, r-release-windows-ix86+x86_64, r-oldrel-windows-ix86+x86_64

Version: 2.0
Check: R code for possible problems
Result: NOTE
    geoshape: no visible global function definition for ‘coordinates’
    geoshape: no visible global function definition for ‘ppp’
    geoshape: no visible global function definition for ‘nncross’
    gmmlogit: no visible global function definition for ‘poly2nb’
    gmmlogit: no visible global function definition for ‘nb2mat’
    gmmprobit: no visible global function definition for ‘poly2nb’
    gmmprobit: no visible global function definition for ‘nb2mat’
    makew: no visible global function definition for ‘coordinates’
    makew: no visible global function definition for ‘poly2nb’
    makew: no visible global function definition for ‘nb2mat’
    makew: no visible global function definition for ‘knearneigh’
    makew: no visible global function definition for ‘knn2nb’
    qregsim1: no visible global function definition for ‘brewer.pal’
    qregspiv: no visible global function definition for ‘poly2nb’
    qregspiv: no visible global function definition for ‘nb2mat’
    sarml: no visible global function definition for ‘poly2nb’
    sarml: no visible global function definition for ‘nb2mat’
    sarml: no visible global function definition for ‘nb2listw’
    sarml: no visible global function definition for ‘eigenw’
    smooth12: no visible global function definition for ‘nn2’
    splogit: no visible global function definition for ‘poly2nb’
    splogit: no visible global function definition for ‘nb2mat’
    splogit: no visible global function definition for ‘hccm’
    spprobit: no visible global function definition for ‘poly2nb’
    spprobit: no visible global function definition for ‘nb2mat’
    spprobit: no visible global function definition for ‘hccm’
    spprobitml : makevar: no visible global function definition for
     ‘poly2nb’
    spprobitml : makevar: no visible global function definition for
     ‘nb2mat’
Flavors: r-devel-linux-x86_64-debian-clang, r-devel-linux-x86_64-debian-gcc, r-devel-linux-x86_64-fedora-clang, r-devel-linux-x86_64-fedora-gcc, r-devel-osx-x86_64-clang, r-devel-windows-ix86+x86_64, r-patched-linux-x86_64, r-patched-solaris-sparc, r-patched-solaris-x86

Version: 2.0
Check: dependencies in R code
Result: NOTE
    'library' or 'require' call to 'lattice' which was already attached by Depends.
     Please remove these calls from your code.
    Packages in Depends field not imported from:
     'RANN' 'maptools'
     These packages need to be imported from for the case when
     this namespace is loaded but not attached.
    See the information on DESCRIPTION files in the chapter 'Creating R
    packages' of the 'Writing R Extensions' manual.
Flavor: r-release-osx-x86_64-snowleopard