CRAN Package Check Results for Package Mcomp

Last updated on 2016-10-01 12:47:53.

Flavor Version Tinstall Tcheck Ttotal Status Flags
r-devel-linux-x86_64-debian-clang 2.05 3.10 21.14 24.24 NOTE
r-devel-linux-x86_64-debian-gcc 2.05 3.00 20.55 23.55 NOTE
r-devel-linux-x86_64-fedora-clang 2.05 56.33 NOTE
r-devel-linux-x86_64-fedora-gcc 2.05 43.42 NOTE
r-devel-macos-x86_64-clang 2.05 34.23 NOTE
r-devel-windows-ix86+x86_64 2.05 11.00 61.00 72.00 NOTE
r-patched-linux-x86_64 2.05 2.92 20.41 23.34 NOTE
r-patched-solaris-sparc 2.05 246.80 NOTE
r-patched-solaris-x86 2.05 55.00 NOTE
r-release-linux-x86_64 2.05 2.98 20.46 23.44 NOTE
r-release-osx-x86_64-mavericks 2.05 NOTE
r-release-windows-ix86+x86_64 2.05 8.00 42.00 50.00 NOTE
r-oldrel-windows-ix86+x86_64 2.05 11.00 57.00 68.00 NOTE

Check Details

Version: 2.05
Check: dependencies in R code
Result: NOTE
    Packages in Depends field not imported from:
     ‘forecast’ ‘tseries’
     These packages need to be imported from (in the NAMESPACE file)
     for when this namespace is loaded but not attached.
Flavors: r-devel-linux-x86_64-debian-clang, r-devel-linux-x86_64-debian-gcc, r-devel-linux-x86_64-fedora-clang, r-devel-linux-x86_64-fedora-gcc, r-devel-macos-x86_64-clang, r-devel-windows-ix86+x86_64, r-patched-linux-x86_64, r-patched-solaris-sparc, r-patched-solaris-x86, r-release-linux-x86_64, r-release-osx-x86_64-mavericks, r-release-windows-ix86+x86_64, r-oldrel-windows-ix86+x86_64

Version: 2.05
Check: R code for possible problems
Result: NOTE
    plot.Mdata: no visible global function definition for ‘tsp’
    plot.Mdata: no visible global function definition for ‘frequency’
    plot.Mdata: no visible global function definition for ‘plot’
    plot.Mdata: no visible global function definition for ‘ts’
    plot.Mdata: no visible global function definition for ‘title’
    plot.Mdata: no visible global function definition for ‘lines’
    Undefined global functions or variables:
     frequency lines plot title ts tsp
    Consider adding
     importFrom("graphics", "lines", "plot", "title")
     importFrom("stats", "frequency", "ts", "tsp")
    to your NAMESPACE file.
Flavors: r-devel-linux-x86_64-debian-clang, r-devel-linux-x86_64-debian-gcc, r-devel-linux-x86_64-fedora-clang, r-devel-linux-x86_64-fedora-gcc, r-devel-macos-x86_64-clang, r-devel-windows-ix86+x86_64, r-patched-linux-x86_64, r-patched-solaris-sparc, r-patched-solaris-x86, r-release-linux-x86_64, r-release-osx-x86_64-mavericks, r-release-windows-ix86+x86_64