CRAN Package Check Results for Package Mcomp

Last updated on 2014-12-20 12:47:30.

Flavor Version Tinstall Tcheck Ttotal Status Flags
r-devel-linux-x86_64-debian-clang 2.05 3.35 25.57 28.92 NOTE
r-devel-linux-x86_64-debian-gcc 2.05 3.16 25.08 28.25 NOTE
r-devel-linux-x86_64-fedora-clang 2.05 62.22 NOTE
r-devel-linux-x86_64-fedora-gcc 2.05 57.97 NOTE
r-devel-osx-x86_64-clang 2.05 57.64 NOTE
r-devel-windows-ix86+x86_64 2.05 9.00 42.00 51.00 NOTE
r-patched-linux-x86_64 2.05 4.13 26.11 30.24 NOTE
r-patched-solaris-sparc 2.05 347.30 NOTE
r-patched-solaris-x86 2.05 81.00 NOTE
r-release-linux-ix86 2.05 4.89 32.31 37.20 NOTE
r-release-linux-x86_64 2.05 3.36 25.47 28.83 NOTE
r-release-osx-x86_64-mavericks 2.05 NOTE
r-release-osx-x86_64-snowleopard 2.05 OK
r-release-windows-ix86+x86_64 2.05 12.00 43.00 55.00 NOTE
r-oldrel-windows-ix86+x86_64 2.05 11.00 46.00 57.00 NOTE

Check Details

Version: 2.05
Check: dependencies in R code
Result: NOTE
    Packages in Depends field not imported from:
     ‘forecast’ ‘tseries’
     These packages need to be imported from (in the NAMESPACE file)
     for when this namespace is loaded but not attached.
    See the information on DESCRIPTION files in the chapter ‘Creating R
    packages’ of the ‘Writing R Extensions’ manual.
Flavors: r-devel-linux-x86_64-debian-clang, r-devel-linux-x86_64-debian-gcc, r-devel-linux-x86_64-fedora-clang, r-devel-linux-x86_64-fedora-gcc, r-devel-osx-x86_64-clang, r-devel-windows-ix86+x86_64, r-patched-linux-x86_64, r-patched-solaris-sparc, r-patched-solaris-x86, r-release-linux-ix86, r-release-linux-x86_64, r-release-osx-x86_64-mavericks, r-release-windows-ix86+x86_64, r-oldrel-windows-ix86+x86_64