CRAN Package Check Results for Package Mcomp

Last updated on 2014-11-22 11:49:15.

Flavor Version Tinstall Tcheck Ttotal Status Flags
r-devel-linux-x86_64-debian-clang 2.05 3.35 25.81 29.16 NOTE
r-devel-linux-x86_64-debian-gcc 2.05 3.22 26.02 29.24 NOTE
r-devel-linux-x86_64-fedora-clang 2.05 62.10 NOTE
r-devel-linux-x86_64-fedora-gcc 2.05 59.24 NOTE
r-devel-osx-x86_64-clang 2.05 58.36 NOTE
r-devel-windows-ix86+x86_64 2.05 9.00 39.00 48.00 NOTE
r-patched-linux-x86_64 2.05 3.36 26.24 29.60 NOTE
r-patched-solaris-sparc 2.05 347.30 NOTE
r-patched-solaris-x86 2.05 81.60 NOTE
r-release-linux-ix86 2.05 4.89 32.59 37.48 NOTE
r-release-linux-x86_64 2.05 3.60 25.10 28.71 NOTE
r-release-osx-x86_64-mavericks 2.05 NOTE
r-release-osx-x86_64-snowleopard 2.05 OK
r-release-windows-ix86+x86_64 2.05 12.00 41.00 53.00 NOTE
r-oldrel-windows-ix86+x86_64 2.05 10.00 43.00 53.00 NOTE

Check Details

Version: 2.05
Check: dependencies in R code
Result: NOTE
    Packages in Depends field not imported from:
     ‘forecast’ ‘tseries’
     These packages need to be imported from (in the NAMESPACE file)
     for when this namespace is loaded but not attached.
    See the information on DESCRIPTION files in the chapter ‘Creating R
    packages’ of the ‘Writing R Extensions’ manual.
Flavors: r-devel-linux-x86_64-debian-clang, r-devel-linux-x86_64-debian-gcc, r-devel-linux-x86_64-fedora-clang, r-devel-linux-x86_64-fedora-gcc, r-devel-osx-x86_64-clang, r-devel-windows-ix86+x86_64, r-patched-linux-x86_64, r-patched-solaris-sparc, r-patched-solaris-x86, r-release-linux-ix86, r-release-linux-x86_64, r-release-osx-x86_64-mavericks, r-release-windows-ix86+x86_64, r-oldrel-windows-ix86+x86_64