CRAN Package Check Results for Package Mcomp

Last updated on 2014-07-23 04:48:26.

Flavor Version Tinstall Tcheck Ttotal Status Flags
r-devel-linux-x86_64-debian-clang 2.05 3.62 25.45 29.07 NOTE
r-devel-linux-x86_64-debian-gcc 2.05 3.26 25.04 28.30 NOTE
r-devel-linux-x86_64-fedora-clang 2.05 62.65 NOTE
r-devel-linux-x86_64-fedora-gcc 2.05 59.74 NOTE
r-devel-osx-x86_64-clang 2.05 55.51 NOTE
r-devel-windows-ix86+x86_64 2.05 10.00 41.00 51.00 NOTE
r-patched-linux-x86_64 2.05 3.55 25.25 28.80 NOTE
r-patched-solaris-sparc 2.05 349.70 NOTE
r-patched-solaris-x86 2.05 80.50 NOTE
r-release-linux-ix86 2.05 5.01 33.66 38.67 NOTE
r-release-linux-x86_64 2.05 3.45 26.08 29.54 NOTE
r-release-osx-x86_64-mavericks 2.05 NOTE
r-release-osx-x86_64-snowleopard 2.05 OK
r-release-windows-ix86+x86_64 2.05 10.00 44.00 54.00 NOTE
r-oldrel-windows-ix86+x86_64 2.05 9.00 41.00 50.00 NOTE

Check Details

Version: 2.05
Check: dependencies in R code
Result: NOTE
    Packages in Depends field not imported from:
     ‘forecast’ ‘tseries’
     These packages need to be imported from (in the NAMESPACE file)
     for when this namespace is loaded but not attached.
    See the information on DESCRIPTION files in the chapter ‘Creating R
    packages’ of the ‘Writing R Extensions’ manual.
Flavors: r-devel-linux-x86_64-debian-clang, r-devel-linux-x86_64-debian-gcc, r-devel-linux-x86_64-fedora-clang, r-devel-linux-x86_64-fedora-gcc, r-devel-osx-x86_64-clang, r-devel-windows-ix86+x86_64, r-patched-linux-x86_64, r-patched-solaris-sparc, r-patched-solaris-x86, r-release-linux-ix86, r-release-linux-x86_64, r-release-osx-x86_64-mavericks, r-release-windows-ix86+x86_64, r-oldrel-windows-ix86+x86_64