CRAN Package Check Results for Package Mcomp

Last updated on 2014-04-25 05:47:19.

Flavor Version Tinstall Tcheck Ttotal Status Flags
r-devel-linux-x86_64-debian-clang 2.05 3.55 26.97 30.52 NOTE
r-devel-linux-x86_64-debian-gcc 2.05 3.51 26.46 29.96 NOTE
r-devel-linux-x86_64-fedora-clang 2.05 62.74 NOTE
r-devel-linux-x86_64-fedora-gcc 2.05 59.33 NOTE
r-devel-osx-x86_64-clang 2.05 59.79 NOTE
r-devel-osx-x86_64-gcc 2.05 ERROR
r-devel-windows-ix86+x86_64 2.05 8.00 41.00 49.00 NOTE
r-patched-linux-x86_64 2.05 3.53 26.55 30.08 NOTE
r-patched-solaris-sparc 2.05 349.70 NOTE
r-patched-solaris-x86 2.05 81.40 NOTE
r-release-linux-ix86 2.05 6.00 49.00 55.00 NOTE
r-release-linux-x86_64 2.05 3.52 26.92 30.43 NOTE
r-release-osx-x86_64-mavericks 2.05 ERROR
r-release-osx-x86_64-snowleopard 2.05 OK
r-release-windows-ix86+x86_64 2.05 10.00 41.00 51.00 NOTE
r-oldrel-windows-ix86+x86_64 2.05 10.00 41.00 51.00 NOTE

Check Details

Version: 2.05
Check: dependencies in R code
Result: NOTE
    Packages in Depends field not imported from:
     ‘forecast’ ‘tseries’
     These packages need to be imported from (in the NAMESPACE file)
     for when this namespace is loaded but not attached.
    See the information on DESCRIPTION files in the chapter ‘Creating R
    packages’ of the ‘Writing R Extensions’ manual.
Flavors: r-devel-linux-x86_64-debian-clang, r-devel-linux-x86_64-debian-gcc, r-devel-linux-x86_64-fedora-clang, r-devel-linux-x86_64-fedora-gcc, r-devel-osx-x86_64-clang, r-devel-windows-ix86+x86_64, r-patched-linux-x86_64, r-patched-solaris-sparc, r-patched-solaris-x86, r-release-linux-ix86, r-release-linux-x86_64, r-release-windows-ix86+x86_64, r-oldrel-windows-ix86+x86_64

Version: 2.05
Check: package dependencies
Result: ERROR
    Packages required but not available: ‘tseries’ ‘forecast’
    
    See the information on DESCRIPTION files in the chapter ‘Creating R
    packages’ of the ‘Writing R Extensions’ manual.
Flavor: r-devel-osx-x86_64-gcc

Version: 2.05
Check: package dependencies
Result: ERROR
    Package required but not available: ‘forecast’
    
    See the information on DESCRIPTION files in the chapter ‘Creating R
    packages’ of the ‘Writing R Extensions’ manual.
Flavor: r-release-osx-x86_64-mavericks