CRAN Package Check Results for Package Mcomp

Last updated on 2017-02-26 10:48:06.

Flavor Version Tinstall Tcheck Ttotal Status Flags
r-devel-linux-x86_64-debian-clang 2.6 3.23 26.91 30.14 OK
r-devel-linux-x86_64-debian-gcc 2.6 3.33 27.49 30.82 OK
r-devel-linux-x86_64-fedora-clang 2.6 54.98 OK --no-stop-on-test-error
r-devel-linux-x86_64-fedora-gcc 2.6 59.84 OK --no-stop-on-test-error
r-devel-macos-x86_64-clang 2.6 44.98 OK --no-stop-on-test-error
r-devel-windows-ix86+x86_64 2.6 12.00 87.00 99.00 OK
r-patched-linux-x86_64 2.6 3.28 22.73 26.01 OK
r-patched-solaris-sparc 2.6 288.90 OK
r-patched-solaris-x86 2.6 63.10 OK
r-release-linux-x86_64 2.6 3.46 22.96 26.42 OK
r-release-osx-x86_64-mavericks 2.05 NOTE
r-release-windows-ix86+x86_64 2.6 7.00 67.00 74.00 OK
r-oldrel-windows-ix86+x86_64 2.6 12.00 179.00 191.00 OK

Check Details

Version: 2.05
Check: dependencies in R code
Result: NOTE
    Packages in Depends field not imported from:
     ‘forecast’ ‘tseries’
     These packages need to be imported from (in the NAMESPACE file)
     for when this namespace is loaded but not attached.
Flavor: r-release-osx-x86_64-mavericks

Version: 2.05
Check: R code for possible problems
Result: NOTE
    plot.Mdata: no visible global function definition for ‘tsp’
    plot.Mdata: no visible global function definition for ‘frequency’
    plot.Mdata: no visible global function definition for ‘plot’
    plot.Mdata: no visible global function definition for ‘ts’
    plot.Mdata: no visible global function definition for ‘title’
    plot.Mdata: no visible global function definition for ‘lines’
    Undefined global functions or variables:
     frequency lines plot title ts tsp
    Consider adding
     importFrom("graphics", "lines", "plot", "title")
     importFrom("stats", "frequency", "ts", "tsp")
    to your NAMESPACE file.
Flavor: r-release-osx-x86_64-mavericks