CRAN Package Check Results for Package Mcomp

Last updated on 2015-07-31 11:49:15.

Flavor Version Tinstall Tcheck Ttotal Status Flags
r-devel-linux-x86_64-debian-clang 2.05 2.93 19.79 22.72 NOTE
r-devel-linux-x86_64-debian-gcc 2.05 4.09 19.20 23.29 NOTE
r-devel-linux-x86_64-fedora-clang 2.05 44.36 NOTE
r-devel-linux-x86_64-fedora-gcc 2.05 42.62 NOTE
r-devel-osx-x86_64-clang 2.05 41.46 NOTE
r-devel-windows-ix86+x86_64 2.05 10.00 33.00 43.00 NOTE
r-patched-linux-x86_64 2.05 3.08 19.62 22.70 NOTE
r-patched-solaris-sparc 2.05 284.70 NOTE
r-patched-solaris-x86 2.05 63.80 NOTE
r-release-linux-x86_64 2.05 2.88 19.45 22.33 NOTE
r-release-osx-x86_64-mavericks 2.05 NOTE
r-release-windows-ix86+x86_64 2.05 9.00 34.00 43.00 NOTE
r-oldrel-windows-ix86+x86_64 2.05 9.00 52.00 61.00 NOTE

Check Details

Version: 2.05
Check: dependencies in R code
Result: NOTE
    Packages in Depends field not imported from:
     ‘forecast’ ‘tseries’
     These packages need to be imported from (in the NAMESPACE file)
     for when this namespace is loaded but not attached.
Flavors: r-devel-linux-x86_64-debian-clang, r-devel-linux-x86_64-debian-gcc, r-devel-linux-x86_64-fedora-clang, r-devel-linux-x86_64-fedora-gcc, r-devel-osx-x86_64-clang, r-devel-windows-ix86+x86_64, r-patched-linux-x86_64, r-patched-solaris-sparc, r-patched-solaris-x86, r-release-linux-x86_64, r-release-osx-x86_64-mavericks, r-release-windows-ix86+x86_64, r-oldrel-windows-ix86+x86_64

Version: 2.05
Check: R code for possible problems
Result: NOTE
    plot.Mdata: no visible global function definition for ‘tsp’
    plot.Mdata: no visible global function definition for ‘frequency’
    plot.Mdata: no visible global function definition for ‘plot’
    plot.Mdata: no visible global function definition for ‘ts’
    plot.Mdata: no visible global function definition for ‘title’
    plot.Mdata: no visible global function definition for ‘lines’
    Undefined global functions or variables:
     frequency lines plot title ts tsp
    Consider adding
     importFrom("graphics", "lines", "plot", "title")
     importFrom("stats", "frequency", "ts", "tsp")
    to your NAMESPACE.
Flavors: r-devel-linux-x86_64-debian-clang, r-devel-linux-x86_64-debian-gcc, r-devel-linux-x86_64-fedora-clang, r-devel-linux-x86_64-fedora-gcc, r-devel-windows-ix86+x86_64