CRAN Package Check Results for Package Mcomp

Last updated on 2014-09-20 15:49:24.

Flavor Version Tinstall Tcheck Ttotal Status Flags
r-devel-linux-x86_64-debian-clang 2.05 3.33 25.35 28.68 NOTE
r-devel-linux-x86_64-debian-gcc 2.05 3.22 24.12 27.34 NOTE
r-devel-linux-x86_64-fedora-clang 2.05 60.09 NOTE
r-devel-linux-x86_64-fedora-gcc 2.05 58.40 NOTE
r-devel-osx-x86_64-clang 2.05 54.29 NOTE
r-devel-windows-ix86+x86_64 2.05 10.00 38.00 48.00 NOTE
r-patched-linux-x86_64 2.05 3.40 26.90 30.31 NOTE
r-patched-solaris-sparc 2.05 347.30 NOTE
r-patched-solaris-x86 2.05 82.80 NOTE
r-release-linux-ix86 2.05 5.03 34.47 39.50 NOTE
r-release-linux-x86_64 2.05 3.42 26.20 29.62 NOTE
r-release-osx-x86_64-mavericks 2.05 NOTE
r-release-osx-x86_64-snowleopard 2.05 OK
r-release-windows-ix86+x86_64 2.05 11.00 43.00 54.00 NOTE
r-oldrel-windows-ix86+x86_64 2.05 11.00 45.00 56.00 NOTE

Check Details

Version: 2.05
Check: dependencies in R code
Result: NOTE
    Packages in Depends field not imported from:
     ‘forecast’ ‘tseries’
     These packages need to be imported from (in the NAMESPACE file)
     for when this namespace is loaded but not attached.
    See the information on DESCRIPTION files in the chapter ‘Creating R
    packages’ of the ‘Writing R Extensions’ manual.
Flavors: r-devel-linux-x86_64-debian-clang, r-devel-linux-x86_64-debian-gcc, r-devel-linux-x86_64-fedora-clang, r-devel-linux-x86_64-fedora-gcc, r-devel-osx-x86_64-clang, r-devel-windows-ix86+x86_64, r-patched-linux-x86_64, r-patched-solaris-sparc, r-patched-solaris-x86, r-release-linux-ix86, r-release-linux-x86_64, r-release-osx-x86_64-mavericks, r-release-windows-ix86+x86_64, r-oldrel-windows-ix86+x86_64