CRAN Package Check Results for Package Mcomp

Last updated on 2017-01-20 13:47:06.

Flavor Version Tinstall Tcheck Ttotal Status Flags
r-devel-linux-x86_64-debian-clang 2.05 3.39 24.36 27.75 NOTE
r-devel-linux-x86_64-debian-gcc 2.05 3.27 23.74 27.02 NOTE
r-devel-linux-x86_64-fedora-clang 2.05 49.18 NOTE --no-stop-on-test-error
r-devel-linux-x86_64-fedora-gcc 2.05 49.28 NOTE --no-stop-on-test-error
r-devel-macos-x86_64-clang 2.05 40.75 NOTE --no-stop-on-test-error
r-devel-windows-ix86+x86_64 2.05 12.00 74.00 86.00 NOTE
r-patched-linux-x86_64 2.05 3.09 21.32 24.40 NOTE
r-patched-solaris-sparc 2.05 263.90 NOTE
r-patched-solaris-x86 2.05 59.00 NOTE
r-release-linux-x86_64 2.05 3.06 20.76 23.81 NOTE
r-release-osx-x86_64-mavericks 2.05 NOTE
r-release-windows-ix86+x86_64 2.05 9.00 70.00 79.00 NOTE
r-oldrel-windows-ix86+x86_64 2.05 8.00 46.00 54.00 NOTE

Check Details

Version: 2.05
Check: dependencies in R code
Result: NOTE
    Packages in Depends field not imported from:
     ‘forecast’ ‘tseries’
     These packages need to be imported from (in the NAMESPACE file)
     for when this namespace is loaded but not attached.
Flavors: r-devel-linux-x86_64-debian-clang, r-devel-linux-x86_64-debian-gcc, r-devel-windows-ix86+x86_64, r-patched-linux-x86_64, r-patched-solaris-sparc, r-patched-solaris-x86, r-release-linux-x86_64, r-release-osx-x86_64-mavericks, r-release-windows-ix86+x86_64, r-oldrel-windows-ix86+x86_64

Version: 2.05
Check: R code for possible problems
Result: NOTE
    plot.Mdata: no visible global function definition for ‘tsp’
    plot.Mdata: no visible global function definition for ‘frequency’
    plot.Mdata: no visible global function definition for ‘plot’
    plot.Mdata: no visible global function definition for ‘ts’
    plot.Mdata: no visible global function definition for ‘title’
    plot.Mdata: no visible global function definition for ‘lines’
    Undefined global functions or variables:
     frequency lines plot title ts tsp
    Consider adding
     importFrom("graphics", "lines", "plot", "title")
     importFrom("stats", "frequency", "ts", "tsp")
    to your NAMESPACE file.
Flavors: r-devel-linux-x86_64-debian-clang, r-devel-linux-x86_64-debian-gcc, r-devel-windows-ix86+x86_64, r-patched-linux-x86_64, r-patched-solaris-sparc, r-patched-solaris-x86, r-release-linux-x86_64, r-release-osx-x86_64-mavericks, r-release-windows-ix86+x86_64

Version: 2.05
Flags: --no-stop-on-test-error
Check: dependencies in R code
Result: NOTE
    Packages in Depends field not imported from:
     ‘forecast’ ‘tseries’
     These packages need to be imported from (in the NAMESPACE file)
     for when this namespace is loaded but not attached.
Flavors: r-devel-linux-x86_64-fedora-clang, r-devel-linux-x86_64-fedora-gcc, r-devel-macos-x86_64-clang

Version: 2.05
Flags: --no-stop-on-test-error
Check: R code for possible problems
Result: NOTE
    plot.Mdata: no visible global function definition for ‘tsp’
    plot.Mdata: no visible global function definition for ‘frequency’
    plot.Mdata: no visible global function definition for ‘plot’
    plot.Mdata: no visible global function definition for ‘ts’
    plot.Mdata: no visible global function definition for ‘title’
    plot.Mdata: no visible global function definition for ‘lines’
    Undefined global functions or variables:
     frequency lines plot title ts tsp
    Consider adding
     importFrom("graphics", "lines", "plot", "title")
     importFrom("stats", "frequency", "ts", "tsp")
    to your NAMESPACE file.
Flavors: r-devel-linux-x86_64-fedora-clang, r-devel-linux-x86_64-fedora-gcc, r-devel-macos-x86_64-clang