CRAN Package Check Results for Package Mcomp

Last updated on 2015-03-31 17:50:00.

Flavor Version Tinstall Tcheck Ttotal Status Flags
r-devel-linux-x86_64-debian-clang 2.05 2.86 19.56 22.42 NOTE
r-devel-linux-x86_64-debian-gcc 2.05 2.86 19.34 22.20 NOTE
r-devel-linux-x86_64-fedora-clang 2.05 45.13 NOTE
r-devel-linux-x86_64-fedora-gcc 2.05 41.44 NOTE
r-devel-osx-x86_64-clang 2.05 49.89 NOTE
r-prerel-windows-ix86+x86_64 2.05 7.00 33.00 40.00 NOTE
r-prerel-linux-x86_64 2.05 2.86 19.50 22.36 NOTE
r-prerel-solaris-sparc 2.05 315.50 NOTE
r-prerel-solaris-x86 2.05 63.40 NOTE
r-release-linux-x86_64 2.05 4.90 26.37 31.27 NOTE
r-release-osx-x86_64-mavericks 2.05 NOTE
r-release-osx-x86_64-snowleopard 2.05 OK
r-release-windows-ix86+x86_64 2.05 9.00 47.00 56.00 NOTE
r-oldrel-windows-ix86+x86_64 2.05 11.00 45.00 56.00 NOTE

Check Details

Version: 2.05
Check: dependencies in R code
Result: NOTE
    Packages in Depends field not imported from:
     ‘forecast’ ‘tseries’
     These packages need to be imported from (in the NAMESPACE file)
     for when this namespace is loaded but not attached.
Flavors: r-devel-linux-x86_64-debian-clang, r-devel-linux-x86_64-debian-gcc, r-devel-linux-x86_64-fedora-clang, r-devel-linux-x86_64-fedora-gcc, r-devel-osx-x86_64-clang, r-prerel-windows-ix86+x86_64, r-prerel-linux-x86_64, r-prerel-solaris-sparc, r-prerel-solaris-x86, r-release-linux-x86_64, r-release-windows-ix86+x86_64

Version: 2.05
Check: dependencies in R code
Result: NOTE
    Packages in Depends field not imported from:
     ‘forecast’ ‘tseries’
     These packages need to be imported from (in the NAMESPACE file)
     for when this namespace is loaded but not attached.
    See the information on DESCRIPTION files in the chapter ‘Creating R
    packages’ of the ‘Writing R Extensions’ manual.
Flavors: r-release-osx-x86_64-mavericks, r-oldrel-windows-ix86+x86_64