CRAN Package Check Results for Package Mcomp

Last updated on 2015-05-27 19:47:12.

Flavor Version Tinstall Tcheck Ttotal Status Flags
r-devel-linux-x86_64-debian-clang 2.05 2.90 20.21 23.11 NOTE
r-devel-linux-x86_64-debian-gcc 2.05 2.88 19.45 22.32 NOTE
r-devel-linux-x86_64-fedora-clang 2.05 45.71 NOTE
r-devel-linux-x86_64-fedora-gcc 2.05 42.25 NOTE
r-devel-osx-x86_64-clang 2.05 45.04 NOTE
r-devel-windows-ix86+x86_64 2.05 7.00 35.00 42.00 NOTE
r-patched-linux-x86_64 2.05 2.88 19.29 22.17 NOTE
r-patched-solaris-sparc 2.05 275.60 NOTE
r-patched-solaris-x86 2.05 63.40 NOTE
r-release-linux-x86_64 2.05 2.90 19.56 22.46 NOTE
r-release-osx-x86_64-mavericks 2.05 NOTE
r-release-osx-x86_64-snowleopard 2.05 ERROR
r-release-windows-ix86+x86_64 2.05 8.00 34.00 42.00 NOTE
r-oldrel-windows-ix86+x86_64 2.05 11.00 44.00 55.00 NOTE

Check Details

Version: 2.05
Check: dependencies in R code
Result: NOTE
    Packages in Depends field not imported from:
     ‘forecast’ ‘tseries’
     These packages need to be imported from (in the NAMESPACE file)
     for when this namespace is loaded but not attached.
Flavors: r-devel-linux-x86_64-debian-clang, r-devel-linux-x86_64-debian-gcc, r-devel-linux-x86_64-fedora-clang, r-devel-linux-x86_64-fedora-gcc, r-devel-osx-x86_64-clang, r-devel-windows-ix86+x86_64, r-patched-linux-x86_64, r-patched-solaris-sparc, r-patched-solaris-x86, r-release-linux-x86_64, r-release-osx-x86_64-mavericks, r-release-windows-ix86+x86_64, r-oldrel-windows-ix86+x86_64

Version: 2.05
Check: package dependencies
Result: ERROR
    Packages required but not available: ‘tseries’ ‘forecast’
    
    See section ‘The DESCRIPTION file’ in the ‘Writing R Extensions’
    manual.
Flavor: r-release-osx-x86_64-snowleopard