CRAN Package Check Results for Package Mcomp

Last updated on 2015-04-27 15:46:36.

Flavor Version Tinstall Tcheck Ttotal Status Flags
r-devel-linux-x86_64-debian-clang 2.05 2.85 20.06 22.92 NOTE
r-devel-linux-x86_64-debian-gcc 2.05 3.98 19.99 23.97 NOTE
r-devel-linux-x86_64-fedora-clang 2.05 45.72 NOTE
r-devel-linux-x86_64-fedora-gcc 2.05 41.63 NOTE
r-devel-osx-x86_64-clang 2.05 44.53 NOTE
r-devel-windows-ix86+x86_64 2.05 6.00 31.00 37.00 NOTE
r-patched-linux-x86_64 2.05 2.98 19.94 22.92 NOTE
r-patched-solaris-sparc 2.05 315.50 NOTE
r-patched-solaris-x86 2.05 63.00 NOTE
r-release-linux-x86_64 2.05 2.86 19.41 22.26 NOTE
r-release-osx-x86_64-mavericks 2.05 NOTE
r-release-osx-x86_64-snowleopard 2.05 ERROR
r-release-windows-ix86+x86_64 2.05 8.00 43.00 51.00 NOTE
r-oldrel-windows-ix86+x86_64 2.05 9.00 40.00 49.00 NOTE

Check Details

Version: 2.05
Check: dependencies in R code
Result: NOTE
    Packages in Depends field not imported from:
     ‘forecast’ ‘tseries’
     These packages need to be imported from (in the NAMESPACE file)
     for when this namespace is loaded but not attached.
Flavors: r-devel-linux-x86_64-debian-clang, r-devel-linux-x86_64-debian-gcc, r-devel-linux-x86_64-fedora-clang, r-devel-linux-x86_64-fedora-gcc, r-devel-osx-x86_64-clang, r-devel-windows-ix86+x86_64, r-patched-solaris-sparc, r-patched-solaris-x86, r-release-linux-x86_64, r-release-osx-x86_64-mavericks, r-release-windows-ix86+x86_64, r-oldrel-windows-ix86+x86_64

Version: 2.05
Check: package dependencies
Result: ERROR
    Packages required but not available: ‘tseries’ ‘forecast’
    
    See section ‘The DESCRIPTION file’ in the ‘Writing R Extensions’
    manual.
Flavor: r-release-osx-x86_64-snowleopard