CRAN Package Check Results for Package MergeGUI

Last updated on 2014-10-23 05:46:45.

Flavor Version Tinstall Tcheck Ttotal Status Flags
r-devel-linux-x86_64-debian-clang 0.2-1 4.01 57.24 61.25 NOTE
r-devel-linux-x86_64-debian-gcc 0.2-1 4.42 58.32 62.74 NOTE
r-devel-linux-x86_64-fedora-clang 0.2-1 138.65 NOTE
r-devel-linux-x86_64-fedora-gcc 0.2-1 130.22 NOTE
r-devel-osx-x86_64-clang 0.2-1 116.30 NOTE
r-devel-windows-ix86+x86_64 0.2-1 13.00 88.00 101.00 NOTE
r-patched-linux-x86_64 0.2-1 4.24 58.42 62.66 NOTE
r-patched-solaris-sparc 0.2-1 733.20 NOTE
r-patched-solaris-x86 0.2-1 185.50 NOTE
r-release-linux-ix86 0.2-1 5.64 74.56 80.19 OK
r-release-linux-x86_64 0.2-1 4.46 62.60 67.06 OK
r-release-osx-x86_64-mavericks 0.2-1 ERROR
r-release-osx-x86_64-snowleopard 0.2-1 OK
r-release-windows-ix86+x86_64 0.2-1 17.00 91.00 108.00 OK
r-oldrel-windows-ix86+x86_64 0.2-1 17.00 90.00 107.00 OK

Check Details

Version: 0.2-1
Check: R code for possible problems
Result: NOTE
    MergeGUI : mergefunc : undo: no visible global function definition for
     ‘gmessage’
    MergeGUI : mergefunc : redo: no visible global function definition for
     ‘gmessage’
    MergeGUI : mergefunc : VariableOptions: no visible global function
     definition for ‘gwindow’
    MergeGUI : mergefunc : VariableOptions: no visible global function
     definition for ‘ggroup’
    MergeGUI : mergefunc : VariableOptions: no visible global function
     definition for ‘glabel’
    MergeGUI : mergefunc : VariableOptions: no visible global function
     definition for ‘gedit’
    MergeGUI : mergefunc : VariableOptions: no visible global function
     definition for ‘gcombobox’
    MergeGUI : mergefunc : VariableOptions: no visible global function
     definition for ‘gbutton’
    MergeGUI : mergefunc : VariableOptions : <anonymous>: no visible global
     function definition for ‘gmessage’
    MergeGUI : mergefunc : smmry: no visible global function definition for
     ‘gmessage’
    MergeGUI : mergefunc : smmry: no visible global function definition for
     ‘ggroup’
    MergeGUI : mergefunc : smmry: no visible global function definition for
     ‘glayout’
    MergeGUI : mergefunc : smmry: no visible global function definition for
     ‘glabel’
    MergeGUI : mergefunc : smmry: no visible global function definition for
     ‘gtable’
    MergeGUI : mergefunc : graph: no visible global function definition for
     ‘ggroup’
    MergeGUI : mergefunc : graph: no visible global function definition for
     ‘glayout’
    MergeGUI : mergefunc : graph: no visible global function definition for
     ‘gmessage’
    MergeGUI : mergefunc : graph: no visible global function definition for
     ‘ggraphics’
    MergeGUI : mergefunc : dict: no visible global function definition for
     ‘ggroup’
    MergeGUI : mergefunc : dict: no visible global function definition for
     ‘glayout’
    MergeGUI : mergefunc : dict: no visible global function definition for
     ‘gtext’
    MergeGUI : mergefunc : dict: no visible global function definition for
     ‘gmessage’
    MergeGUI : mergefunc : changetest: no visible global function
     definition for ‘gtable’
    MergeGUI : mergefunc : changetest: no visible global function
     definition for ‘gmessage’
    MergeGUI : mergefunc : changematching: no visible global function
     definition for ‘gmessage’
    MergeGUI : mergefunc : watchdatafunc: no visible global function
     definition for ‘gmessage’
    MergeGUI : mergefunc : watchdatafunc: no visible global function
     definition for ‘gfile’
    MergeGUI : mergefunc: no visible global function definition for
     ‘gwindow’
    MergeGUI : mergefunc: no visible global function definition for
     ‘gnotebook’
    MergeGUI : mergefunc: no visible global function definition for
     ‘ggroup’
    MergeGUI : mergefunc: no visible global function definition for
     ‘gframe’
    MergeGUI : mergefunc: no visible global function definition for
     ‘gradio’
    MergeGUI : mergefunc: no visible global function definition for
     ‘glabel’
    MergeGUI : mergefunc: no visible global function definition for ‘gedit’
    MergeGUI : mergefunc: no visible global function definition for
     ‘gcheckboxgroup’
    MergeGUI : mergefunc: no visible global function definition for
     ‘gtable’
    MergeGUI : mergefunc: no visible global function definition for
     ‘addHandlerKeystroke’
    MergeGUI : mergefunc: no visible global function definition for
     ‘gbutton’
    MergeGUI : mergeID : watchIDfunc: no visible global function definition
     for ‘gmessage’
    MergeGUI : mergeID : watchIDfunc: no visible global function definition
     for ‘gfile’
    MergeGUI : mergeID: no visible global function definition for ‘gwindow’
    MergeGUI : mergeID: no visible global function definition for ‘ggroup’
    MergeGUI : mergeID: no visible global function definition for ‘glabel’
    MergeGUI : mergeID: no visible global function definition for
     ‘gcombobox’
    MergeGUI : mergeID: no visible global function definition for ‘gbutton’
    MergeGUI: no visible global function definition for ‘gwindow’
    MergeGUI: no visible global function definition for ‘ggroup’
    MergeGUI: no visible global function definition for ‘gtable’
    MergeGUI: no visible global function definition for ‘gbutton’
    MergeGUI : <anonymous>: no visible global function definition for
     ‘gfile’
Flavors: r-devel-linux-x86_64-debian-clang, r-devel-linux-x86_64-debian-gcc, r-devel-linux-x86_64-fedora-clang, r-devel-linux-x86_64-fedora-gcc, r-devel-osx-x86_64-clang, r-devel-windows-ix86+x86_64, r-patched-linux-x86_64, r-patched-solaris-sparc, r-patched-solaris-x86

Version: 0.2-1
Check: package dependencies
Result: ERROR
    Packages required but not available: ‘gWidgetsRGtk2’ ‘cairoDevice’
    
    See the information on DESCRIPTION files in the chapter ‘Creating R
    packages’ of the ‘Writing R Extensions’ manual.
Flavor: r-release-osx-x86_64-mavericks