CRAN Package Check Results for Package MergeGUI

Last updated on 2014-07-26 17:47:12.

Flavor Version Tinstall Tcheck Ttotal Status Flags
r-devel-linux-x86_64-debian-clang 0.2-1 4.12 56.31 60.43 OK
r-devel-linux-x86_64-debian-gcc 0.2-1 4.21 55.25 59.46 OK
r-devel-linux-x86_64-fedora-clang 0.2-1 142.87 OK
r-devel-linux-x86_64-fedora-gcc 0.2-1 137.99 OK
r-devel-osx-x86_64-clang 0.2-1 115.48 OK
r-devel-windows-ix86+x86_64 0.2-1 15.00 87.00 102.00 OK
r-patched-linux-x86_64 0.2-1 5.29 56.73 62.02 OK
r-patched-solaris-sparc 0.2-1 795.30 OK
r-patched-solaris-x86 0.2-1 185.80 OK
r-release-linux-ix86 0.2-1 5.50 72.83 78.33 OK
r-release-linux-x86_64 0.2-1 4.68 58.22 62.89 OK
r-release-osx-x86_64-mavericks 0.2-1 ERROR
r-release-osx-x86_64-snowleopard 0.2-1 OK
r-release-windows-ix86+x86_64 0.2-1 14.00 93.00 107.00 OK
r-oldrel-windows-ix86+x86_64 0.2-1 16.00 93.00 109.00 OK

Check Details

Version: 0.2-1
Check: package dependencies
Result: ERROR
    Packages required but not available: ‘gWidgetsRGtk2’ ‘cairoDevice’
    
    See the information on DESCRIPTION files in the chapter ‘Creating R
    packages’ of the ‘Writing R Extensions’ manual.
Flavor: r-release-osx-x86_64-mavericks