CRAN Package Check Results for Package MergeGUI

Last updated on 2015-03-02 16:50:10.

Flavor Version Tinstall Tcheck Ttotal Status Flags
r-devel-linux-x86_64-debian-clang 0.2-1 3.44 43.08 46.52 NOTE
r-devel-linux-x86_64-debian-gcc 0.2-1 3.14 41.00 44.14 NOTE
r-devel-linux-x86_64-fedora-clang 0.2-1 104.83 NOTE
r-devel-linux-x86_64-fedora-gcc 0.2-1 92.02 NOTE
r-devel-osx-x86_64-clang 0.2-1 90.49 NOTE
r-devel-windows-ix86+x86_64 0.2-1 15.00 90.00 105.00 NOTE
r-patched-linux-x86_64 0.2-1 5.64 60.40 66.04 NOTE
r-patched-solaris-sparc 0.2-1 751.00 NOTE
r-patched-solaris-x86 0.2-1 190.90 NOTE
r-release-linux-ix86 0.2-1 5.02 79.96 84.98 NOTE
r-release-linux-x86_64 0.2-1 5.32 60.58 65.90 NOTE
r-release-osx-x86_64-mavericks 0.2-1 ERROR
r-release-osx-x86_64-snowleopard 0.2-1 OK
r-release-windows-ix86+x86_64 0.2-1 28.00 133.00 161.00 NOTE
r-oldrel-windows-ix86+x86_64 0.2-1 19.00 96.00 115.00 OK

Check Details

Version: 0.2-1
Check: R code for possible problems
Result: NOTE
    MergeGUI : mergefunc : undo: no visible global function definition for
     ‘gmessage’
    MergeGUI : mergefunc : redo: no visible global function definition for
     ‘gmessage’
    MergeGUI : mergefunc : VariableOptions: no visible global function
     definition for ‘gwindow’
    MergeGUI : mergefunc : VariableOptions: no visible global function
     definition for ‘ggroup’
    MergeGUI : mergefunc : VariableOptions: no visible global function
     definition for ‘glabel’
    MergeGUI : mergefunc : VariableOptions: no visible global function
     definition for ‘gedit’
    MergeGUI : mergefunc : VariableOptions: no visible global function
     definition for ‘gcombobox’
    MergeGUI : mergefunc : VariableOptions: no visible global function
     definition for ‘gbutton’
    MergeGUI : mergefunc : VariableOptions : <anonymous>: no visible global
     function definition for ‘gmessage’
    MergeGUI : mergefunc : smmry: no visible global function definition for
     ‘gmessage’
    MergeGUI : mergefunc : smmry: no visible global function definition for
     ‘ggroup’
    MergeGUI : mergefunc : smmry: no visible global function definition for
     ‘glayout’
    MergeGUI : mergefunc : smmry: no visible global function definition for
     ‘glabel’
    MergeGUI : mergefunc : smmry: no visible global function definition for
     ‘gtable’
    MergeGUI : mergefunc : graph: no visible global function definition for
     ‘ggroup’
    MergeGUI : mergefunc : graph: no visible global function definition for
     ‘glayout’
    MergeGUI : mergefunc : graph: no visible global function definition for
     ‘gmessage’
    MergeGUI : mergefunc : graph: no visible global function definition for
     ‘ggraphics’
    MergeGUI : mergefunc : dict: no visible global function definition for
     ‘ggroup’
    MergeGUI : mergefunc : dict: no visible global function definition for
     ‘glayout’
    MergeGUI : mergefunc : dict: no visible global function definition for
     ‘gtext’
    MergeGUI : mergefunc : dict: no visible global function definition for
     ‘gmessage’
    MergeGUI : mergefunc : changetest: no visible global function
     definition for ‘gtable’
    MergeGUI : mergefunc : changetest: no visible global function
     definition for ‘gmessage’
    MergeGUI : mergefunc : changematching: no visible global function
     definition for ‘gmessage’
    MergeGUI : mergefunc : watchdatafunc: no visible global function
     definition for ‘gmessage’
    MergeGUI : mergefunc : watchdatafunc: no visible global function
     definition for ‘gfile’
    MergeGUI : mergefunc: no visible global function definition for
     ‘gwindow’
    MergeGUI : mergefunc: no visible global function definition for
     ‘gnotebook’
    MergeGUI : mergefunc: no visible global function definition for
     ‘ggroup’
    MergeGUI : mergefunc: no visible global function definition for
     ‘gframe’
    MergeGUI : mergefunc: no visible global function definition for
     ‘gradio’
    MergeGUI : mergefunc: no visible global function definition for
     ‘glabel’
    MergeGUI : mergefunc: no visible global function definition for ‘gedit’
    MergeGUI : mergefunc: no visible global function definition for
     ‘gcheckboxgroup’
    MergeGUI : mergefunc: no visible global function definition for
     ‘gtable’
    MergeGUI : mergefunc: no visible global function definition for
     ‘addHandlerKeystroke’
    MergeGUI : mergefunc: no visible global function definition for
     ‘gbutton’
    MergeGUI : mergeID : watchIDfunc: no visible global function definition
     for ‘gmessage’
    MergeGUI : mergeID : watchIDfunc: no visible global function definition
     for ‘gfile’
    MergeGUI : mergeID: no visible global function definition for ‘gwindow’
    MergeGUI : mergeID: no visible global function definition for ‘ggroup’
    MergeGUI : mergeID: no visible global function definition for ‘glabel’
    MergeGUI : mergeID: no visible global function definition for
     ‘gcombobox’
    MergeGUI : mergeID: no visible global function definition for ‘gbutton’
    MergeGUI: no visible global function definition for ‘gwindow’
    MergeGUI: no visible global function definition for ‘ggroup’
    MergeGUI: no visible global function definition for ‘gtable’
    MergeGUI: no visible global function definition for ‘gbutton’
    MergeGUI : <anonymous>: no visible global function definition for
     ‘gfile’
Flavors: r-devel-linux-x86_64-debian-clang, r-devel-linux-x86_64-debian-gcc, r-devel-linux-x86_64-fedora-clang, r-devel-linux-x86_64-fedora-gcc, r-devel-osx-x86_64-clang, r-devel-windows-ix86+x86_64, r-patched-linux-x86_64, r-patched-solaris-sparc, r-patched-solaris-x86, r-release-linux-ix86, r-release-linux-x86_64, r-release-windows-ix86+x86_64

Version: 0.2-1
Check: package dependencies
Result: ERROR
    Packages required but not available: ‘gWidgetsRGtk2’ ‘cairoDevice’
    
    See section ‘The DESCRIPTION file’ in the ‘Writing R Extensions’
    manual.
Flavor: r-release-osx-x86_64-mavericks