CRAN Package Check Results for Package MergeGUI

Last updated on 2014-09-02 03:49:41.

Flavor Version Tinstall Tcheck Ttotal Status Flags
r-devel-linux-x86_64-debian-clang 0.2-1 4.17 53.32 57.49 NOTE
r-devel-linux-x86_64-debian-gcc 0.2-1 3.96 52.93 56.90 NOTE
r-devel-linux-x86_64-fedora-clang 0.2-1 137.97 NOTE
r-devel-linux-x86_64-fedora-gcc 0.2-1 130.10 NOTE
r-devel-osx-x86_64-clang 0.2-1 109.28 NOTE
r-devel-windows-ix86+x86_64 0.2-1 14.00 88.00 102.00 NOTE
r-patched-linux-x86_64 0.2-1 4.45 56.02 60.47 OK
r-patched-solaris-sparc 0.2-1 745.60 OK
r-patched-solaris-x86 0.2-1 189.70 OK
r-release-linux-ix86 0.2-1 6.28 73.18 79.46 OK
r-release-linux-x86_64 0.2-1 5.84 58.65 64.49 OK
r-release-osx-x86_64-mavericks 0.2-1 ERROR
r-release-osx-x86_64-snowleopard 0.2-1 OK
r-release-windows-ix86+x86_64 0.2-1 16.00 89.00 105.00 OK
r-oldrel-windows-ix86+x86_64 0.2-1 18.00 92.00 110.00 OK

Check Details

Version: 0.2-1
Check: R code for possible problems
Result: NOTE
    MergeGUI : mergefunc : undo: no visible global function definition for
     ‘gmessage’
    MergeGUI : mergefunc : redo: no visible global function definition for
     ‘gmessage’
    MergeGUI : mergefunc : VariableOptions: no visible global function
     definition for ‘gwindow’
    MergeGUI : mergefunc : VariableOptions: no visible global function
     definition for ‘ggroup’
    MergeGUI : mergefunc : VariableOptions: no visible global function
     definition for ‘glabel’
    MergeGUI : mergefunc : VariableOptions: no visible global function
     definition for ‘gedit’
    MergeGUI : mergefunc : VariableOptions: no visible global function
     definition for ‘gcombobox’
    MergeGUI : mergefunc : VariableOptions: no visible global function
     definition for ‘gbutton’
    MergeGUI : mergefunc : VariableOptions : <anonymous>: no visible global
     function definition for ‘gmessage’
    MergeGUI : mergefunc : smmry: no visible global function definition for
     ‘gmessage’
    MergeGUI : mergefunc : smmry: no visible global function definition for
     ‘ggroup’
    MergeGUI : mergefunc : smmry: no visible global function definition for
     ‘glayout’
    MergeGUI : mergefunc : smmry: no visible global function definition for
     ‘glabel’
    MergeGUI : mergefunc : smmry: no visible global function definition for
     ‘gtable’
    MergeGUI : mergefunc : graph: no visible global function definition for
     ‘ggroup’
    MergeGUI : mergefunc : graph: no visible global function definition for
     ‘glayout’
    MergeGUI : mergefunc : graph: no visible global function definition for
     ‘gmessage’
    MergeGUI : mergefunc : graph: no visible global function definition for
     ‘ggraphics’
    MergeGUI : mergefunc : dict: no visible global function definition for
     ‘ggroup’
    MergeGUI : mergefunc : dict: no visible global function definition for
     ‘glayout’
    MergeGUI : mergefunc : dict: no visible global function definition for
     ‘gtext’
    MergeGUI : mergefunc : dict: no visible global function definition for
     ‘gmessage’
    MergeGUI : mergefunc : changetest: no visible global function
     definition for ‘gtable’
    MergeGUI : mergefunc : changetest: no visible global function
     definition for ‘gmessage’
    MergeGUI : mergefunc : changematching: no visible global function
     definition for ‘gmessage’
    MergeGUI : mergefunc : watchdatafunc: no visible global function
     definition for ‘gmessage’
    MergeGUI : mergefunc : watchdatafunc: no visible global function
     definition for ‘gfile’
    MergeGUI : mergefunc: no visible global function definition for
     ‘gwindow’
    MergeGUI : mergefunc: no visible global function definition for
     ‘gnotebook’
    MergeGUI : mergefunc: no visible global function definition for
     ‘ggroup’
    MergeGUI : mergefunc: no visible global function definition for
     ‘gframe’
    MergeGUI : mergefunc: no visible global function definition for
     ‘gradio’
    MergeGUI : mergefunc: no visible global function definition for
     ‘glabel’
    MergeGUI : mergefunc: no visible global function definition for ‘gedit’
    MergeGUI : mergefunc: no visible global function definition for
     ‘gcheckboxgroup’
    MergeGUI : mergefunc: no visible global function definition for
     ‘gtable’
    MergeGUI : mergefunc: no visible global function definition for
     ‘addHandlerKeystroke’
    MergeGUI : mergefunc: no visible global function definition for
     ‘gbutton’
    MergeGUI : mergeID : watchIDfunc: no visible global function definition
     for ‘gmessage’
    MergeGUI : mergeID : watchIDfunc: no visible global function definition
     for ‘gfile’
    MergeGUI : mergeID: no visible global function definition for ‘gwindow’
    MergeGUI : mergeID: no visible global function definition for ‘ggroup’
    MergeGUI : mergeID: no visible global function definition for ‘glabel’
    MergeGUI : mergeID: no visible global function definition for
     ‘gcombobox’
    MergeGUI : mergeID: no visible global function definition for ‘gbutton’
    MergeGUI: no visible global function definition for ‘gwindow’
    MergeGUI: no visible global function definition for ‘ggroup’
    MergeGUI: no visible global function definition for ‘gtable’
    MergeGUI: no visible global function definition for ‘gbutton’
    MergeGUI : <anonymous>: no visible global function definition for
     ‘gfile’
Flavors: r-devel-linux-x86_64-debian-clang, r-devel-linux-x86_64-debian-gcc, r-devel-linux-x86_64-fedora-clang, r-devel-linux-x86_64-fedora-gcc, r-devel-osx-x86_64-clang, r-devel-windows-ix86+x86_64

Version: 0.2-1
Check: package dependencies
Result: ERROR
    Packages required but not available: ‘gWidgetsRGtk2’ ‘cairoDevice’
    
    See the information on DESCRIPTION files in the chapter ‘Creating R
    packages’ of the ‘Writing R Extensions’ manual.
Flavor: r-release-osx-x86_64-mavericks