CRAN Package Check Results for Package MetABEL

Last updated on 2015-05-28 15:47:33.

Flavor Version Tinstall Tcheck Ttotal Status Flags
r-devel-linux-x86_64-debian-clang 0.2-0 0.53 10.43 10.96 NOTE
r-devel-linux-x86_64-debian-gcc 0.2-0 0.51 10.46 10.97 NOTE
r-devel-linux-x86_64-fedora-clang 0.2-0 20.01 NOTE
r-devel-linux-x86_64-fedora-gcc 0.2-0 18.21 NOTE
r-devel-osx-x86_64-clang 0.2-0 23.63 NOTE
r-devel-windows-ix86+x86_64 0.2-0 2.00 17.00 19.00 NOTE
r-patched-linux-x86_64 0.2-0 0.54 9.84 10.38 NOTE
r-patched-solaris-sparc 0.2-0 131.40 NOTE
r-patched-solaris-x86 0.2-0 28.10 NOTE
r-release-linux-x86_64 0.2-0 0.59 10.15 10.74 NOTE
r-release-osx-x86_64-mavericks 0.2-0 NOTE
r-release-osx-x86_64-snowleopard 0.2-0 NOTE
r-release-windows-ix86+x86_64 0.2-0 3.00 17.00 20.00 NOTE
r-oldrel-windows-ix86+x86_64 0.2-0 2.00 19.00 21.00 OK

Check Details

Version: 0.2-0
Check: DESCRIPTION meta-information
Result: NOTE
    Malformed Description field: should contain one or more complete sentences.
Flavors: r-devel-linux-x86_64-debian-clang, r-devel-linux-x86_64-debian-gcc, r-devel-linux-x86_64-fedora-clang, r-devel-linux-x86_64-fedora-gcc, r-devel-osx-x86_64-clang, r-devel-windows-ix86+x86_64, r-patched-linux-x86_64, r-patched-solaris-sparc, r-patched-solaris-x86, r-release-linux-x86_64, r-release-osx-x86_64-mavericks, r-release-osx-x86_64-snowleopard, r-release-windows-ix86+x86_64