CRAN Package Check Results for Package MetABEL

Last updated on 2014-04-24 11:48:49.

Flavor Version Tinstall Tcheck Ttotal Status Flags
r-devel-linux-x86_64-debian-clang 0.2-0 0.52 10.80 11.31 OK
r-devel-linux-x86_64-debian-gcc 0.2-0 0.52 10.73 11.25 OK
r-devel-linux-x86_64-fedora-clang 0.2-0 21.57 OK
r-devel-linux-x86_64-fedora-gcc 0.2-0 20.81 OK
r-devel-osx-x86_64-clang 0.2-0 24.64 OK
r-devel-osx-x86_64-gcc 0.2-0 NOTE
r-devel-windows-ix86+x86_64 0.2-0 2.00 17.00 19.00 OK
r-patched-linux-x86_64 0.2-0 0.56 10.71 11.27 OK
r-patched-solaris-sparc 0.2-0 126.50 OK
r-patched-solaris-x86 0.2-0 30.40 OK
r-release-linux-ix86 0.2-0 1.00 23.00 24.00 OK
r-release-linux-x86_64 0.2-0 0.52 10.79 11.31 OK
r-release-osx-x86_64-mavericks 0.2-0 OK
r-release-osx-x86_64-snowleopard 0.2-0 OK
r-release-windows-ix86+x86_64 0.2-0 2.00 18.00 20.00 OK
r-oldrel-windows-ix86+x86_64 0.2-0 2.00 17.00 19.00 OK

Check Details

Version: 0.2-0
Check: package dependencies
Result: NOTE
    Package suggested but not available for checking: ‘GenABEL’
Flavor: r-devel-osx-x86_64-gcc