CRAN Package Check Results for Package MetABEL

Last updated on 2016-05-04 09:48:31.

Flavor Version Tinstall Tcheck Ttotal Status Flags
r-devel-linux-x86_64-debian-gcc 0.2-0 0.51 9.99 10.49 NOTE
r-devel-linux-x86_64-fedora-clang 0.2-0 17.91 NOTE
r-devel-linux-x86_64-fedora-gcc 0.2-0 16.38 NOTE
r-devel-osx-x86_64-clang 0.2-0 20.08 NOTE
r-devel-windows-ix86+x86_64 0.2-0 3.00 26.00 29.00 NOTE
r-patched-linux-x86_64 0.2-0 0.56 9.86 10.42 NOTE
r-patched-solaris-sparc 0.2-0 119.30 NOTE
r-patched-solaris-x86 0.2-0 23.20 NOTE
r-release-linux-x86_64 0.2-0 0.54 10.51 11.05 NOTE
r-release-osx-x86_64-mavericks 0.2-0 NOTE
r-release-windows-ix86+x86_64 0.2-0 2.00 29.00 31.00 NOTE
r-oldrel-windows-ix86+x86_64 0.2-0 3.00 21.00 24.00 OK

Check Details

Version: 0.2-0
Check: DESCRIPTION meta-information
Result: NOTE
    Malformed Description field: should contain one or more complete sentences.
Flavors: r-devel-linux-x86_64-debian-gcc, r-devel-linux-x86_64-fedora-clang, r-devel-linux-x86_64-fedora-gcc, r-devel-osx-x86_64-clang, r-devel-windows-ix86+x86_64, r-patched-linux-x86_64, r-patched-solaris-sparc, r-patched-solaris-x86, r-release-linux-x86_64, r-release-osx-x86_64-mavericks, r-release-windows-ix86+x86_64

Version: 0.2-0
Check: R code for possible problems
Result: NOTE
    dometa: no visible global function definition for ‘qchisq’
    dometa: no visible global function definition for ‘median’
    dometa: no visible global function definition for ‘pchisq’
    forestplot: no visible global function definition for ‘pchisq’
    forestplot: no visible global function definition for ‘qnorm’
    forestplot: no visible global function definition for ‘plot’
    forestplot: no visible global function definition for ‘points’
    forestplot: no visible global function definition for ‘text’
    metagwa.files: no visible global function definition for ‘read.csv’
    metagwa.files: no visible global function definition for ‘write.csv’
    metagwa.tables: no visible global function definition for ‘write.csv’
    Undefined global functions or variables:
     median pchisq plot points qchisq qnorm read.csv text write.csv
    Consider adding
     importFrom("graphics", "plot", "points", "text")
     importFrom("stats", "median", "pchisq", "qchisq", "qnorm")
     importFrom("utils", "read.csv", "write.csv")
    to your NAMESPACE file.
Flavors: r-devel-linux-x86_64-debian-gcc, r-devel-linux-x86_64-fedora-clang, r-devel-linux-x86_64-fedora-gcc, r-devel-osx-x86_64-clang, r-devel-windows-ix86+x86_64, r-patched-linux-x86_64, r-patched-solaris-sparc, r-patched-solaris-x86