CRAN Package Check Results for Package MetABEL

Last updated on 2015-04-21 03:49:32.

Flavor Version Tinstall Tcheck Ttotal Status Flags
r-devel-linux-x86_64-debian-clang 0.2-0 0.64 10.08 10.72 NOTE
r-devel-linux-x86_64-debian-gcc 0.2-0 0.52 10.04 10.56 NOTE
r-devel-linux-x86_64-fedora-clang 0.2-0 20.06 NOTE
r-devel-linux-x86_64-fedora-gcc 0.2-0 19.36 NOTE
r-devel-osx-x86_64-clang 0.2-0 24.91 NOTE
r-devel-windows-ix86+x86_64 0.2-0 2.00 23.00 25.00 NOTE
r-patched-linux-x86_64 0.2-0 0.50 10.07 10.58 NOTE
r-patched-solaris-sparc 0.2-0 128.60 NOTE
r-patched-solaris-x86 0.2-0 26.80 NOTE
r-release-linux-x86_64 0.2-0 0.50 10.04 10.54 NOTE
r-release-osx-x86_64-mavericks 0.2-0 NOTE
r-release-osx-x86_64-snowleopard 0.2-0 NOTE
r-release-windows-ix86+x86_64 0.2-0 1.00 14.00 15.00 NOTE
r-oldrel-windows-ix86+x86_64 0.2-0 2.00 17.00 19.00 OK

Check Details

Version: 0.2-0
Check: DESCRIPTION meta-information
Result: NOTE
    Malformed Description field: should contain one or more complete sentences.
Flavors: r-devel-linux-x86_64-debian-clang, r-devel-linux-x86_64-debian-gcc, r-devel-linux-x86_64-fedora-clang, r-devel-linux-x86_64-fedora-gcc, r-devel-osx-x86_64-clang, r-devel-windows-ix86+x86_64, r-patched-linux-x86_64, r-patched-solaris-sparc, r-patched-solaris-x86, r-release-linux-x86_64, r-release-osx-x86_64-mavericks, r-release-osx-x86_64-snowleopard, r-release-windows-ix86+x86_64