CRAN Package Check Results for Package MetABEL

Last updated on 2022-01-18 01:52:05 CET.

Flavor Version Tinstall Tcheck Ttotal Status Flags
r-devel-linux-x86_64-debian-clang 0.2-0 2.46 32.63 35.09 NOTE
r-devel-linux-x86_64-debian-gcc 0.2-0 2.03 25.47 27.50 NOTE
r-devel-linux-x86_64-fedora-clang 0.2-0 44.29 NOTE
r-devel-linux-x86_64-fedora-gcc 0.2-0 34.53 NOTE
r-devel-windows-x86_64-new-UL 0.2-0 16.00 48.00 64.00 NOTE
r-devel-windows-x86_64-new-TK 0.2-0 NOTE
r-patched-linux-x86_64 0.2-0 2.37 31.32 33.69 NOTE
r-release-linux-x86_64 0.2-0 NOTE
r-release-macos-arm64 0.2-0 NOTE
r-release-macos-x86_64 0.2-0 NOTE
r-release-windows-ix86+x86_64 0.2-0 6.00 38.00 44.00 NOTE
r-oldrel-macos-x86_64 0.2-0 NOTE
r-oldrel-windows-ix86+x86_64 0.2-0 6.00 37.00 43.00 NOTE

Check Details

Version: 0.2-0
Check: package dependencies
Result: NOTE
    Package suggested but not available for checking: 'GenABEL'
Flavors: r-devel-linux-x86_64-debian-clang, r-devel-linux-x86_64-debian-gcc, r-devel-linux-x86_64-fedora-clang, r-devel-linux-x86_64-fedora-gcc, r-devel-windows-x86_64-new-UL, r-devel-windows-x86_64-new-TK, r-patched-linux-x86_64, r-release-linux-x86_64, r-release-macos-arm64, r-release-macos-x86_64, r-release-windows-ix86+x86_64, r-oldrel-macos-x86_64, r-oldrel-windows-ix86+x86_64

Version: 0.2-0
Check: DESCRIPTION meta-information
Result: NOTE
    Malformed Description field: should contain one or more complete sentences.
Flavors: r-devel-linux-x86_64-debian-clang, r-devel-linux-x86_64-debian-gcc, r-devel-linux-x86_64-fedora-clang, r-devel-linux-x86_64-fedora-gcc, r-devel-windows-x86_64-new-UL, r-devel-windows-x86_64-new-TK, r-patched-linux-x86_64, r-release-linux-x86_64, r-release-macos-arm64, r-release-macos-x86_64, r-release-windows-ix86+x86_64, r-oldrel-macos-x86_64, r-oldrel-windows-ix86+x86_64

Version: 0.2-0
Check: R code for possible problems
Result: NOTE
    dometa: no visible global function definition for 'qchisq'
    dometa: no visible global function definition for 'median'
    dometa: no visible global function definition for 'pchisq'
    forestplot: no visible global function definition for 'pchisq'
    forestplot: no visible global function definition for 'qnorm'
    forestplot: no visible global function definition for 'points'
    forestplot: no visible global function definition for 'text'
    metagwa.files: no visible global function definition for 'read.csv'
    metagwa.files: no visible global function definition for 'write.csv'
    metagwa.tables: no visible global function definition for 'write.csv'
    Undefined global functions or variables:
     median pchisq points qchisq qnorm read.csv text write.csv
    Consider adding
     importFrom("graphics", "points", "text")
     importFrom("stats", "median", "pchisq", "qchisq", "qnorm")
     importFrom("utils", "read.csv", "write.csv")
    to your NAMESPACE file.
Flavors: r-devel-linux-x86_64-debian-clang, r-devel-linux-x86_64-debian-gcc, r-devel-linux-x86_64-fedora-clang, r-devel-linux-x86_64-fedora-gcc, r-devel-windows-x86_64-new-UL, r-devel-windows-x86_64-new-TK, r-patched-linux-x86_64, r-release-linux-x86_64, r-release-macos-arm64, r-release-macos-x86_64, r-release-windows-ix86+x86_64, r-oldrel-macos-x86_64, r-oldrel-windows-ix86+x86_64