CRAN Package Check Results for Package MetABEL

Last updated on 2018-06-24 16:48:55 CEST.

Flavor Version Tinstall Tcheck Ttotal Status Flags
r-devel-linux-x86_64-debian-clang 0.2-0 1.35 19.62 20.97 NOTE
r-devel-linux-x86_64-debian-gcc 0.2-0 1.27 15.26 16.53 NOTE
r-devel-linux-x86_64-fedora-clang 0.2-0 25.13 NOTE
r-devel-linux-x86_64-fedora-gcc 0.2-0 24.15 NOTE
r-devel-windows-ix86+x86_64 0.2-0 5.00 33.00 38.00 NOTE
r-patched-linux-x86_64 0.2-0 1.70 18.73 20.43 NOTE
r-patched-solaris-x86 0.2-0 35.90 NOTE
r-release-linux-x86_64 0.2-0 1.53 18.70 20.23 NOTE
r-release-windows-ix86+x86_64 0.2-0 3.00 43.00 46.00 NOTE
r-release-osx-x86_64 0.2-0 NOTE
r-oldrel-windows-ix86+x86_64 0.2-0 3.00 27.00 30.00 NOTE
r-oldrel-osx-x86_64 0.2-0 NOTE

Check Details

Version: 0.2-0
Check: package dependencies
Result: NOTE
    Package suggested but not available for checking: ‘GenABEL’
Flavors: r-devel-linux-x86_64-debian-clang, r-devel-linux-x86_64-debian-gcc, r-devel-linux-x86_64-fedora-clang, r-devel-linux-x86_64-fedora-gcc, r-patched-linux-x86_64, r-patched-solaris-x86, r-release-linux-x86_64

Version: 0.2-0
Check: DESCRIPTION meta-information
Result: NOTE
    Malformed Description field: should contain one or more complete sentences.
Flavors: r-devel-linux-x86_64-debian-clang, r-devel-linux-x86_64-debian-gcc, r-devel-linux-x86_64-fedora-clang, r-devel-linux-x86_64-fedora-gcc, r-devel-windows-ix86+x86_64, r-patched-linux-x86_64, r-patched-solaris-x86, r-release-linux-x86_64, r-release-windows-ix86+x86_64, r-release-osx-x86_64, r-oldrel-windows-ix86+x86_64, r-oldrel-osx-x86_64

Version: 0.2-0
Check: R code for possible problems
Result: NOTE
    dometa: no visible global function definition for ‘qchisq’
    dometa: no visible global function definition for ‘median’
    dometa: no visible global function definition for ‘pchisq’
    forestplot: no visible global function definition for ‘pchisq’
    forestplot: no visible global function definition for ‘qnorm’
    forestplot: no visible global function definition for ‘plot’
    forestplot: no visible global function definition for ‘points’
    forestplot: no visible global function definition for ‘text’
    metagwa.files: no visible global function definition for ‘read.csv’
    metagwa.files: no visible global function definition for ‘write.csv’
    metagwa.tables: no visible global function definition for ‘write.csv’
    Undefined global functions or variables:
     median pchisq plot points qchisq qnorm read.csv text write.csv
    Consider adding
     importFrom("graphics", "plot", "points", "text")
     importFrom("stats", "median", "pchisq", "qchisq", "qnorm")
     importFrom("utils", "read.csv", "write.csv")
    to your NAMESPACE file.
Flavors: r-devel-linux-x86_64-debian-clang, r-devel-linux-x86_64-debian-gcc, r-devel-linux-x86_64-fedora-clang, r-devel-linux-x86_64-fedora-gcc, r-devel-windows-ix86+x86_64, r-patched-linux-x86_64, r-patched-solaris-x86, r-release-linux-x86_64, r-release-windows-ix86+x86_64, r-release-osx-x86_64, r-oldrel-windows-ix86+x86_64, r-oldrel-osx-x86_64