CRAN Package Check Results for Package MetABEL

Last updated on 2017-02-21 03:49:32.

Flavor Version Tinstall Tcheck Ttotal Status Flags
r-devel-linux-x86_64-debian-clang 0.2-0 0.56 12.41 12.97 NOTE
r-devel-linux-x86_64-debian-gcc 0.2-0 0.53 12.36 12.89 NOTE
r-devel-linux-x86_64-fedora-clang 0.2-0 19.96 NOTE --no-stop-on-test-error
r-devel-linux-x86_64-fedora-gcc 0.2-0 19.16 NOTE --no-stop-on-test-error
r-devel-macos-x86_64-clang 0.2-0 19.03 NOTE --no-stop-on-test-error
r-devel-windows-ix86+x86_64 0.2-0 3.00 34.00 37.00 NOTE
r-patched-linux-x86_64 0.2-0 0.51 10.70 11.21 NOTE
r-patched-solaris-sparc 0.2-0 108.60 NOTE
r-patched-solaris-x86 0.2-0 24.30 NOTE
r-release-linux-x86_64 0.2-0 0.51 10.86 11.37 NOTE
r-release-osx-x86_64-mavericks 0.2-0 NOTE
r-release-windows-ix86+x86_64 0.2-0 3.00 34.00 37.00 NOTE
r-oldrel-windows-ix86+x86_64 0.2-0 3.00 22.00 25.00 NOTE

Check Details

Version: 0.2-0
Check: DESCRIPTION meta-information
Result: NOTE
    Malformed Description field: should contain one or more complete sentences.
Flavors: r-devel-linux-x86_64-debian-clang, r-devel-linux-x86_64-debian-gcc, r-devel-windows-ix86+x86_64, r-patched-linux-x86_64, r-patched-solaris-sparc, r-patched-solaris-x86, r-release-linux-x86_64, r-release-osx-x86_64-mavericks, r-release-windows-ix86+x86_64, r-oldrel-windows-ix86+x86_64

Version: 0.2-0
Check: R code for possible problems
Result: NOTE
    dometa: no visible global function definition for ‘qchisq’
    dometa: no visible global function definition for ‘median’
    dometa: no visible global function definition for ‘pchisq’
    forestplot: no visible global function definition for ‘pchisq’
    forestplot: no visible global function definition for ‘qnorm’
    forestplot: no visible global function definition for ‘plot’
    forestplot: no visible global function definition for ‘points’
    forestplot: no visible global function definition for ‘text’
    metagwa.files: no visible global function definition for ‘read.csv’
    metagwa.files: no visible global function definition for ‘write.csv’
    metagwa.tables: no visible global function definition for ‘write.csv’
    Undefined global functions or variables:
     median pchisq plot points qchisq qnorm read.csv text write.csv
    Consider adding
     importFrom("graphics", "plot", "points", "text")
     importFrom("stats", "median", "pchisq", "qchisq", "qnorm")
     importFrom("utils", "read.csv", "write.csv")
    to your NAMESPACE file.
Flavors: r-devel-linux-x86_64-debian-clang, r-devel-linux-x86_64-debian-gcc, r-devel-windows-ix86+x86_64, r-patched-linux-x86_64, r-patched-solaris-sparc, r-patched-solaris-x86, r-release-linux-x86_64, r-release-osx-x86_64-mavericks, r-release-windows-ix86+x86_64

Version: 0.2-0
Flags: --no-stop-on-test-error
Check: DESCRIPTION meta-information
Result: NOTE
    Malformed Description field: should contain one or more complete sentences.
Flavors: r-devel-linux-x86_64-fedora-clang, r-devel-linux-x86_64-fedora-gcc, r-devel-macos-x86_64-clang

Version: 0.2-0
Flags: --no-stop-on-test-error
Check: R code for possible problems
Result: NOTE
    dometa: no visible global function definition for ‘qchisq’
    dometa: no visible global function definition for ‘median’
    dometa: no visible global function definition for ‘pchisq’
    forestplot: no visible global function definition for ‘pchisq’
    forestplot: no visible global function definition for ‘qnorm’
    forestplot: no visible global function definition for ‘plot’
    forestplot: no visible global function definition for ‘points’
    forestplot: no visible global function definition for ‘text’
    metagwa.files: no visible global function definition for ‘read.csv’
    metagwa.files: no visible global function definition for ‘write.csv’
    metagwa.tables: no visible global function definition for ‘write.csv’
    Undefined global functions or variables:
     median pchisq plot points qchisq qnorm read.csv text write.csv
    Consider adding
     importFrom("graphics", "plot", "points", "text")
     importFrom("stats", "median", "pchisq", "qchisq", "qnorm")
     importFrom("utils", "read.csv", "write.csv")
    to your NAMESPACE file.
Flavors: r-devel-linux-x86_64-fedora-clang, r-devel-linux-x86_64-fedora-gcc, r-devel-macos-x86_64-clang