CRAN Package Check Results for Package MetABEL

Last updated on 2018-04-25 09:50:08 CEST.

Flavor Version Tinstall Tcheck Ttotal Status Flags
r-devel-linux-x86_64-debian-clang 0.2-0 1.74 18.43 20.17 NOTE
r-devel-linux-x86_64-debian-gcc 0.2-0 1.38 14.54 15.92 NOTE
r-devel-linux-x86_64-fedora-clang 0.2-0 25.66 NOTE
r-devel-linux-x86_64-fedora-gcc 0.2-0 26.14 NOTE
r-devel-windows-ix86+x86_64 0.2-0 4.00 27.00 31.00 NOTE
r-patched-linux-x86_64 0.2-0 1.59 18.14 19.73 NOTE
r-patched-solaris-x86 0.2-0 36.20 NOTE
r-release-linux-x86_64 0.2-0 1.46 18.15 19.61 NOTE
r-release-windows-ix86+x86_64 0.2-0 4.00 27.00 31.00 NOTE
r-release-osx-x86_64 0.2-0 NOTE
r-oldrel-windows-ix86+x86_64 0.2-0 3.00 40.00 43.00 NOTE
r-oldrel-osx-x86_64 0.2-0 NOTE

Check Details

Version: 0.2-0
Check: DESCRIPTION meta-information
Result: NOTE
    Malformed Description field: should contain one or more complete sentences.
Flavors: r-devel-linux-x86_64-debian-clang, r-devel-linux-x86_64-debian-gcc, r-devel-linux-x86_64-fedora-clang, r-devel-linux-x86_64-fedora-gcc, r-devel-windows-ix86+x86_64, r-patched-linux-x86_64, r-patched-solaris-x86, r-release-linux-x86_64, r-release-windows-ix86+x86_64, r-release-osx-x86_64, r-oldrel-windows-ix86+x86_64, r-oldrel-osx-x86_64

Version: 0.2-0
Check: R code for possible problems
Result: NOTE
    dometa: no visible global function definition for ‘qchisq’
    dometa: no visible global function definition for ‘median’
    dometa: no visible global function definition for ‘pchisq’
    forestplot: no visible global function definition for ‘pchisq’
    forestplot: no visible global function definition for ‘qnorm’
    forestplot: no visible global function definition for ‘plot’
    forestplot: no visible global function definition for ‘points’
    forestplot: no visible global function definition for ‘text’
    metagwa.files: no visible global function definition for ‘read.csv’
    metagwa.files: no visible global function definition for ‘write.csv’
    metagwa.tables: no visible global function definition for ‘write.csv’
    Undefined global functions or variables:
     median pchisq plot points qchisq qnorm read.csv text write.csv
    Consider adding
     importFrom("graphics", "plot", "points", "text")
     importFrom("stats", "median", "pchisq", "qchisq", "qnorm")
     importFrom("utils", "read.csv", "write.csv")
    to your NAMESPACE file.
Flavors: r-devel-linux-x86_64-debian-clang, r-devel-linux-x86_64-debian-gcc, r-devel-linux-x86_64-fedora-clang, r-devel-linux-x86_64-fedora-gcc, r-devel-windows-ix86+x86_64, r-patched-linux-x86_64, r-patched-solaris-x86, r-release-linux-x86_64, r-release-windows-ix86+x86_64, r-release-osx-x86_64, r-oldrel-windows-ix86+x86_64, r-oldrel-osx-x86_64