CRAN Package Check Results for Package MetABEL

Last updated on 2015-02-27 23:47:53.

Flavor Version Tinstall Tcheck Ttotal Status Flags
r-devel-linux-x86_64-debian-clang 0.2-0 0.51 10.24 10.75 NOTE
r-devel-linux-x86_64-debian-gcc 0.2-0 0.51 9.91 10.42 NOTE
r-devel-linux-x86_64-fedora-clang 0.2-0 20.33 NOTE
r-devel-linux-x86_64-fedora-gcc 0.2-0 18.48 NOTE
r-devel-osx-x86_64-clang 0.2-0 23.96 NOTE
r-devel-windows-ix86+x86_64 0.2-0 3.00 17.00 20.00 NOTE
r-patched-linux-x86_64 0.2-0 0.55 10.85 11.40 OK
r-patched-solaris-sparc 0.2-0 124.80 OK
r-patched-solaris-x86 OK
r-release-linux-ix86 0.2-0 0.84 17.44 18.28 OK
r-release-linux-x86_64 0.2-0 0.54 10.46 11.00 OK
r-release-osx-x86_64-mavericks 0.2-0 OK
r-release-osx-x86_64-snowleopard 0.2-0 OK
r-release-windows-ix86+x86_64 0.2-0 2.00 18.00 20.00 OK
r-oldrel-windows-ix86+x86_64 0.2-0 2.00 19.00 21.00 OK

Check Details

Version: 0.2-0
Check: DESCRIPTION meta-information
Result: NOTE
    Malformed Description field: should contain one or more complete sentences.
Flavors: r-devel-linux-x86_64-debian-clang, r-devel-linux-x86_64-debian-gcc, r-devel-linux-x86_64-fedora-clang, r-devel-linux-x86_64-fedora-gcc, r-devel-osx-x86_64-clang, r-devel-windows-ix86+x86_64