Last updated on 2023-05-28 08:59:47 CEST.
Flavor | Version | Tinstall | Tcheck | Ttotal | Status | Flags |
---|---|---|---|---|---|---|
r-devel-linux-x86_64-debian-clang | 0.3 | 15.47 | 175.88 | 191.35 | OK | |
r-devel-linux-x86_64-debian-gcc | 0.3 | 11.74 | 135.21 | 146.95 | OK | |
r-devel-linux-x86_64-fedora-clang | 0.3 | 247.42 | NOTE | |||
r-devel-linux-x86_64-fedora-gcc | 0.3 | 269.54 | NOTE | |||
r-devel-windows-x86_64 | 0.3 | 12.00 | 144.00 | 156.00 | OK | |
r-patched-linux-x86_64 | 0.3 | 16.99 | 171.59 | 188.58 | OK | |
r-release-linux-x86_64 | 0.3 | 11.80 | 171.92 | 183.72 | OK | |
r-release-macos-arm64 | 0.3 | 74.00 | OK | |||
r-release-macos-x86_64 | 0.3 | 100.00 | NOTE | |||
r-release-windows-x86_64 | 0.3 | 17.00 | 175.00 | 192.00 | OK | |
r-oldrel-macos-arm64 | 0.3 | 62.00 | OK | |||
r-oldrel-macos-x86_64 | 0.3 | 93.00 | OK | |||
r-oldrel-windows-x86_64 | 0.3 | 17.00 | 174.00 | 191.00 | OK |
Version: 0.3
Check: data for non-ASCII characters
Result: NOTE
Note: found 1496 marked UTF-8 strings
Flavors: r-devel-linux-x86_64-fedora-clang, r-devel-linux-x86_64-fedora-gcc
Version: 0.3
Check: package dependencies
Result: NOTE
Package suggested but not available for checking: ‘impute’
Flavor: r-release-macos-x86_64