CRAN Package Check Results for Package MetProc

Last updated on 2020-08-14 00:47:26 CEST.

Flavor Version Tinstall Tcheck Ttotal Status Flags
r-devel-linux-x86_64-debian-clang 1.0.1 3.15 38.54 41.69 NOTE
r-devel-linux-x86_64-debian-gcc 1.0.1 2.37 26.97 29.34 NOTE
r-devel-linux-x86_64-fedora-clang 1.0.1 55.52 NOTE
r-devel-linux-x86_64-fedora-gcc 1.0.1 46.15 NOTE
r-devel-windows-ix86+x86_64 1.0.1 10.00 68.00 78.00 OK
r-patched-linux-x86_64 1.0.1 2.80 35.19 37.99 NOTE
r-patched-solaris-x86 1.0.1 79.10 NOTE
r-release-linux-x86_64 1.0.1 2.75 35.51 38.26 NOTE
r-release-macos-x86_64 1.0.1 OK
r-release-windows-ix86+x86_64 1.0.1 9.00 69.00 78.00 OK
r-oldrel-macos-x86_64 1.0.1 OK
r-oldrel-windows-ix86+x86_64 1.0.1 8.00 47.00 55.00 OK

Check Details

Version: 1.0.1
Check: for non-standard things in the check directory
Result: NOTE
    Found the following files/directories:
     'MetProc_output.pdf' 'sample_removed.csv' 'sample_retained.csv'
Flavors: r-devel-linux-x86_64-debian-clang, r-devel-linux-x86_64-debian-gcc, r-devel-linux-x86_64-fedora-clang, r-devel-linux-x86_64-fedora-gcc, r-patched-linux-x86_64, r-patched-solaris-x86, r-release-linux-x86_64