CRAN Package Check Results for Package MetSizeR

Last updated on 2016-05-06 23:47:02.

Flavor Version Tinstall Tcheck Ttotal Status Flags
r-devel-linux-x86_64-debian-gcc 1.1 2.54 32.02 34.56 NOTE
r-devel-linux-x86_64-fedora-clang 1.1 72.43 NOTE
r-devel-linux-x86_64-fedora-gcc 1.1 63.36 NOTE
r-devel-osx-x86_64-clang 1.1 71.61 NOTE
r-devel-windows-ix86+x86_64 1.1 13.00 63.00 76.00 NOTE
r-patched-linux-x86_64 1.1 2.83 32.08 34.91 NOTE
r-patched-solaris-sparc 1.1 408.90 NOTE
r-patched-solaris-x86 1.1 87.80 NOTE
r-release-linux-x86_64 1.1 2.48 32.08 34.56 NOTE
r-release-osx-x86_64-mavericks 1.1 ERROR
r-release-windows-ix86+x86_64 1.1 13.00 63.00 76.00 NOTE
r-oldrel-windows-ix86+x86_64 1.1 18.00 64.00 82.00 OK

Check Details

Version: 1.1
Check: R code for possible problems
Result: NOTE
    MetSizeR : sim.pilot.data: no visible global function definition for
     ‘rnorm’
    MetSizeR : sim.pilot: no visible global function definition for
     ‘rgamma’
    MetSizeR : sim.pilot: no visible global function definition for ‘rnorm’
    MetSizeR : samp.dist: no visible global function definition for ‘var’
    MetSizeR : metsize: no visible global function definition for ‘qnorm’
    MetSizeR : metsize: no visible global function definition for
     ‘quantile’
    MetSizeR : metsize: no visible global function definition for ‘lm’
    MetSizeR : metsize: no visible global function definition for ‘par’
    MetSizeR : metsize: no visible global function definition for ‘plot’
    MetSizeR : metsize: no visible global function definition for ‘lines’
    MetSizeR : metsize: no visible global function definition for ‘abline’
    MetSizeR : metsize: no visible global function definition for ‘legend’
    MetSizeR : metsize: no visible global function definition for ‘arrows’
    MetSizeR : metsize: no visible global function definition for ‘title’
    MetSizeR : metsize: no visible global function definition for ‘text’
    MetSizeR : pilot.open: no visible global function definition for
     ‘read.table’
    MetSizeR : cov.open: no visible global function definition for
     ‘read.table’
    MetSizeR : demo.pilot.open: no visible global function definition for
     ‘read.table’
    MetSizeR : ssize.est : up.size: no visible global function definition
     for ‘pdf’
    MetSizeR : ssize.est : up.size: no visible global function definition
     for ‘dev.off’
    MetSizeR : <anonymous>: no visible global function definition for
     ‘help’
    Undefined global functions or variables:
     abline arrows dev.off help legend lines lm par pdf plot qnorm
     quantile read.table rgamma rnorm text title var
    Consider adding
     importFrom("grDevices", "dev.off", "pdf")
     importFrom("graphics", "abline", "arrows", "legend", "lines", "par",
     "plot", "text", "title")
     importFrom("stats", "lm", "qnorm", "quantile", "rgamma", "rnorm",
     "var")
     importFrom("utils", "help", "read.table")
    to your NAMESPACE file.
Flavors: r-devel-linux-x86_64-debian-gcc, r-devel-linux-x86_64-fedora-clang, r-devel-linux-x86_64-fedora-gcc, r-devel-osx-x86_64-clang, r-devel-windows-ix86+x86_64, r-patched-linux-x86_64, r-patched-solaris-sparc, r-patched-solaris-x86, r-release-linux-x86_64, r-release-windows-ix86+x86_64

Version: 1.1
Check: whether package can be installed
Result: ERROR
    Installation failed.
Flavor: r-release-osx-x86_64-mavericks