CRAN Package Check Results for Package MetSizeR

Last updated on 2015-02-26 23:47:48.

Flavor Version Tinstall Tcheck Ttotal Status Flags
r-devel-linux-x86_64-debian-clang 1.1 2.95 35.14 38.09 OK
r-devel-linux-x86_64-debian-gcc 1.1 2.84 34.50 37.34 OK
r-devel-linux-x86_64-fedora-clang 1.1 85.08 OK
r-devel-linux-x86_64-fedora-gcc 1.1 77.37 OK
r-devel-osx-x86_64-clang 1.1 71.45 OK
r-devel-windows-ix86+x86_64 1.1 14.00 52.00 66.00 OK
r-patched-linux-x86_64 1.1 4.86 49.98 54.84 OK
r-patched-solaris-sparc 1.1 611.50 OK
r-patched-solaris-x86 1.1 156.00 OK
r-release-linux-ix86 1.1 4.21 65.95 70.16 OK
r-release-linux-x86_64 1.1 5.06 50.19 55.25 OK
r-release-osx-x86_64-mavericks 1.1 ERROR
r-release-osx-x86_64-snowleopard 1.1 OK
r-release-windows-ix86+x86_64 1.1 18.00 88.00 106.00 OK
r-oldrel-windows-ix86+x86_64 1.1 18.00 129.00 147.00 OK

Check Details

Version: 1.1
Check: package dependencies
Result: ERROR
    Packages required but not available: ‘cairoDevice’ ‘gWidgetsRGtk2’
    
    See section ‘The DESCRIPTION file’ in the ‘Writing R Extensions’
    manual.
Flavor: r-release-osx-x86_64-mavericks