CRAN Package Check Results for Package MetSizeR

Last updated on 2015-03-29 00:48:19.

Flavor Version Tinstall Tcheck Ttotal Status Flags
r-devel-linux-x86_64-debian-clang 1.1 2.90 35.01 37.91 OK
r-devel-linux-x86_64-debian-gcc 1.1 2.80 34.60 37.39 OK
r-devel-linux-x86_64-fedora-clang 1.1 80.06 OK
r-devel-linux-x86_64-fedora-gcc 1.1 76.95 OK
r-devel-osx-x86_64-clang 1.1 76.02 OK
r-prerel-windows-ix86+x86_64 1.1 10.00 61.00 71.00 OK
r-prerel-linux-x86_64 1.1 2.81 34.12 36.93 OK
r-prerel-solaris-sparc 1.1 416.70 OK
r-prerel-solaris-x86 1.1 109.10 OK
r-release-linux-x86_64 1.1 4.58 49.31 53.88 OK
r-release-osx-x86_64-mavericks 1.1 ERROR
r-release-osx-x86_64-snowleopard 1.1 OK
r-release-windows-ix86+x86_64 1.1 18.00 80.00 98.00 OK
r-oldrel-windows-ix86+x86_64 1.1 17.00 90.00 107.00 OK

Check Details

Version: 1.1
Check: package dependencies
Result: ERROR
    Packages required but not available: ‘cairoDevice’ ‘gWidgetsRGtk2’
    
    See section ‘The DESCRIPTION file’ in the ‘Writing R Extensions’
    manual.
Flavor: r-release-osx-x86_64-mavericks