CRAN Package Check Results for Package MetSizeR

Last updated on 2015-01-30 11:49:15.

Flavor Version Tinstall Tcheck Ttotal Status Flags
r-devel-linux-x86_64-debian-clang 1.1 3.27 36.37 39.64 OK
r-devel-linux-x86_64-debian-gcc 1.1 3.14 36.48 39.63 OK
r-devel-linux-x86_64-fedora-clang 1.1 99.14 OK
r-devel-linux-x86_64-fedora-gcc 1.1 94.91 OK
r-devel-osx-x86_64-clang 1.1 99.17 OK
r-devel-windows-ix86+x86_64 1.1 11.00 58.00 69.00 OK
r-patched-linux-x86_64 1.1 3.72 48.86 52.58 OK
r-patched-solaris-sparc 1.1 611.50 OK
r-patched-solaris-x86 1.1 155.80 OK
r-release-linux-ix86 1.1 4.18 2.51 6.69 OK
r-release-linux-x86_64 1.1 3.58 49.29 52.87 OK
r-release-osx-x86_64-mavericks 1.1 ERROR
r-release-osx-x86_64-snowleopard 1.1 OK
r-release-windows-ix86+x86_64 1.1 17.00 89.00 106.00 OK
r-oldrel-windows-ix86+x86_64 1.1 18.00 85.00 103.00 OK

Check Details

Version: 1.1
Check: package dependencies
Result: ERROR
    Packages required but not available: ‘cairoDevice’ ‘gWidgetsRGtk2’
    
    See the information on DESCRIPTION files in the chapter ‘Creating R
    packages’ of the ‘Writing R Extensions’ manual.
Flavor: r-release-osx-x86_64-mavericks