CRAN Package Check Results for Package MetSizeR

Last updated on 2014-07-23 09:49:51.

Flavor Version Tinstall Tcheck Ttotal Status Flags
r-devel-linux-x86_64-debian-clang 0.99 1.94 28.74 30.68 OK
r-devel-linux-x86_64-debian-gcc 0.99 2.07 28.52 30.60 OK
r-devel-linux-x86_64-fedora-clang 0.99 70.13 OK
r-devel-linux-x86_64-fedora-gcc 0.99 68.48 OK
r-devel-osx-x86_64-clang 0.99 61.06 OK
r-devel-windows-ix86+x86_64 0.99 10.00 54.00 64.00 OK
r-patched-linux-x86_64 0.99 2.00 29.10 31.11 OK
r-patched-solaris-sparc 0.99 360.40 OK
r-patched-solaris-x86 0.99 89.40 OK
r-release-linux-ix86 0.99 2.77 39.89 42.66 OK
r-release-linux-x86_64 0.99 2.11 30.20 32.30 OK
r-release-osx-x86_64-mavericks 0.99 ERROR
r-release-osx-x86_64-snowleopard 0.99 OK
r-release-windows-ix86+x86_64 0.99 11.00 54.00 65.00 OK
r-oldrel-windows-ix86+x86_64 0.99 11.00 55.00 66.00 OK

Check Details

Version: 0.99
Check: package dependencies
Result: ERROR
    Package required but not available: ‘cairoDevice’
    
    See the information on DESCRIPTION files in the chapter ‘Creating R
    packages’ of the ‘Writing R Extensions’ manual.
Flavor: r-release-osx-x86_64-mavericks