CRAN Package Check Results for Package MetaPath

Last updated on 2018-04-22 23:50:27 CEST.

Flavor Version Tinstall Tcheck Ttotal Status Flags
r-devel-linux-x86_64-debian-clang 1.0 13.83 137.61 151.44 NOTE
r-devel-linux-x86_64-debian-gcc 1.0 11.19 122.64 133.83 NOTE
r-devel-linux-x86_64-fedora-clang 1.0 214.24 NOTE
r-devel-linux-x86_64-fedora-gcc 1.0 215.52 NOTE
r-devel-windows-ix86+x86_64 1.0 33.00 150.00 183.00 NOTE
r-devel-osx-x86_64 1.0 NOTE
r-patched-linux-x86_64 1.0 10.32 152.05 162.37 NOTE
r-patched-solaris-x86 1.0 315.20 NOTE
r-release-linux-x86_64 1.0 10.71 146.60 157.31 NOTE
r-release-windows-ix86+x86_64 1.0 22.00 152.00 174.00 NOTE
r-release-osx-x86_64 1.0 NOTE
r-oldrel-windows-ix86+x86_64 1.0 22.00 135.00 157.00 OK

Check Details

Version: 1.0
Check: R code for possible problems
Result: NOTE
    MAPE: no visible global function definition for ‘is’
    MAPE: no visible global function definition for ‘new’
    Undefined global functions or variables:
     is new
    Consider adding
     importFrom("methods", "is", "new")
    to your NAMESPACE file (and ensure that your DESCRIPTION Imports field
    contains 'methods').
Flavors: r-devel-linux-x86_64-debian-clang, r-devel-linux-x86_64-debian-gcc, r-devel-linux-x86_64-fedora-clang, r-devel-linux-x86_64-fedora-gcc, r-devel-windows-ix86+x86_64, r-devel-osx-x86_64, r-patched-linux-x86_64, r-patched-solaris-x86, r-release-linux-x86_64, r-release-windows-ix86+x86_64, r-release-osx-x86_64