CRAN Package Check Results for Package MetaPath

Last updated on 2016-08-23 22:47:41.

Flavor Version Tinstall Tcheck Ttotal Status Flags
r-devel-linux-x86_64-debian-clang 1.0 8.50 90.11 98.61 OK
r-devel-linux-x86_64-debian-gcc 1.0 7.95 92.43 100.38 OK
r-devel-linux-x86_64-fedora-clang 1.0 199.42 OK
r-devel-linux-x86_64-fedora-gcc 1.0 191.61 OK
r-devel-osx-x86_64-clang 1.0 155.49 OK
r-devel-windows-ix86+x86_64 1.0 30.00 140.00 170.00 WARN
r-patched-linux-x86_64 1.0 7.34 84.80 92.15 OK
r-patched-solaris-sparc 1.0 1108.80 OK
r-patched-solaris-x86 1.0 232.80 OK
r-release-linux-x86_64 1.0 7.57 86.44 94.01 OK
r-release-osx-x86_64-mavericks 1.0 OK
r-release-windows-ix86+x86_64 1.0 21.00 201.00 222.00 OK
r-oldrel-windows-ix86+x86_64 1.0 17.00 106.00 123.00 OK

Check Details

Version: 1.0
Check: whether package can be installed
Result: WARN
    Found the following significant warnings:
     Warning: multiple methods tables found for 'which.max'
     Warning: multiple methods tables found for 'which.min'
     Warning: multiple methods tables found for 'which'
Flavor: r-devel-windows-ix86+x86_64