CRAN Package Check Results for Package MetaPath

Last updated on 2016-10-01 12:47:53.

Flavor Version Tinstall Tcheck Ttotal Status Flags
r-devel-linux-x86_64-debian-clang 1.0 7.13 82.88 90.00 OK
r-devel-linux-x86_64-debian-gcc 1.0 6.86 81.18 88.05 OK
r-devel-linux-x86_64-fedora-clang 1.0 216.96 OK
r-devel-linux-x86_64-fedora-gcc 1.0 206.72 OK
r-devel-macos-x86_64-clang 1.0 139.78 OK
r-devel-windows-ix86+x86_64 1.0 28.00 126.00 154.00 WARN
r-patched-linux-x86_64 1.0 7.69 82.62 90.32 OK
r-patched-solaris-sparc 1.0 1108.80 OK
r-patched-solaris-x86 1.0 232.40 OK
r-release-linux-x86_64 1.0 7.12 84.04 91.16 OK
r-release-osx-x86_64-mavericks 1.0 OK
r-release-windows-ix86+x86_64 1.0 20.00 127.00 147.00 OK
r-oldrel-windows-ix86+x86_64 1.0 17.00 106.00 123.00 OK

Check Details

Version: 1.0
Check: whether package can be installed
Result: WARN
    Found the following significant warnings:
     Warning: multiple methods tables found for 'which.max'
     Warning: multiple methods tables found for 'which.min'
     Warning: multiple methods tables found for 'which'
Flavor: r-devel-windows-ix86+x86_64