CRAN Package Check Results for Package MetaPath

Last updated on 2017-11-21 07:50:05 CET.

Flavor Version Tinstall Tcheck Ttotal Status Flags
r-devel-linux-x86_64-debian-clang 1.0 7.37 82.35 89.72 NOTE
r-devel-linux-x86_64-debian-gcc 1.0 7.40 90.23 97.64 NOTE
r-devel-linux-x86_64-fedora-clang 1.0 181.38 NOTE
r-devel-linux-x86_64-fedora-gcc 1.0 171.76 NOTE
r-devel-windows-ix86+x86_64 1.0 34.00 157.00 191.00 NOTE
r-patched-linux-x86_64 1.0 8.33 93.37 101.70 NOTE
r-patched-solaris-x86 1.0 310.30 NOTE
r-release-linux-x86_64 1.0 7.99 92.57 100.56 NOTE
r-release-windows-ix86+x86_64 1.0 22.00 152.00 174.00 NOTE
r-release-osx-x86_64 1.0 ERROR
r-oldrel-windows-ix86+x86_64 1.0 22.00 135.00 157.00 OK
r-oldrel-osx-x86_64 1.0 OK

Check Details

Version: 1.0
Check: R code for possible problems
Result: NOTE
    MAPE: no visible global function definition for ‘is’
    MAPE: no visible global function definition for ‘new’
    Undefined global functions or variables:
     is new
    Consider adding
     importFrom("methods", "is", "new")
    to your NAMESPACE file (and ensure that your DESCRIPTION Imports field
    contains 'methods').
Flavors: r-devel-linux-x86_64-debian-clang, r-devel-linux-x86_64-debian-gcc, r-devel-linux-x86_64-fedora-clang, r-devel-linux-x86_64-fedora-gcc, r-devel-windows-ix86+x86_64, r-patched-linux-x86_64, r-patched-solaris-x86, r-release-linux-x86_64, r-release-windows-ix86+x86_64

Version: 1.0
Check: package dependencies
Result: ERROR
    Packages required but not available: ‘GSEABase’ ‘genefilter’ ‘impute’
    
    See section ‘The DESCRIPTION file’ in the ‘Writing R Extensions’
    manual.
Flavor: r-release-osx-x86_64