CRAN Package Check Results for Package MetaPath

Last updated on 2016-04-30 23:48:05.

Flavor Version Tinstall Tcheck Ttotal Status Flags
r-devel-linux-x86_64-debian-gcc 1.0 8.43 85.18 93.61 OK
r-devel-linux-x86_64-fedora-clang 1.0 190.04 OK
r-devel-linux-x86_64-fedora-gcc 1.0 180.57 OK
r-devel-osx-x86_64-clang 1.0 207.88 OK
r-devel-windows-ix86+x86_64 1.0 21.00 148.00 169.00 OK
r-patched-linux-x86_64 1.0 7.93 84.64 92.57 OK
r-patched-solaris-sparc 1.0 856.00 OK
r-patched-solaris-x86 1.0 235.10 OK
r-release-linux-x86_64 1.0 8.19 93.80 101.99 OK
r-release-osx-x86_64-mavericks 1.0 ERROR
r-release-windows-ix86+x86_64 1.0 17.00 106.00 123.00 OK
r-oldrel-windows-ix86+x86_64 1.0 33.00 204.00 237.00 OK

Check Details

Version: 1.0
Check: package dependencies
Result: ERROR
    Package required but not available: ‘GSEABase’
    
    See section ‘The DESCRIPTION file’ in the ‘Writing R Extensions’
    manual.
Flavor: r-release-osx-x86_64-mavericks