CRAN Package Check Results for Package MetaPath

Last updated on 2017-05-27 22:46:21.

Flavor Version Tinstall Tcheck Ttotal Status Flags
r-devel-linux-x86_64-debian-clang 1.0 7.79 89.62 97.40 NOTE
r-devel-linux-x86_64-debian-gcc 1.0 7.92 87.69 95.62 NOTE
r-devel-linux-x86_64-fedora-clang 1.0 219.28 NOTE
r-devel-linux-x86_64-fedora-gcc 1.0 235.70 NOTE
r-devel-windows-ix86+x86_64 1.0 35.00 189.00 224.00 NOTE
r-patched-linux-x86_64 1.0 7.84 94.01 101.85 NOTE
r-patched-solaris-sparc 1.0 1191.90 NOTE
r-patched-solaris-x86 1.0 266.30 NOTE
r-release-linux-x86_64 1.0 7.95 89.84 97.79 NOTE
r-release-windows-ix86+x86_64 1.0 23.00 146.00 169.00 NOTE
r-release-osx-x86_64 1.0 ERROR
r-oldrel-windows-ix86+x86_64 1.0 22.00 135.00 157.00 OK
r-oldrel-osx-x86_64 1.0 OK

Check Details

Version: 1.0
Check: R code for possible problems
Result: NOTE
    MAPE: no visible global function definition for ‘is’
    MAPE: no visible global function definition for ‘new’
    Undefined global functions or variables:
     is new
    Consider adding
     importFrom("methods", "is", "new")
    to your NAMESPACE file (and ensure that your DESCRIPTION Imports field
    contains 'methods').
Flavors: r-devel-linux-x86_64-debian-clang, r-devel-linux-x86_64-debian-gcc, r-devel-linux-x86_64-fedora-clang, r-devel-linux-x86_64-fedora-gcc, r-devel-windows-ix86+x86_64, r-patched-linux-x86_64, r-patched-solaris-sparc, r-patched-solaris-x86, r-release-linux-x86_64, r-release-windows-ix86+x86_64

Version: 1.0
Check: package dependencies
Result: ERROR
    Packages required but not available: ‘GSEABase’ ‘genefilter’ ‘impute’
    
    See section ‘The DESCRIPTION file’ in the ‘Writing R Extensions’
    manual.
Flavor: r-release-osx-x86_64