CRAN Package Check Results for Package MetaPath

Last updated on 2016-02-09 06:49:52.

Flavor Version Tinstall Tcheck Ttotal Status Flags
r-devel-linux-x86_64-debian-gcc 1.0 5.61 63.28 68.89 OK
r-devel-linux-x86_64-fedora-clang 1.0 149.82 OK
r-devel-linux-x86_64-fedora-gcc 1.0 135.41 OK
r-devel-osx-x86_64-clang 1.0 153.36 OK
r-devel-windows-ix86+x86_64 1.0 22.00 102.00 124.00 OK
r-patched-linux-x86_64 1.0 6.34 70.82 77.16 OK
r-patched-solaris-sparc 1.0 929.10 OK
r-patched-solaris-x86 1.0 191.60 OK
r-release-linux-x86_64 1.0 6.32 70.55 76.87 OK
r-release-osx-x86_64-mavericks 1.0 ERROR
r-release-windows-ix86+x86_64 1.0 17.00 106.00 123.00 OK
r-oldrel-windows-ix86+x86_64 1.0 33.00 204.00 237.00 OK

Check Details

Version: 1.0
Check: package dependencies
Result: ERROR
    Package required but not available: ‘GSEABase’
    
    See section ‘The DESCRIPTION file’ in the ‘Writing R Extensions’
    manual.
Flavor: r-release-osx-x86_64-mavericks