CRAN Package Check Results for Package MetaPath

Last updated on 2017-02-22 13:50:53.

Flavor Version Tinstall Tcheck Ttotal Status Flags
r-devel-linux-x86_64-debian-clang 1.0 7.61 87.07 94.69 NOTE
r-devel-linux-x86_64-debian-gcc 1.0 7.87 89.25 97.13 NOTE
r-devel-linux-x86_64-fedora-clang 1.0 204.46 NOTE --no-stop-on-test-error
r-devel-linux-x86_64-fedora-gcc 1.0 212.04 NOTE --no-stop-on-test-error
r-devel-macos-x86_64-clang 1.0 158.10 NOTE --no-stop-on-test-error
r-devel-windows-ix86+x86_64 1.0 25.00 199.00 224.00 NOTE
r-patched-linux-x86_64 1.0 7.61 89.58 97.20 NOTE
r-patched-solaris-sparc 1.0 1155.50 NOTE
r-patched-solaris-x86 1.0 250.60 NOTE
r-release-linux-x86_64 1.0 7.46 88.86 96.32 NOTE
r-release-osx-x86_64-mavericks 1.0 OK
r-release-windows-ix86+x86_64 1.0 22.00 135.00 157.00 OK
r-oldrel-windows-ix86+x86_64 1.0 22.00 129.00 151.00 OK

Check Details

Version: 1.0
Check: R code for possible problems
Result: NOTE
    MAPE: no visible global function definition for ‘is’
    MAPE: no visible global function definition for ‘new’
    Undefined global functions or variables:
     is new
    Consider adding
     importFrom("methods", "is", "new")
    to your NAMESPACE file (and ensure that your DESCRIPTION Imports field
    contains 'methods').
Flavors: r-devel-linux-x86_64-debian-clang, r-devel-linux-x86_64-debian-gcc, r-devel-windows-ix86+x86_64, r-patched-linux-x86_64, r-patched-solaris-sparc, r-patched-solaris-x86, r-release-linux-x86_64

Version: 1.0
Flags: --no-stop-on-test-error
Check: R code for possible problems
Result: NOTE
    MAPE: no visible global function definition for ‘is’
    MAPE: no visible global function definition for ‘new’
    Undefined global functions or variables:
     is new
    Consider adding
     importFrom("methods", "is", "new")
    to your NAMESPACE file (and ensure that your DESCRIPTION Imports field
    contains 'methods').
Flavors: r-devel-linux-x86_64-fedora-clang, r-devel-linux-x86_64-fedora-gcc, r-devel-macos-x86_64-clang