CRAN Package Check Results for Package MetaPath

Last updated on 2018-02-24 10:48:56 CET.

Flavor Version Tinstall Tcheck Ttotal Status Flags
r-devel-linux-x86_64-debian-clang 1.0 13.32 156.81 170.13 NOTE
r-devel-linux-x86_64-debian-gcc 1.0 11.79 124.87 136.66 NOTE
r-devel-windows-ix86+x86_64 1.0 30.00 188.00 218.00 NOTE
r-patched-linux-x86_64 1.0 11.59 149.43 161.02 NOTE
r-patched-solaris-x86 1.0 286.10 NOTE
r-release-linux-x86_64 1.0 11.37 149.27 160.64 NOTE
r-release-windows-ix86+x86_64 1.0 22.00 152.00 174.00 NOTE
r-release-osx-x86_64 1.0 ERROR
r-oldrel-windows-ix86+x86_64 1.0 22.00 135.00 157.00 OK
r-oldrel-osx-x86_64 1.0 OK

Check Details

Version: 1.0
Check: R code for possible problems
Result: NOTE
    MAPE: no visible global function definition for ‘is’
    MAPE: no visible global function definition for ‘new’
    Undefined global functions or variables:
     is new
    Consider adding
     importFrom("methods", "is", "new")
    to your NAMESPACE file (and ensure that your DESCRIPTION Imports field
    contains 'methods').
Flavors: r-devel-linux-x86_64-debian-clang, r-devel-linux-x86_64-debian-gcc, r-devel-windows-ix86+x86_64, r-patched-linux-x86_64, r-patched-solaris-x86, r-release-linux-x86_64, r-release-windows-ix86+x86_64

Version: 1.0
Check: package dependencies
Result: ERROR
    Packages required but not available: ‘GSEABase’ ‘genefilter’ ‘impute’
    
    See section ‘The DESCRIPTION file’ in the ‘Writing R Extensions’
    manual.
Flavor: r-release-osx-x86_64