CRAN Package Check Results for Package MetaPath

Last updated on 2016-12-09 13:47:05.

Flavor Version Tinstall Tcheck Ttotal Status Flags
r-devel-linux-x86_64-debian-clang 1.0 7.69 86.74 94.43 NOTE
r-devel-linux-x86_64-debian-gcc 1.0 7.68 87.34 95.02 NOTE
r-devel-linux-x86_64-fedora-clang 1.0 229.17 NOTE --no-stop-on-test-error
r-devel-linux-x86_64-fedora-gcc 1.0 217.84 NOTE --no-stop-on-test-error
r-devel-macos-x86_64-clang 1.0 162.07 NOTE
r-devel-windows-ix86+x86_64 1.0 35.00 185.00 220.00 NOTE
r-patched-linux-x86_64 1.0 7.21 84.60 91.80 NOTE
r-patched-solaris-sparc 1.0 1155.90 NOTE
r-patched-solaris-x86 1.0 245.80 NOTE
r-release-linux-x86_64 1.0 7.46 84.02 91.47 NOTE
r-release-osx-x86_64-mavericks 1.0 OK
r-release-windows-ix86+x86_64 1.0 22.00 135.00 157.00 OK
r-oldrel-windows-ix86+x86_64 1.0 22.00 129.00 151.00 OK

Check Details

Version: 1.0
Check: R code for possible problems
Result: NOTE
    MAPE: no visible global function definition for ‘is’
    MAPE: no visible global function definition for ‘new’
    Undefined global functions or variables:
     is new
    Consider adding
     importFrom("methods", "is", "new")
    to your NAMESPACE file (and ensure that your DESCRIPTION Imports field
    contains 'methods').
Flavors: r-devel-linux-x86_64-debian-clang, r-devel-linux-x86_64-debian-gcc, r-devel-macos-x86_64-clang, r-devel-windows-ix86+x86_64, r-patched-linux-x86_64, r-patched-solaris-sparc, r-patched-solaris-x86, r-release-linux-x86_64

Version: 1.0
Flags: --no-stop-on-test-error
Check: R code for possible problems
Result: NOTE
    MAPE: no visible global function definition for ‘is’
    MAPE: no visible global function definition for ‘new’
    Undefined global functions or variables:
     is new
    Consider adding
     importFrom("methods", "is", "new")
    to your NAMESPACE file (and ensure that your DESCRIPTION Imports field
    contains 'methods').
Flavors: r-devel-linux-x86_64-fedora-clang, r-devel-linux-x86_64-fedora-gcc