CRAN Package Check Results for Package MetaPath

Last updated on 2018-06-25 00:49:39 CEST.

Flavor Version Tinstall Tcheck Ttotal Status Flags
r-devel-linux-x86_64-debian-clang 1.0 17.39 173.81 191.20 NOTE
r-devel-linux-x86_64-debian-gcc 1.0 13.18 153.19 166.37 NOTE
r-devel-linux-x86_64-fedora-clang 1.0 246.41 NOTE
r-devel-linux-x86_64-fedora-gcc 1.0 245.48 NOTE
r-devel-windows-ix86+x86_64 1.0 41.00 209.00 250.00 NOTE
r-patched-linux-x86_64 1.0 14.33 154.98 169.31 NOTE
r-patched-solaris-x86 1.0 312.00 NOTE
r-release-linux-x86_64 1.0 15.27 154.15 169.42 NOTE
r-release-windows-ix86+x86_64 1.0 33.00 150.00 183.00 NOTE
r-release-osx-x86_64 1.0 NOTE
r-oldrel-windows-ix86+x86_64 1.0 22.00 152.00 174.00 NOTE
r-oldrel-osx-x86_64 1.0 NOTE

Check Details

Version: 1.0
Check: R code for possible problems
Result: NOTE
    MAPE: no visible global function definition for ‘is’
    MAPE: no visible global function definition for ‘new’
    Undefined global functions or variables:
     is new
    Consider adding
     importFrom("methods", "is", "new")
    to your NAMESPACE file (and ensure that your DESCRIPTION Imports field
    contains 'methods').
Flavors: r-devel-linux-x86_64-debian-clang, r-devel-linux-x86_64-debian-gcc, r-devel-linux-x86_64-fedora-clang, r-devel-linux-x86_64-fedora-gcc, r-devel-windows-ix86+x86_64, r-patched-linux-x86_64, r-patched-solaris-x86, r-release-linux-x86_64, r-release-windows-ix86+x86_64, r-release-osx-x86_64, r-oldrel-windows-ix86+x86_64, r-oldrel-osx-x86_64