CRAN Package Check Results for Package MetaSKAT

Last updated on 2014-07-23 05:49:07.

Flavor Version Tinstall Tcheck Ttotal Status Flags
r-devel-linux-x86_64-debian-clang 0.40 2.42 22.55 24.97 OK
r-devel-linux-x86_64-debian-gcc 0.40 2.60 22.28 24.88 OK
r-devel-linux-x86_64-fedora-clang 0.40 56.66 OK
r-devel-linux-x86_64-fedora-gcc 0.40 51.11 OK
r-devel-osx-x86_64-clang 0.40 51.64 OK
r-devel-windows-ix86+x86_64 0.40 13.00 48.00 61.00 OK
r-patched-linux-x86_64 0.40 2.67 22.50 25.17 OK
r-patched-solaris-x86 0.40 100.00 NOTE
r-release-linux-ix86 0.40 3.84 25.18 29.02 ERROR
r-release-linux-x86_64 0.40 2.74 25.48 28.22 OK
r-release-osx-x86_64-mavericks 0.40 OK
r-release-osx-x86_64-snowleopard 0.40 OK
r-release-windows-ix86+x86_64 0.40 18.00 47.00 65.00 OK
r-oldrel-windows-ix86+x86_64 0.40 13.00 40.00 53.00 OK

Check Details

Version: 0.40
Check: installed package size
Result: NOTE
     installed size is 191.2Mb
     sub-directories of 1Mb or more:
     libs 190.9Mb
Flavor: r-patched-solaris-x86

Version: 0.40
Check: running R code from vignettes
Result: ERROR
    Errors in running code in vignettes:
    when running code in ‘MetaSKAT.Rnw’
     ...
    + File.Info <- sprintf("./%02d.MInfo", IDX_G)
    + File.Mat.vec[IDX_G] <- .... [TRUNCATED]
    
    > Cohort.Info <- Open_MSSD_File_2Read(File.Mat.vec,
    + File.Info.vec)
    Number of cohorts = 3
    terminate called after throwing an instance of 'std::bad_alloc'
     what(): std::bad_alloc
    
    ... incomplete output. Crash?
Flavor: r-release-linux-ix86