CRAN Package Check Results for Package MetaSKAT

Last updated on 2017-04-28 21:47:23.

Flavor Version Tinstall Tcheck Ttotal Status Flags
r-devel-linux-x86_64-debian-clang 0.60 3.54 24.46 28.00 NOTE
r-devel-linux-x86_64-debian-gcc 0.60 3.56 23.88 27.44 NOTE
r-devel-linux-x86_64-fedora-clang 0.60 53.41 NOTE --no-stop-on-test-error
r-devel-linux-x86_64-fedora-gcc 0.60 47.87 NOTE --no-stop-on-test-error
r-devel-windows-ix86+x86_64 0.60 27.00 77.00 104.00 OK
r-patched-linux-x86_64 0.60 2.80 23.39 26.19 NOTE
r-patched-solaris-x86 0.60 75.00 OK
r-release-linux-x86_64 0.60 2.80 24.13 26.92 NOTE
r-release-windows-ix86+x86_64 0.60 20.00 54.00 74.00 OK
r-release-osx-x86_64 0.60 OK
r-oldrel-windows-ix86+x86_64 0.60 16.00 45.00 61.00 OK
r-oldrel-osx-x86_64 0.60 OK

Check Details

Version: 0.60
Check: compiled code
Result: NOTE
    File ‘MetaSKAT/libs/MetaSKAT.so’:
     Found no calls to: ‘R_registerRoutines’, ‘R_useDynamicSymbols’
    
    It is good practice to register native routines and to disable symbol
    search.
    
    See ‘Writing portable packages’ in the ‘Writing R Extensions’ manual.
Flavors: r-devel-linux-x86_64-debian-clang, r-devel-linux-x86_64-debian-gcc, r-patched-linux-x86_64, r-release-linux-x86_64

Version: 0.60
Flags: --no-stop-on-test-error
Check: compiled code
Result: NOTE
    File ‘MetaSKAT/libs/MetaSKAT.so’:
     Found no calls to: ‘R_registerRoutines’, ‘R_useDynamicSymbols’
    
    It is good practice to register native routines and to disable symbol
    search.
    
    See ‘Writing portable packages’ in the ‘Writing R Extensions’ manual.
Flavors: r-devel-linux-x86_64-fedora-clang, r-devel-linux-x86_64-fedora-gcc