CRAN Package Check Results for Package MetaSKAT

Last updated on 2015-08-05 08:48:35.

Flavor Version Tinstall Tcheck Ttotal Status Flags
r-devel-linux-x86_64-debian-clang 0.40 2.60 21.91 24.51 NOTE
r-devel-linux-x86_64-debian-gcc 0.40 2.84 21.70 24.54 NOTE
r-devel-linux-x86_64-fedora-clang 0.40 51.45 NOTE
r-devel-linux-x86_64-fedora-gcc 0.40 45.71 NOTE
r-devel-osx-x86_64-clang 0.40 48.84 OK
r-devel-windows-ix86+x86_64 0.40 16.00 50.00 66.00 NOTE
r-patched-linux-x86_64 0.40 2.65 22.18 24.83 OK
r-patched-solaris-x86 0.40 98.20 NOTE
r-release-linux-x86_64 0.40 2.67 23.12 25.79 OK
r-release-osx-x86_64-mavericks 0.40 OK
r-release-windows-ix86+x86_64 0.40 16.00 49.00 65.00 OK
r-oldrel-windows-ix86+x86_64 0.40 19.00 51.00 70.00 OK

Check Details

Version: 0.40
Check: R code for possible problems
Result: NOTE
    Beta.Weights: no visible global function definition for ‘dbeta’
    Generate_Meta_Files: no visible global function definition for
     ‘read.table’
    Open_BED_File: no visible global function definition for ‘read.table’
    Read_Info_File: no visible global function definition for ‘read.table’
    Read_Info_File_Header: no visible global function definition for
     ‘read.delim’
    Write_To_MetaInfo: no visible global function definition for
     ‘write.table’
    Write_To_MetaInfo_Header: no visible global function definition for
     ‘write.table’
    Undefined global functions or variables:
     dbeta read.delim read.table write.table
    Consider adding
     importFrom("stats", "dbeta")
     importFrom("utils", "read.delim", "read.table", "write.table")
    to your NAMESPACE.
Flavors: r-devel-linux-x86_64-debian-clang, r-devel-linux-x86_64-debian-gcc, r-devel-linux-x86_64-fedora-clang, r-devel-linux-x86_64-fedora-gcc, r-devel-windows-ix86+x86_64

Version: 0.40
Check: installed package size
Result: NOTE
     installed size is 191.2Mb
     sub-directories of 1Mb or more:
     libs 190.9Mb
Flavor: r-patched-solaris-x86