CRAN Package Check Results for Package MetaSKAT

Last updated on 2017-08-22 04:46:58.

Flavor Version Tinstall Tcheck Ttotal Status Flags
r-devel-linux-x86_64-debian-clang 0.60 3.44 24.78 28.22 NOTE
r-devel-linux-x86_64-debian-gcc 0.60 3.40 24.18 27.58 NOTE
r-devel-linux-x86_64-fedora-clang 0.60 57.11 NOTE
r-devel-linux-x86_64-fedora-gcc 0.60 51.59 NOTE
r-devel-windows-ix86+x86_64 0.60 17.00 56.00 73.00 OK
r-patched-linux-x86_64 0.60 3.04 23.87 26.91 NOTE
r-patched-solaris-x86 0.60 73.70 OK
r-release-linux-x86_64 0.60 3.12 24.93 28.06 NOTE
r-release-windows-ix86+x86_64 0.60 18.00 59.00 77.00 OK
r-release-osx-x86_64 0.60 OK
r-oldrel-windows-ix86+x86_64 0.60 20.00 71.00 91.00 OK
r-oldrel-osx-x86_64 0.60 OK

Check Details

Version: 0.60
Check: compiled code
Result: NOTE
    File ‘MetaSKAT/libs/MetaSKAT.so’:
     Found no calls to: ‘R_registerRoutines’, ‘R_useDynamicSymbols’
    
    It is good practice to register native routines and to disable symbol
    search.
    
    See ‘Writing portable packages’ in the ‘Writing R Extensions’ manual.
Flavors: r-devel-linux-x86_64-debian-clang, r-devel-linux-x86_64-debian-gcc, r-devel-linux-x86_64-fedora-clang, r-devel-linux-x86_64-fedora-gcc, r-patched-linux-x86_64, r-release-linux-x86_64