CRAN Package Check Results for Package MetaSKAT

Last updated on 2015-01-30 03:49:06.

Flavor Version Tinstall Tcheck Ttotal Status Flags
r-devel-linux-x86_64-debian-clang 0.40 2.70 22.65 25.35 OK
r-devel-linux-x86_64-debian-gcc 0.40 2.72 22.40 25.12 OK
r-devel-linux-x86_64-fedora-clang 0.40 57.93 OK
r-devel-linux-x86_64-fedora-gcc 0.40 49.46 OK
r-devel-osx-x86_64-clang 0.40 54.30 OK
r-devel-windows-ix86+x86_64 0.40 16.00 48.00 64.00 OK
r-patched-linux-x86_64 0.40 2.72 26.08 28.80 OK
r-patched-solaris-x86 0.40 103.20 NOTE
r-release-linux-ix86 0.40 3.87 2.49 6.36 OK
r-release-linux-x86_64 0.40 2.70 23.61 26.31 OK
r-release-osx-x86_64-mavericks 0.40 OK
r-release-osx-x86_64-snowleopard 0.40 OK
r-release-windows-ix86+x86_64 0.40 16.00 49.00 65.00 OK
r-oldrel-windows-ix86+x86_64 0.40 17.00 54.00 71.00 OK

Check Details

Version: 0.40
Check: installed package size
Result: NOTE
     installed size is 191.2Mb
     sub-directories of 1Mb or more:
     libs 190.9Mb
Flavor: r-patched-solaris-x86