CRAN Package Check Results for Package MetaSKAT

Last updated on 2017-10-17 18:46:36.

Flavor Version Tinstall Tcheck Ttotal Status Flags
r-devel-linux-x86_64-debian-clang 0.60 3.48 25.22 28.70 NOTE
r-devel-linux-x86_64-debian-gcc 0.60 3.24 27.32 30.56 NOTE
r-devel-linux-x86_64-fedora-clang 0.60 57.23 NOTE
r-devel-linux-x86_64-fedora-gcc 0.60 49.25 NOTE
r-devel-windows-ix86+x86_64 0.60 30.00 53.00 83.00 OK
r-patched-linux-x86_64 0.60 3.26 24.75 28.02 NOTE
r-patched-solaris-x86 0.60 81.30 OK
r-release-linux-x86_64 0.60 3.39 23.98 27.37 NOTE
r-release-windows-ix86+x86_64 0.60 18.00 59.00 77.00 OK
r-release-osx-x86_64 0.60 OK
r-oldrel-windows-ix86+x86_64 0.60 20.00 71.00 91.00 OK
r-oldrel-osx-x86_64 0.60 OK

Check Details

Version: 0.60
Check: compiled code
Result: NOTE
    File ‘MetaSKAT/libs/MetaSKAT.so’:
     Found no calls to: ‘R_registerRoutines’, ‘R_useDynamicSymbols’
    
    It is good practice to register native routines and to disable symbol
    search.
    
    See ‘Writing portable packages’ in the ‘Writing R Extensions’ manual.
Flavors: r-devel-linux-x86_64-debian-clang, r-devel-linux-x86_64-debian-gcc, r-devel-linux-x86_64-fedora-clang, r-devel-linux-x86_64-fedora-gcc, r-patched-linux-x86_64, r-release-linux-x86_64