CRAN Package Check Results for Package MetaSKAT

Last updated on 2015-02-28 12:51:16.

Flavor Version Tinstall Tcheck Ttotal Status Flags
r-devel-linux-x86_64-debian-clang 0.40 2.64 22.36 25.00 OK
r-devel-linux-x86_64-debian-gcc 0.40 2.80 22.25 25.06 OK
r-devel-linux-x86_64-fedora-clang 0.40 54.49 OK
r-devel-linux-x86_64-fedora-gcc 0.40 48.23 OK
r-devel-osx-x86_64-clang 0.40 52.73 OK
r-devel-windows-ix86+x86_64 0.40 15.00 49.00 64.00 OK
r-patched-linux-x86_64 0.40 2.68 23.95 26.63 OK
r-patched-solaris-x86 0.40 104.60 NOTE
r-release-linux-ix86 0.40 5.06 25.96 31.03 ERROR
r-release-linux-x86_64 0.40 2.68 23.82 26.50 OK
r-release-osx-x86_64-mavericks 0.40 OK
r-release-osx-x86_64-snowleopard 0.40 OK
r-release-windows-ix86+x86_64 0.40 16.00 49.00 65.00 OK
r-oldrel-windows-ix86+x86_64 0.40 17.00 54.00 71.00 OK

Check Details

Version: 0.40
Check: installed package size
Result: NOTE
     installed size is 191.2Mb
     sub-directories of 1Mb or more:
     libs 190.9Mb
Flavor: r-patched-solaris-x86

Version: 0.40
Check: running R code from vignettes
Result: ERROR
    Errors in running code in vignettes:
    when running code in ‘MetaSKAT.Rnw’
     ...
    + File.Info <- sprintf("./%02d.MInfo", IDX_G)
    + File.Mat.vec[IDX_G] <- .... [TRUNCATED]
    
    > Cohort.Info <- Open_MSSD_File_2Read(File.Mat.vec,
    + File.Info.vec)
    Number of cohorts = 3
    terminate called after throwing an instance of 'std::bad_alloc'
     what(): std::bad_alloc
    
    ... incomplete output. Crash?
Flavor: r-release-linux-ix86