CRAN Package Check Results for Package MetaSKAT

Last updated on 2017-06-24 20:48:46.

Flavor Version Tinstall Tcheck Ttotal Status Flags
r-devel-linux-x86_64-debian-clang 0.60 3.32 23.76 27.08 NOTE
r-devel-linux-x86_64-debian-gcc 0.60 3.05 23.57 26.62 NOTE
r-devel-linux-x86_64-fedora-clang 0.60 54.89 NOTE
r-devel-linux-x86_64-fedora-gcc 0.60 53.61 NOTE
r-devel-windows-ix86+x86_64 0.60 19.00 59.00 78.00 OK
r-patched-linux-x86_64 0.60 2.74 23.18 25.92 NOTE
r-patched-solaris-x86 0.60 3.20 ERROR
r-release-linux-x86_64 0.60 3.01 23.58 26.59 NOTE
r-release-windows-ix86+x86_64 0.60 28.00 74.00 102.00 OK
r-release-osx-x86_64 0.60 OK
r-oldrel-windows-ix86+x86_64 0.60 18.00 68.00 86.00 OK
r-oldrel-osx-x86_64 0.60 OK

Check Details

Version: 0.60
Check: compiled code
Result: NOTE
    File ‘MetaSKAT/libs/MetaSKAT.so’:
     Found no calls to: ‘R_registerRoutines’, ‘R_useDynamicSymbols’
    
    It is good practice to register native routines and to disable symbol
    search.
    
    See ‘Writing portable packages’ in the ‘Writing R Extensions’ manual.
Flavors: r-devel-linux-x86_64-debian-clang, r-devel-linux-x86_64-debian-gcc, r-devel-linux-x86_64-fedora-clang, r-devel-linux-x86_64-fedora-gcc, r-patched-linux-x86_64, r-release-linux-x86_64

Version: 0.60
Check: package dependencies
Result: ERROR
    Package required but not available: ‘SKAT’
    
    See section ‘The DESCRIPTION file’ in the ‘Writing R Extensions’
    manual.
Flavor: r-patched-solaris-x86