CRAN Package Check Results for Package MetaSKAT

Last updated on 2017-02-20 11:50:44.

Flavor Version Tinstall Tcheck Ttotal Status Flags
r-devel-linux-x86_64-debian-clang 0.60 3.37 24.11 27.48 NOTE
r-devel-linux-x86_64-debian-gcc 0.60 3.00 23.23 26.23 NOTE
r-devel-linux-x86_64-fedora-clang 0.60 52.39 NOTE --no-stop-on-test-error
r-devel-linux-x86_64-fedora-gcc 0.60 47.26 NOTE --no-stop-on-test-error
r-devel-macos-x86_64-clang 0.60 43.10 NOTE --no-stop-on-test-error
r-devel-windows-ix86+x86_64 0.60 17.00 73.00 90.00 OK
r-patched-linux-x86_64 0.60 2.65 21.49 24.14 OK
r-patched-solaris-x86 0.60 81.20 NOTE
r-release-linux-x86_64 0.60 2.72 20.35 23.07 OK
r-release-osx-x86_64-mavericks 0.60 OK
r-release-windows-ix86+x86_64 0.60 16.00 45.00 61.00 OK
r-oldrel-windows-ix86+x86_64 0.60 19.00 54.00 73.00 OK

Check Details

Version: 0.60
Check: compiled code
Result: NOTE
    File ‘MetaSKAT/libs/MetaSKAT.so’:
     Found no calls to: ‘R_registerRoutines’, ‘R_useDynamicSymbols’
    
    It is good practice to register native routines and to disable symbol
    search.
    
    See ‘Writing portable packages’ in the ‘Writing R Extensions’ manual.
Flavors: r-devel-linux-x86_64-debian-clang, r-devel-linux-x86_64-debian-gcc

Version: 0.60
Flags: --no-stop-on-test-error
Check: compiled code
Result: NOTE
    File ‘MetaSKAT/libs/MetaSKAT.so’:
     Found no calls to: ‘R_registerRoutines’, ‘R_useDynamicSymbols’
    
    It is good practice to register native routines and to disable symbol
    search.
    
    See ‘Writing portable packages’ in the ‘Writing R Extensions’ manual.
Flavors: r-devel-linux-x86_64-fedora-clang, r-devel-linux-x86_64-fedora-gcc, r-devel-macos-x86_64-clang

Version: 0.60
Check: installed package size
Result: NOTE
     installed size is 191.2Mb
     sub-directories of 1Mb or more:
     libs 190.9Mb
Flavor: r-patched-solaris-x86