CRAN Package Check Results for Package MetaSKAT

Last updated on 2014-09-03 03:50:31.

Flavor Version Tinstall Tcheck Ttotal Status Flags
r-devel-linux-x86_64-debian-clang 0.40 2.44 22.14 24.58 OK
r-devel-linux-x86_64-debian-gcc 0.40 2.66 22.00 24.67 OK
r-devel-linux-x86_64-fedora-clang 0.40 55.24 OK
r-devel-linux-x86_64-fedora-gcc 0.40 50.59 OK
r-devel-osx-x86_64-clang 0.40 49.84 OK
r-devel-windows-ix86+x86_64 0.40 14.00 45.00 59.00 OK
r-patched-linux-x86_64 0.40 2.71 22.53 25.24 OK
r-patched-solaris-x86 0.40 103.00 NOTE
r-release-linux-ix86 0.40 3.91 24.90 28.80 ERROR
r-release-linux-x86_64 0.40 2.68 22.81 25.49 OK
r-release-osx-x86_64-mavericks 0.40 OK
r-release-osx-x86_64-snowleopard 0.40 OK
r-release-windows-ix86+x86_64 0.40 18.00 47.00 65.00 OK
r-oldrel-windows-ix86+x86_64 0.40 13.00 40.00 53.00 OK

Check Details

Version: 0.40
Check: installed package size
Result: NOTE
     installed size is 191.2Mb
     sub-directories of 1Mb or more:
     libs 190.9Mb
Flavor: r-patched-solaris-x86

Version: 0.40
Check: running R code from vignettes
Result: ERROR
    Errors in running code in vignettes:
    when running code in ‘MetaSKAT.Rnw’
     ...
    + File.Info <- sprintf("./%02d.MInfo", IDX_G)
    + File.Mat.vec[IDX_G] <- .... [TRUNCATED]
    
    > Cohort.Info <- Open_MSSD_File_2Read(File.Mat.vec,
    + File.Info.vec)
    Number of cohorts = 3
    terminate called after throwing an instance of 'std::bad_alloc'
     what(): std::bad_alloc
    
    ... incomplete output. Crash?
Flavor: r-release-linux-ix86