CRAN Package Check Results for Package MetaSKAT

Last updated on 2018-05-22 12:49:23 CEST.

Flavor Version Tinstall Tcheck Ttotal Status Flags
r-devel-linux-x86_64-debian-clang 0.60 7.12 34.55 41.67 NOTE
r-devel-linux-x86_64-debian-gcc 0.60 6.15 26.53 32.68 NOTE
r-devel-linux-x86_64-fedora-clang 0.60 57.85 NOTE
r-devel-linux-x86_64-fedora-gcc 0.60 50.28 NOTE
r-devel-windows-ix86+x86_64 0.60 29.00 56.00 85.00 OK
r-patched-linux-x86_64 0.60 7.91 33.65 41.56 NOTE
r-patched-solaris-x86 0.60 98.90 OK
r-release-linux-x86_64 0.60 7.62 33.61 41.23 NOTE
r-release-windows-ix86+x86_64 0.60 29.00 55.00 84.00 OK
r-release-osx-x86_64 0.60 OK
r-oldrel-windows-ix86+x86_64 0.60 18.00 59.00 77.00 OK
r-oldrel-osx-x86_64 0.60 OK

Check Details

Version: 0.60
Check: compiled code
Result: NOTE
    File ‘MetaSKAT/libs/MetaSKAT.so’:
     Found no calls to: ‘R_registerRoutines’, ‘R_useDynamicSymbols’
    
    It is good practice to register native routines and to disable symbol
    search.
    
    See ‘Writing portable packages’ in the ‘Writing R Extensions’ manual.
Flavors: r-devel-linux-x86_64-debian-clang, r-devel-linux-x86_64-debian-gcc, r-devel-linux-x86_64-fedora-clang, r-devel-linux-x86_64-fedora-gcc, r-patched-linux-x86_64, r-release-linux-x86_64