CRAN Package Check Results for Package MetaSKAT

Last updated on 2017-12-17 04:47:07 CET.

Flavor Version Tinstall Tcheck Ttotal Status Flags
r-devel-linux-x86_64-debian-clang 0.60 4.37 35.95 40.32 NOTE
r-devel-linux-x86_64-debian-gcc 0.60 3.34 29.09 32.43 NOTE
r-devel-linux-x86_64-fedora-clang 0.60 54.11 NOTE
r-devel-linux-x86_64-fedora-gcc 0.60 46.03 NOTE
r-devel-windows-ix86+x86_64 0.60 19.00 54.00 73.00 OK
r-patched-linux-x86_64 0.60 4.14 35.78 39.92 NOTE
r-patched-solaris-x86 0.60 77.40 OK
r-release-linux-x86_64 0.60 3.76 34.97 38.73 NOTE
r-release-windows-ix86+x86_64 0.60 18.00 59.00 77.00 OK
r-release-osx-x86_64 0.60 OK
r-oldrel-windows-ix86+x86_64 0.60 20.00 71.00 91.00 OK
r-oldrel-osx-x86_64 0.60 OK

Check Details

Version: 0.60
Check: compiled code
Result: NOTE
    File ‘MetaSKAT/libs/MetaSKAT.so’:
     Found no calls to: ‘R_registerRoutines’, ‘R_useDynamicSymbols’
    
    It is good practice to register native routines and to disable symbol
    search.
    
    See ‘Writing portable packages’ in the ‘Writing R Extensions’ manual.
Flavors: r-devel-linux-x86_64-debian-clang, r-devel-linux-x86_64-debian-gcc, r-devel-linux-x86_64-fedora-clang, r-devel-linux-x86_64-fedora-gcc, r-patched-linux-x86_64, r-release-linux-x86_64