CRAN Package Check Results for Package MetaSKAT

Last updated on 2017-01-17 06:48:17.

Flavor Version Tinstall Tcheck Ttotal Status Flags
r-devel-linux-x86_64-debian-clang 0.60 3.54 24.06 27.60 OK
r-devel-linux-x86_64-debian-gcc 0.60 3.22 24.24 27.45 OK
r-devel-linux-x86_64-fedora-clang 0.60 51.86 OK --no-stop-on-test-error
r-devel-linux-x86_64-fedora-gcc 0.60 45.93 NOTE --no-stop-on-test-error
r-devel-macos-x86_64-clang 0.60 42.15 OK --no-stop-on-test-error
r-devel-windows-ix86+x86_64 0.60 29.00 52.00 81.00 OK
r-patched-linux-x86_64 0.60 2.62 22.41 25.03 OK
r-patched-solaris-x86 0.60 79.60 NOTE
r-release-linux-x86_64 0.60 2.79 20.91 23.70 OK
r-release-osx-x86_64-mavericks 0.60 OK
r-release-windows-ix86+x86_64 0.60 16.00 45.00 61.00 OK
r-oldrel-windows-ix86+x86_64 0.60 19.00 54.00 73.00 OK

Check Details

Version: 0.60
Flags: --no-stop-on-test-error
Check: compiled code
Result: NOTE
    File ‘MetaSKAT/libs/MetaSKAT.so’:
     Found no calls to: ‘R_registerRoutines’, ‘R_useDynamicSymbols’
    
    It is good practice to use registered native symbols and disable symbol
    search.
    
    See ‘Writing portable packages’ in the ‘Writing R Extensions’ manual.
Flavor: r-devel-linux-x86_64-fedora-gcc

Version: 0.60
Check: installed package size
Result: NOTE
     installed size is 191.2Mb
     sub-directories of 1Mb or more:
     libs 190.9Mb
Flavor: r-patched-solaris-x86