CRAN Package Check Results for Package MetaSKAT

Last updated on 2016-06-25 11:49:13.

Flavor Version Tinstall Tcheck Ttotal Status Flags
r-devel-linux-x86_64-debian-gcc 0.60 4.11 21.28 25.39 OK
r-devel-linux-x86_64-fedora-clang 0.60 46.01 OK
r-devel-linux-x86_64-fedora-gcc 0.60 41.91 OK
r-devel-osx-x86_64-clang 0.60 38.57 OK
r-devel-windows-ix86+x86_64 0.60 19.00 46.00 65.00 OK
r-patched-linux-x86_64 0.60 2.96 20.79 23.75 OK
r-patched-solaris-x86 0.60 82.20 NOTE
r-release-linux-x86_64 0.60 2.90 20.96 23.86 OK
r-release-osx-x86_64-mavericks 0.60 OK
r-release-windows-ix86+x86_64 0.60 16.00 69.00 85.00 OK
r-oldrel-windows-ix86+x86_64 0.60 17.00 49.00 66.00 OK

Check Details

Version: 0.60
Check: installed package size
Result: NOTE
     installed size is 191.2Mb
     sub-directories of 1Mb or more:
     libs 190.9Mb
Flavor: r-patched-solaris-x86