CRAN Package Check Results for Package MetaSKAT

Last updated on 2016-07-23 12:48:22.

Flavor Version Tinstall Tcheck Ttotal Status Flags
r-devel-linux-x86_64-debian-clang 0.60 4.45 25.52 29.97 OK
r-devel-linux-x86_64-debian-gcc 0.60 4.44 24.30 28.75 OK
r-devel-linux-x86_64-fedora-clang 0.60 45.77 OK
r-devel-linux-x86_64-fedora-gcc 0.60 41.64 OK
r-devel-osx-x86_64-clang 0.60 38.15 OK
r-devel-windows-ix86+x86_64 0.60 27.00 43.00 70.00 OK
r-patched-linux-x86_64 0.60 3.17 25.09 28.26 OK
r-patched-solaris-x86 0.60 81.70 NOTE
r-release-linux-x86_64 0.60 3.03 24.54 27.57 OK
r-release-osx-x86_64-mavericks 0.60 OK
r-release-windows-ix86+x86_64 0.60 25.00 57.00 82.00 OK
r-oldrel-windows-ix86+x86_64 0.60 27.00 73.00 100.00 OK

Check Details

Version: 0.60
Check: installed package size
Result: NOTE
     installed size is 191.2Mb
     sub-directories of 1Mb or more:
     libs 190.9Mb
Flavor: r-patched-solaris-x86