CRAN Package Check Results for Package MetaSKAT

Last updated on 2015-05-23 11:51:25.

Flavor Version Tinstall Tcheck Ttotal Status Flags
r-devel-linux-x86_64-debian-clang 0.40 2.56 22.57 25.13 OK
r-devel-linux-x86_64-debian-gcc 0.40 2.65 22.48 25.13 OK
r-devel-linux-x86_64-fedora-clang 0.40 53.42 OK
r-devel-linux-x86_64-fedora-gcc 0.40 47.77 OK
r-devel-osx-x86_64-clang 0.40 52.03 OK
r-devel-windows-ix86+x86_64 0.40 21.00 47.00 68.00 OK
r-patched-linux-x86_64 0.40 2.62 22.59 25.21 OK
r-patched-solaris-x86 0.40 98.20 NOTE
r-release-linux-x86_64 0.40 2.64 23.12 25.76 OK
r-release-osx-x86_64-mavericks 0.40 OK
r-release-osx-x86_64-snowleopard 0.40 OK
r-release-windows-ix86+x86_64 0.40 13.00 49.00 62.00 OK
r-oldrel-windows-ix86+x86_64 0.40 13.00 53.00 66.00 OK

Check Details

Version: 0.40
Check: installed package size
Result: NOTE
     installed size is 191.2Mb
     sub-directories of 1Mb or more:
     libs 190.9Mb
Flavor: r-patched-solaris-x86