CRAN Package Check Results for Package MetaSKAT

Last updated on 2016-10-01 18:47:29.

Flavor Version Tinstall Tcheck Ttotal Status Flags
r-devel-linux-x86_64-debian-clang 0.60 3.51 23.66 27.17 OK
r-devel-linux-x86_64-debian-gcc 0.60 3.16 22.51 25.67 OK
r-devel-linux-x86_64-fedora-clang 0.60 52.23 OK
r-devel-linux-x86_64-fedora-gcc 0.60 47.16 OK
r-devel-macos-x86_64-clang 0.60 38.22 OK
r-devel-windows-ix86+x86_64 0.60 25.00 46.00 71.00 OK
r-patched-linux-x86_64 0.60 2.72 23.07 25.79 OK
r-patched-solaris-x86 0.60 79.70 NOTE
r-release-linux-x86_64 0.60 2.82 22.20 25.02 OK
r-release-osx-x86_64-mavericks 0.60 OK
r-release-windows-ix86+x86_64 0.60 17.00 46.00 63.00 OK
r-oldrel-windows-ix86+x86_64 0.60 14.00 59.00 73.00 OK

Check Details

Version: 0.60
Check: installed package size
Result: NOTE
     installed size is 191.2Mb
     sub-directories of 1Mb or more:
     libs 190.9Mb
Flavor: r-patched-solaris-x86