CRAN Package Check Results for Package MetaSKAT

Last updated on 2016-12-08 12:48:11.

Flavor Version Tinstall Tcheck Ttotal Status Flags
r-devel-linux-x86_64-debian-clang 0.60 3.25 24.84 28.09 OK
r-devel-linux-x86_64-debian-gcc 0.60 3.12 23.61 26.73 OK
r-devel-linux-x86_64-fedora-clang 0.60 55.38 OK --no-stop-on-test-error
r-devel-linux-x86_64-fedora-gcc 0.60 47.27 OK --no-stop-on-test-error
r-devel-macos-x86_64-clang 0.60 43.59 OK
r-devel-windows-ix86+x86_64 0.60 35.00 67.00 102.00 OK
r-patched-linux-x86_64 0.60 2.76 20.76 23.51 OK
r-patched-solaris-x86 0.60 81.00 NOTE
r-release-linux-x86_64 0.60 2.75 20.83 23.58 OK
r-release-osx-x86_64-mavericks 0.60 OK
r-release-windows-ix86+x86_64 0.60 16.00 45.00 61.00 OK
r-oldrel-windows-ix86+x86_64 0.60 19.00 54.00 73.00 OK

Check Details

Version: 0.60
Check: installed package size
Result: NOTE
     installed size is 191.2Mb
     sub-directories of 1Mb or more:
     libs 190.9Mb
Flavor: r-patched-solaris-x86