CRAN Package Check Results for Package MetaSKAT

Last updated on 2014-12-18 00:48:53.

Flavor Version Tinstall Tcheck Ttotal Status Flags
r-devel-linux-x86_64-debian-clang 0.40 2.57 23.54 26.11 OK
r-devel-linux-x86_64-debian-gcc 0.40 2.73 23.95 26.68 OK
r-devel-linux-x86_64-fedora-clang 0.40 58.75 OK
r-devel-linux-x86_64-fedora-gcc 0.40 50.12 OK
r-devel-osx-x86_64-clang 0.40 51.44 OK
r-devel-windows-ix86+x86_64 0.40 16.00 59.00 75.00 OK
r-patched-linux-x86_64 0.40 2.74 23.67 26.41 OK
r-patched-solaris-x86 0.40 104.00 NOTE
r-release-linux-ix86 0.40 3.81 24.40 28.21 ERROR
r-release-linux-x86_64 0.40 2.72 23.33 26.06 OK
r-release-osx-x86_64-mavericks 0.40 OK
r-release-osx-x86_64-snowleopard 0.40 OK
r-release-windows-ix86+x86_64 0.40 16.00 49.00 65.00 OK
r-oldrel-windows-ix86+x86_64 0.40 17.00 54.00 71.00 OK

Check Details

Version: 0.40
Check: installed package size
Result: NOTE
     installed size is 191.2Mb
     sub-directories of 1Mb or more:
     libs 190.9Mb
Flavor: r-patched-solaris-x86

Version: 0.40
Check: running R code from vignettes
Result: ERROR
    Errors in running code in vignettes:
    when running code in ‘MetaSKAT.Rnw’
     ...
    + File.Info <- sprintf("./%02d.MInfo", IDX_G)
    + File.Mat.vec[IDX_G] <- .... [TRUNCATED]
    
    > Cohort.Info <- Open_MSSD_File_2Read(File.Mat.vec,
    + File.Info.vec)
    Number of cohorts = 3
    terminate called after throwing an instance of 'std::bad_alloc'
     what(): std::bad_alloc
    
    ... incomplete output. Crash?
Flavor: r-release-linux-ix86