CRAN Package Check Results for Package MetaSKAT

Last updated on 2014-04-23 12:48:22.

Flavor Version Tinstall Tcheck Ttotal Status Flags
r-devel-linux-x86_64-debian-clang 0.40 2.51 23.99 26.50 OK
r-devel-linux-x86_64-debian-gcc 0.40 2.67 24.04 26.71 OK
r-devel-linux-x86_64-fedora-clang 0.40 56.04 OK
r-devel-linux-x86_64-fedora-gcc 0.40 50.84 OK
r-devel-osx-x86_64-clang 0.40 65.70 OK
r-devel-osx-x86_64-gcc 0.40 OK
r-devel-windows-ix86+x86_64 0.40 13.00 48.00 61.00 OK
r-patched-linux-x86_64 0.40 2.65 23.53 26.18 OK
r-patched-solaris-x86 0.40 101.50 NOTE
r-release-linux-ix86 0.40 5.00 34.00 39.00 ERROR
r-release-linux-x86_64 0.40 2.65 24.55 27.20 OK
r-release-osx-x86_64-mavericks 0.40 OK
r-release-osx-x86_64-snowleopard 0.40 OK
r-release-windows-ix86+x86_64 0.40 13.00 46.00 59.00 OK
r-oldrel-windows-ix86+x86_64 0.40 13.00 53.00 66.00 OK

Check Details

Version: 0.40
Check: installed package size
Result: NOTE
     installed size is 191.2Mb
     sub-directories of 1Mb or more:
     libs 190.9Mb
Flavor: r-patched-solaris-x86

Version: 0.40
Check: running R code from vignettes
Result: ERROR
    Errors in running code in vignettes:
    when running code in ‘MetaSKAT.Rnw’
     ...
    + File.Info <- sprintf("./%02d.MInfo", IDX_G)
    + File.Mat.vec[IDX_G] <- .... [TRUNCATED]
    
    > Cohort.Info <- Open_MSSD_File_2Read(File.Mat.vec,
    + File.Info.vec)
    Number of cohorts = 3
    terminate called after throwing an instance of 'std::bad_alloc'
     what(): std::bad_alloc
    
    ... incomplete output. Crash?
Flavor: r-release-linux-ix86