CRAN Package Check Results for Package MetaSKAT

Last updated on 2015-04-28 21:46:39.

Flavor Version Tinstall Tcheck Ttotal Status Flags
r-devel-linux-x86_64-debian-clang 0.40 2.64 22.62 25.26 OK
r-devel-linux-x86_64-debian-gcc 0.40 2.57 23.47 26.04 OK
r-devel-linux-x86_64-fedora-clang 0.40 52.86 OK
r-devel-linux-x86_64-fedora-gcc 0.40 47.14 OK
r-devel-osx-x86_64-clang 0.40 52.61 OK
r-devel-windows-ix86+x86_64 0.40 15.00 47.00 62.00 OK
r-patched-linux-x86_64 0.40 2.68 22.45 25.13 OK
r-patched-solaris-x86 0.40 98.70 NOTE
r-release-linux-x86_64 0.40 2.69 23.92 26.61 OK
r-release-osx-x86_64-mavericks 0.40 OK
r-release-osx-x86_64-snowleopard 0.40 OK
r-release-windows-ix86+x86_64 0.40 13.00 49.00 62.00 OK
r-oldrel-windows-ix86+x86_64 0.40 13.00 53.00 66.00 OK

Check Details

Version: 0.40
Check: installed package size
Result: NOTE
     installed size is 191.2Mb
     sub-directories of 1Mb or more:
     libs 190.9Mb
Flavor: r-patched-solaris-x86