CRAN Package Check Results for Package MetaSKAT

Last updated on 2016-05-25 17:50:30.

Flavor Version Tinstall Tcheck Ttotal Status Flags
r-devel-linux-x86_64-debian-gcc 0.60 3.96 21.24 25.20 OK
r-devel-linux-x86_64-fedora-clang 0.60 45.52 OK
r-devel-linux-x86_64-fedora-gcc 0.60 39.83 OK
r-devel-osx-x86_64-clang 0.60 51.90 OK
r-devel-windows-ix86+x86_64 0.60 16.00 47.00 63.00 OK
r-patched-linux-x86_64 0.60 2.84 19.93 22.77 OK
r-patched-solaris-x86 0.60 82.40 NOTE
r-release-linux-x86_64 0.60 2.82 20.72 23.54 OK
r-release-osx-x86_64-mavericks 0.60 OK
r-release-windows-ix86+x86_64 0.60 16.00 69.00 85.00 OK
r-oldrel-windows-ix86+x86_64 0.60 17.00 49.00 66.00 OK

Check Details

Version: 0.60
Check: installed package size
Result: NOTE
     installed size is 191.2Mb
     sub-directories of 1Mb or more:
     libs 190.9Mb
Flavor: r-patched-solaris-x86