CRAN Package Check Results for Package MetaSKAT

Last updated on 2016-02-06 18:50:33.

Flavor Version Tinstall Tcheck Ttotal Status Flags
r-devel-linux-x86_64-debian-gcc 0.60 2.75 19.27 22.02 OK
r-devel-linux-x86_64-fedora-clang 0.60 44.90 OK
r-devel-linux-x86_64-fedora-gcc 0.60 38.81 OK
r-devel-osx-x86_64-clang 0.60 50.01 OK
r-devel-windows-ix86+x86_64 0.60 25.00 66.00 91.00 OK
r-patched-linux-x86_64 0.60 2.78 24.97 27.75 OK
r-patched-solaris-x86 0.60 94.50 NOTE
r-release-linux-x86_64 0.60 2.73 24.76 27.50 OK
r-release-osx-x86_64-mavericks 0.60 OK
r-release-windows-ix86+x86_64 0.60 17.00 49.00 66.00 OK
r-oldrel-windows-ix86+x86_64 0.60 24.00 55.00 79.00 OK

Check Details

Version: 0.60
Check: installed package size
Result: NOTE
     installed size is 191.2Mb
     sub-directories of 1Mb or more:
     libs 190.9Mb
Flavor: r-patched-solaris-x86