CRAN Package Check Results for Package MetaSKAT

Last updated on 2017-03-24 06:48:21.

Flavor Version Tinstall Tcheck Ttotal Status Flags
r-devel-linux-x86_64-debian-clang 0.60 3.44 24.12 27.57 NOTE
r-devel-linux-x86_64-debian-gcc 0.60 3.02 23.08 26.10 NOTE
r-devel-linux-x86_64-fedora-clang 0.60 53.02 NOTE --no-stop-on-test-error
r-devel-linux-x86_64-fedora-gcc 0.60 49.90 NOTE --no-stop-on-test-error
r-devel-macos-x86_64-clang 0.60 42.68 NOTE --no-stop-on-test-error
r-devel-windows-ix86+x86_64 0.60 20.00 58.00 78.00 OK
r-patched-linux-x86_64 0.60 2.62 20.82 23.44 OK
r-patched-solaris-x86 0.60 76.00 OK
r-release-linux-x86_64 0.60 2.78 20.18 22.96 OK
r-release-osx-x86_64-mavericks 0.60 OK
r-release-windows-ix86+x86_64 0.60 16.00 45.00 61.00 OK
r-oldrel-windows-ix86+x86_64 0.60 19.00 54.00 73.00 OK

Check Details

Version: 0.60
Check: compiled code
Result: NOTE
    File ‘MetaSKAT/libs/MetaSKAT.so’:
     Found no calls to: ‘R_registerRoutines’, ‘R_useDynamicSymbols’
    
    It is good practice to register native routines and to disable symbol
    search.
    
    See ‘Writing portable packages’ in the ‘Writing R Extensions’ manual.
Flavors: r-devel-linux-x86_64-debian-clang, r-devel-linux-x86_64-debian-gcc

Version: 0.60
Flags: --no-stop-on-test-error
Check: compiled code
Result: NOTE
    File ‘MetaSKAT/libs/MetaSKAT.so’:
     Found no calls to: ‘R_registerRoutines’, ‘R_useDynamicSymbols’
    
    It is good practice to register native routines and to disable symbol
    search.
    
    See ‘Writing portable packages’ in the ‘Writing R Extensions’ manual.
Flavors: r-devel-linux-x86_64-fedora-clang, r-devel-linux-x86_64-fedora-gcc, r-devel-macos-x86_64-clang