CRAN Package Check Results for Package MetabolAnalyze

Last updated on 2014-11-28 19:51:22.

Flavor Version Tinstall Tcheck Ttotal Status Flags
r-devel-linux-x86_64-debian-clang 1.3 1.06 19.80 20.86 NOTE
r-devel-linux-x86_64-debian-gcc 1.3 1.03 19.50 20.54 NOTE
r-devel-linux-x86_64-fedora-clang 1.3 44.57 NOTE
r-devel-linux-x86_64-fedora-gcc 1.3 39.27 NOTE
r-devel-osx-x86_64-clang 1.3 41.25 OK
r-devel-windows-ix86+x86_64 1.3 6.00 33.00 39.00 OK
r-patched-linux-x86_64 1.3 1.08 19.59 20.67 NOTE
r-patched-solaris-sparc 1.3 227.70 OK --no-examples
r-patched-solaris-x86 1.3 54.30 OK
r-release-linux-ix86 1.3 1.53 26.49 28.02 OK
r-release-linux-x86_64 1.3 1.09 19.54 20.64 NOTE
r-release-osx-x86_64-mavericks 1.3 OK
r-release-osx-x86_64-snowleopard 1.3 ERROR
r-release-windows-ix86+x86_64 1.3 6.00 34.00 40.00 OK
r-oldrel-windows-ix86+x86_64 1.3 5.00 38.00 43.00 OK

Check Details

Version: 1.3
Check: Rd line widths
Result: NOTE
    Rd file 'ht.Rd':
     \usage lines wider than 90 characters:
     ht(x, Rowv = NULL, Colv = if (symm) "Rowv" else NULL, distfun = dist, hclustfun = hclust, reorderfun = function(d, w) reorder(d, w), ad ... [TRUNCATED]
    
    These lines will be truncated in the PDF manual.
Flavors: r-devel-linux-x86_64-debian-clang, r-devel-linux-x86_64-debian-gcc, r-devel-linux-x86_64-fedora-clang, r-devel-linux-x86_64-fedora-gcc, r-patched-linux-x86_64, r-release-linux-x86_64

Version: 1.3
Check: whether package can be installed
Result: ERROR
    Installation failed.
Flavor: r-release-osx-x86_64-snowleopard