CRAN Package Check Results for Package MetabolAnalyze

Last updated on 2014-09-20 20:46:38.

Flavor Version Tinstall Tcheck Ttotal Status Flags
r-devel-linux-x86_64-debian-clang 1.3 0.98 18.77 19.74 NOTE
r-devel-linux-x86_64-debian-gcc 1.3 0.99 18.96 19.95 NOTE
r-devel-linux-x86_64-fedora-clang 1.3 40.60 NOTE
r-devel-linux-x86_64-fedora-gcc 1.3 37.56 NOTE
r-devel-osx-x86_64-clang 1.3 40.57 OK
r-devel-windows-ix86+x86_64 1.3 5.00 33.00 38.00 OK
r-patched-linux-x86_64 1.3 1.01 19.76 20.77 NOTE
r-patched-solaris-sparc 1.3 227.70 OK --no-examples
r-patched-solaris-x86 1.3 52.10 OK
r-release-linux-ix86 1.3 1.50 27.01 28.51 OK
r-release-linux-x86_64 1.3 1.06 20.20 21.26 NOTE
r-release-osx-x86_64-mavericks 1.3 OK
r-release-osx-x86_64-snowleopard 1.3 ERROR
r-release-windows-ix86+x86_64 1.3 5.00 35.00 40.00 OK
r-oldrel-windows-ix86+x86_64 1.3 7.00 36.00 43.00 OK

Check Details

Version: 1.3
Check: Rd line widths
Result: NOTE
    Rd file 'ht.Rd':
     \usage lines wider than 90 characters:
     ht(x, Rowv = NULL, Colv = if (symm) "Rowv" else NULL, distfun = dist, hclustfun = hclust, reorderfun = function(d, w) reorder(d, w), ad ... [TRUNCATED]
    
    These lines will be truncated in the PDF manual.
Flavors: r-devel-linux-x86_64-debian-clang, r-devel-linux-x86_64-debian-gcc, r-devel-linux-x86_64-fedora-clang, r-devel-linux-x86_64-fedora-gcc, r-patched-linux-x86_64, r-release-linux-x86_64

Version: 1.3
Check: whether package can be installed
Result: ERROR
    Installation failed.
Flavor: r-release-osx-x86_64-snowleopard