CRAN Package Check Results for Package MetabolAnalyze

Last updated on 2014-08-20 08:47:46.

Flavor Version Tinstall Tcheck Ttotal Status Flags
r-devel-linux-x86_64-debian-clang 1.3 1.00 19.22 20.22 OK
r-devel-linux-x86_64-debian-gcc 1.3 0.97 19.26 20.23 OK
r-devel-linux-x86_64-fedora-clang 1.3 40.10 NOTE
r-devel-linux-x86_64-fedora-gcc 1.3 38.90 NOTE
r-devel-osx-x86_64-clang 1.3 39.08 OK
r-devel-windows-ix86+x86_64 1.3 5.00 32.00 37.00 OK
r-patched-linux-x86_64 1.3 1.02 19.62 20.64 OK
r-patched-solaris-sparc 1.3 227.70 OK --no-examples
r-patched-solaris-x86 1.3 52.70 OK
r-release-linux-ix86 1.3 1.50 26.92 28.43 OK
r-release-linux-x86_64 1.3 1.05 19.69 20.74 OK
r-release-osx-x86_64-mavericks 1.3 OK
r-release-osx-x86_64-snowleopard 1.3 ERROR
r-release-windows-ix86+x86_64 1.3 5.00 36.00 41.00 OK
r-oldrel-windows-ix86+x86_64 1.3 5.00 35.00 40.00 OK

Check Details

Version: 1.3
Check: Rd line widths
Result: NOTE
    Rd file 'ht.Rd':
     \usage lines wider than 90 characters:
     ht(x, Rowv = NULL, Colv = if (symm) "Rowv" else NULL, distfun = dist, hclustfun = hclust, reorderfun = function(d, w) reorder(d, w), ad ... [TRUNCATED]
    
    These lines will be truncated in the PDF manual.
Flavors: r-devel-linux-x86_64-fedora-clang, r-devel-linux-x86_64-fedora-gcc

Version: 1.3
Check: whether package can be installed
Result: ERROR
    Installation failed.
Flavor: r-release-osx-x86_64-snowleopard