CRAN Package Check Results for Package MetabolAnalyze

Last updated on 2015-04-27 06:46:41.

Flavor Version Tinstall Tcheck Ttotal Status Flags
r-devel-linux-x86_64-debian-clang 1.3 0.86 16.61 17.47 NOTE
r-devel-linux-x86_64-debian-gcc 1.3 0.86 15.78 16.63 NOTE
r-devel-linux-x86_64-fedora-clang 1.3 32.88 NOTE
r-devel-linux-x86_64-fedora-gcc 1.3 30.60 NOTE
r-devel-osx-x86_64-clang 1.3 33.93 NOTE
r-devel-windows-ix86+x86_64 1.3 4.00 51.00 55.00 NOTE
r-patched-linux-x86_64 1.3 1.14 15.58 16.72 NOTE
r-patched-solaris-sparc 1.3 182.70 NOTE --no-examples
r-patched-solaris-x86 1.3 43.40 NOTE
r-release-linux-x86_64 1.3 0.86 16.08 16.94 NOTE
r-release-osx-x86_64-mavericks 1.3 NOTE
r-release-osx-x86_64-snowleopard 1.3 NOTE
r-release-windows-ix86+x86_64 1.3 4.00 28.00 32.00 NOTE
r-oldrel-windows-ix86+x86_64 1.3 5.00 37.00 42.00 OK

Check Details

Version: 1.3
Check: DESCRIPTION meta-information
Result: NOTE
    Malformed Title field: should not end in a period.
Flavors: r-devel-linux-x86_64-debian-clang, r-devel-linux-x86_64-debian-gcc, r-devel-linux-x86_64-fedora-clang, r-devel-linux-x86_64-fedora-gcc, r-devel-osx-x86_64-clang, r-devel-windows-ix86+x86_64, r-patched-solaris-x86, r-release-osx-x86_64-mavericks, r-release-osx-x86_64-snowleopard, r-release-windows-ix86+x86_64

Version: 1.3
Check: Rd line widths
Result: NOTE
    Rd file 'ht.Rd':
     \usage lines wider than 90 characters:
     ht(x, Rowv = NULL, Colv = if (symm) "Rowv" else NULL, distfun = dist, hclustfun = hclust, reorderfun = function(d, w) reorder(d, w), ad ... [TRUNCATED]
    
    These lines will be truncated in the PDF manual.
Flavors: r-devel-linux-x86_64-debian-clang, r-devel-linux-x86_64-debian-gcc, r-devel-linux-x86_64-fedora-clang, r-devel-linux-x86_64-fedora-gcc

Version: 1.3
Flags: --no-examples
Check: DESCRIPTION meta-information
Result: NOTE
    Malformed Title field: should not end in a period.
Flavor: r-patched-solaris-sparc