CRAN Package Check Results for Package MetabolAnalyze

Last updated on 2015-03-29 08:49:13.

Flavor Version Tinstall Tcheck Ttotal Status Flags
r-devel-linux-x86_64-debian-clang 1.3 0.88 15.88 16.75 NOTE
r-devel-linux-x86_64-debian-gcc 1.3 1.11 15.42 16.54 NOTE
r-devel-linux-x86_64-fedora-clang 1.3 31.98 NOTE
r-devel-linux-x86_64-fedora-gcc 1.3 29.03 NOTE
r-devel-osx-x86_64-clang 1.3 38.17 NOTE
r-prerel-windows-ix86+x86_64 1.3 5.00 26.00 31.00 NOTE
r-prerel-linux-x86_64 1.3 0.85 15.48 16.33 NOTE
r-prerel-solaris-sparc 1.3 182.70 NOTE --no-examples
r-prerel-solaris-x86 1.3 42.10 NOTE
r-release-linux-x86_64 1.3 1.31 20.46 21.76 NOTE
r-release-osx-x86_64-mavericks 1.3 OK
r-release-osx-x86_64-snowleopard 1.3 ERROR
r-release-windows-ix86+x86_64 1.3 6.00 37.00 43.00 OK
r-oldrel-windows-ix86+x86_64 1.3 6.00 38.00 44.00 OK

Check Details

Version: 1.3
Check: DESCRIPTION meta-information
Result: NOTE
    Malformed Title field: should not end in a period.
Flavors: r-devel-linux-x86_64-debian-clang, r-devel-linux-x86_64-debian-gcc, r-devel-linux-x86_64-fedora-clang, r-devel-linux-x86_64-fedora-gcc, r-devel-osx-x86_64-clang, r-prerel-windows-ix86+x86_64, r-prerel-linux-x86_64, r-prerel-solaris-x86

Version: 1.3
Check: Rd line widths
Result: NOTE
    Rd file 'ht.Rd':
     \usage lines wider than 90 characters:
     ht(x, Rowv = NULL, Colv = if (symm) "Rowv" else NULL, distfun = dist, hclustfun = hclust, reorderfun = function(d, w) reorder(d, w), ad ... [TRUNCATED]
    
    These lines will be truncated in the PDF manual.
Flavors: r-devel-linux-x86_64-debian-clang, r-devel-linux-x86_64-debian-gcc, r-devel-linux-x86_64-fedora-clang, r-devel-linux-x86_64-fedora-gcc, r-prerel-linux-x86_64, r-release-linux-x86_64

Version: 1.3
Flags: --no-examples
Check: DESCRIPTION meta-information
Result: NOTE
    Malformed Title field: should not end in a period.
Flavor: r-prerel-solaris-sparc

Version: 1.3
Check: whether package can be installed
Result: ERROR
    Installation failed.
Flavor: r-release-osx-x86_64-snowleopard