CRAN Package Check Results for Package MetabolAnalyze

Last updated on 2014-07-25 14:47:38.

Flavor Version Tinstall Tcheck Ttotal Status Flags
r-devel-linux-x86_64-debian-clang 1.3 1.42 19.14 20.57 OK
r-devel-linux-x86_64-debian-gcc 1.3 1.00 19.46 20.46 OK
r-devel-linux-x86_64-fedora-clang 1.3 41.99 NOTE
r-devel-linux-x86_64-fedora-gcc 1.3 40.92 NOTE
r-devel-osx-x86_64-clang 1.3 39.94 OK
r-devel-windows-ix86+x86_64 1.3 6.00 36.00 42.00 OK
r-patched-linux-x86_64 1.3 1.24 19.16 20.40 OK
r-patched-solaris-sparc 1.3 220.80 OK --no-examples
r-patched-solaris-x86 1.3 51.60 OK
r-release-linux-ix86 1.3 1.48 26.64 28.12 OK
r-release-linux-x86_64 1.3 1.07 19.72 20.78 OK
r-release-osx-x86_64-mavericks 1.3 OK
r-release-osx-x86_64-snowleopard 1.3 ERROR
r-release-windows-ix86+x86_64 1.3 5.00 32.00 37.00 OK
r-oldrel-windows-ix86+x86_64 1.3 6.00 34.00 40.00 OK

Check Details

Version: 1.3
Check: Rd line widths
Result: NOTE
    Rd file 'ht.Rd':
     \usage lines wider than 90 characters:
     ht(x, Rowv = NULL, Colv = if (symm) "Rowv" else NULL, distfun = dist, hclustfun = hclust, reorderfun = function(d, w) reorder(d, w), ad ... [TRUNCATED]
    
    These lines will be truncated in the PDF manual.
Flavors: r-devel-linux-x86_64-fedora-clang, r-devel-linux-x86_64-fedora-gcc

Version: 1.3
Check: whether package can be installed
Result: ERROR
    Installation failed.
    See ‘/Volumes/XT3/Builds/R-dev-web/QA/Simon/packages/snowleopard-x86_64/results/3.1/MetabolAnalyze.Rcheck/00install.out’ for details.
Flavor: r-release-osx-x86_64-snowleopard