CRAN Package Check Results for Package MetabolAnalyze

Last updated on 2015-05-29 23:47:52.

Flavor Version Tinstall Tcheck Ttotal Status Flags
r-devel-linux-x86_64-debian-clang 1.3 0.88 16.04 16.92 NOTE
r-devel-linux-x86_64-debian-gcc 1.3 0.96 16.48 17.44 NOTE
r-devel-linux-x86_64-fedora-clang 1.3 33.03 NOTE
r-devel-linux-x86_64-fedora-gcc 1.3 30.14 NOTE
r-devel-osx-x86_64-clang 1.3 35.32 NOTE
r-devel-windows-ix86+x86_64 1.3 4.00 26.00 30.00 NOTE
r-patched-linux-x86_64 1.3 1.13 15.51 16.64 NOTE
r-patched-solaris-sparc 1.3 189.30 NOTE --no-examples
r-patched-solaris-x86 1.3 42.70 NOTE
r-release-linux-x86_64 1.3 0.88 15.80 16.67 NOTE
r-release-osx-x86_64-mavericks 1.3 NOTE
r-release-osx-x86_64-snowleopard 1.3 NOTE
r-release-windows-ix86+x86_64 1.3 4.00 28.00 32.00 NOTE
r-oldrel-windows-ix86+x86_64 1.3 7.00 38.00 45.00 OK

Check Details

Version: 1.3
Check: DESCRIPTION meta-information
Result: NOTE
    Malformed Title field: should not end in a period.
Flavors: r-devel-linux-x86_64-debian-clang, r-devel-linux-x86_64-debian-gcc, r-devel-linux-x86_64-fedora-clang, r-devel-linux-x86_64-fedora-gcc, r-devel-osx-x86_64-clang, r-devel-windows-ix86+x86_64, r-patched-linux-x86_64, r-patched-solaris-x86, r-release-linux-x86_64, r-release-osx-x86_64-mavericks, r-release-osx-x86_64-snowleopard, r-release-windows-ix86+x86_64

Version: 1.3
Check: Rd line widths
Result: NOTE
    Rd file 'ht.Rd':
     \usage lines wider than 90 characters:
     ht(x, Rowv = NULL, Colv = if (symm) "Rowv" else NULL, distfun = dist, hclustfun = hclust, reorderfun = function(d, w) reorder(d, w), ad ... [TRUNCATED]
    
    These lines will be truncated in the PDF manual.
Flavors: r-devel-linux-x86_64-debian-clang, r-devel-linux-x86_64-debian-gcc, r-devel-linux-x86_64-fedora-clang, r-devel-linux-x86_64-fedora-gcc, r-patched-linux-x86_64, r-release-linux-x86_64

Version: 1.3
Flags: --no-examples
Check: DESCRIPTION meta-information
Result: NOTE
    Malformed Title field: should not end in a period.
Flavor: r-patched-solaris-sparc