CRAN Package Check Results for Package MetabolAnalyze

Last updated on 2014-12-23 03:49:45.

Flavor Version Tinstall Tcheck Ttotal Status Flags
r-devel-linux-x86_64-debian-clang 1.3 1.08 20.71 21.78 NOTE
r-devel-linux-x86_64-debian-gcc 1.3 1.05 19.60 20.65 NOTE
r-devel-linux-x86_64-fedora-clang 1.3 43.47 NOTE
r-devel-linux-x86_64-fedora-gcc 1.3 40.57 NOTE
r-devel-osx-x86_64-clang 1.3 41.99 OK
r-devel-windows-ix86+x86_64 1.3 7.00 34.00 41.00 OK
r-patched-linux-x86_64 1.3 1.40 19.72 21.12 NOTE
r-patched-solaris-sparc 1.3 238.10 OK --no-examples
r-patched-solaris-x86 1.3 53.90 OK
r-release-linux-ix86 1.3 1.49 26.10 27.59 OK
r-release-linux-x86_64 1.3 1.46 19.72 21.18 NOTE
r-release-osx-x86_64-mavericks 1.3 OK
r-release-osx-x86_64-snowleopard 1.3 ERROR
r-release-windows-ix86+x86_64 1.3 6.00 36.00 42.00 OK
r-oldrel-windows-ix86+x86_64 1.3 6.00 37.00 43.00 OK

Check Details

Version: 1.3
Check: Rd line widths
Result: NOTE
    Rd file 'ht.Rd':
     \usage lines wider than 90 characters:
     ht(x, Rowv = NULL, Colv = if (symm) "Rowv" else NULL, distfun = dist, hclustfun = hclust, reorderfun = function(d, w) reorder(d, w), ad ... [TRUNCATED]
    
    These lines will be truncated in the PDF manual.
Flavors: r-devel-linux-x86_64-debian-clang, r-devel-linux-x86_64-debian-gcc, r-devel-linux-x86_64-fedora-clang, r-devel-linux-x86_64-fedora-gcc, r-patched-linux-x86_64, r-release-linux-x86_64

Version: 1.3
Check: whether package can be installed
Result: ERROR
    Installation failed.
Flavor: r-release-osx-x86_64-snowleopard