CRAN Package Check Results for Package MetabolAnalyze

Last updated on 2014-04-21 17:47:55.

Flavor Version Tinstall Tcheck Ttotal Status Flags
r-devel-linux-x86_64-debian-clang 1.3 1.11 20.74 21.85 OK
r-devel-linux-x86_64-debian-gcc 1.3 1.12 21.05 22.16 OK
r-devel-linux-x86_64-fedora-clang 1.3 42.33 NOTE
r-devel-linux-x86_64-fedora-gcc 1.3 40.17 NOTE
r-devel-osx-x86_64-clang 1.3 56.31 OK
r-devel-osx-x86_64-gcc 1.3 OK
r-devel-windows-ix86+x86_64 1.3 4.00 31.00 35.00 OK
r-patched-linux-x86_64 1.3 1.10 20.86 21.96 OK
r-patched-solaris-sparc 1.3 220.80 OK --no-examples
r-patched-solaris-x86 1.3 53.10 OK
r-release-linux-x86_64 1.3 1.11 20.60 21.71 OK
r-release-osx-x86_64-mavericks 1.3 WARN
r-release-osx-x86_64-snowleopard 1.3 ERROR
r-release-windows-ix86+x86_64 1.3 7.00 46.00 53.00 OK
r-oldrel-windows-ix86+x86_64 1.3 5.00 35.00 40.00 OK

Check Details

Version: 1.3
Check: Rd line widths
Result: NOTE
    Rd file 'ht.Rd':
     \usage lines wider than 90 characters:
     ht(x, Rowv = NULL, Colv = if (symm) "Rowv" else NULL, distfun = dist, hclustfun = hclust, reorderfun = function(d, w) reorder(d, w), ad ... [TRUNCATED]
    
    These lines will be truncated in the PDF manual.
Flavors: r-devel-linux-x86_64-fedora-clang, r-devel-linux-x86_64-fedora-gcc

Version: 1.3
Check: PDF version of manual
Result: WARNING
    LaTeX errors when creating PDF version.
    This typically indicates Rd problems.
    LaTeX errors found:
    ! LaTeX Error: File `upquote.sty' not found.
    
    Type X to quit or <RETURN> to proceed,
    or enter new name. (Default extension: sty)
    
    e463685/Rd2.tex:8: ==> Fatal error occurred, no output PDF file produced!
Flavor: r-release-osx-x86_64-mavericks

Version: 1.3
Check: whether package can be installed
Result: ERROR
    Installation failed.
    See ‘/Volumes/XT3/Builds/R-dev-web/QA/Simon/packages/snowleopard-x86_64/results/3.1/MetabolAnalyze.Rcheck/00install.out’ for details.
Flavor: r-release-osx-x86_64-snowleopard