CRAN Package Check Results for Package MetabolAnalyze

Last updated on 2014-10-25 23:46:45.

Flavor Version Tinstall Tcheck Ttotal Status Flags
r-devel-linux-x86_64-debian-clang 1.3 1.06 19.30 20.37 NOTE
r-devel-linux-x86_64-debian-gcc 1.3 1.08 19.24 20.32 NOTE
r-devel-linux-x86_64-fedora-clang 1.3 40.97 NOTE
r-devel-linux-x86_64-fedora-gcc 1.3 39.29 NOTE
r-devel-osx-x86_64-clang 1.3 41.19 OK
r-devel-windows-ix86+x86_64 1.3 5.00 29.00 34.00 OK
r-patched-linux-x86_64 1.3 1.12 19.30 20.42 NOTE
r-patched-solaris-sparc 1.3 227.70 OK --no-examples
r-patched-solaris-x86 1.3 53.10 OK
r-release-linux-ix86 1.3 1.53 27.13 28.66 OK
r-release-linux-x86_64 1.3 1.11 20.33 21.44 NOTE
r-release-osx-x86_64-mavericks 1.3 OK
r-release-osx-x86_64-snowleopard 1.3 ERROR
r-release-windows-ix86+x86_64 1.3 6.00 33.00 39.00 OK
r-oldrel-windows-ix86+x86_64 1.3 6.00 35.00 41.00 OK

Check Details

Version: 1.3
Check: Rd line widths
Result: NOTE
    Rd file 'ht.Rd':
     \usage lines wider than 90 characters:
     ht(x, Rowv = NULL, Colv = if (symm) "Rowv" else NULL, distfun = dist, hclustfun = hclust, reorderfun = function(d, w) reorder(d, w), ad ... [TRUNCATED]
    
    These lines will be truncated in the PDF manual.
Flavors: r-devel-linux-x86_64-debian-clang, r-devel-linux-x86_64-debian-gcc, r-devel-linux-x86_64-fedora-clang, r-devel-linux-x86_64-fedora-gcc, r-patched-linux-x86_64, r-release-linux-x86_64

Version: 1.3
Check: whether package can be installed
Result: ERROR
    Installation failed.
Flavor: r-release-osx-x86_64-snowleopard