CRAN Package Check Results for Package MetaheuristicFPA

Last updated on 2019-05-25 14:46:45 CEST.

Flavor Version Tinstall Tcheck Ttotal Status Flags
r-devel-linux-x86_64-debian-clang 1.0 26.64 22.14 48.78 OK
r-devel-linux-x86_64-debian-gcc 1.0 19.97 17.87 37.84 OK
r-devel-linux-x86_64-fedora-clang 1.0 66.74 NOTE
r-devel-linux-x86_64-fedora-gcc 1.0 61.14 NOTE
r-devel-windows-ix86+x86_64 1.0 45.00 75.00 120.00 OK
r-patched-linux-x86_64 1.0 OK
r-patched-solaris-x86 1.0 80.50 OK
r-release-linux-x86_64 1.0 22.69 22.18 44.87 OK
r-release-windows-ix86+x86_64 1.0 62.00 54.00 116.00 OK
r-release-osx-x86_64 1.0 OK
r-oldrel-windows-ix86+x86_64 1.0 61.00 52.00 113.00 OK
r-oldrel-osx-x86_64 1.0 OK

Check Details

Version: 1.0
Check: compiled code
Result: NOTE
    File ‘MetaheuristicFPA/libs/MetaheuristicFPA.so’:
     Found no calls to: ‘R_registerRoutines’, ‘R_useDynamicSymbols’
    
    It is good practice to register native routines and to disable symbol
    search.
    
    See ‘Writing portable packages’ in the ‘Writing R Extensions’ manual.
Flavors: r-devel-linux-x86_64-fedora-clang, r-devel-linux-x86_64-fedora-gcc