CRAN Package Check Results for Package MetaheuristicFPA

Last updated on 2019-10-16 18:49:02 CEST.

Flavor Version Tinstall Tcheck Ttotal Status Flags
r-devel-linux-x86_64-debian-clang 1.0 25.94 21.35 47.29 OK
r-devel-linux-x86_64-debian-gcc 1.0 19.72 17.18 36.90 OK
r-devel-linux-x86_64-fedora-clang 1.0 73.55 NOTE
r-devel-linux-x86_64-fedora-gcc 1.0 66.06 NOTE
r-devel-windows-ix86+x86_64 1.0 62.00 52.00 114.00 OK
r-patched-linux-x86_64 1.0 22.13 21.00 43.13 OK
r-patched-solaris-x86 1.0 80.50 OK
r-release-linux-x86_64 1.0 21.72 21.02 42.74 OK
r-release-windows-ix86+x86_64 1.0 48.00 49.00 97.00 OK
r-release-osx-x86_64 1.0 OK
r-oldrel-windows-ix86+x86_64 1.0 47.00 48.00 95.00 OK
r-oldrel-osx-x86_64 1.0 OK

Check Details

Version: 1.0
Check: compiled code
Result: NOTE
    File ‘MetaheuristicFPA/libs/MetaheuristicFPA.so’:
     Found no calls to: ‘R_registerRoutines’, ‘R_useDynamicSymbols’
    
    It is good practice to register native routines and to disable symbol
    search.
    
    See ‘Writing portable packages’ in the ‘Writing R Extensions’ manual.
Flavors: r-devel-linux-x86_64-fedora-clang, r-devel-linux-x86_64-fedora-gcc