CRAN Package Check Results for Package MetaheuristicFPA

Last updated on 2022-12-09 22:55:56 CET.

Flavor Version Tinstall Tcheck Ttotal Status Flags
r-devel-linux-x86_64-debian-clang 1.0 33.79 27.17 60.96 OK
r-devel-linux-x86_64-debian-gcc 1.0 26.62 21.68 48.30 OK
r-devel-linux-x86_64-fedora-clang 1.0 103.77 NOTE
r-devel-linux-x86_64-fedora-gcc 1.0 88.04 NOTE
r-devel-windows-x86_64 1.0 27.00 70.00 97.00 OK
r-patched-linux-x86_64 1.0 26.72 26.54 53.26 OK
r-release-linux-x86_64 1.0 28.89 26.73 55.62 OK
r-release-macos-arm64 1.0 25.00 OK
r-release-macos-x86_64 1.0 31.00 OK
r-release-windows-x86_64 1.0 38.00 76.00 114.00 OK
r-oldrel-macos-arm64 1.0 30.00 OK
r-oldrel-macos-x86_64 1.0 53.00 OK
r-oldrel-windows-ix86+x86_64 1.0 82.00 76.00 158.00 OK

Check Details

Version: 1.0
Check: compiled code
Result: NOTE
    File ‘MetaheuristicFPA/libs/MetaheuristicFPA.so’:
     Found no calls to: ‘R_registerRoutines’, ‘R_useDynamicSymbols’
    
    It is good practice to register native routines and to disable symbol
    search.
    
    See ‘Writing portable packages’ in the ‘Writing R Extensions’ manual.
Flavors: r-devel-linux-x86_64-fedora-clang, r-devel-linux-x86_64-fedora-gcc