CRAN Package Check Results for Package MetaheuristicFPA

Last updated on 2019-07-19 03:46:53 CEST.

Flavor Version Tinstall Tcheck Ttotal Status Flags
r-devel-linux-x86_64-debian-clang 1.0 22.37 21.47 43.84 OK
r-devel-linux-x86_64-debian-gcc 1.0 18.22 17.69 35.91 OK
r-devel-linux-x86_64-fedora-clang 1.0 66.26 NOTE
r-devel-linux-x86_64-fedora-gcc 1.0 64.00 NOTE
r-devel-windows-ix86+x86_64 1.0 96.00 74.00 170.00 OK
r-patched-linux-x86_64 1.0 24.05 21.13 45.18 OK
r-patched-solaris-x86 1.0 77.00 OK
r-release-linux-x86_64 1.0 25.70 21.29 46.99 OK
r-release-windows-ix86+x86_64 1.0 73.00 56.00 129.00 OK
r-release-osx-x86_64 1.0 OK
r-oldrel-windows-ix86+x86_64 1.0 72.00 53.00 125.00 OK
r-oldrel-osx-x86_64 1.0 OK

Check Details

Version: 1.0
Check: compiled code
Result: NOTE
    File ‘MetaheuristicFPA/libs/MetaheuristicFPA.so’:
     Found no calls to: ‘R_registerRoutines’, ‘R_useDynamicSymbols’
    
    It is good practice to register native routines and to disable symbol
    search.
    
    See ‘Writing portable packages’ in the ‘Writing R Extensions’ manual.
Flavors: r-devel-linux-x86_64-fedora-clang, r-devel-linux-x86_64-fedora-gcc