CRAN Package Check Results for Package Meth27QC

Last updated on 2015-03-27 21:47:53.

Flavor Version Tinstall Tcheck Ttotal Status Flags
r-devel-linux-x86_64-debian-clang 1.1 0.78 10.98 11.76 NOTE
r-devel-linux-x86_64-debian-gcc 1.1 0.70 11.00 11.70 NOTE
r-devel-linux-x86_64-fedora-clang 1.1 23.25 NOTE
r-devel-linux-x86_64-fedora-gcc 1.1 21.49 NOTE
r-devel-osx-x86_64-clang 1.1 30.19 NOTE
r-prerel-windows-ix86+x86_64 1.1 4.00 19.00 23.00 NOTE
r-prerel-linux-x86_64 1.1 0.68 11.08 11.76 NOTE
r-prerel-solaris-sparc 1.1 137.70 NOTE
r-prerel-solaris-x86 1.1 36.20 NOTE
r-release-linux-x86_64 1.1 0.98 14.05 15.03 NOTE
r-release-osx-x86_64-mavericks 1.1 NOTE
r-release-osx-x86_64-snowleopard 1.1 ERROR
r-release-windows-ix86+x86_64 1.1 5.00 26.00 31.00 NOTE
r-oldrel-windows-ix86+x86_64 1.1 5.00 28.00 33.00 NOTE

Check Details

Version: 1.1
Check: R code for possible problems
Result: NOTE
    QCRep: warning in axis(1, at = 0:axislen, lab = 0:axislen, cex.axis =
     0.7, tcl = -0.2): partial argument match of ‘lab’ to ‘labels’
    QCplot: warning in axis(1, at = 1:lenRow, lab = 1:lenRow, cex.axis =
     0.7): partial argument match of ‘lab’ to ‘labels’
Flavors: r-devel-linux-x86_64-debian-clang, r-devel-linux-x86_64-debian-gcc, r-devel-linux-x86_64-fedora-clang, r-devel-linux-x86_64-fedora-gcc, r-devel-osx-x86_64-clang, r-prerel-windows-ix86+x86_64, r-prerel-linux-x86_64, r-prerel-solaris-sparc, r-prerel-solaris-x86, r-release-linux-x86_64, r-release-osx-x86_64-mavericks, r-release-windows-ix86+x86_64, r-oldrel-windows-ix86+x86_64

Version: 1.1
Check: whether package can be installed
Result: ERROR
    Installation failed.
Flavor: r-release-osx-x86_64-snowleopard