CRAN Package Check Results for Package Meth27QC

Last updated on 2015-05-29 03:48:08.

Flavor Version Tinstall Tcheck Ttotal Status Flags
r-devel-linux-x86_64-debian-clang 1.1 0.73 10.94 11.66 NOTE
r-devel-linux-x86_64-debian-gcc 1.1 0.70 11.43 12.13 NOTE
r-devel-linux-x86_64-fedora-clang 1.1 24.25 NOTE
r-devel-linux-x86_64-fedora-gcc 1.1 21.73 NOTE
r-devel-osx-x86_64-clang 1.1 26.83 NOTE
r-devel-windows-ix86+x86_64 1.1 3.00 20.00 23.00 NOTE
r-patched-linux-x86_64 1.1 0.71 10.86 11.58 NOTE
r-patched-solaris-sparc 1.1 150.20 NOTE
r-patched-solaris-x86 1.1 35.30 NOTE
r-release-linux-x86_64 1.1 0.74 11.13 11.87 NOTE
r-release-osx-x86_64-mavericks 1.1 NOTE
r-release-osx-x86_64-snowleopard 1.1 NOTE
r-release-windows-ix86+x86_64 1.1 3.00 20.00 23.00 NOTE
r-oldrel-windows-ix86+x86_64 1.1 4.00 45.00 49.00 NOTE

Check Details

Version: 1.1
Check: R code for possible problems
Result: NOTE
    QCRep: warning in axis(1, at = 0:axislen, lab = 0:axislen, cex.axis =
     0.7, tcl = -0.2): partial argument match of ‘lab’ to ‘labels’
    QCplot: warning in axis(1, at = 1:lenRow, lab = 1:lenRow, cex.axis =
     0.7): partial argument match of ‘lab’ to ‘labels’
Flavors: r-devel-linux-x86_64-debian-clang, r-devel-linux-x86_64-debian-gcc, r-devel-linux-x86_64-fedora-clang, r-devel-linux-x86_64-fedora-gcc, r-devel-osx-x86_64-clang, r-devel-windows-ix86+x86_64, r-patched-linux-x86_64, r-patched-solaris-sparc, r-patched-solaris-x86, r-release-linux-x86_64, r-release-osx-x86_64-mavericks, r-release-osx-x86_64-snowleopard, r-release-windows-ix86+x86_64, r-oldrel-windows-ix86+x86_64