CRAN Package Check Results for Package Meth27QC

Last updated on 2015-01-29 03:48:36.

Flavor Version Tinstall Tcheck Ttotal Status Flags
r-devel-linux-x86_64-debian-clang 1.1 0.76 11.13 11.90 NOTE
r-devel-linux-x86_64-debian-gcc 1.1 0.71 11.24 11.95 NOTE
r-devel-linux-x86_64-fedora-clang 1.1 29.73 NOTE
r-devel-linux-x86_64-fedora-gcc 1.1 23.57 NOTE
r-devel-osx-x86_64-clang 1.1 31.84 NOTE
r-devel-windows-ix86+x86_64 1.1 4.00 18.00 22.00 NOTE
r-patched-linux-x86_64 1.1 0.85 13.50 14.35 NOTE
r-patched-solaris-sparc 1.1 181.90 NOTE
r-patched-solaris-x86 1.1 42.20 NOTE
r-release-linux-ix86 1.1 1.26 1.60 2.86 OK
r-release-linux-x86_64 1.1 0.85 13.65 14.50 NOTE
r-release-osx-x86_64-mavericks 1.1 NOTE
r-release-osx-x86_64-snowleopard 1.1 ERROR
r-release-windows-ix86+x86_64 1.1 5.00 25.00 30.00 NOTE
r-oldrel-windows-ix86+x86_64 1.1 5.00 44.00 49.00 NOTE

Check Details

Version: 1.1
Check: R code for possible problems
Result: NOTE
    QCRep: warning in axis(1, at = 0:axislen, lab = 0:axislen, cex.axis =
     0.7, tcl = -0.2): partial argument match of ‘lab’ to ‘labels’
    QCplot: warning in axis(1, at = 1:lenRow, lab = 1:lenRow, cex.axis =
     0.7): partial argument match of ‘lab’ to ‘labels’
Flavors: r-devel-linux-x86_64-debian-clang, r-devel-linux-x86_64-debian-gcc, r-devel-linux-x86_64-fedora-clang, r-devel-linux-x86_64-fedora-gcc, r-devel-osx-x86_64-clang, r-devel-windows-ix86+x86_64, r-patched-linux-x86_64, r-patched-solaris-sparc, r-patched-solaris-x86, r-release-linux-x86_64, r-release-osx-x86_64-mavericks, r-release-windows-ix86+x86_64, r-oldrel-windows-ix86+x86_64

Version: 1.1
Check: whether package can be installed
Result: ERROR
    Installation failed.
Flavor: r-release-osx-x86_64-snowleopard