CRAN Package Check Results for Package Meth27QC

Last updated on 2017-05-25 10:47:14.

Flavor Version Tinstall Tcheck Ttotal Status Flags
r-devel-linux-x86_64-debian-clang 1.1 0.85 14.48 15.33 NOTE
r-devel-linux-x86_64-debian-gcc 1.1 0.76 14.77 15.53 NOTE
r-devel-linux-x86_64-fedora-clang 1.1 27.89 NOTE --no-stop-on-test-error
r-devel-linux-x86_64-fedora-gcc 1.1 27.51 NOTE --no-stop-on-test-error
r-devel-windows-ix86+x86_64 1.1 3.00 43.00 46.00 NOTE
r-patched-linux-x86_64 1.1 0.72 14.93 15.65 NOTE
r-patched-solaris-sparc 1.1 154.70 NOTE
r-patched-solaris-x86 1.1 38.10 NOTE
r-release-linux-x86_64 1.1 0.70 14.59 15.28 NOTE
r-release-windows-ix86+x86_64 1.1 6.00 205.00 211.00 NOTE
r-release-osx-x86_64 1.1 NOTE
r-oldrel-windows-ix86+x86_64 1.1 6.00 41.00 47.00 NOTE
r-oldrel-osx-x86_64 1.1 WARN

Check Details

Version: 1.1
Check: R code for possible problems
Result: NOTE
    ImportData: no visible global function definition for ‘read.table’
    ImportData: no visible global function definition for ‘write.table’
    ImportData: no visible global function definition for ‘pdf’
    ImportData: no visible global function definition for ‘title’
    ImportData: no visible global function definition for ‘dev.off’
    QCRep: no visible global function definition for ‘pdf’
    QCRep: no visible global function definition for ‘par’
    QCRep: no visible global function definition for ‘plot’
    QCRep: no visible global function definition for ‘axis’
    QCRep: no visible global function definition for ‘title’
    QCRep: no visible global function definition for ‘rgb’
    QCRep: no visible global function definition for ‘points’
    QCRep: no visible global function definition for ‘text’
    QCRep: no visible global function definition for ‘legend’
    QCRep: no visible global function definition for ‘boxplot’
    QCRep: no visible global function definition for ‘dev.off’
    QCRep: no visible global function definition for ‘write.table’
    QCplot: no visible global function definition for ‘plot’
    QCplot: no visible global function definition for ‘axis’
    QCplot: no visible global function definition for ‘box’
    QCplot: no visible global function definition for ‘points’
    QCplot: no visible global function definition for ‘legend’
    QCplot: no visible global function definition for ‘title’
    QCplot: no visible global function definition for ‘rgb’
    splitandplot : <anonymous>: no visible global function definition for
     ‘title’
    splitandplot: no visible global function definition for ‘title’
    write2Pdf: no visible global function definition for ‘pdf’
    write2Pdf: no visible global function definition for ‘par’
    write2Pdf: no visible global function definition for ‘dev.off’
    Undefined global functions or variables:
     axis box boxplot dev.off legend par pdf plot points read.table rgb
     text title write.table
    Consider adding
     importFrom("grDevices", "dev.off", "pdf", "rgb")
     importFrom("graphics", "axis", "box", "boxplot", "legend", "par",
     "plot", "points", "text", "title")
     importFrom("utils", "read.table", "write.table")
    to your NAMESPACE file.
Flavors: r-devel-linux-x86_64-debian-clang, r-devel-linux-x86_64-debian-gcc, r-devel-windows-ix86+x86_64, r-patched-linux-x86_64, r-patched-solaris-sparc, r-patched-solaris-x86, r-release-linux-x86_64, r-release-windows-ix86+x86_64, r-release-osx-x86_64, r-oldrel-windows-ix86+x86_64

Version: 1.1
Flags: --no-stop-on-test-error
Check: R code for possible problems
Result: NOTE
    ImportData: no visible global function definition for ‘read.table’
    ImportData: no visible global function definition for ‘write.table’
    ImportData: no visible global function definition for ‘pdf’
    ImportData: no visible global function definition for ‘title’
    ImportData: no visible global function definition for ‘dev.off’
    QCRep: no visible global function definition for ‘pdf’
    QCRep: no visible global function definition for ‘par’
    QCRep: no visible global function definition for ‘plot’
    QCRep: no visible global function definition for ‘axis’
    QCRep: no visible global function definition for ‘title’
    QCRep: no visible global function definition for ‘rgb’
    QCRep: no visible global function definition for ‘points’
    QCRep: no visible global function definition for ‘text’
    QCRep: no visible global function definition for ‘legend’
    QCRep: no visible global function definition for ‘boxplot’
    QCRep: no visible global function definition for ‘dev.off’
    QCRep: no visible global function definition for ‘write.table’
    QCplot: no visible global function definition for ‘plot’
    QCplot: no visible global function definition for ‘axis’
    QCplot: no visible global function definition for ‘box’
    QCplot: no visible global function definition for ‘points’
    QCplot: no visible global function definition for ‘legend’
    QCplot: no visible global function definition for ‘title’
    QCplot: no visible global function definition for ‘rgb’
    splitandplot : <anonymous>: no visible global function definition for
     ‘title’
    splitandplot: no visible global function definition for ‘title’
    write2Pdf: no visible global function definition for ‘pdf’
    write2Pdf: no visible global function definition for ‘par’
    write2Pdf: no visible global function definition for ‘dev.off’
    Undefined global functions or variables:
     axis box boxplot dev.off legend par pdf plot points read.table rgb
     text title write.table
    Consider adding
     importFrom("grDevices", "dev.off", "pdf", "rgb")
     importFrom("graphics", "axis", "box", "boxplot", "legend", "par",
     "plot", "points", "text", "title")
     importFrom("utils", "read.table", "write.table")
    to your NAMESPACE file.
Flavors: r-devel-linux-x86_64-fedora-clang, r-devel-linux-x86_64-fedora-gcc

Version: 1.1
Check: dependencies in R code
Result: NOTE
    Invalid MIT-MAGIC-COOKIE-1 key
Flavor: r-oldrel-osx-x86_64

Version: 1.1
Check: S3 generic/method consistency
Result: WARN
    Invalid MIT-MAGIC-COOKIE-1 key
    See section ‘Generic functions and methods’ in the ‘Writing R
    Extensions’ manual.
Flavor: r-oldrel-osx-x86_64

Version: 1.1
Check: replacement functions
Result: WARN
    Invalid MIT-MAGIC-COOKIE-1 key
    The argument of a replacement function which corresponds to the right
    hand side must be named ‘value’.
Flavor: r-oldrel-osx-x86_64

Version: 1.1
Check: foreign function calls
Result: NOTE
    Invalid MIT-MAGIC-COOKIE-1 key
    See chapter ‘System and foreign language interfaces’ in the ‘Writing R
    Extensions’ manual.
Flavor: r-oldrel-osx-x86_64

Version: 1.1
Check: R code for possible problems
Result: NOTE
    Invalid MIT-MAGIC-COOKIE-1 keyImportData: no visible global function definition for ‘read.table’
    ImportData: no visible global function definition for ‘write.table’
    ImportData: no visible global function definition for ‘pdf’
    ImportData: no visible global function definition for ‘title’
    ImportData: no visible global function definition for ‘dev.off’
    QCRep: no visible global function definition for ‘pdf’
    QCRep: no visible global function definition for ‘par’
    QCRep: no visible global function definition for ‘plot’
    QCRep: no visible global function definition for ‘axis’
    QCRep: no visible global function definition for ‘title’
    QCRep: no visible global function definition for ‘rgb’
    QCRep: no visible global function definition for ‘points’
    QCRep: no visible global function definition for ‘text’
    QCRep: no visible global function definition for ‘legend’
    QCRep: no visible global function definition for ‘boxplot’
    QCRep: no visible global function definition for ‘dev.off’
    QCRep: no visible global function definition for ‘write.table’
    QCplot: no visible global function definition for ‘plot’
    QCplot: no visible global function definition for ‘axis’
    QCplot: no visible global function definition for ‘box’
    QCplot: no visible global function definition for ‘points’
    QCplot: no visible global function definition for ‘legend’
    QCplot: no visible global function definition for ‘title’
    QCplot: no visible global function definition for ‘rgb’
    splitandplot : <anonymous>: no visible global function definition for
     ‘title’
    splitandplot: no visible global function definition for ‘title’
    write2Pdf: no visible global function definition for ‘pdf’
    write2Pdf: no visible global function definition for ‘par’
    write2Pdf: no visible global function definition for ‘dev.off’
    Undefined global functions or variables:
     axis box boxplot dev.off legend par pdf plot points read.table rgb
     text title write.table
    Consider adding
     importFrom("grDevices", "dev.off", "pdf", "rgb")
     importFrom("graphics", "axis", "box", "boxplot", "legend", "par",
     "plot", "points", "text", "title")
     importFrom("utils", "read.table", "write.table")
    to your NAMESPACE file.
Flavor: r-oldrel-osx-x86_64

Version: 1.1
Check: for missing documentation entries
Result: WARN
    Invalid MIT-MAGIC-COOKIE-1 key
    All user-level objects in a package should have documentation entries.
    See chapter ‘Writing R documentation files’ in the ‘Writing R
    Extensions’ manual.
Flavor: r-oldrel-osx-x86_64

Version: 1.1
Check: for code/documentation mismatches
Result: WARN
    Invalid MIT-MAGIC-COOKIE-1 key
    Invalid MIT-MAGIC-COOKIE-1 key
    Invalid MIT-MAGIC-COOKIE-1 key
Flavor: r-oldrel-osx-x86_64

Version: 1.1
Check: Rd \usage sections
Result: NOTE
    Invalid MIT-MAGIC-COOKIE-1 key
    The \usage entries for S3 methods should use the \method markup and not
    their full name.
    See chapter ‘Writing R documentation files’ in the ‘Writing R
    Extensions’ manual.
Flavor: r-oldrel-osx-x86_64