CRAN Package Check Results for Package Meth27QC

Last updated on 2014-04-24 07:52:31.

Flavor Version Tinstall Tcheck Ttotal Status Flags
r-devel-linux-x86_64-debian-clang 1.1 0.84 13.48 14.32 NOTE
r-devel-linux-x86_64-debian-gcc 1.1 0.86 13.62 14.48 NOTE
r-devel-linux-x86_64-fedora-clang 1.1 27.53 NOTE
r-devel-linux-x86_64-fedora-gcc 1.1 26.12 NOTE
r-devel-osx-x86_64-clang 1.1 42.54 NOTE
r-devel-osx-x86_64-gcc 1.1 NOTE
r-devel-windows-ix86+x86_64 1.1 4.00 21.00 25.00 NOTE
r-patched-linux-x86_64 1.1 0.82 13.48 14.30 NOTE
r-patched-solaris-sparc 1.1 157.00 NOTE
r-patched-solaris-x86 1.1 50.80 NOTE
r-release-linux-ix86 1.1 2.00 30.00 32.00 NOTE
r-release-linux-x86_64 1.1 0.82 13.50 14.32 NOTE
r-release-osx-x86_64-mavericks 1.1 NOTE
r-release-osx-x86_64-snowleopard 1.1 ERROR
r-release-windows-ix86+x86_64 1.1 4.00 22.00 26.00 NOTE
r-oldrel-windows-ix86+x86_64 1.1 4.00 23.00 27.00 NOTE

Check Details

Version: 1.1
Check: R code for possible problems
Result: NOTE
    QCRep: warning in axis(1, at = 0:axislen, lab = 0:axislen, cex.axis =
     0.7, tcl = -0.2): partial argument match of 'lab' to 'labels'
    QCplot: warning in axis(1, at = 1:lenRow, lab = 1:lenRow, cex.axis =
     0.7): partial argument match of 'lab' to 'labels'
Flavors: r-devel-linux-x86_64-debian-clang, r-devel-linux-x86_64-debian-gcc, r-devel-linux-x86_64-fedora-clang, r-devel-linux-x86_64-fedora-gcc, r-devel-osx-x86_64-clang, r-devel-osx-x86_64-gcc, r-devel-windows-ix86+x86_64, r-patched-linux-x86_64, r-patched-solaris-sparc, r-patched-solaris-x86, r-release-linux-ix86, r-release-linux-x86_64, r-release-osx-x86_64-mavericks, r-release-windows-ix86+x86_64, r-oldrel-windows-ix86+x86_64

Version: 1.1
Check: whether package can be installed
Result: ERROR
    Installation failed.
    See ‘/Volumes/XT3/Builds/R-dev-web/QA/Simon/packages/snowleopard-x86_64/results/3.1/Meth27QC.Rcheck/00install.out’ for details.
Flavor: r-release-osx-x86_64-snowleopard