CRAN Package Check Results for Package MethComp

Last updated on 2015-05-29 09:47:06.

Flavor Version Tinstall Tcheck Ttotal Status Flags
r-devel-linux-x86_64-debian-clang 1.22.2 1.38 39.61 41.00 NOTE
r-devel-linux-x86_64-debian-gcc 1.22.2 1.36 38.77 40.13 NOTE
r-devel-linux-x86_64-fedora-clang 1.22.2 81.92 NOTE
r-devel-linux-x86_64-fedora-gcc 1.22.2 77.64 NOTE
r-devel-osx-x86_64-clang 1.22.2 75.36 NOTE
r-devel-windows-ix86+x86_64 1.22.2 5.00 56.00 61.00 NOTE
r-patched-linux-x86_64 1.22.2 1.37 38.12 39.49 NOTE
r-patched-solaris-sparc 1.22.2 489.00 NOTE
r-patched-solaris-x86 1.22.2 95.70 NOTE
r-release-linux-x86_64 1.22.2 1.30 37.94 39.24 NOTE
r-release-osx-x86_64-mavericks 1.22.2 NOTE
r-release-osx-x86_64-snowleopard 1.22.2 NOTE
r-release-windows-ix86+x86_64 1.22.2 6.00 58.00 64.00 NOTE
r-oldrel-windows-ix86+x86_64 1.22.2 6.00 60.00 66.00 NOTE

Check Details

Version: 1.22.2
Check: dependencies in R code
Result: NOTE
    'library' or 'require' call to ‘nlme’ which was already attached by Depends.
     Please remove these calls from your code.
    'library' or 'require' calls in package code:
     ‘BRugs’ ‘R2WinBUGS’ ‘coda’ ‘rjags’
     Please use :: or requireNamespace() instead.
     See section 'Suggested packages' in the 'Writing R Extensions' manual.
    Package in Depends field not imported from: ‘nlme’
     These packages need to be imported from (in the NAMESPACE file)
     for when this namespace is loaded but not attached.
    ':::' call which should be '::': ‘nlme:::VarCorr’
     See the note in ?`:::` about the use of this operator.
    There are ::: calls to the package's namespace in its code. A package
     almost never needs to use ::: for its own objects:
     ‘VC.est.fixed’ ‘VC.est.random’
Flavors: r-devel-linux-x86_64-debian-clang, r-devel-linux-x86_64-debian-gcc, r-devel-linux-x86_64-fedora-clang, r-devel-linux-x86_64-fedora-gcc, r-devel-osx-x86_64-clang, r-devel-windows-ix86+x86_64, r-patched-linux-x86_64, r-patched-solaris-sparc, r-patched-solaris-x86, r-release-linux-x86_64, r-release-osx-x86_64-mavericks, r-release-osx-x86_64-snowleopard, r-release-windows-ix86+x86_64, r-oldrel-windows-ix86+x86_64

Version: 1.22.2
Check: S3 generic/method consistency
Result: NOTE
    Found the following apparent S3 methods exported but not registered:
     plot.VarComp
    See section ‘Registering S3 methods’ in the ‘Writing R Extensions’
    manual.
Flavors: r-devel-linux-x86_64-debian-clang, r-devel-linux-x86_64-debian-gcc, r-devel-linux-x86_64-fedora-clang, r-devel-linux-x86_64-fedora-gcc, r-devel-osx-x86_64-clang, r-patched-linux-x86_64, r-patched-solaris-sparc, r-patched-solaris-x86, r-release-linux-x86_64

Version: 1.22.2
Check: R code for possible problems
Result: NOTE
    AltReg: no visible global function definition for ‘lme’
    BA.est: no visible global function definition for ‘lmeControl’
    MCmcmc: no visible global function definition for ‘jags.model’
    MCmcmc: no visible global function definition for ‘bugs’
    MCmcmc: no visible global function definition for ‘read.bugs’
    VC.est: no visible global function definition for ‘lmeControl’
    VC.est.fixed: no visible global function definition for ‘lmeControl’
    VC.est.fixed: no visible global function definition for ‘lme’
    VC.est.fixed: no visible global function definition for ‘pdIdent’
    VC.est.fixed: no visible global function definition for ‘varIdent’
    VC.est.fixed: no visible global function definition for ‘pdDiag’
    VC.est.fixed: no visible global function definition for ‘pdSymm’
    VC.est.random: no visible global function definition for ‘lmeControl’
    VC.est.random: no visible global function definition for ‘lme’
    VC.est.random: no visible global function definition for ‘pdBlocked’
    VC.est.random: no visible global function definition for ‘pdIdent’
    VC.est.random: no visible global function definition for ‘varIdent’
    VC.est.random: no visible global function definition for ‘ranef’
    VC.est.random: no visible global function definition for ‘pdDiag’
    find.mean: no visible global function definition for ‘varnames’
    find.vars: no visible global function definition for ‘varnames’
    pairs.MCmcmc: no visible global function definition for ‘varnames’
    subset.MCmcmc : char.2.num: no visible global function definition for
     ‘varnames’
Flavors: r-devel-linux-x86_64-debian-clang, r-devel-linux-x86_64-debian-gcc, r-devel-linux-x86_64-fedora-clang, r-devel-linux-x86_64-fedora-gcc, r-devel-osx-x86_64-clang, r-devel-windows-ix86+x86_64, r-patched-linux-x86_64, r-patched-solaris-sparc, r-patched-solaris-x86, r-release-linux-x86_64, r-release-osx-x86_64-mavericks, r-release-osx-x86_64-snowleopard, r-release-windows-ix86+x86_64, r-oldrel-windows-ix86+x86_64

Version: 1.22.2
Check: package dependencies
Result: NOTE
    Package suggested but not available for checking: ‘BRugs’
Flavors: r-devel-osx-x86_64-clang, r-patched-solaris-sparc, r-patched-solaris-x86, r-release-osx-x86_64-mavericks, r-release-osx-x86_64-snowleopard