CRAN Package Check Results for Package MiRAnorm

Last updated on 2020-10-02 00:46:58 CEST.

Flavor Version Tinstall Tcheck Ttotal Status Flags
r-devel-linux-x86_64-debian-clang 1.0.0 5.58 43.88 49.46 NOTE
r-devel-linux-x86_64-debian-gcc 1.0.0 4.24 33.31 37.55 NOTE
r-devel-linux-x86_64-fedora-clang 1.0.0 68.24 NOTE
r-devel-linux-x86_64-fedora-gcc 1.0.0 56.69 NOTE
r-devel-windows-ix86+x86_64 1.0.0 12.00 67.00 79.00 OK
r-patched-linux-x86_64 1.0.0 5.29 40.19 45.48 NOTE
r-patched-solaris-x86 1.0.0 80.40 NOTE
r-release-linux-x86_64 1.0.0 5.58 40.08 45.66 NOTE
r-release-macos-x86_64 1.0.0 NOTE
r-release-windows-ix86+x86_64 1.0.0 14.00 59.00 73.00 OK
r-oldrel-macos-x86_64 1.0.0 NOTE
r-oldrel-windows-ix86+x86_64 1.0.0 10.00 59.00 69.00 OK

Check Details

Version: 1.0.0
Check: for non-standard things in the check directory
Result: NOTE
    Found the following files/directories:
     'GGplots.pdf' 'Heatmap.pdf'
Flavors: r-devel-linux-x86_64-debian-clang, r-devel-linux-x86_64-debian-gcc, r-devel-linux-x86_64-fedora-clang, r-devel-linux-x86_64-fedora-gcc, r-patched-linux-x86_64, r-patched-solaris-x86, r-release-linux-x86_64

Version: 1.0.0
Check: dependencies in R code
Result: NOTE
    Namespaces in Imports field not imported from:
     ‘MASS’ ‘cluster’ ‘dendextend’ ‘npmv’ ‘utils’
     All declared Imports should be used.
Flavors: r-devel-linux-x86_64-fedora-clang, r-devel-linux-x86_64-fedora-gcc, r-patched-solaris-x86, r-release-macos-x86_64, r-oldrel-macos-x86_64