CRAN Package Check Results for Package MiRNAQCD

Last updated on 2024-02-27 17:49:23 CET.

Flavor Version Tinstall Tcheck Ttotal Status Flags
r-devel-linux-x86_64-debian-clang 1.1.3 5.33 40.71 46.04 OK
r-devel-linux-x86_64-debian-gcc 1.1.3 3.77 30.68 34.45 OK
r-devel-linux-x86_64-fedora-clang 1.1.3 57.16 NOTE
r-devel-linux-x86_64-fedora-gcc 1.1.3 53.46 NOTE
r-devel-windows-x86_64 1.1.3 5.00 50.00 55.00 OK
r-patched-linux-x86_64 1.1.3 5.42 38.69 44.11 OK
r-release-linux-x86_64 1.1.3 3.99 39.27 43.26 OK
r-release-macos-arm64 1.1.3 21.00 OK
r-release-macos-x86_64 1.1.3 57.00 OK
r-release-windows-x86_64 1.1.3 6.00 52.00 58.00 OK
r-oldrel-macos-arm64 1.1.3 22.00 OK
r-oldrel-windows-x86_64 1.1.3 7.00 56.00 63.00 OK

Check Details

Version: 1.1.3
Check: dependencies in R code
Result: NOTE Namespace in Imports field not imported from: ‘qpdf’ All declared Imports should be used. Flavors: r-devel-linux-x86_64-fedora-clang, r-devel-linux-x86_64-fedora-gcc