CRAN Package Check Results for Package MicroDatosEs

Last updated on 2015-03-01 19:48:09.

Flavor Version Tinstall Tcheck Ttotal Status Flags
r-devel-linux-x86_64-debian-clang 0.6.3.1 2.14 51.10 53.24 NOTE
r-devel-linux-x86_64-debian-gcc 0.6.3.1 2.05 48.09 50.14 NOTE
r-devel-linux-x86_64-fedora-clang 0.6.3.1 126.57 NOTE
r-devel-linux-x86_64-fedora-gcc 0.6.3.1 105.24 NOTE
r-devel-osx-x86_64-clang 0.6.3.1 103.72 NOTE
r-devel-windows-ix86+x86_64 0.6.3.1 15.00 77.00 92.00 NOTE
r-patched-linux-x86_64 0.6.3.1 4.57 75.75 80.32 NOTE
r-patched-solaris-sparc 0.6.3.1 413.70 NOTE
r-patched-solaris-x86 0.6.3.1 220.40 NOTE
r-release-linux-ix86 0.6.3.1 3.90 86.32 90.21 NOTE
r-release-linux-x86_64 0.6.3.1 4.64 74.78 79.42 NOTE
r-release-osx-x86_64-mavericks 0.6.3.1 NOTE
r-release-osx-x86_64-snowleopard 0.6.3.1 OK
r-release-windows-ix86+x86_64 0.6.3.1 22.00 115.00 137.00 NOTE
r-oldrel-windows-ix86+x86_64 0.6.3.1 22.00 117.00 139.00 OK

Check Details

Version: 0.6.3.1
Check: DESCRIPTION meta-information
Result: NOTE
    Malformed Description field: should contain one or more complete sentences.
Flavors: r-devel-linux-x86_64-debian-clang, r-devel-linux-x86_64-debian-gcc, r-devel-linux-x86_64-fedora-clang, r-devel-linux-x86_64-fedora-gcc, r-devel-osx-x86_64-clang, r-devel-windows-ix86+x86_64

Version: 0.6.3.1
Check: R code for possible problems
Result: NOTE
    censo2010: no visible global function definition for ‘as.data.set’
    defun2011: no visible global function definition for ‘as.data.set’
    ees2010: no visible global function definition for ‘as.data.set’
    epa2005: no visible global function definition for ‘as.data.set’
    test.metadata: no visible global function definition for ‘as.data.set’
Flavors: r-devel-linux-x86_64-debian-clang, r-devel-linux-x86_64-debian-gcc, r-devel-linux-x86_64-fedora-clang, r-devel-linux-x86_64-fedora-gcc, r-devel-osx-x86_64-clang, r-devel-windows-ix86+x86_64, r-patched-linux-x86_64, r-patched-solaris-sparc, r-patched-solaris-x86, r-release-linux-ix86, r-release-linux-x86_64, r-release-osx-x86_64-mavericks, r-release-windows-ix86+x86_64