CRAN Package Check Results for Package MicroDatosEs

Last updated on 2016-06-30 11:47:54.

Flavor Version Tinstall Tcheck Ttotal Status Flags
r-devel-linux-x86_64-debian-gcc 0.7.1 4.10 104.61 108.71 ERROR
r-devel-linux-x86_64-fedora-clang 0.7.1 214.27 ERROR
r-devel-linux-x86_64-fedora-gcc 0.7.1 214.07 ERROR
r-devel-osx-x86_64-clang 0.7.1 194.84 ERROR
r-devel-windows-ix86+x86_64 0.7.1 13.00 134.00 147.00 ERROR
r-patched-linux-x86_64 0.7.1 4.09 110.00 114.10 OK
r-patched-solaris-sparc 0.7.1 1889.80 OK
r-patched-solaris-x86 0.7.1 443.10 OK
r-release-linux-x86_64 0.7.1 4.04 112.07 116.11 OK
r-release-osx-x86_64-mavericks 0.7.1 OK
r-release-windows-ix86+x86_64 0.7.1 20.00 179.00 199.00 OK
r-oldrel-windows-ix86+x86_64 0.7.1 23.00 200.00 223.00 OK

Check Details

Version: 0.7.1
Check: examples
Result: ERROR
    Running examples in ‘MicroDatosEs-Ex.R’ failed
    The error most likely occurred in:
    
    > ### Name: censo2010
    > ### Title: Reads microdata for the 2010 decennial census provided by the
    > ### INE
    > ### Aliases: censo2010
    > ### Keywords: manip
    >
    > ### ** Examples
    >
    > ## The first 1000 lines from the census file are provided within the package
    > c.file <- system.file("extdata", "sampleCenso2010.txt", package = "MicroDatosEs")
    >
    > # Get a summary of the contents of the census
    > censo2010(c.file)
     Length Class Mode
    cpro 0 double.item numeric
    cmun 0 double.item numeric
    idhueco 0 double.item numeric
    norden 0 double.item numeric
    factor 0 double.item numeric
    mnac 0 double.item numeric
    anac 0 double.item numeric
    edad 0 double.item numeric
    sexo 0 double.item numeric
    naci 0 double.item numeric
    cpaisn 0 double.item numeric
    cpron 0 double.item numeric
    cmunn 0 double.item numeric
    anores 0 double.item numeric
    anom 0 double.item numeric
    anoc 0 double.item numeric
    anoe 0 double.item numeric
    clpais 0 double.item numeric
    clpro 0 double.item numeric
    clmunp 0 double.item numeric
    res_anterior 0 double.item numeric
    cpaisunano 0 double.item numeric
    cprounano 0 double.item numeric
    cmunano 0 double.item numeric
    res_unano 0 double.item numeric
    cpaisdano 0 double.item numeric
    cprodano 0 double.item numeric
    cmundano 0 double.item numeric
    res_dano 0 double.item numeric
    seg_viv 0 double.item numeric
    seg_pais 0 double.item numeric
    seg_prov 0 double.item numeric
    seg_mun 0 double.item numeric
    seg_noches 0 double.item numeric
    seg_disp 0 double.item numeric
    ecivil 0 double.item numeric
    escolar 0 double.item numeric
    esreal 0 double.item numeric
    testud 0 double.item numeric
    tarea1 0 double.item numeric
    tarea2 0 double.item numeric
    tarea3 0 double.item numeric
    tarea4 0 double.item numeric
    hijos 0 double.item numeric
    nhijos 0 double.item numeric
    rela 0 double.item numeric
    jornada 0 double.item numeric
    cno 0 double.item numeric
    cnae 0 double.item numeric
    situ 0 double.item numeric
    cse 0 double.item numeric
    escur1 0 double.item numeric
    escur2 0 double.item numeric
    escur3 0 double.item numeric
    ltraba 0 double.item numeric
    paistraba 0 double.item numeric
    protraba 0 double.item numeric
    muntraba 0 double.item numeric
    codtraba 0 double.item numeric
    nviaje 0 double.item numeric
    mdesp1 0 double.item numeric
    mdesp2 0 double.item numeric
    tdesp 0 double.item numeric
    tenen 0 double.item numeric
    cale 0 double.item numeric
    aseo 0 double.item numeric
    baduch 0 double.item numeric
    internet 0 double.item numeric
    aguacor 0 double.item numeric
    sut 0 double.item numeric
    nhab 0 double.item numeric
    plantas 0 double.item numeric
    plantab 0 double.item numeric
    tipoedif 0 double.item numeric
    anocons 0 double.item numeric
    estado 0 double.item numeric
    ascensor 0 double.item numeric
    accesib 0 double.item numeric
    garaje 0 double.item numeric
    plazas 0 double.item numeric
    gas 0 double.item numeric
    telef 0 double.item numeric
    acal 0 double.item numeric
    resid 0 double.item numeric
    familia 0 double.item numeric
    pad_norden 0 double.item numeric
    mad_norden 0 double.item numeric
    con_norden 0 double.item numeric
    opa_norden 0 double.item numeric
    tipoper 0 character.item character
    nucleo 0 double.item numeric
    nmiem 0 double.item numeric
    nfam 0 double.item numeric
    nnuc 0 double.item numeric
    ngener 0 double.item numeric
    esthog 0 double.item numeric
    tipohog 0 double.item numeric
    nocu 0 double.item numeric
    nparain 0 double.item numeric
    npfam 0 double.item numeric
    npnuc 0 double.item numeric
    hm5 0 double.item numeric
    h0515 0 double.item numeric
    h1624 0 double.item numeric
    h2534 0 double.item numeric
    h3564 0 double.item numeric
    h6584 0 double.item numeric
    h85m 0 double.item numeric
    hesphog 0 double.item numeric
    mesphog 0 double.item numeric
    hexthog 0 double.item numeric
    mexthog 0 double.item numeric
    combinac 0 double.item numeric
    edadpad 0 double.item numeric
    paisnacpad 0 double.item numeric
    nacipad 0 double.item numeric
    ecivpad 0 double.item numeric
    estupad 0 double.item numeric
    situpad 0 double.item numeric
    sitppad 0 double.item numeric
    edadmad 0 double.item numeric
    paisnacmad 0 double.item numeric
    nacimad 0 double.item numeric
    ecivmad 0 double.item numeric
    estumad 0 double.item numeric
    situmad 0 double.item numeric
    sitpmad 0 double.item numeric
    edadcon 0 double.item numeric
    naccon 0 double.item numeric
    nacicon 0 double.item numeric
    ecivcon 0 double.item numeric
    estucon 0 double.item numeric
    situcon 0 double.item numeric
    sitpcon 0 double.item numeric
    tiponuc 0 double.item numeric
    tamnuc 0 double.item numeric
    nhijo 0 double.item numeric
    nhijoc 0 double.item numeric
    famnum 0 double.item numeric
    tipopareciv 0 double.item numeric
    tipoparsex 0 double.item numeric
    difedad 0 double.item numeric
    
    Data set with 1000 observations and 142 variables
    
     cpro cmun idhueco norden factor mnac anac edad ...
     1 Almería 2.001-5.000 hab. 39 1 3.5052767 4 1959 52 ...
     2 Almería 2.001-5.000 hab. 39 2 3.5052767 6 1988 23 ...
     3 Almería 2.001-5.000 hab. 39 3 3.5052767 1 1914 97 ...
     4 Almería 10.001-20.000 hab. 67 1 6.1238316 1 1915 96 ...
     5 Almería Hasta 2.000 hab. 143 1 2.5332141 1 1917 94 ...
     6 Almería 3 205 1 8.2489464 1 1918 93 ...
     7 Almería 3 205 2 8.2489464 3 1925 86 ...
     8 Almería 10.001-20.000 hab. 358 1 5.1465916 1 1920 91 ...
     9 Almería 10.001-20.000 hab. 358 2 5.1465916 1 1922 89 ...
    10 Almería 10.001-20.000 hab. 358 3 5.1465916 4 1950 61 ...
    11 Almería 13 359 1 13.4829814 1 1920 91 ...
    12 Almería 13 359 2 13.4829814 12 1927 83 ...
    13 Almería Hasta 2.000 hab. 360 1 0.6469699 1 1920 91 ...
    14 Almería Hasta 2.000 hab. 360 2 0.6469699 6 1927 84 ...
    15 Almería Hasta 2.000 hab. 360 3 0.6469699 6 1952 59 ...
    16 Almería Hasta 2.000 hab. 360 4 0.6469699 4 1964 47 ...
    17 Almería Hasta 2.000 hab. 361 1 2.7457384 7 1945 66 ...
    18 Almería Hasta 2.000 hab. 361 2 2.7457384 3 1946 65 ...
    19 Almería Hasta 2.000 hab. 361 3 2.7457384 1 1920 91 ...
    20 Almería Hasta 2.000 hab. 744 1 2.1780382 1 1922 89 ...
    21 Almería 13 745 1 27.3106971 1 1922 89 ...
    22 Almería 13 745 2 27.3106971 6 1938 73 ...
    23 Almería 2.001-5.000 hab. 746 1 6.6876018 1 1922 89 ...
    24 Almería 2.001-5.000 hab. 746 2 6.6876018 9 1923 88 ...
    25 Almería 10.001-20.000 hab. 747 1 12.3475209 1 1922 89 ...
    .. ....... .................. ....... ...... .......... .... .... .... ...
    (25 of 1000 observations shown)
    >
    > # Read a selection of rows
    > res <- censo2010(c.file, columns = c("cpro", "cmun", "factor"), summary = FALSE)
    >
    > # Turn them into a regular data.frame
    > as.data.frame(res)
     cpro cmun factor
    1 Almería 2.001-5.000 hab. 3.5052767
    2 Almería 2.001-5.000 hab. 3.5052767
    3 Almería 2.001-5.000 hab. 3.5052767
    4 Almería 10.001-20.000 hab. 6.1238316
    5 Almería Hasta 2.000 hab. 2.5332141
    6 Almería <NA> 8.2489464
    7 Almería <NA> 8.2489464
    8 Almería 10.001-20.000 hab. 5.1465916
    9 Almería 10.001-20.000 hab. 5.1465916
    10 Almería 10.001-20.000 hab. 5.1465916
    11 Almería <NA> 13.4829814
    12 Almería <NA> 13.4829814
    13 Almería Hasta 2.000 hab. 0.6469699
    14 Almería Hasta 2.000 hab. 0.6469699
    15 Almería Hasta 2.000 hab. 0.6469699
    16 Almería Hasta 2.000 hab. 0.6469699
    17 Almería Hasta 2.000 hab. 2.7457384
    18 Almería Hasta 2.000 hab. 2.7457384
    19 Almería Hasta 2.000 hab. 2.7457384
    20 Almería Hasta 2.000 hab. 2.1780382
    21 Almería <NA> 27.3106971
    22 Almería <NA> 27.3106971
    23 Almería 2.001-5.000 hab. 6.6876018
    24 Almería 2.001-5.000 hab. 6.6876018
    25 Almería 10.001-20.000 hab. 12.3475209
    26 Almería 10.001-20.000 hab. 12.3475209
    27 Almería Hasta 2.000 hab. 3.5592872
    28 Almería Hasta 2.000 hab. 2.4898289
    29 Almería Hasta 2.000 hab. 2.4898289
    30 Almería Hasta 2.000 hab. 2.4898289
    31 Almería Hasta 2.000 hab. 6.1093259
    32 Almería Hasta 2.000 hab. 6.1093259
    33 Almería 2.001-5.000 hab. 4.8336816
    34 Almería 2.001-5.000 hab. 4.8336816
    35 Almería Hasta 2.000 hab. 10.1903628
    36 Almería Hasta 2.000 hab. 10.1903628
    37 Almería Hasta 2.000 hab. 7.7024078
    38 Almería Hasta 2.000 hab. 5.7851071
    39 Almería Hasta 2.000 hab. 5.7851071
    40 Almería 2.001-5.000 hab. 4.5667461
    41 Almería 2.001-5.000 hab. 4.5667461
    42 Almería Hasta 2.000 hab. 4.3967421
    43 Almería Hasta 2.000 hab. 4.3967421
    44 Almería Hasta 2.000 hab. 2.9542819
    45 Almería Hasta 2.000 hab. 2.9542819
    46 Almería 2.001-5.000 hab. 3.4914525
    47 Almería Hasta 2.000 hab. 1.4137394
    48 Almería 5.001-10.000 hab. 9.3196330
    49 Almería 5.001-10.000 hab. 9.3196330
    50 Almería <NA> 10.0718393
    51 Almería <NA> 10.0718393
    52 Almería 2.001-5.000 hab. 6.8117363
    53 Almería 2.001-5.000 hab. 6.8117363
    54 Almería 2.001-5.000 hab. 4.1665303
    55 Almería 2.001-5.000 hab. 11.4316056
    56 Almería 2.001-5.000 hab. 11.4316056
    57 Almería 2.001-5.000 hab. 11.4316056
    58 Almería Hasta 2.000 hab. 3.9427534
    59 Almería Hasta 2.000 hab. 3.9427534
    60 Almería Hasta 2.000 hab. 4.1334380
    61 Almería Hasta 2.000 hab. 4.1334380
    62 Almería <NA> 7.3486837
    63 Almería <NA> 7.3486837
    64 Almería Hasta 2.000 hab. 5.4114699
    65 Almería Hasta 2.000 hab. 6.1285220
    66 Almería 5.001-10.000 hab. 24.9742161
    67 Almería 5.001-10.000 hab. 6.8851124
    68 Almería 5.001-10.000 hab. 6.8851124
    69 Almería 5.001-10.000 hab. 6.8851124
    70 Almería 5.001-10.000 hab. 6.8851124
    71 Almería 5.001-10.000 hab. 6.8851124
    72 Almería <NA> 9.0277731
    73 Almería <NA> 9.0277731
    74 Almería <NA> 9.0277731
    75 Almería <NA> 12.1607951
    76 Almería <NA> 12.1607951
    77 Almería Hasta 2.000 hab. 1.1610805
    78 Almería Hasta 2.000 hab. 1.1610805
    79 Almería 10.001-20.000 hab. 37.4690550
    80 Almería 10.001-20.000 hab. 37.4690550
    81 Almería 10.001-20.000 hab. 37.4690550
    82 Almería 10.001-20.000 hab. 37.4690550
    83 Almería 10.001-20.000 hab. 37.4690550
    84 Almería <NA> 12.4629869
    85 Almería <NA> 12.4629869
    86 Almería <NA> 12.4629869
    87 Almería 2.001-5.000 hab. 3.2159775
    88 Almería 2.001-5.000 hab. 3.2159775
    89 Almería 2.001-5.000 hab. 3.2159775
    90 Almería 5.001-10.000 hab. 15.7875211
    91 Almería 5.001-10.000 hab. 15.7875211
    92 Almería Hasta 2.000 hab. 2.3672922
    93 Almería Hasta 2.000 hab. 2.3672922
    94 Almería <NA> 12.3545259
    95 Almería <NA> 12.3545259
    96 Almería Hasta 2.000 hab. 1.9874280
    97 Almería Hasta 2.000 hab. 1.9874280
    98 Almería Hasta 2.000 hab. 3.4420850
    99 Almería Hasta 2.000 hab. 4.4619975
    100 Almería Hasta 2.000 hab. 4.4619975
    101 Almería Hasta 2.000 hab. 3.6635445
    102 Almería 5.001-10.000 hab. 7.7810215
    103 Almería 5.001-10.000 hab. 7.7810215
    104 Almería Hasta 2.000 hab. 2.7957362
    105 Almería Hasta 2.000 hab. 2.7957362
    106 Almería Hasta 2.000 hab. 2.7957362
    107 Almería <NA> 9.1446443
    108 Almería <NA> 9.1446443
    109 Almería 2.001-5.000 hab. 8.7584675
    110 Almería <NA> 11.1683412
    111 Almería <NA> 11.1683412
    112 Almería <NA> 11.1683412
    113 Almería <NA> 13.1577461
    114 Almería 10.001-20.000 hab. 21.3133142
    115 Almería 10.001-20.000 hab. 21.3133142
    116 Almería 5.001-10.000 hab. 8.4182390
    117 Almería 5.001-10.000 hab. 8.4182390
    118 Almería 5.001-10.000 hab. 9.4194316
    119 Almería 5.001-10.000 hab. 9.4194316
    120 Almería 5.001-10.000 hab. 6.2875143
    121 Almería Hasta 2.000 hab. 6.1567168
    122 Almería Hasta 2.000 hab. 6.1567168
    123 Almería 2.001-5.000 hab. 8.0525630
    124 Almería 2.001-5.000 hab. 8.0525630
    125 Almería Hasta 2.000 hab. 4.3630798
    126 Almería 5.001-10.000 hab. 12.8765863
    127 Almería 5.001-10.000 hab. 12.8765863
    128 Almería <NA> 37.0606493
    129 Almería <NA> 37.0606493
    130 Almería <NA> 14.0663119
    131 Almería <NA> 14.3280924
    132 Almería <NA> 14.3280924
    133 Almería <NA> 14.3280924
    134 Almería <NA> 14.3280924
    135 Almería <NA> 11.7113150
    136 Almería <NA> 11.7113150
    137 Almería <NA> 11.7113150
    138 Almería Hasta 2.000 hab. 11.6679157
    139 Almería Hasta 2.000 hab. 11.6679157
    140 Almería 5.001-10.000 hab. 17.3915055
    141 Almería 5.001-10.000 hab. 17.3915055
    142 Almería 5.001-10.000 hab. 8.0341133
    143 Almería 5.001-10.000 hab. 8.0341133
    144 Almería Hasta 2.000 hab. 4.0351072
    145 Almería Hasta 2.000 hab. 4.0351072
    146 Almería Hasta 2.000 hab. 5.6056205
    147 Almería Hasta 2.000 hab. 5.6056205
    148 Almería 2.001-5.000 hab. 13.0228556
    149 Almería 2.001-5.000 hab. 13.0228556
    150 Almería 2.001-5.000 hab. 13.0228556
    151 Almería 2.001-5.000 hab. 5.8971211
    152 Almería 2.001-5.000 hab. 5.8971211
    153 Almería 2.001-5.000 hab. 5.8971211
    154 Almería 2.001-5.000 hab. 5.8971211
    155 Almería 2.001-5.000 hab. 5.8971211
    156 Almería 2.001-5.000 hab. 5.8971211
    157 Almería 2.001-5.000 hab. 5.8971211
    158 Almería 2.001-5.000 hab. 5.8971211
    159 Almería Hasta 2.000 hab. 2.1548509
    160 Almería Hasta 2.000 hab. 2.1548509
    161 Almería 2.001-5.000 hab. 3.9469657
    162 Almería Hasta 2.000 hab. 1.7101085
    163 Almería Hasta 2.000 hab. 1.7101085
    164 Almería <NA> 14.5374406
    165 Almería <NA> 14.5374406
    166 Almería <NA> 9.8141006
    167 Almería <NA> 10.7476819
    168 Almería <NA> 9.8033370
    169 Almería <NA> 12.7107583
    170 Almería <NA> 12.7107583
    171 Almería Hasta 2.000 hab. 1.1389155
    172 Almería Hasta 2.000 hab. 1.1389155
    173 Almería Hasta 2.000 hab. 2.4333445
    174 Almería Hasta 2.000 hab. 2.4333445
    175 Almería Hasta 2.000 hab. 2.4333445
    176 Almería Hasta 2.000 hab. 3.7432115
    177 Almería Hasta 2.000 hab. 3.7432115
    178 Almería Hasta 2.000 hab. 1.9186078
    179 Almería Hasta 2.000 hab. 1.9186078
    180 Almería 10.001-20.000 hab. 14.4172597
    181 Almería 10.001-20.000 hab. 14.4172597
    182 Almería Hasta 2.000 hab. 4.8782947
    183 Almería Hasta 2.000 hab. 4.8782947
    184 Almería <NA> 12.6061316
    185 Almería <NA> 12.6061316
    186 Almería <NA> 12.8536840
    187 Almería <NA> 12.8536840
    188 Almería <NA> 9.3594266
    189 Almería <NA> 9.3594266
    190 Almería Hasta 2.000 hab. 3.9289110
    191 Almería Hasta 2.000 hab. 3.9289110
    192 Almería Hasta 2.000 hab. 2.6983379
    193 Almería Hasta 2.000 hab. 2.6983379
    194 Almería Hasta 2.000 hab. 1.7924536
    195 Almería Hasta 2.000 hab. 1.3878599
    196 Almería Hasta 2.000 hab. 1.3878599
    197 Almería Hasta 2.000 hab. 1.6732490
    198 Almería Hasta 2.000 hab. 1.6732490
    199 Almería Hasta 2.000 hab. 3.4504263
    200 Almería Hasta 2.000 hab. 3.4504263
    201 Almería Hasta 2.000 hab. 3.6635445
    202 Almería Hasta 2.000 hab. 1.4619277
    203 Almería Hasta 2.000 hab. 1.4619277
    204 Almería 2.001-5.000 hab. 4.8592144
    205 Almería Hasta 2.000 hab. 7.7216491
    206 Almería Hasta 2.000 hab. 7.7216491
    207 Almería Hasta 2.000 hab. 7.7216491
    208 Almería 10.001-20.000 hab. 8.8901755
    209 Almería 10.001-20.000 hab. 8.8901755
    210 Almería 10.001-20.000 hab. 6.1238316
    211 Almería Hasta 2.000 hab. 2.6094623
    212 Almería Hasta 2.000 hab. 2.6094623
    213 Almería Hasta 2.000 hab. 2.6094623
    214 Almería Hasta 2.000 hab. 2.6094623
    215 Almería Hasta 2.000 hab. 2.6094623
    216 Almería 10.001-20.000 hab. 32.8607210
    217 Almería 10.001-20.000 hab. 32.8607210
    218 Almería Hasta 2.000 hab. 5.8250449
    219 Almería Hasta 2.000 hab. 4.0942924
    220 Almería Hasta 2.000 hab. 4.0942924
    221 Almería Hasta 2.000 hab. 4.4826463
    222 Almería Hasta 2.000 hab. 4.4826463
    223 Almería Hasta 2.000 hab. 1.3878599
    224 Almería Hasta 2.000 hab. 1.3878599
    225 Almería Hasta 2.000 hab. 4.5501837
    226 Almería Hasta 2.000 hab. 4.5501837
    227 Almería 5.001-10.000 hab. 6.6958001
    228 Almería 5.001-10.000 hab. 6.6958001
    229 Almería <NA> 11.2614406
    230 Almería Hasta 2.000 hab. 14.6642215
    231 Almería Hasta 2.000 hab. 14.6642215
    232 Almería Hasta 2.000 hab. 1.0080347
    233 Almería 2.001-5.000 hab. 5.3374951
    234 Almería 2.001-5.000 hab. 5.3374951
    235 Almería Hasta 2.000 hab. 4.0351072
    236 Almería Hasta 2.000 hab. 4.0351072
    237 Almería 5.001-10.000 hab. 13.6121029
    238 Almería 5.001-10.000 hab. 13.6121029
    239 Almería 5.001-10.000 hab. 34.9751691
    240 Almería 5.001-10.000 hab. 34.9751691
    241 Almería <NA> 23.1109455
    242 Almería <NA> 23.1109455
    243 Almería Hasta 2.000 hab. 4.1253245
    244 Almería Hasta 2.000 hab. 4.1253245
    245 Almería Hasta 2.000 hab. 3.7753378
    246 Almería Hasta 2.000 hab. 3.7753378
    247 Almería 2.001-5.000 hab. 5.7277438
    248 Almería 2.001-5.000 hab. 5.7277438
    249 Almería 5.001-10.000 hab. 9.9833260
    250 Almería 5.001-10.000 hab. 9.9833260
    251 Almería 10.001-20.000 hab. 10.6776264
    252 Almería 10.001-20.000 hab. 10.6776264
    253 Almería 10.001-20.000 hab. 10.6776264
    254 Almería 10.001-20.000 hab. 10.6776264
    255 Almería 10.001-20.000 hab. 10.6776264
    256 Almería <NA> 8.7780807
    257 Almería <NA> 8.7780807
    258 Almería <NA> 9.1667718
    259 Almería <NA> 9.1667718
    260 Almería 2.001-5.000 hab. 15.6486981
    261 Almería 2.001-5.000 hab. 15.6486981
    262 Almería Hasta 2.000 hab. 3.1760722
    263 Almería Hasta 2.000 hab. 3.1760722
    264 Almería 10.001-20.000 hab. 11.2317023
    265 Almería 2.001-5.000 hab. 2.7085817
    266 Almería 2.001-5.000 hab. 2.7085817
    267 Almería Hasta 2.000 hab. 2.3393117
    268 Almería Hasta 2.000 hab. 2.3393117
    269 Almería Hasta 2.000 hab. 13.1285572
    270 Almería Hasta 2.000 hab. 13.1285572
    271 Almería Hasta 2.000 hab. 13.1285572
    272 Almería Hasta 2.000 hab. 3.2730119
    273 Almería Hasta 2.000 hab. 3.2730119
    274 Almería <NA> 22.4232237
    275 Almería <NA> 22.4232237
    276 Almería 2.001-5.000 hab. 4.2408079
    277 Almería 2.001-5.000 hab. 4.2408079
    278 Almería 2.001-5.000 hab. 3.8068225
    279 Almería 2.001-5.000 hab. 3.8068225
    280 Almería <NA> 11.4973098
    281 Almería <NA> 8.0339414
    282 Almería <NA> 8.0339414
    283 Almería 10.001-20.000 hab. 7.5784202
    284 Almería 10.001-20.000 hab. 7.5784202
    285 Almería <NA> 9.5264426
    286 Almería <NA> 9.5264426
    287 Almería Hasta 2.000 hab. 4.6719701
    288 Almería Hasta 2.000 hab. 1.2826860
    289 Almería 10.001-20.000 hab. 11.1277323
    290 Almería 10.001-20.000 hab. 11.1277323
    291 Almería 10.001-20.000 hab. 10.4529549
    292 Almería 10.001-20.000 hab. 10.4529549
    293 Almería Hasta 2.000 hab. 5.5097191
    294 Almería Hasta 2.000 hab. 5.5097191
    295 Almería Hasta 2.000 hab. 5.5097191
    296 Almería 5.001-10.000 hab. 7.8452301
    297 Almería 5.001-10.000 hab. 7.8452301
    298 Almería 5.001-10.000 hab. 6.9833237
    299 Almería 5.001-10.000 hab. 6.9833237
    300 Almería 5.001-10.000 hab. 6.9833237
    301 Almería Hasta 2.000 hab. 4.1551970
    302 Almería Hasta 2.000 hab. 3.9447610
    303 Almería Hasta 2.000 hab. 3.9447610
    304 Almería <NA> 7.5030827
    305 Almería <NA> 7.5030827
    306 Almería <NA> 7.5030827
    307 Almería <NA> 7.5030827
    308 Almería <NA> 7.5030827
    309 Almería 2.001-5.000 hab. 6.7692334
    310 Almería 2.001-5.000 hab. 6.7692334
    311 Almería 5.001-10.000 hab. 8.2888728
    312 Almería 5.001-10.000 hab. 8.2888728
    313 Almería 10.001-20.000 hab. 14.7612657
    314 Almería 10.001-20.000 hab. 14.7612657
    315 Almería 5.001-10.000 hab. 3.9769121
    316 Almería 5.001-10.000 hab. 3.9769121
    317 Almería <NA> 6.5746937
    318 Almería <NA> 6.5746937
    319 Almería <NA> 6.5746937
    320 Almería <NA> 21.8293942
    321 Almería <NA> 21.8293942
    322 Almería <NA> 21.8293942
    323 Almería <NA> 10.2832919
    324 Almería <NA> 10.6603307
    325 Almería <NA> 10.6603307
    326 Almería <NA> 10.8918759
    327 Almería <NA> 10.8918759
    328 Almería <NA> 11.6333808
    329 Almería <NA> 17.8229459
    330 Almería <NA> 17.8229459
    331 Almería 2.001-5.000 hab. 5.5125048
    332 Almería 2.001-5.000 hab. 5.5125048
    333 Almería 2.001-5.000 hab. 4.3472042
    334 Almería 2.001-5.000 hab. 4.3472042
    335 Almería Hasta 2.000 hab. 19.4091334
    336 Almería Hasta 2.000 hab. 19.4091334
    337 Almería <NA> 11.5673632
    338 Almería <NA> 11.5673632
    339 Almería <NA> 7.6920016
    340 Almería <NA> 7.6920016
    341 Almería Hasta 2.000 hab. 1.7419930
    342 Almería Hasta 2.000 hab. 1.7419930
    343 Almería Hasta 2.000 hab. 4.5748960
    344 Almería Hasta 2.000 hab. 4.5748960
    345 Almería Hasta 2.000 hab. 4.5748960
    346 Almería <NA> 11.1446150
    347 Almería <NA> 11.1446150
    348 Almería <NA> 9.6930534
    349 Almería <NA> 9.6930534
    350 Almería Hasta 2.000 hab. 4.6914491
    351 Almería 10.001-20.000 hab. 22.6777500
    352 Almería 10.001-20.000 hab. 22.6777500
    353 Almería Hasta 2.000 hab. 2.7170237
    354 Almería Hasta 2.000 hab. 2.7170237
    355 Almería Hasta 2.000 hab. 2.0229310
    356 Almería Hasta 2.000 hab. 2.0229310
    357 Almería Hasta 2.000 hab. 2.0229310
    358 Almería <NA> 19.9483096
    359 Almería <NA> 19.9483096
    360 Almería 2.001-5.000 hab. 3.8373134
    361 Almería 2.001-5.000 hab. 3.8373134
    362 Almería 10.001-20.000 hab. 16.1816350
    363 Almería 10.001-20.000 hab. 16.1816350
    364 Almería 10.001-20.000 hab. 16.1816350
    365 Almería Hasta 2.000 hab. 1.1584653
    366 Almería Hasta 2.000 hab. 1.1584653
    367 Almería Hasta 2.000 hab. 3.5462688
    368 Almería Hasta 2.000 hab. 3.5462688
    369 Almería Hasta 2.000 hab. 4.3083884
    370 Almería 5.001-10.000 hab. 16.5084928
    371 Almería 5.001-10.000 hab. 16.5084928
    372 Almería 5.001-10.000 hab. 16.5084928
    373 Almería Hasta 2.000 hab. 1.5256352
    374 Almería Hasta 2.000 hab. 1.5256352
    375 Almería Hasta 2.000 hab. 1.2470090
    376 Almería Hasta 2.000 hab. 1.2470090
    377 Almería 2.001-5.000 hab. 5.2473403
    378 Almería 2.001-5.000 hab. 5.2473403
    379 Almería <NA> 25.1055082
    380 Almería <NA> 25.1055082
    381 Almería <NA> 6.4350913
    382 Almería <NA> 6.4350913
    383 Almería <NA> 6.4350913
    384 Almería <NA> 8.3223761
    385 Almería <NA> 8.3223761
    386 Almería <NA> 5.9944132
    387 Almería <NA> 5.9944132
    388 Almería Hasta 2.000 hab. 3.6310744
    389 Almería Hasta 2.000 hab. 3.6310744
    390 Almería 10.001-20.000 hab. 8.1413816
    391 Almería 10.001-20.000 hab. 8.1413816
    392 Almería <NA> 22.8554513
    393 Almería <NA> 22.8554513
    394 Almería <NA> 22.8554513
    395 Almería 2.001-5.000 hab. 23.2737606
    396 Almería 2.001-5.000 hab. 23.2737606
    397 Almería Hasta 2.000 hab. 1.7700306
    398 Almería Hasta 2.000 hab. 1.7700306
    399 Almería Hasta 2.000 hab. 3.1762215
    400 Almería Hasta 2.000 hab. 3.1762215
    401 Almería Hasta 2.000 hab. 11.2250617
    402 Almería Hasta 2.000 hab. 11.2250617
    403 Almería Hasta 2.000 hab. 2.7471139
    404 Almería Hasta 2.000 hab. 2.7471139
    405 Almería 5.001-10.000 hab. 7.1248145
    406 Almería 5.001-10.000 hab. 7.1248145
    407 Almería 10.001-20.000 hab. 9.3592440
    408 Almería 10.001-20.000 hab. 25.0751300
    409 Almería 10.001-20.000 hab. 25.0751300
    410 Almería <NA> 13.4155854
    411 Almería <NA> 13.4155854
    412 Almería <NA> 9.8879372
    413 Almería 10.001-20.000 hab. 23.6144035
    414 Almería 10.001-20.000 hab. 23.6144035
    415 Almería <NA> 15.8932955
    416 Almería <NA> 15.8932955
    417 Almería <NA> 15.8932955
    418 Almería <NA> 15.8932955
    419 Almería <NA> 15.8932955
    420 Almería 5.001-10.000 hab. 5.7468577
    421 Almería 5.001-10.000 hab. 5.7468577
    422 Almería Hasta 2.000 hab. 18.7986985
    423 Almería Hasta 2.000 hab. 1.7945690
    424 Almería Hasta 2.000 hab. 1.7945690
    425 Almería 2.001-5.000 hab. 5.5266782
    426 Almería 2.001-5.000 hab. 5.5266782
    427 Almería <NA> 14.4776793
    428 Almería <NA> 14.4776793
    429 Almería <NA> 14.4776793
    430 Almería 2.001-5.000 hab. 31.3771808
    431 Almería <NA> 9.9541232
    432 Almería <NA> 9.9541232
    433 Almería Hasta 2.000 hab. 2.8047874
    434 Almería Hasta 2.000 hab. 2.8047874
    435 Almería <NA> 8.4414361
    436 Almería <NA> 8.4414361
    437 Almería <NA> 7.5232330
    438 Almería <NA> 7.5232330
    439 Almería <NA> 7.5232330
    440 Almería <NA> 9.0130518
    441 Almería <NA> 9.0130518
    442 Almería <NA> 9.0989874
    443 Almería <NA> 9.0989874
    444 Almería <NA> 8.6543864
    445 Almería <NA> 8.6543864
    446 Almería <NA> 12.2597490
    447 Almería <NA> 12.2597490
    448 Almería 10.001-20.000 hab. 4.3132288
    449 Almería 10.001-20.000 hab. 4.3132288
    450 Almería 10.001-20.000 hab. 4.3132288
    451 Almería 2.001-5.000 hab. 8.3115447
    452 Almería 2.001-5.000 hab. 8.3115447
    453 Almería 2.001-5.000 hab. 8.3115447
    454 Almería Hasta 2.000 hab. 3.3595886
    455 Almería Hasta 2.000 hab. 3.3595886
    456 Almería 2.001-5.000 hab. 13.3395610
    457 Almería 2.001-5.000 hab. 13.3395610
    458 Almería Hasta 2.000 hab. 7.2147050
    459 Almería Hasta 2.000 hab. 7.2147050
    460 Almería Hasta 2.000 hab. 4.2516373
    461 Almería Hasta 2.000 hab. 4.2516373
    462 Almería 2.001-5.000 hab. 8.9389525
    463 Almería 2.001-5.000 hab. 8.9389525
    464 Almería 2.001-5.000 hab. 8.9389525
    465 Almería 2.001-5.000 hab. 5.5982122
    466 Almería 2.001-5.000 hab. 5.5982122
    467 Almería <NA> 10.2408496
    468 Almería <NA> 10.2408496
    469 Almería <NA> 10.2408496
    470 Almería 10.001-20.000 hab. 11.4410341
    471 Almería 10.001-20.000 hab. 11.4410341
    472 Almería 10.001-20.000 hab. 11.4410341
    473 Almería <NA> 22.6324993
    474 Almería <NA> 22.6324993
    475 Almería <NA> 9.5116815
    476 Almería <NA> 9.5116815
    477 Almería <NA> 11.8424512
    478 Almería <NA> 11.8424512
    479 Almería <NA> 8.6871553
    480 Almería <NA> 8.6871553
    481 Almería <NA> 8.6871553
    482 Almería Hasta 2.000 hab. 7.3679203
    483 Almería Hasta 2.000 hab. 7.3679203
    484 Almería Hasta 2.000 hab. 1.6584605
    485 Almería Hasta 2.000 hab. 1.6584605
    486 Almería 10.001-20.000 hab. 17.8476056
    487 Almería 10.001-20.000 hab. 17.8476056
    488 Almería 10.001-20.000 hab. 6.0833758
    489 Almería 10.001-20.000 hab. 6.0833758
    490 Almería 10.001-20.000 hab. 6.0833758
    491 Almería 2.001-5.000 hab. 3.5436111
    492 Almería 2.001-5.000 hab. 3.5436111
    493 Almería 2.001-5.000 hab. 3.3438673
    494 Almería 2.001-5.000 hab. 3.3438673
    495 Almería 2.001-5.000 hab. 3.6548581
    496 Almería <NA> 13.0574881
    497 Almería <NA> 13.0574881
    498 Almería <NA> 13.0574881
    499 Almería Hasta 2.000 hab. 3.8011952
    500 Almería <NA> 11.8199683
    501 Almería <NA> 11.8199683
    502 Almería Hasta 2.000 hab. 2.0080567
    503 Almería Hasta 2.000 hab. 2.0080567
    504 Almería 2.001-5.000 hab. 21.3006844
    505 Almería 2.001-5.000 hab. 21.3006844
    506 Almería 5.001-10.000 hab. 5.2696305
    507 Almería <NA> 31.1519187
    508 Almería <NA> 31.1519187
    509 Almería <NA> 17.5613006
    510 Almería 2.001-5.000 hab. 8.8398841
    511 Almería 2.001-5.000 hab. 8.8398841
    512 Almería Hasta 2.000 hab. 3.4729517
    513 Almería Hasta 2.000 hab. 3.4729517
    514 Almería Hasta 2.000 hab. 3.4729517
    515 Almería Hasta 2.000 hab. 3.4729517
    516 Almería Hasta 2.000 hab. 3.4729517
    517 Almería 10.001-20.000 hab. 23.2319832
    518 Almería 10.001-20.000 hab. 23.2319832
    519 Almería Hasta 2.000 hab. 3.1042735
    520 Almería Hasta 2.000 hab. 3.1042735
    521 Almería Hasta 2.000 hab. 3.1042735
    522 Almería Hasta 2.000 hab. 1.2929816
    523 Almería Hasta 2.000 hab. 1.2929816
    524 Almería <NA> 8.1944088
    525 Almería <NA> 8.1944088
    526 Almería <NA> 27.5434049
    527 Almería <NA> 27.5434049
    528 Almería <NA> 27.5434049
    529 Almería <NA> 11.2360614
    530 Almería <NA> 11.2360614
    531 Almería <NA> 8.4187309
    532 Almería <NA> 8.4187309
    533 Almería 10.001-20.000 hab. 3.9683217
    534 Almería 10.001-20.000 hab. 3.9683217
    535 Almería 10.001-20.000 hab. 3.9683217
    536 Almería 10.001-20.000 hab. 3.9683217
    537 Almería Hasta 2.000 hab. 2.7735687
    538 Almería Hasta 2.000 hab. 2.7735687
    539 Almería 2.001-5.000 hab. 28.6939754
    540 Almería 2.001-5.000 hab. 28.6939754
    541 Almería 2.001-5.000 hab. 28.6939754
    542 Almería 2.001-5.000 hab. 28.6939754
    543 Almería Hasta 2.000 hab. 2.3622788
    544 Almería Hasta 2.000 hab. 2.3622788
    545 Almería 2.001-5.000 hab. 2.1804165
    546 Almería 2.001-5.000 hab. 2.1804165
    547 Almería Hasta 2.000 hab. 2.8792931
    548 Almería Hasta 2.000 hab. 2.6643884
    549 Almería Hasta 2.000 hab. 2.6643884
    550 Almería Hasta 2.000 hab. 6.8646200
    551 Almería <NA> 9.4462756
    552 Almería <NA> 9.4462756
    553 Almería Hasta 2.000 hab. 4.5716637
    554 Almería Hasta 2.000 hab. 4.5716637
    555 Almería Hasta 2.000 hab. 6.0968752
    556 Almería Hasta 2.000 hab. 3.7517974
    557 Almería Hasta 2.000 hab. 3.7517974
    558 Almería <NA> 54.5510813
    559 Almería <NA> 54.5510813
    560 Almería <NA> 54.5510813
    561 Almería <NA> 54.5510813
    562 Almería <NA> 22.2003545
    563 Almería <NA> 22.2003545
    564 Almería <NA> 17.0489729
    565 Almería <NA> 17.0489729
    566 Almería Hasta 2.000 hab. 1.9958848
    567 Almería Hasta 2.000 hab. 1.9958848
    568 Almería Hasta 2.000 hab. 1.3358781
    569 Almería <NA> 10.4429756
    570 Almería <NA> 10.4429756
    571 Almería Hasta 2.000 hab. 1.5735083
    572 Almería Hasta 2.000 hab. 1.5735083
    573 Almería <NA> 8.6543864
    574 Almería <NA> 8.6543864
    575 Almería <NA> 13.8383907
    576 Almería <NA> 13.8383907
    577 Almería <NA> 13.8383907
    578 Almería <NA> 13.8383907
    579 Almería <NA> 25.5275665
    580 Almería <NA> 25.5275665
    581 Almería <NA> 25.5275665
    582 Almería <NA> 10.3564643
    583 Almería <NA> 10.3564643
    584 Almería Hasta 2.000 hab. 2.3923417
    585 Almería Hasta 2.000 hab. 2.3923417
    586 Almería 2.001-5.000 hab. 6.4630747
    587 Almería 2.001-5.000 hab. 6.4630747
    588 Almería 2.001-5.000 hab. 4.8680512
    589 Almería 2.001-5.000 hab. 4.8680512
    590 Almería 2.001-5.000 hab. 4.8680512
    591 Almería 2.001-5.000 hab. 3.2696131
    592 Almería 2.001-5.000 hab. 3.2696131
    593 Almería 10.001-20.000 hab. 13.5580271
    594 Almería 10.001-20.000 hab. 13.5580271
    595 Almería 2.001-5.000 hab. 4.7778910
    596 Almería 2.001-5.000 hab. 4.7778910
    597 Almería <NA> 9.7889604
    598 Almería <NA> 9.7889604
    599 Almería 2.001-5.000 hab. 7.7896425
    600 Almería 2.001-5.000 hab. 5.4780235
    601 Almería 2.001-5.000 hab. 5.4780235
    602 Almería Hasta 2.000 hab. 5.1546861
    603 Almería <NA> 10.6478119
    604 Almería <NA> 10.6478119
    605 Almería 2.001-5.000 hab. 6.6666914
    606 Almería 2.001-5.000 hab. 3.6448136
    607 Almería 2.001-5.000 hab. 3.7464584
    608 Almería 2.001-5.000 hab. 3.7464584
    609 Almería <NA> 12.4120003
    610 Almería <NA> 12.4120003
    611 Almería Hasta 2.000 hab. 5.4377655
    612 Almería Hasta 2.000 hab. 5.4377655
    613 Almería Hasta 2.000 hab. 4.7373663
    614 Almería Hasta 2.000 hab. 4.7373663
    615 Almería <NA> 11.0399168
    616 Almería <NA> 11.0399168
    617 Almería <NA> 11.0399168
    618 Almería <NA> 11.0399168
    619 Almería Hasta 2.000 hab. 3.2071169
    620 Almería Hasta 2.000 hab. 3.2071169
    621 Almería Hasta 2.000 hab. 3.2071169
    622 Almería Hasta 2.000 hab. 2.3835630
    623 Almería Hasta 2.000 hab. 2.3835630
    624 Almería 5.001-10.000 hab. 7.9743501
    625 Almería 5.001-10.000 hab. 7.9743501
    626 Almería Hasta 2.000 hab. 3.4237458
    627 Almería Hasta 2.000 hab. 3.4237458
    628 Almería Hasta 2.000 hab. 3.4237458
    629 Almería Hasta 2.000 hab. 4.4607533
    630 Almería Hasta 2.000 hab. 4.4607533
    631 Almería Hasta 2.000 hab. 2.4808228
    632 Almería Hasta 2.000 hab. 2.4808228
    633 Almería Hasta 2.000 hab. 1.2485601
    634 Almería Hasta 2.000 hab. 1.2485601
    635 Almería <NA> 10.1628520
    636 Almería <NA> 10.1628520
    637 Almería <NA> 9.9552259
    638 Almería <NA> 15.1662956
    639 Almería <NA> 15.1662956
    640 Almería 2.001-5.000 hab. 8.6412520
    641 Almería 2.001-5.000 hab. 8.6412520
    642 Almería <NA> 11.8797307
    643 Almería <NA> 11.8797307
    644 Almería Hasta 2.000 hab. 4.0736312
    645 Almería 10.001-20.000 hab. 7.0360432
    646 Almería 10.001-20.000 hab. 7.0360432
    647 Almería 10.001-20.000 hab. 7.0360432
    648 Almería 10.001-20.000 hab. 6.2967896
    649 Almería 10.001-20.000 hab. 6.2967896
    650 Almería <NA> 11.0734973
    651 Almería <NA> 11.0734973
    652 Almería <NA> 11.0734973
    653 Almería <NA> 16.4731101
    654 Almería <NA> 16.4731101
    655 Almería <NA> 16.4731101
    656 Almería <NA> 9.8941618
    657 Almería <NA> 9.8941618
    658 Almería <NA> 9.8941618
    659 Almería <NA> 9.8941618
    660 Almería <NA> 22.5460960
    661 Almería <NA> 22.5460960
    662 Almería <NA> 22.5460960
    663 Almería <NA> 13.0851103
    664 Almería <NA> 13.0851103
    665 Almería <NA> 13.0851103
    666 Almería <NA> 13.9266552
    667 Almería <NA> 13.9266552
    668 Almería <NA> 13.9266552
    669 Almería <NA> 13.9266552
    670 Almería 5.001-10.000 hab. 24.6396817
    671 Almería 5.001-10.000 hab. 24.6396817
    672 Almería 5.001-10.000 hab. 24.6396817
    673 Almería <NA> 16.3232434
    674 Almería <NA> 16.3232434
    675 Almería <NA> 16.3232434
    676 Almería 2.001-5.000 hab. 5.5166668
    677 Almería 2.001-5.000 hab. 5.5166668
    678 Almería <NA> 15.7082626
    679 Almería <NA> 15.7082626
    680 Almería <NA> 15.7082626
    681 Almería <NA> 32.9343973
    682 Almería <NA> 32.9343973
    683 Almería 2.001-5.000 hab. 5.0263627
    684 Almería 2.001-5.000 hab. 5.0263627
    685 Almería 5.001-10.000 hab. 27.0622547
    686 Almería 5.001-10.000 hab. 27.0622547
    687 Almería Hasta 2.000 hab. 3.2567337
    688 Almería Hasta 2.000 hab. 3.2567337
    689 Almería 5.001-10.000 hab. 5.0888027
    690 Almería 5.001-10.000 hab. 5.0888027
    691 Almería 5.001-10.000 hab. 5.0888027
    692 Almería Hasta 2.000 hab. 6.3148804
    693 Almería Hasta 2.000 hab. 2.0319865
    694 Almería Hasta 2.000 hab. 2.0319865
    695 Almería <NA> 12.0630608
    696 Almería 10.001-20.000 hab. 16.2170169
    697 Almería 10.001-20.000 hab. 16.2170169
    698 Almería 10.001-20.000 hab. 16.2170169
    699 Almería Hasta 2.000 hab. 2.4210630
    700 Almería Hasta 2.000 hab. 2.4210630
    701 Almería Hasta 2.000 hab. 2.4210630
    702 Almería Hasta 2.000 hab. 2.4210630
    703 Almería Hasta 2.000 hab. 1.8691928
    704 Almería Hasta 2.000 hab. 1.8691928
    705 Almería Hasta 2.000 hab. 3.3060445
    706 Almería Hasta 2.000 hab. 3.3060445
    707 Almería Hasta 2.000 hab. 3.3060445
    708 Almería Hasta 2.000 hab. 3.3060445
    709 Almería <NA> 14.1795084
    710 Almería <NA> 14.1795084
    711 Almería 10.001-20.000 hab. 9.6155872
    712 Almería 10.001-20.000 hab. 9.6155872
    713 Almería 2.001-5.000 hab. 2.5606669
    714 Almería 2.001-5.000 hab. 2.5606669
    715 Almería 2.001-5.000 hab. 2.5606669
    716 Almería <NA> 10.3966438
    717 Almería <NA> 10.3966438
    718 Almería <NA> 10.3966438
    719 Almería <NA> 19.3776711
    720 Almería <NA> 19.3776711
    721 Almería Hasta 2.000 hab. 2.9419878
    722 Almería Hasta 2.000 hab. 2.9419878
    723 Almería 2.001-5.000 hab. 5.9892539
    724 Almería 10.001-20.000 hab. 13.1164296
    725 Almería 10.001-20.000 hab. 13.1164296
    726 Almería Hasta 2.000 hab. 4.8435366
    727 Almería Hasta 2.000 hab. 4.8435366
    728 Almería <NA> 6.9596335
    729 Almería <NA> 6.9596335
    730 Almería Hasta 2.000 hab. 3.0520674
    731 Almería <NA> 15.0188493
    732 Almería <NA> 15.0188493
    733 Almería <NA> 15.0188493
    734 Almería <NA> 15.0188493
    735 Almería <NA> 15.0188493
    736 Almería <NA> 15.0188493
    737 Almería Hasta 2.000 hab. 2.3069004
    738 Almería Hasta 2.000 hab. 2.3069004
    739 Almería <NA> 33.3155041
    740 Almería <NA> 33.3155041
    741 Almería <NA> 33.3155041
    742 Almería <NA> 33.3155041
    743 Almería <NA> 15.3063966
    744 Almería <NA> 15.3063966
    745 Almería <NA> 15.3063966
    746 Almería <NA> 15.3063966
    747 Almería Hasta 2.000 hab. 2.6517066
    748 Almería Hasta 2.000 hab. 2.6517066
    749 Almería Hasta 2.000 hab. 2.6517066
    750 Almería 2.001-5.000 hab. 11.1163181
    751 Almería 2.001-5.000 hab. 11.1163181
    752 Almería 10.001-20.000 hab. 9.8254432
    753 Almería 10.001-20.000 hab. 9.8254432
    754 Almería 10.001-20.000 hab. 9.8254432
    755 Almería Hasta 2.000 hab. 5.0227826
    756 Almería Hasta 2.000 hab. 5.0227826
    757 Almería Hasta 2.000 hab. 5.0227826
    758 Almería Hasta 2.000 hab. 5.0227826
    759 Almería Hasta 2.000 hab. 5.0227826
    760 Almería <NA> 11.9676356
    761 Almería <NA> 11.9676356
    762 Almería <NA> 11.9676356
    763 Almería <NA> 14.8749741
    764 Almería <NA> 14.8749741
    765 Almería <NA> 14.8749741
    766 Almería <NA> 14.6970955
    767 Almería <NA> 14.6970955
    768 Almería <NA> 14.6970955
    769 Almería 10.001-20.000 hab. 31.1703083
    770 Almería 10.001-20.000 hab. 31.1703083
    771 Almería <NA> 10.7920989
    772 Almería <NA> 10.7920989
    773 Almería <NA> 11.0491370
    774 Almería <NA> 11.0491370
    775 Almería <NA> 11.0491370
    776 Almería Hasta 2.000 hab. 1.8912230
    777 Almería Hasta 2.000 hab. 1.8912230
    778 Almería <NA> 6.6306979
    779 Almería <NA> 6.6306979
    780 Almería <NA> 6.6306979
    781 Almería 2.001-5.000 hab. 4.9577956
    782 Almería 2.001-5.000 hab. 4.9577956
    783 Almería 2.001-5.000 hab. 4.9577956
    784 Almería <NA> 14.8029438
    785 Almería <NA> 14.8029438
    786 Almería <NA> 10.6295030
    787 Almería <NA> 10.6295030
    788 Almería <NA> 10.6295030
    789 Almería <NA> 8.6821461
    790 Almería <NA> 8.6821461
    791 Almería <NA> 8.6821461
    792 Almería 5.001-10.000 hab. 7.2124592
    793 Almería 5.001-10.000 hab. 7.2124592
    794 Almería 5.001-10.000 hab. 9.1326720
    795 Almería 5.001-10.000 hab. 9.1326720
    796 Almería Hasta 2.000 hab. 2.2541834
    797 Almería Hasta 2.000 hab. 1.8246842
    798 Almería Hasta 2.000 hab. 1.8246842
    799 Almería 10.001-20.000 hab. 13.6406363
    800 Almería 10.001-20.000 hab. 13.6406363
    801 Almería <NA> 9.0861686
    802 Almería <NA> 9.0861686
    803 Almería 2.001-5.000 hab. 11.7459721
    804 Almería <NA> 7.7346592
    805 Almería <NA> 7.7346592
    806 Almería 2.001-5.000 hab. 8.2088023
    807 Almería 2.001-5.000 hab. 8.2088023
    808 Almería 2.001-5.000 hab. 8.2088023
    809 Almería <NA> 11.4727150
    810 Almería <NA> 11.4727150
    811 Almería <NA> 33.4412902
    812 Almería <NA> 33.4412902
    813 Almería Hasta 2.000 hab. 4.2514133
    814 Almería 5.001-10.000 hab. 13.5955956
    815 Almería 5.001-10.000 hab. 13.5955956
    816 Almería 5.001-10.000 hab. 13.5955956
    817 Almería Hasta 2.000 hab. 1.6092904
    818 Almería Hasta 2.000 hab. 1.6092904
    819 Almería <NA> 40.3031495
    820 Almería <NA> 40.3031495
    821 Almería <NA> 13.5468436
    822 Almería <NA> 13.5468436
    823 Almería 2.001-5.000 hab. 4.3173389
    824 Almería 2.001-5.000 hab. 4.3173389
    825 Almería <NA> 12.9155451
    826 Almería <NA> 12.9155451
    827 Almería <NA> 12.9155451
    828 Almería 10.001-20.000 hab. 71.8130587
    829 Almería 10.001-20.000 hab. 71.8130587
    830 Almería 10.001-20.000 hab. 71.8130587
    831 Almería <NA> 7.8515476
    832 Almería <NA> 7.8515476
    833 Almería 5.001-10.000 hab. 12.2509414
    834 Almería 5.001-10.000 hab. 12.2509414
    835 Almería 5.001-10.000 hab. 12.2509414
    836 Almería <NA> 17.3986773
    837 Almería <NA> 17.3986773
    838 Almería <NA> 17.3986773
    839 Almería 2.001-5.000 hab. 10.0571370
    840 Almería 2.001-5.000 hab. 10.0571370
    841 Almería <NA> 15.8256993
    842 Almería <NA> 15.8256993
    843 Almería <NA> 9.1138076
    844 Almería <NA> 9.1138076
    845 Almería <NA> 6.2457054
    846 Almería <NA> 6.2457054
    847 Almería <NA> 6.2457054
    848 Almería <NA> 7.8934361
    849 Almería <NA> 7.8934361
    850 Almería <NA> 7.8934361
    851 Almería <NA> 7.8934361
    852 Almería <NA> 11.2757835
    853 Almería <NA> 11.2757835
    854 Almería <NA> 11.2757835
    855 Almería <NA> 11.2757835
    856 Almería Hasta 2.000 hab. 12.5847820
    857 Almería Hasta 2.000 hab. 12.5847820
    858 Almería Hasta 2.000 hab. 6.5103996
    859 Almería 5.001-10.000 hab. 7.1748281
    860 Almería 5.001-10.000 hab. 7.1748281
    861 Almería 5.001-10.000 hab. 7.1748281
    862 Almería Hasta 2.000 hab. 3.9896813
    863 Almería Hasta 2.000 hab. 3.9896813
    864 Almería <NA> 6.2165205
    865 Almería <NA> 6.2165205
    866 Almería <NA> 6.2165205
    867 Almería <NA> 6.2165205
    868 Almería 10.001-20.000 hab. 12.1687452
    869 Almería 10.001-20.000 hab. 12.1687452
    870 Almería 10.001-20.000 hab. 12.1687452
    871 Almería 10.001-20.000 hab. 12.1687452
    872 Almería 10.001-20.000 hab. 12.1687452
    873 Almería 5.001-10.000 hab. 21.8946121
    874 Almería 5.001-10.000 hab. 21.8946121
    875 Almería 5.001-10.000 hab. 21.8946121
    876 Almería <NA> 17.2789674
    877 Almería <NA> 17.2789674
    878 Almería <NA> 17.2789674
    879 Almería <NA> 17.2789674
    880 Almería <NA> 6.8785374
    881 Almería <NA> 6.8785374
    882 Almería <NA> 6.8785374
    883 Almería 2.001-5.000 hab. 8.4706041
    884 Almería 5.001-10.000 hab. 24.0512127
    885 Almería 5.001-10.000 hab. 24.0512127
    886 Almería 10.001-20.000 hab. 25.7385183
    887 Almería <NA> 9.7491163
    888 Almería <NA> 9.7491163
    889 Almería <NA> 9.7491163
    890 Almería 2.001-5.000 hab. 5.5298018
    891 Almería 2.001-5.000 hab. 5.5298018
    892 Almería Hasta 2.000 hab. 1.5214106
    893 Almería Hasta 2.000 hab. 1.5214106
    894 Almería Hasta 2.000 hab. 3.2159411
    895 Almería Hasta 2.000 hab. 3.2159411
    896 Almería <NA> 11.3559978
    897 Almería <NA> 11.3559978
    898 Almería <NA> 9.1152642
    899 Almería <NA> 9.1152642
    900 Almería <NA> 12.3693929
    901 Almería <NA> 11.1495061
    902 Almería <NA> 11.1495061
    903 Almería <NA> 11.1495061
    904 Almería Hasta 2.000 hab. 1.2703286
    905 Almería Hasta 2.000 hab. 1.2703286
    906 Almería Hasta 2.000 hab. 1.2703286
    907 Almería 10.001-20.000 hab. 22.8397086
    908 Almería 10.001-20.000 hab. 22.8397086
    909 Almería 10.001-20.000 hab. 22.8397086
    910 Almería 10.001-20.000 hab. 22.8397086
    911 Almería 2.001-5.000 hab. 7.8614760
    912 Almería 2.001-5.000 hab. 7.8614760
    913 Almería 2.001-5.000 hab. 7.8614760
    914 Almería 2.001-5.000 hab. 7.8614760
    915 Almería 10.001-20.000 hab. 9.8956799
    916 Almería 10.001-20.000 hab. 9.8956799
    917 Almería 10.001-20.000 hab. 9.8956799
    918 Almería 10.001-20.000 hab. 9.8956799
    919 Almería 10.001-20.000 hab. 9.8956799
    920 Almería <NA> 12.3319491
    921 Almería <NA> 12.3319491
    922 Almería <NA> 12.3319491
    923 Almería <NA> 12.3319491
    924 Almería 2.001-5.000 hab. 7.0888538
    925 Almería 2.001-5.000 hab. 7.0888538
    926 Almería Hasta 2.000 hab. 1.8800582
    927 Almería Hasta 2.000 hab. 1.8800582
    928 Almería Hasta 2.000 hab. 1.8800582
    929 Almería Hasta 2.000 hab. 2.4830394
    930 Almería Hasta 2.000 hab. 2.4830394
    931 Almería Hasta 2.000 hab. 3.8591573
    932 Almería Hasta 2.000 hab. 3.8591573
    933 Almería Hasta 2.000 hab. 3.8591573
    934 Almería Hasta 2.000 hab. 3.8591573
    935 Almería 10.001-20.000 hab. 14.2520132
    936 Almería 10.001-20.000 hab. 14.2520132
    937 Almería 10.001-20.000 hab. 14.2520132
    938 Almería <NA> 9.6461292
    939 Almería <NA> 9.6461292
    940 Almería <NA> 9.6461292
    941 Almería <NA> 9.6461292
    942 Almería 2.001-5.000 hab. 7.4170718
    943 Almería <NA> 12.1637458
    944 Almería <NA> 12.1637458
    945 Almería <NA> 26.8622741
    946 Almería <NA> 26.8622741
    947 Almería <NA> 26.8622741
    948 Almería <NA> 26.8622741
    949 Almería 10.001-20.000 hab. 71.1233502
    950 Almería 10.001-20.000 hab. 71.1233502
    951 Almería 10.001-20.000 hab. 71.1233502
    952 Almería <NA> 20.1658165
    953 Almería <NA> 20.1658165
    954 Almería <NA> 20.1658165
    955 Almería <NA> 20.1658165
    956 Almería <NA> 20.1658165
    957 Almería <NA> 15.0947239
    958 Almería <NA> 15.0947239
    959 Almería <NA> 15.0947239
    960 Almería <NA> 15.0947239
    961 Almería <NA> 15.0947239
    962 Almería 10.001-20.000 hab. 17.5473587
    963 Almería 10.001-20.000 hab. 17.5473587
    964 Almería <NA> 14.3371917
    965 Almería <NA> 14.3371917
    966 Almería <NA> 14.3371917
    967 Almería <NA> 14.3371917
    968 Almería 2.001-5.000 hab. 18.9619707
    969 Almería 2.001-5.000 hab. 18.9619707
    970 Almería 2.001-5.000 hab. 10.5187042
    971 Almería 2.001-5.000 hab. 10.5187042
    972 Almería Hasta 2.000 hab. 3.6976280
    973 Almería Hasta 2.000 hab. 3.6976280
    974 Almería Hasta 2.000 hab. 3.6976280
    975 Almería Hasta 2.000 hab. 3.6976280
    976 Almería <NA> 46.6473243
    977 Almería <NA> 46.6473243
    978 Almería <NA> 46.6473243
    979 Almería <NA> 15.4315401
    980 Almería <NA> 12.3392695
    981 Almería <NA> 12.3392695
    982 Almería <NA> 12.3392695
    983 Almería <NA> 10.7975445
    984 Almería <NA> 10.7975445
    985 Almería <NA> 10.7975445
    986 Almería Hasta 2.000 hab. 2.8107383
    987 Almería Hasta 2.000 hab. 13.9880620
    988 Almería Hasta 2.000 hab. 13.9880620
    989 Almería <NA> 18.9444219
    990 Almería <NA> 18.9444219
    991 Almería <NA> 18.9444219
    992 Almería <NA> 18.9444219
    993 Almería Hasta 2.000 hab. 3.3382324
    994 Almería 10.001-20.000 hab. 13.4539123
    995 Almería 2.001-5.000 hab. 1.9575693
    996 Almería 2.001-5.000 hab. 1.9575693
    997 Almería 2.001-5.000 hab. 1.9575693
    998 Almería 2.001-5.000 hab. 1.9575693
    999 Almería 2.001-5.000 hab. 14.1877724
    1000 Almería 2.001-5.000 hab. 14.1877724
    >
    > # Read all rows
    > res <- censo2010(c.file, summary = FALSE)
    > summary(res)
     cpro cmun idhueco norden factor
     Almería:1000 : 26 Min. : 39 Min. : 1.00 Min. : 0.647
     :183 1st Qu.:11040 1st Qu.: 1.00 1st Qu.: 4.150
     : 22 Median :20270 Median : 2.00 Median : 8.641
     : 52 Mean :20340 Mean : 1.85 Mean :10.510
     : 19 3rd Qu.:30230 3rd Qu.: 2.00 3rd Qu.:13.200
     : 73 Max. :38540 Max. :10.00 Max. :71.810
     (Other):625
    
     mnac anac edad sexo
     Min. : 1.000 Min. :1914 Min. : 3.00 Hombre:562
     1st Qu.: 1.000 1st Qu.:1939 1st Qu.:56.00 Mujer :438
     Median : 1.000 Median :1947 Median :64.00
     Mean : 3.852 Mean :1951 Mean :59.95
     3rd Qu.: 6.000 3rd Qu.:1955 3rd Qu.:72.00
     Max. :12.000 Max. :2008 Max. :97.00
    
    
     naci cpaisn cpron
     Bélgica : 1 Bélgica : 1 Araba/Álava : 1
     España :912 España :905 Alicante/Alacant: 3
     Francia : 2 Francia : 2 Almería :775
     Italia : 1 Italia : 1 Badajoz : 2
     Países Bajos: 1 Países Bajos: 2 (Other) :124
     Reino Unido : 51 Reino Unido : 48 missing values : 0
     (Other) : 32 (Other) : 41 NAs : 95
    
     cmunn anores anom anoc
     : 7 Min. :1914 Min. :1914 Min. :1914
     : 21 1st Qu.:1974 1st Qu.:1946 1st Qu.:1940
     : 3 Median :1986 Median :1972 Median :1952
     : 1 Mean :1985 Mean :1969 Mean :1960
     (Other) :873 3rd Qu.:2000 3rd Qu.:1991 3rd Qu.:1984
     missing values: 0 Max. :2011 Max. :2011 Max. :2011
     NAs : 95
    
     anoe clpais clpro clmunp
     Min. :1914 Bélgica : 2 Alicante/Alacant: 5 : 3
     1st Qu.:1939 España :910 Almería :759 : 24
     Median :1949 Francia : 9 Balears, Illes : 2 : 1
     Mean :1956 Países Bajos: 2 Barcelona : 34 : 2
     3rd Qu.:1974 Reino Unido : 43 (Other) :110 (Other) :880
     Max. :2011 Alemania : 8 missing values : 0 missing values: 0
     (Other) : 26 NAs : 90 NAs : 90
    
     res_anterior cpaisunano cprounano cmunano
     Sí :519 España :997 Almería :992 : 26
     * : 0 Reino Unido: 2 Barcelona : 1 :185
     NAs:481 Alemania : 1 Granada : 1 : 1
     Madrid : 2 : 22
     Valencia/Valéncia: 1 (Other) :763
     * : 0 missing values: 0
     NAs : 3 NAs : 3
    
     res_unano cpaisdano cprodano cmundano
     Sí :989 Bélgica : 1 Alicante/Alacant: 3 : 24
     * : 0 España :930 Almería :902 : 1
     NAs: 11 Países Bajos : 2 Barcelona : 8 : 2
     Reino Unido : 39 Cádiz : 1 :188
     (Other) : 21 (Other) : 16 (Other) :715
     missing values: 0 missing values : 0 missing values: 0
     NAs : 7 NAs : 70 NAs : 70
    
     res_dano seg_viv seg_pais seg_prov
     Sí :857 Sí:178 España :134 Alicante/Alacant: 6
     * : 0 No:822 Francia : 6 Almería : 60
     NAs:143 Reino Unido : 10 Balears, Illes : 3
     Alemania : 4 Barcelona : 5
     (Other) : 24 (Other) : 60
     missing values: 0 missing values : 0
     NAs :822 NAs :866
    
     seg_mun seg_noches seg_disp ecivil escolar
     Min. : 2.0 Min. : 15.00 Sí : 92 Soltero :214 Sí : 23
     1st Qu. : 30.0 1st Qu. : 20.00 No : 86 Casado :711 No : 1
     Median : 79.0 Median : 43.50 * : 0 Viudo : 46 * : 0
     Mean :336.4 Mean : 57.37 NAs:822 Separado : 10 NAs:976
     3rd Qu. :991.0 3rd Qu. : 88.75 Divorciado: 19
     Max. :994.0 Max. :183.00
     Missings: 0.0 Missings: 0.00
     NAs :866.0 NAs :822.00
     esreal
     No sabe leer o escribir : 64
     Sabe leer y escribir pero fue menos de 5 años a la escuela :309
     Fue a la escuela 5 o más años pero no llegó al último curso de ESO, EGB o Bachiller Elemental :179
     Llegó al último curso de ESO, EGB o Bachiller Elemental o tiene el Certificado de Escolaridad o de Estudios Primarios:223
     (Other) :201
     missing values : 0
     NAs : 24
    
     testud
     Educación (Magisterio, Educación Infantil, Pedagogía, ...) : 27
     Artes y Humanidades (Historia, Lenguas, Imagen y Sonido,...) : 7
     Derecho y Ciencias Sociales (Administración, Psicología, Economía, Periodismo, …) : 27
     Ciencias (Biología, Química, Física, Matemáticas, ...) e Informática (incluída Ingeniería Informática): 15
     (Other) : 51
     missing values : 0
     NAs :873
    
     tarea1 tarea2 tarea3 tarea4 hijos nhijos
     Sí :111 Sí : 90 Sí : 20 Sí :415 Sí :308 Min. : 1.000
     No :865 No :886 No :956 No :561 No :124 1st Qu. : 2.000
     * : 0 * : 0 * : 0 * : 0 * : 0 Median : 3.000
     NAs: 24 NAs: 24 NAs: 24 NAs: 24 NAs:568 Mean : 2.815
     3rd Qu. : 3.000
     Max. : 9.000
     Missings: 0.000
     NAs :692.000
     rela jornada
     Ocupado :224 Tiempo completo:191
     Parado que ha trabajado antes :111 Tiempo parcial : 33
     Parado buscando su primer empleo : 27 * : 0
     Persona con invalidez laboral permanente: 10 NAs :776
     (Other) :604
     missing values : 0
     NAs : 24
    
     cno cnae
     Min. : 11.0 Min. : 1.0
     1st Qu. : 51.0 1st Qu. : 1.0
     Median : 61.0 Median : 46.0
     Mean : 62.8 Mean : 44.4
     3rd Qu. : 81.0 3rd Qu. : 81.0
     Max. : 98.0 Max. : 99.0
     Missings: 0.0 Missings: 0.0
     NAs :665.0 NAs :665.0
     situ
     Empresario, profesional o trabajador por cuenta propia que emplea personal : 30
     Empresario, profesional o trabajador por cuenta propia que no emplea personal: 32
     Trabajador por cuenta ajena fijo o indefinido :142
     Trabajador por cuenta ajena eventual o temporal :126
     (Other) : 5
     missing values : 0
     NAs :665
    
     cse
     Empresarios agrarios con asalariados : 14
     Empresarios agrarios sin asalariados : 11
     Resto de trabajadores de explotaciones agrarias : 59
     Profesionales, técnicos y asimilados que ejercen su actividad por cuenta propia, con o sin asalariados: 3
     (Other) :248
     missing values : 0
     NAs :665
    
     escur1
     ESO, Educación secundaria para adultos : 3
     Programas de Cualificación Profesional Inicial : 1
     Bachillerato : 1
     Grado Medio de FP, de Artes Plásticas y Diseño y de EE. Deportivas o equivalente: 3
     (Other) : 52
     missing values : 0
     NAs :940
    
     escur2
     Estudios de Grado Universitario y de Enseñanzas Artísticas y equivalentes: 1
     Licenciatura, Arquitectura, Ingeniería o equivalente : 1
     Otros cursos de formación no reglados : 2
     * : 0
     NAs :996
    
    
    
     escur3 ltraba paistraba protraba
     NA : 0 En el propio domicilio: 54 España:287 Almería :248
     * : 0 En varios municipios : 24 * : 0 Córdoba : 1
     NAs:1000 En este municipio :132 NAs :713 Granada : 3
     En otro municipio : 77 Madrid : 4
     * : 0 (Other) : 7
     NAs :713 missing values: 0
     NAs :737
    
     muntraba codtraba nviaje
     Min. : 3.0 Min. : 4009 Ninguno : 8
     1st Qu. : 13.0 1st Qu. :100000 Uno diario:114
     Median :902.0 Median :100000 Dos o más : 87
     Mean :549.2 Mean : 83190 * : 0
     3rd Qu. :992.0 3rd Qu. :100000 NAs :791
     Max. :994.0 Max. :100000
     Missings: 0.0 Missings: 0
     NAs :737.0 NAs : 737
     mdesp1
     En coche o furgoneta como conductor: 75
     En coche o furgoneta como pasajero : 23
     En autobús, autocar, minibús : 28
     En moto : 7
     (Other) : 68
     missing values : 0
     NAs :799
    
     mdesp2 tdesp
     En coche o furgoneta como pasajero: 1 Min. : 1.000
     En autobús, autocar, minibús : 1 1st Qu. : 1.000
     Andando : 4 Median : 2.000
     * : 0 Mean : 2.189
     NAs :994 3rd Qu. : 3.000
     Max. : 7.000
     Missings: 0.000
     NAs :799.000
     tenen
     Propia, por compra, totalmente pagada :698
     Propia, por compra, con pagos pendientes (hipotecas) :116
     Propia por herencia o donación : 99
     Alquilada : 28
     Cedida gratis o a bajo precio (por otro hogar, pagada por la empresa...): 7
     Otra forma : 52
    
    
     cale aseo
     Colectiva o central : 21 Sí:998
     Individual :124 No: 2
     No tiene calefacción pero sí algún aparato que permite calentar:531
     No tiene calefacción :324
    
    
    
    
     baduch internet
     Sí:989 Sí:330
     No: 11 No:670
    
    
    
    
    
    
     aguacor
     Agua corriente por abastecimiento público :970
     Agua corriente por abastecimiento privado o particular del edificio: 30
    
    
    
    
    
    
     sut nhab plantas plantab
     Min. : 40.00 Min. : 2.00 Min. : 1.000 Min. : 0.00000
     1st Qu.: 85.75 1st Qu.: 5.00 1st Qu. : 2.000 1st Qu. : 0.00000
     Median :100.00 Median : 5.00 Median : 2.000 Median : 0.00000
     Mean :112.10 Mean : 5.86 Mean : 2.621 Mean : 0.06904
     3rd Qu.:120.00 3rd Qu.: 7.00 3rd Qu. : 3.000 3rd Qu. : 0.00000
     Max. :400.00 Max. :19.00 Max. :10.000 Max. : 2.00000
     Missings: 0.000 Missings: 0.00000
     NAs :15.000 NAs :15.00000
     tipoedif anocons
     Destinado principal o exclusivamente a viviendas:979 1900 a 1920 : 70
     Destinado a otros fines : 6 1921 a 1940 : 24
     * : 0 1941 a 1950 : 22
     NAs : 15 1951 a 1960 : 26
     (Other) :837
     missing values: 0
     NAs : 21
    
     estado ascensor accesib garaje plazas gas
     Ruinoso : 3 Sí :158 Sí :200 Sí :390 1 :298 Sí : 9
     Malo : 6 No :821 No :779 No :589 2 : 26 No :970
     Deficiente: 35 * : 0 * : 0 * : 0 3 a 5 : 5 * : 0
     Bueno :935 NAs: 21 NAs: 21 NAs: 21 6 a 10 : 20 NAs: 21
     * : 0 (Other) : 41
     NAs : 21 missing values: 0
     NAs :610
    
     telef acal resid
     Sí :937 Sí :462 Alcantarillado :871
     No : 42 No :517 Otro tipo :103
     * : 0 * : 0 No tiene sistema evacuación aguas residuales: 5
     NAs: 21 NAs: 21 * : 0
     NAs : 21
    
    
    
     familia pad_norden mad_norden con_norden
     Min. :0.000 Min. : 1.000 Min. : 1.00 Min. : 1.000
     1st Qu.:1.000 1st Qu. : 1.000 1st Qu. : 2.00 1st Qu. : 1.000
     Median :1.000 Median : 1.000 Median : 2.00 Median : 2.000
     Mean :0.914 Mean : 1.182 Mean : 2.11 Mean : 1.547
     3rd Qu.:1.000 3rd Qu. : 1.000 3rd Qu. : 2.00 3rd Qu. : 2.000
     Max. :2.000 Max. : 7.000 Max. : 4.00 Max. : 4.000
     Missings: 0.000 Missings: 0.00 Missings: 0.000
     NAs :819.000 NAs :846.00 NAs :322.000
     opa_norden tipoper nucleo
     Min. : 1 :123 Min. :0.000
     1st Qu. : 3 Vive con su cónyuge :678 1st Qu.:1.000
     Median : 3 Hijo :178 Median :1.000
     Mean : 3 Madre que no vive con su cónyuge: 5 Mean :0.879
     3rd Qu. : 3 Padre que no vive con su cónyuge: 16 3rd Qu.:1.000
     Max. : 9 Max. :2.000
     Missings: 0
     NAs :615
     nmiem nfam nnuc ngener
     Min. :1.000 Min. :0.000 Min. :0.000 Min. :1.000
     1st Qu.:2.000 1st Qu.:1.000 1st Qu.:1.000 1st Qu.:1.000
     Median :2.000 Median :1.000 Median :1.000 Median :1.000
     Mean :2.646 Mean :0.916 Mean :0.904 Mean :1.466
     3rd Qu.:3.000 3rd Qu.:1.000 3rd Qu.:1.000 3rd Qu.:2.000
     Max. :8.000 Max. :2.000 Max. :2.000 Max. :3.000
    
    
     esthog
     Hogar con un hombre solo menor de 65 años : 18
     Hogar con un hombre solo de 65 años o más : 54
     Hogar con padre o madre que convive con algún hijo menor de 25 años : 13
     Hogar con padre o madre que convive con todos sus hijos de 25 años o más : 23
     Hogar formado por pareja sin hijos :448
     Hogar formado por pareja con hijos en donde algún hijo es menor de 25 años:143
     (Other) :301
    
     tipohog
     Hogar unipersonal : 72
     Hogar multipersonal pero que no forma familia : 16
     Hogar de una familia sin otras personas adicionales y ningún núcleo : 13
     Hogar de una familia sin otras personas adicionales y sólo un núcleo :817
     Hogar de una familia sin otras personas adicionales y un núcleo y otras personas: 73
     Hogar de una familia sin otras personas adicionales y dos núcleos o más : 5
     Hogar de dos o más familias : 4
    
     nocu nparain npfam npnuc
     Min. :1.000 Min. :1.000 Min. :0.000 Min. :0.000
     1st Qu.:1.000 1st Qu.:1.000 1st Qu.:2.000 1st Qu.:2.000
     Median :1.000 Median :2.000 Median :2.000 Median :2.000
     Mean :1.647 Mean :1.838 Mean :2.542 Mean :2.416
     3rd Qu.:2.000 3rd Qu.:2.000 3rd Qu.:3.000 3rd Qu.:3.000
     Max. :4.000 Max. :4.000 Max. :8.000 Max. :5.000
    
    
     hm5 h0515 h1624 h2534
     Min. :0.000 Min. :0.000 Min. :0.000 Min. :0.000
     1st Qu.:0.000 1st Qu.:0.000 1st Qu.:0.000 1st Qu.:0.000
     Median :0.000 Median :0.000 Median :0.000 Median :0.000
     Mean :0.005 Mean :0.111 Mean :0.183 Mean :0.271
     3rd Qu.:0.000 3rd Qu.:0.000 3rd Qu.:0.000 3rd Qu.:0.000
     Max. :1.000 Max. :3.000 Max. :2.000 Max. :2.000
    
    
     h3564 h6584 h85m hesphog
     Min. :0.000 Min. :0.000 Min. :0.000 Min. :0.000
     1st Qu.:0.000 1st Qu.:0.000 1st Qu.:0.000 1st Qu.:1.000
     Median :1.000 Median :1.000 Median :0.000 Median :1.000
     Mean :1.052 Mean :0.947 Mean :0.077 Mean :1.341
     3rd Qu.:2.000 3rd Qu.:2.000 3rd Qu.:0.000 3rd Qu.:2.000
     Max. :4.000 Max. :3.000 Max. :2.000 Max. :6.000
    
    
     mesphog hexthog mexthog combinac
     Min. :0.000 Min. :0.000 Min. :0.000 Todos españoles :903
     1st Qu.:1.000 1st Qu.:0.000 1st Qu.:0.000 Algún extranjero: 97
     Median :1.000 Median :0.000 Median :0.000
     Mean :1.081 Mean :0.115 Mean :0.109
     3rd Qu.:1.000 3rd Qu.:0.000 3rd Qu.:0.000
     Max. :4.000 Max. :2.000 Max. :3.000
    
    
     edadpad paisnacpad nacipad ecivpad
     35 a 39 : 2 Bélgica : 1 Española :168 Soltero : 1
     40 a 44 : 4 España :902 Extranjera: 13 Casado :158
     45 a 49 : 9 Italia : 1 * : 0 Viudo : 3
     55 a 59 : 57 Países Bajos: 1 NAs :819 Separado : 2
     (Other) :109 Reino Unido : 47 Divorciado: 17
     missing values: 0 Alemania : 2 * : 0
     NAs :819 (Other) : 46 NAs :819
    
     estupad situpad
     Analfabetos : 17 Ocupado/a a tiempo completo : 69
     Sin estudios : 52 Ocupado/a a tiempo parcial : 11
     Primer grado : 39 Parado/a que ha trabajado antes : 16
     Segundo grado: 60 Persona con invalidez permanente : 3
     Tercer grado : 13 (Other) : 82
     * : 0 missing values : 0
     NAs :819 NAs :819
    
     sitppad edadmad
     Empresario que emplea personal : 22 30 a 34 : 4
     Empresario que no emplea personal: 15 35 a 39 : 4
     Trabajador fijo o indefinido : 40 40 a 44 : 3
     Trabajador eventual o temporal : 19 45 a 49 : 15
     No es aplicable : 85 (Other) :128
     * : 0 missing values: 0
     NAs :819 NAs :846
    
     paisnacmad nacimad ecivmad estumad
     Bélgica : 1 Española :143 Casado :147 Analfabetos : 14
     España :906 Extranjera: 11 Separado : 2 Sin estudios : 33
     Francia : 1 * : 0 Divorciado: 5 Primer grado : 38
     Países Bajos: 1 NAs :846 * : 0 Segundo grado: 63
     Reino Unido : 48 NAs :846 Tercer grado : 6
     Alemania : 2 * : 0
     (Other) : 41 NAs :846
    
     situmad
     Ocupado/a a tiempo completo : 48
     Ocupado/a a tiempo parcial : 11
     Parado/a que ha trabajado antes : 28
     Parado/a buscando primer empleo : 2
     (Other) : 65
     missing values : 0
     NAs :846
    
     sitpmad edadcon
     Empresario que emplea personal : 7 30 a 34 : 3
     Empresario que no emplea personal: 12 35 a 39 : 5
     Trabajador fijo o indefinido : 26 40 a 44 : 8
     Trabajador eventual o temporal : 39 45 a 49 : 14
     (Other) : 70 (Other) :648
     missing values : 0 missing values: 0
     NAs :846 NAs :322
    
     naccon nacicon ecivcon
     España :607 Española :612 Soltero : 7
     Estado miembro de la UE : 46 Extranjera: 66 Casado :662
     Estado fuera de la UE pero en Europa: 1 * : 0 Separado : 6
     Estado fuera de la UE pero en África: 14 NAs :322 Divorciado: 3
     (Other) : 10 * : 0
     missing values : 0 NAs :322
     NAs :322
    
     estucon situcon
     Analfabetos : 44 Ocupado/a a tiempo completo :127
     Sin estudios :248 Ocupado/a a tiempo parcial : 21
     Primer grado :135 Parado/a que ha trabajado antes : 62
     Segundo grado:212 Parado/a buscando primer empleo : 6
     Tercer grado : 39 (Other) :462
     * : 0 missing values : 0
     NAs :322 NAs :322
    
     sitpcon tiponuc tamnuc
     Empresario que emplea personal : 22 Pareja sin hijos:464 2 :496
     Empresario que no emplea personal: 27 Pareja con hijos:366 3 :219
     Trabajador fijo o indefinido : 89 Padre con hijos : 36 4 :122
     Trabajador eventual o temporal : 70 Madre sin hijos : 11 5 : 40
     (Other) :470 * : 0 * : 0
     missing values : 0 NAs :123 NAs:123
     NAs :322
    
     nhijo nhijoc famnum
     Min. : 0.0000 Min. : 0.0000 No :867
     1st Qu. : 0.0000 1st Qu. : 0.0000 Sí : 10
     Median : 0.0000 Median : 0.0000 * : 0
     Mean : 0.7184 Mean : 0.6294 NAs:123
     3rd Qu. : 1.0000 3rd Qu. : 1.0000
     Max. : 3.0000 Max. : 3.0000
     Missings: 0.0000 Missings: 0.0000
     NAs :123.0000 NAs :123.0000
     tipopareciv tipoparsex
     Pareja de derecho :808 Pareja de distinto sexo:830
     Pareja de hecho (ambos solteros): 4 Núcleo que no es pareja: 47
     Pareja de hecho (otro tipo) : 18 * : 0
     Núcleo que no es pareja : 47 NAs :123
     * : 0
     NAs :123
    
    
     difedad
     10 años o más la mujer que el hombre : 2
     Entre 5 y 9 años más la mujer que el hombre: 2
     Entre 1 y 4 años más la mujer que el hombre: 36
     Igual edad : 85
     (Other) :752
     missing values : 0
     NAs :123
    
    >
    > summary(as.data.frame(res))
    Error in `levels<-`(`*tmp*`, value = if (nl == nL) as.character(labels) else paste0(labels, :
     factor level [12] is duplicated
    Calls: summary ... as.data.frame.double.item -> as.factor -> as.factor
    Execution halted
Flavors: r-devel-linux-x86_64-debian-gcc, r-devel-linux-x86_64-fedora-clang, r-devel-linux-x86_64-fedora-gcc, r-devel-osx-x86_64-clang

Version: 0.7.1
Check: examples
Result: ERROR
    Running examples in 'MicroDatosEs-Ex.R' failed
    The error most likely occurred in:
    
    > ### Name: censo2010
    > ### Title: Reads microdata for the 2010 decennial census provided by the
    > ### INE
    > ### Aliases: censo2010
    > ### Keywords: manip
    >
    > ### ** Examples
    >
    > ## The first 1000 lines from the census file are provided within the package
    > c.file <- system.file("extdata", "sampleCenso2010.txt", package = "MicroDatosEs")
    >
    > # Get a summary of the contents of the census
    > censo2010(c.file)
     Length Class Mode
    cpro 0 double.item numeric
    cmun 0 double.item numeric
    idhueco 0 double.item numeric
    norden 0 double.item numeric
    factor 0 double.item numeric
    mnac 0 double.item numeric
    anac 0 double.item numeric
    edad 0 double.item numeric
    sexo 0 double.item numeric
    naci 0 double.item numeric
    cpaisn 0 double.item numeric
    cpron 0 double.item numeric
    cmunn 0 double.item numeric
    anores 0 double.item numeric
    anom 0 double.item numeric
    anoc 0 double.item numeric
    anoe 0 double.item numeric
    clpais 0 double.item numeric
    clpro 0 double.item numeric
    clmunp 0 double.item numeric
    res_anterior 0 double.item numeric
    cpaisunano 0 double.item numeric
    cprounano 0 double.item numeric
    cmunano 0 double.item numeric
    res_unano 0 double.item numeric
    cpaisdano 0 double.item numeric
    cprodano 0 double.item numeric
    cmundano 0 double.item numeric
    res_dano 0 double.item numeric
    seg_viv 0 double.item numeric
    seg_pais 0 double.item numeric
    seg_prov 0 double.item numeric
    seg_mun 0 double.item numeric
    seg_noches 0 double.item numeric
    seg_disp 0 double.item numeric
    ecivil 0 double.item numeric
    escolar 0 double.item numeric
    esreal 0 double.item numeric
    testud 0 double.item numeric
    tarea1 0 double.item numeric
    tarea2 0 double.item numeric
    tarea3 0 double.item numeric
    tarea4 0 double.item numeric
    hijos 0 double.item numeric
    nhijos 0 double.item numeric
    rela 0 double.item numeric
    jornada 0 double.item numeric
    cno 0 double.item numeric
    cnae 0 double.item numeric
    situ 0 double.item numeric
    cse 0 double.item numeric
    escur1 0 double.item numeric
    escur2 0 double.item numeric
    escur3 0 double.item numeric
    ltraba 0 double.item numeric
    paistraba 0 double.item numeric
    protraba 0 double.item numeric
    muntraba 0 double.item numeric
    codtraba 0 double.item numeric
    nviaje 0 double.item numeric
    mdesp1 0 double.item numeric
    mdesp2 0 double.item numeric
    tdesp 0 double.item numeric
    tenen 0 double.item numeric
    cale 0 double.item numeric
    aseo 0 double.item numeric
    baduch 0 double.item numeric
    internet 0 double.item numeric
    aguacor 0 double.item numeric
    sut 0 double.item numeric
    nhab 0 double.item numeric
    plantas 0 double.item numeric
    plantab 0 double.item numeric
    tipoedif 0 double.item numeric
    anocons 0 double.item numeric
    estado 0 double.item numeric
    ascensor 0 double.item numeric
    accesib 0 double.item numeric
    garaje 0 double.item numeric
    plazas 0 double.item numeric
    gas 0 double.item numeric
    telef 0 double.item numeric
    acal 0 double.item numeric
    resid 0 double.item numeric
    familia 0 double.item numeric
    pad_norden 0 double.item numeric
    mad_norden 0 double.item numeric
    con_norden 0 double.item numeric
    opa_norden 0 double.item numeric
    tipoper 0 character.item character
    nucleo 0 double.item numeric
    nmiem 0 double.item numeric
    nfam 0 double.item numeric
    nnuc 0 double.item numeric
    ngener 0 double.item numeric
    esthog 0 double.item numeric
    tipohog 0 double.item numeric
    nocu 0 double.item numeric
    nparain 0 double.item numeric
    npfam 0 double.item numeric
    npnuc 0 double.item numeric
    hm5 0 double.item numeric
    h0515 0 double.item numeric
    h1624 0 double.item numeric
    h2534 0 double.item numeric
    h3564 0 double.item numeric
    h6584 0 double.item numeric
    h85m 0 double.item numeric
    hesphog 0 double.item numeric
    mesphog 0 double.item numeric
    hexthog 0 double.item numeric
    mexthog 0 double.item numeric
    combinac 0 double.item numeric
    edadpad 0 double.item numeric
    paisnacpad 0 double.item numeric
    nacipad 0 double.item numeric
    ecivpad 0 double.item numeric
    estupad 0 double.item numeric
    situpad 0 double.item numeric
    sitppad 0 double.item numeric
    edadmad 0 double.item numeric
    paisnacmad 0 double.item numeric
    nacimad 0 double.item numeric
    ecivmad 0 double.item numeric
    estumad 0 double.item numeric
    situmad 0 double.item numeric
    sitpmad 0 double.item numeric
    edadcon 0 double.item numeric
    naccon 0 double.item numeric
    nacicon 0 double.item numeric
    ecivcon 0 double.item numeric
    estucon 0 double.item numeric
    situcon 0 double.item numeric
    sitpcon 0 double.item numeric
    tiponuc 0 double.item numeric
    tamnuc 0 double.item numeric
    nhijo 0 double.item numeric
    nhijoc 0 double.item numeric
    famnum 0 double.item numeric
    tipopareciv 0 double.item numeric
    tipoparsex 0 double.item numeric
    difedad 0 double.item numeric
    
    Data set with 1000 observations and 142 variables
    
     cpro cmun idhueco norden factor mnac anac edad ...
     1 Almería 2.001-5.000 hab. 39 1 3.5052767 4 1959 52 ...
     2 Almería 2.001-5.000 hab. 39 2 3.5052767 6 1988 23 ...
     3 Almería 2.001-5.000 hab. 39 3 3.5052767 1 1914 97 ...
     4 Almería 10.001-20.000 hab. 67 1 6.1238316 1 1915 96 ...
     5 Almería Hasta 2.000 hab. 143 1 2.5332141 1 1917 94 ...
     6 Almería 3 205 1 8.2489464 1 1918 93 ...
     7 Almería 3 205 2 8.2489464 3 1925 86 ...
     8 Almería 10.001-20.000 hab. 358 1 5.1465916 1 1920 91 ...
     9 Almería 10.001-20.000 hab. 358 2 5.1465916 1 1922 89 ...
    10 Almería 10.001-20.000 hab. 358 3 5.1465916 4 1950 61 ...
    11 Almería 13 359 1 13.4829814 1 1920 91 ...
    12 Almería 13 359 2 13.4829814 12 1927 83 ...
    13 Almería Hasta 2.000 hab. 360 1 0.6469699 1 1920 91 ...
    14 Almería Hasta 2.000 hab. 360 2 0.6469699 6 1927 84 ...
    15 Almería Hasta 2.000 hab. 360 3 0.6469699 6 1952 59 ...
    16 Almería Hasta 2.000 hab. 360 4 0.6469699 4 1964 47 ...
    17 Almería Hasta 2.000 hab. 361 1 2.7457384 7 1945 66 ...
    18 Almería Hasta 2.000 hab. 361 2 2.7457384 3 1946 65 ...
    19 Almería Hasta 2.000 hab. 361 3 2.7457384 1 1920 91 ...
    20 Almería Hasta 2.000 hab. 744 1 2.1780382 1 1922 89 ...
    21 Almería 13 745 1 27.3106971 1 1922 89 ...
    22 Almería 13 745 2 27.3106971 6 1938 73 ...
    23 Almería 2.001-5.000 hab. 746 1 6.6876018 1 1922 89 ...
    24 Almería 2.001-5.000 hab. 746 2 6.6876018 9 1923 88 ...
    25 Almería 10.001-20.000 hab. 747 1 12.3475209 1 1922 89 ...
    .. ....... .................. ....... ...... .......... .... .... .... ...
    (25 of 1000 observations shown)
    >
    > # Read a selection of rows
    > res <- censo2010(c.file, columns = c("cpro", "cmun", "factor"), summary = FALSE)
    >
    > # Turn them into a regular data.frame
    > as.data.frame(res)
     cpro cmun factor
    1 Almería 2.001-5.000 hab. 3.5052767
    2 Almería 2.001-5.000 hab. 3.5052767
    3 Almería 2.001-5.000 hab. 3.5052767
    4 Almería 10.001-20.000 hab. 6.1238316
    5 Almería Hasta 2.000 hab. 2.5332141
    6 Almería <NA> 8.2489464
    7 Almería <NA> 8.2489464
    8 Almería 10.001-20.000 hab. 5.1465916
    9 Almería 10.001-20.000 hab. 5.1465916
    10 Almería 10.001-20.000 hab. 5.1465916
    11 Almería <NA> 13.4829814
    12 Almería <NA> 13.4829814
    13 Almería Hasta 2.000 hab. 0.6469699
    14 Almería Hasta 2.000 hab. 0.6469699
    15 Almería Hasta 2.000 hab. 0.6469699
    16 Almería Hasta 2.000 hab. 0.6469699
    17 Almería Hasta 2.000 hab. 2.7457384
    18 Almería Hasta 2.000 hab. 2.7457384
    19 Almería Hasta 2.000 hab. 2.7457384
    20 Almería Hasta 2.000 hab. 2.1780382
    21 Almería <NA> 27.3106971
    22 Almería <NA> 27.3106971
    23 Almería 2.001-5.000 hab. 6.6876018
    24 Almería 2.001-5.000 hab. 6.6876018
    25 Almería 10.001-20.000 hab. 12.3475209
    26 Almería 10.001-20.000 hab. 12.3475209
    27 Almería Hasta 2.000 hab. 3.5592872
    28 Almería Hasta 2.000 hab. 2.4898289
    29 Almería Hasta 2.000 hab. 2.4898289
    30 Almería Hasta 2.000 hab. 2.4898289
    31 Almería Hasta 2.000 hab. 6.1093259
    32 Almería Hasta 2.000 hab. 6.1093259
    33 Almería 2.001-5.000 hab. 4.8336816
    34 Almería 2.001-5.000 hab. 4.8336816
    35 Almería Hasta 2.000 hab. 10.1903628
    36 Almería Hasta 2.000 hab. 10.1903628
    37 Almería Hasta 2.000 hab. 7.7024078
    38 Almería Hasta 2.000 hab. 5.7851071
    39 Almería Hasta 2.000 hab. 5.7851071
    40 Almería 2.001-5.000 hab. 4.5667461
    41 Almería 2.001-5.000 hab. 4.5667461
    42 Almería Hasta 2.000 hab. 4.3967421
    43 Almería Hasta 2.000 hab. 4.3967421
    44 Almería Hasta 2.000 hab. 2.9542819
    45 Almería Hasta 2.000 hab. 2.9542819
    46 Almería 2.001-5.000 hab. 3.4914525
    47 Almería Hasta 2.000 hab. 1.4137394
    48 Almería 5.001-10.000 hab. 9.3196330
    49 Almería 5.001-10.000 hab. 9.3196330
    50 Almería <NA> 10.0718393
    51 Almería <NA> 10.0718393
    52 Almería 2.001-5.000 hab. 6.8117363
    53 Almería 2.001-5.000 hab. 6.8117363
    54 Almería 2.001-5.000 hab. 4.1665303
    55 Almería 2.001-5.000 hab. 11.4316056
    56 Almería 2.001-5.000 hab. 11.4316056
    57 Almería 2.001-5.000 hab. 11.4316056
    58 Almería Hasta 2.000 hab. 3.9427534
    59 Almería Hasta 2.000 hab. 3.9427534
    60 Almería Hasta 2.000 hab. 4.1334380
    61 Almería Hasta 2.000 hab. 4.1334380
    62 Almería <NA> 7.3486837
    63 Almería <NA> 7.3486837
    64 Almería Hasta 2.000 hab. 5.4114699
    65 Almería Hasta 2.000 hab. 6.1285220
    66 Almería 5.001-10.000 hab. 24.9742161
    67 Almería 5.001-10.000 hab. 6.8851124
    68 Almería 5.001-10.000 hab. 6.8851124
    69 Almería 5.001-10.000 hab. 6.8851124
    70 Almería 5.001-10.000 hab. 6.8851124
    71 Almería 5.001-10.000 hab. 6.8851124
    72 Almería <NA> 9.0277731
    73 Almería <NA> 9.0277731
    74 Almería <NA> 9.0277731
    75 Almería <NA> 12.1607951
    76 Almería <NA> 12.1607951
    77 Almería Hasta 2.000 hab. 1.1610805
    78 Almería Hasta 2.000 hab. 1.1610805
    79 Almería 10.001-20.000 hab. 37.4690550
    80 Almería 10.001-20.000 hab. 37.4690550
    81 Almería 10.001-20.000 hab. 37.4690550
    82 Almería 10.001-20.000 hab. 37.4690550
    83 Almería 10.001-20.000 hab. 37.4690550
    84 Almería <NA> 12.4629869
    85 Almería <NA> 12.4629869
    86 Almería <NA> 12.4629869
    87 Almería 2.001-5.000 hab. 3.2159775
    88 Almería 2.001-5.000 hab. 3.2159775
    89 Almería 2.001-5.000 hab. 3.2159775
    90 Almería 5.001-10.000 hab. 15.7875211
    91 Almería 5.001-10.000 hab. 15.7875211
    92 Almería Hasta 2.000 hab. 2.3672922
    93 Almería Hasta 2.000 hab. 2.3672922
    94 Almería <NA> 12.3545259
    95 Almería <NA> 12.3545259
    96 Almería Hasta 2.000 hab. 1.9874280
    97 Almería Hasta 2.000 hab. 1.9874280
    98 Almería Hasta 2.000 hab. 3.4420850
    99 Almería Hasta 2.000 hab. 4.4619975
    100 Almería Hasta 2.000 hab. 4.4619975
    101 Almería Hasta 2.000 hab. 3.6635445
    102 Almería 5.001-10.000 hab. 7.7810215
    103 Almería 5.001-10.000 hab. 7.7810215
    104 Almería Hasta 2.000 hab. 2.7957362
    105 Almería Hasta 2.000 hab. 2.7957362
    106 Almería Hasta 2.000 hab. 2.7957362
    107 Almería <NA> 9.1446443
    108 Almería <NA> 9.1446443
    109 Almería 2.001-5.000 hab. 8.7584675
    110 Almería <NA> 11.1683412
    111 Almería <NA> 11.1683412
    112 Almería <NA> 11.1683412
    113 Almería <NA> 13.1577461
    114 Almería 10.001-20.000 hab. 21.3133142
    115 Almería 10.001-20.000 hab. 21.3133142
    116 Almería 5.001-10.000 hab. 8.4182390
    117 Almería 5.001-10.000 hab. 8.4182390
    118 Almería 5.001-10.000 hab. 9.4194316
    119 Almería 5.001-10.000 hab. 9.4194316
    120 Almería 5.001-10.000 hab. 6.2875143
    121 Almería Hasta 2.000 hab. 6.1567168
    122 Almería Hasta 2.000 hab. 6.1567168
    123 Almería 2.001-5.000 hab. 8.0525630
    124 Almería 2.001-5.000 hab. 8.0525630
    125 Almería Hasta 2.000 hab. 4.3630798
    126 Almería 5.001-10.000 hab. 12.8765863
    127 Almería 5.001-10.000 hab. 12.8765863
    128 Almería <NA> 37.0606493
    129 Almería <NA> 37.0606493
    130 Almería <NA> 14.0663119
    131 Almería <NA> 14.3280924
    132 Almería <NA> 14.3280924
    133 Almería <NA> 14.3280924
    134 Almería <NA> 14.3280924
    135 Almería <NA> 11.7113150
    136 Almería <NA> 11.7113150
    137 Almería <NA> 11.7113150
    138 Almería Hasta 2.000 hab. 11.6679157
    139 Almería Hasta 2.000 hab. 11.6679157
    140 Almería 5.001-10.000 hab. 17.3915055
    141 Almería 5.001-10.000 hab. 17.3915055
    142 Almería 5.001-10.000 hab. 8.0341133
    143 Almería 5.001-10.000 hab. 8.0341133
    144 Almería Hasta 2.000 hab. 4.0351072
    145 Almería Hasta 2.000 hab. 4.0351072
    146 Almería Hasta 2.000 hab. 5.6056205
    147 Almería Hasta 2.000 hab. 5.6056205
    148 Almería 2.001-5.000 hab. 13.0228556
    149 Almería 2.001-5.000 hab. 13.0228556
    150 Almería 2.001-5.000 hab. 13.0228556
    151 Almería 2.001-5.000 hab. 5.8971211
    152 Almería 2.001-5.000 hab. 5.8971211
    153 Almería 2.001-5.000 hab. 5.8971211
    154 Almería 2.001-5.000 hab. 5.8971211
    155 Almería 2.001-5.000 hab. 5.8971211
    156 Almería 2.001-5.000 hab. 5.8971211
    157 Almería 2.001-5.000 hab. 5.8971211
    158 Almería 2.001-5.000 hab. 5.8971211
    159 Almería Hasta 2.000 hab. 2.1548509
    160 Almería Hasta 2.000 hab. 2.1548509
    161 Almería 2.001-5.000 hab. 3.9469657
    162 Almería Hasta 2.000 hab. 1.7101085
    163 Almería Hasta 2.000 hab. 1.7101085
    164 Almería <NA> 14.5374406
    165 Almería <NA> 14.5374406
    166 Almería <NA> 9.8141006
    167 Almería <NA> 10.7476819
    168 Almería <NA> 9.8033370
    169 Almería <NA> 12.7107583
    170 Almería <NA> 12.7107583
    171 Almería Hasta 2.000 hab. 1.1389155
    172 Almería Hasta 2.000 hab. 1.1389155
    173 Almería Hasta 2.000 hab. 2.4333445
    174 Almería Hasta 2.000 hab. 2.4333445
    175 Almería Hasta 2.000 hab. 2.4333445
    176 Almería Hasta 2.000 hab. 3.7432115
    177 Almería Hasta 2.000 hab. 3.7432115
    178 Almería Hasta 2.000 hab. 1.9186078
    179 Almería Hasta 2.000 hab. 1.9186078
    180 Almería 10.001-20.000 hab. 14.4172597
    181 Almería 10.001-20.000 hab. 14.4172597
    182 Almería Hasta 2.000 hab. 4.8782947
    183 Almería Hasta 2.000 hab. 4.8782947
    184 Almería <NA> 12.6061316
    185 Almería <NA> 12.6061316
    186 Almería <NA> 12.8536840
    187 Almería <NA> 12.8536840
    188 Almería <NA> 9.3594266
    189 Almería <NA> 9.3594266
    190 Almería Hasta 2.000 hab. 3.9289110
    191 Almería Hasta 2.000 hab. 3.9289110
    192 Almería Hasta 2.000 hab. 2.6983379
    193 Almería Hasta 2.000 hab. 2.6983379
    194 Almería Hasta 2.000 hab. 1.7924536
    195 Almería Hasta 2.000 hab. 1.3878599
    196 Almería Hasta 2.000 hab. 1.3878599
    197 Almería Hasta 2.000 hab. 1.6732490
    198 Almería Hasta 2.000 hab. 1.6732490
    199 Almería Hasta 2.000 hab. 3.4504263
    200 Almería Hasta 2.000 hab. 3.4504263
    201 Almería Hasta 2.000 hab. 3.6635445
    202 Almería Hasta 2.000 hab. 1.4619277
    203 Almería Hasta 2.000 hab. 1.4619277
    204 Almería 2.001-5.000 hab. 4.8592144
    205 Almería Hasta 2.000 hab. 7.7216491
    206 Almería Hasta 2.000 hab. 7.7216491
    207 Almería Hasta 2.000 hab. 7.7216491
    208 Almería 10.001-20.000 hab. 8.8901755
    209 Almería 10.001-20.000 hab. 8.8901755
    210 Almería 10.001-20.000 hab. 6.1238316
    211 Almería Hasta 2.000 hab. 2.6094623
    212 Almería Hasta 2.000 hab. 2.6094623
    213 Almería Hasta 2.000 hab. 2.6094623
    214 Almería Hasta 2.000 hab. 2.6094623
    215 Almería Hasta 2.000 hab. 2.6094623
    216 Almería 10.001-20.000 hab. 32.8607210
    217 Almería 10.001-20.000 hab. 32.8607210
    218 Almería Hasta 2.000 hab. 5.8250449
    219 Almería Hasta 2.000 hab. 4.0942924
    220 Almería Hasta 2.000 hab. 4.0942924
    221 Almería Hasta 2.000 hab. 4.4826463
    222 Almería Hasta 2.000 hab. 4.4826463
    223 Almería Hasta 2.000 hab. 1.3878599
    224 Almería Hasta 2.000 hab. 1.3878599
    225 Almería Hasta 2.000 hab. 4.5501837
    226 Almería Hasta 2.000 hab. 4.5501837
    227 Almería 5.001-10.000 hab. 6.6958001
    228 Almería 5.001-10.000 hab. 6.6958001
    229 Almería <NA> 11.2614406
    230 Almería Hasta 2.000 hab. 14.6642215
    231 Almería Hasta 2.000 hab. 14.6642215
    232 Almería Hasta 2.000 hab. 1.0080347
    233 Almería 2.001-5.000 hab. 5.3374951
    234 Almería 2.001-5.000 hab. 5.3374951
    235 Almería Hasta 2.000 hab. 4.0351072
    236 Almería Hasta 2.000 hab. 4.0351072
    237 Almería 5.001-10.000 hab. 13.6121029
    238 Almería 5.001-10.000 hab. 13.6121029
    239 Almería 5.001-10.000 hab. 34.9751691
    240 Almería 5.001-10.000 hab. 34.9751691
    241 Almería <NA> 23.1109455
    242 Almería <NA> 23.1109455
    243 Almería Hasta 2.000 hab. 4.1253245
    244 Almería Hasta 2.000 hab. 4.1253245
    245 Almería Hasta 2.000 hab. 3.7753378
    246 Almería Hasta 2.000 hab. 3.7753378
    247 Almería 2.001-5.000 hab. 5.7277438
    248 Almería 2.001-5.000 hab. 5.7277438
    249 Almería 5.001-10.000 hab. 9.9833260
    250 Almería 5.001-10.000 hab. 9.9833260
    251 Almería 10.001-20.000 hab. 10.6776264
    252 Almería 10.001-20.000 hab. 10.6776264
    253 Almería 10.001-20.000 hab. 10.6776264
    254 Almería 10.001-20.000 hab. 10.6776264
    255 Almería 10.001-20.000 hab. 10.6776264
    256 Almería <NA> 8.7780807
    257 Almería <NA> 8.7780807
    258 Almería <NA> 9.1667718
    259 Almería <NA> 9.1667718
    260 Almería 2.001-5.000 hab. 15.6486981
    261 Almería 2.001-5.000 hab. 15.6486981
    262 Almería Hasta 2.000 hab. 3.1760722
    263 Almería Hasta 2.000 hab. 3.1760722
    264 Almería 10.001-20.000 hab. 11.2317023
    265 Almería 2.001-5.000 hab. 2.7085817
    266 Almería 2.001-5.000 hab. 2.7085817
    267 Almería Hasta 2.000 hab. 2.3393117
    268 Almería Hasta 2.000 hab. 2.3393117
    269 Almería Hasta 2.000 hab. 13.1285572
    270 Almería Hasta 2.000 hab. 13.1285572
    271 Almería Hasta 2.000 hab. 13.1285572
    272 Almería Hasta 2.000 hab. 3.2730119
    273 Almería Hasta 2.000 hab. 3.2730119
    274 Almería <NA> 22.4232237
    275 Almería <NA> 22.4232237
    276 Almería 2.001-5.000 hab. 4.2408079
    277 Almería 2.001-5.000 hab. 4.2408079
    278 Almería 2.001-5.000 hab. 3.8068225
    279 Almería 2.001-5.000 hab. 3.8068225
    280 Almería <NA> 11.4973098
    281 Almería <NA> 8.0339414
    282 Almería <NA> 8.0339414
    283 Almería 10.001-20.000 hab. 7.5784202
    284 Almería 10.001-20.000 hab. 7.5784202
    285 Almería <NA> 9.5264426
    286 Almería <NA> 9.5264426
    287 Almería Hasta 2.000 hab. 4.6719701
    288 Almería Hasta 2.000 hab. 1.2826860
    289 Almería 10.001-20.000 hab. 11.1277323
    290 Almería 10.001-20.000 hab. 11.1277323
    291 Almería 10.001-20.000 hab. 10.4529549
    292 Almería 10.001-20.000 hab. 10.4529549
    293 Almería Hasta 2.000 hab. 5.5097191
    294 Almería Hasta 2.000 hab. 5.5097191
    295 Almería Hasta 2.000 hab. 5.5097191
    296 Almería 5.001-10.000 hab. 7.8452301
    297 Almería 5.001-10.000 hab. 7.8452301
    298 Almería 5.001-10.000 hab. 6.9833237
    299 Almería 5.001-10.000 hab. 6.9833237
    300 Almería 5.001-10.000 hab. 6.9833237
    301 Almería Hasta 2.000 hab. 4.1551970
    302 Almería Hasta 2.000 hab. 3.9447610
    303 Almería Hasta 2.000 hab. 3.9447610
    304 Almería <NA> 7.5030827
    305 Almería <NA> 7.5030827
    306 Almería <NA> 7.5030827
    307 Almería <NA> 7.5030827
    308 Almería <NA> 7.5030827
    309 Almería 2.001-5.000 hab. 6.7692334
    310 Almería 2.001-5.000 hab. 6.7692334
    311 Almería 5.001-10.000 hab. 8.2888728
    312 Almería 5.001-10.000 hab. 8.2888728
    313 Almería 10.001-20.000 hab. 14.7612657
    314 Almería 10.001-20.000 hab. 14.7612657
    315 Almería 5.001-10.000 hab. 3.9769121
    316 Almería 5.001-10.000 hab. 3.9769121
    317 Almería <NA> 6.5746937
    318 Almería <NA> 6.5746937
    319 Almería <NA> 6.5746937
    320 Almería <NA> 21.8293942
    321 Almería <NA> 21.8293942
    322 Almería <NA> 21.8293942
    323 Almería <NA> 10.2832919
    324 Almería <NA> 10.6603307
    325 Almería <NA> 10.6603307
    326 Almería <NA> 10.8918759
    327 Almería <NA> 10.8918759
    328 Almería <NA> 11.6333808
    329 Almería <NA> 17.8229459
    330 Almería <NA> 17.8229459
    331 Almería 2.001-5.000 hab. 5.5125048
    332 Almería 2.001-5.000 hab. 5.5125048
    333 Almería 2.001-5.000 hab. 4.3472042
    334 Almería 2.001-5.000 hab. 4.3472042
    335 Almería Hasta 2.000 hab. 19.4091334
    336 Almería Hasta 2.000 hab. 19.4091334
    337 Almería <NA> 11.5673632
    338 Almería <NA> 11.5673632
    339 Almería <NA> 7.6920016
    340 Almería <NA> 7.6920016
    341 Almería Hasta 2.000 hab. 1.7419930
    342 Almería Hasta 2.000 hab. 1.7419930
    343 Almería Hasta 2.000 hab. 4.5748960
    344 Almería Hasta 2.000 hab. 4.5748960
    345 Almería Hasta 2.000 hab. 4.5748960
    346 Almería <NA> 11.1446150
    347 Almería <NA> 11.1446150
    348 Almería <NA> 9.6930534
    349 Almería <NA> 9.6930534
    350 Almería Hasta 2.000 hab. 4.6914491
    351 Almería 10.001-20.000 hab. 22.6777500
    352 Almería 10.001-20.000 hab. 22.6777500
    353 Almería Hasta 2.000 hab. 2.7170237
    354 Almería Hasta 2.000 hab. 2.7170237
    355 Almería Hasta 2.000 hab. 2.0229310
    356 Almería Hasta 2.000 hab. 2.0229310
    357 Almería Hasta 2.000 hab. 2.0229310
    358 Almería <NA> 19.9483096
    359 Almería <NA> 19.9483096
    360 Almería 2.001-5.000 hab. 3.8373134
    361 Almería 2.001-5.000 hab. 3.8373134
    362 Almería 10.001-20.000 hab. 16.1816350
    363 Almería 10.001-20.000 hab. 16.1816350
    364 Almería 10.001-20.000 hab. 16.1816350
    365 Almería Hasta 2.000 hab. 1.1584653
    366 Almería Hasta 2.000 hab. 1.1584653
    367 Almería Hasta 2.000 hab. 3.5462688
    368 Almería Hasta 2.000 hab. 3.5462688
    369 Almería Hasta 2.000 hab. 4.3083884
    370 Almería 5.001-10.000 hab. 16.5084928
    371 Almería 5.001-10.000 hab. 16.5084928
    372 Almería 5.001-10.000 hab. 16.5084928
    373 Almería Hasta 2.000 hab. 1.5256352
    374 Almería Hasta 2.000 hab. 1.5256352
    375 Almería Hasta 2.000 hab. 1.2470090
    376 Almería Hasta 2.000 hab. 1.2470090
    377 Almería 2.001-5.000 hab. 5.2473403
    378 Almería 2.001-5.000 hab. 5.2473403
    379 Almería <NA> 25.1055082
    380 Almería <NA> 25.1055082
    381 Almería <NA> 6.4350913
    382 Almería <NA> 6.4350913
    383 Almería <NA> 6.4350913
    384 Almería <NA> 8.3223761
    385 Almería <NA> 8.3223761
    386 Almería <NA> 5.9944132
    387 Almería <NA> 5.9944132
    388 Almería Hasta 2.000 hab. 3.6310744
    389 Almería Hasta 2.000 hab. 3.6310744
    390 Almería 10.001-20.000 hab. 8.1413816
    391 Almería 10.001-20.000 hab. 8.1413816
    392 Almería <NA> 22.8554513
    393 Almería <NA> 22.8554513
    394 Almería <NA> 22.8554513
    395 Almería 2.001-5.000 hab. 23.2737606
    396 Almería 2.001-5.000 hab. 23.2737606
    397 Almería Hasta 2.000 hab. 1.7700306
    398 Almería Hasta 2.000 hab. 1.7700306
    399 Almería Hasta 2.000 hab. 3.1762215
    400 Almería Hasta 2.000 hab. 3.1762215
    401 Almería Hasta 2.000 hab. 11.2250617
    402 Almería Hasta 2.000 hab. 11.2250617
    403 Almería Hasta 2.000 hab. 2.7471139
    404 Almería Hasta 2.000 hab. 2.7471139
    405 Almería 5.001-10.000 hab. 7.1248145
    406 Almería 5.001-10.000 hab. 7.1248145
    407 Almería 10.001-20.000 hab. 9.3592440
    408 Almería 10.001-20.000 hab. 25.0751300
    409 Almería 10.001-20.000 hab. 25.0751300
    410 Almería <NA> 13.4155854
    411 Almería <NA> 13.4155854
    412 Almería <NA> 9.8879372
    413 Almería 10.001-20.000 hab. 23.6144035
    414 Almería 10.001-20.000 hab. 23.6144035
    415 Almería <NA> 15.8932955
    416 Almería <NA> 15.8932955
    417 Almería <NA> 15.8932955
    418 Almería <NA> 15.8932955
    419 Almería <NA> 15.8932955
    420 Almería 5.001-10.000 hab. 5.7468577
    421 Almería 5.001-10.000 hab. 5.7468577
    422 Almería Hasta 2.000 hab. 18.7986985
    423 Almería Hasta 2.000 hab. 1.7945690
    424 Almería Hasta 2.000 hab. 1.7945690
    425 Almería 2.001-5.000 hab. 5.5266782
    426 Almería 2.001-5.000 hab. 5.5266782
    427 Almería <NA> 14.4776793
    428 Almería <NA> 14.4776793
    429 Almería <NA> 14.4776793
    430 Almería 2.001-5.000 hab. 31.3771808
    431 Almería <NA> 9.9541232
    432 Almería <NA> 9.9541232
    433 Almería Hasta 2.000 hab. 2.8047874
    434 Almería Hasta 2.000 hab. 2.8047874
    435 Almería <NA> 8.4414361
    436 Almería <NA> 8.4414361
    437 Almería <NA> 7.5232330
    438 Almería <NA> 7.5232330
    439 Almería <NA> 7.5232330
    440 Almería <NA> 9.0130518
    441 Almería <NA> 9.0130518
    442 Almería <NA> 9.0989874
    443 Almería <NA> 9.0989874
    444 Almería <NA> 8.6543864
    445 Almería <NA> 8.6543864
    446 Almería <NA> 12.2597490
    447 Almería <NA> 12.2597490
    448 Almería 10.001-20.000 hab. 4.3132288
    449 Almería 10.001-20.000 hab. 4.3132288
    450 Almería 10.001-20.000 hab. 4.3132288
    451 Almería 2.001-5.000 hab. 8.3115447
    452 Almería 2.001-5.000 hab. 8.3115447
    453 Almería 2.001-5.000 hab. 8.3115447
    454 Almería Hasta 2.000 hab. 3.3595886
    455 Almería Hasta 2.000 hab. 3.3595886
    456 Almería 2.001-5.000 hab. 13.3395610
    457 Almería 2.001-5.000 hab. 13.3395610
    458 Almería Hasta 2.000 hab. 7.2147050
    459 Almería Hasta 2.000 hab. 7.2147050
    460 Almería Hasta 2.000 hab. 4.2516373
    461 Almería Hasta 2.000 hab. 4.2516373
    462 Almería 2.001-5.000 hab. 8.9389525
    463 Almería 2.001-5.000 hab. 8.9389525
    464 Almería 2.001-5.000 hab. 8.9389525
    465 Almería 2.001-5.000 hab. 5.5982122
    466 Almería 2.001-5.000 hab. 5.5982122
    467 Almería <NA> 10.2408496
    468 Almería <NA> 10.2408496
    469 Almería <NA> 10.2408496
    470 Almería 10.001-20.000 hab. 11.4410341
    471 Almería 10.001-20.000 hab. 11.4410341
    472 Almería 10.001-20.000 hab. 11.4410341
    473 Almería <NA> 22.6324993
    474 Almería <NA> 22.6324993
    475 Almería <NA> 9.5116815
    476 Almería <NA> 9.5116815
    477 Almería <NA> 11.8424512
    478 Almería <NA> 11.8424512
    479 Almería <NA> 8.6871553
    480 Almería <NA> 8.6871553
    481 Almería <NA> 8.6871553
    482 Almería Hasta 2.000 hab. 7.3679203
    483 Almería Hasta 2.000 hab. 7.3679203
    484 Almería Hasta 2.000 hab. 1.6584605
    485 Almería Hasta 2.000 hab. 1.6584605
    486 Almería 10.001-20.000 hab. 17.8476056
    487 Almería 10.001-20.000 hab. 17.8476056
    488 Almería 10.001-20.000 hab. 6.0833758
    489 Almería 10.001-20.000 hab. 6.0833758
    490 Almería 10.001-20.000 hab. 6.0833758
    491 Almería 2.001-5.000 hab. 3.5436111
    492 Almería 2.001-5.000 hab. 3.5436111
    493 Almería 2.001-5.000 hab. 3.3438673
    494 Almería 2.001-5.000 hab. 3.3438673
    495 Almería 2.001-5.000 hab. 3.6548581
    496 Almería <NA> 13.0574881
    497 Almería <NA> 13.0574881
    498 Almería <NA> 13.0574881
    499 Almería Hasta 2.000 hab. 3.8011952
    500 Almería <NA> 11.8199683
    501 Almería <NA> 11.8199683
    502 Almería Hasta 2.000 hab. 2.0080567
    503 Almería Hasta 2.000 hab. 2.0080567
    504 Almería 2.001-5.000 hab. 21.3006844
    505 Almería 2.001-5.000 hab. 21.3006844
    506 Almería 5.001-10.000 hab. 5.2696305
    507 Almería <NA> 31.1519187
    508 Almería <NA> 31.1519187
    509 Almería <NA> 17.5613006
    510 Almería 2.001-5.000 hab. 8.8398841
    511 Almería 2.001-5.000 hab. 8.8398841
    512 Almería Hasta 2.000 hab. 3.4729517
    513 Almería Hasta 2.000 hab. 3.4729517
    514 Almería Hasta 2.000 hab. 3.4729517
    515 Almería Hasta 2.000 hab. 3.4729517
    516 Almería Hasta 2.000 hab. 3.4729517
    517 Almería 10.001-20.000 hab. 23.2319832
    518 Almería 10.001-20.000 hab. 23.2319832
    519 Almería Hasta 2.000 hab. 3.1042735
    520 Almería Hasta 2.000 hab. 3.1042735
    521 Almería Hasta 2.000 hab. 3.1042735
    522 Almería Hasta 2.000 hab. 1.2929816
    523 Almería Hasta 2.000 hab. 1.2929816
    524 Almería <NA> 8.1944088
    525 Almería <NA> 8.1944088
    526 Almería <NA> 27.5434049
    527 Almería <NA> 27.5434049
    528 Almería <NA> 27.5434049
    529 Almería <NA> 11.2360614
    530 Almería <NA> 11.2360614
    531 Almería <NA> 8.4187309
    532 Almería <NA> 8.4187309
    533 Almería 10.001-20.000 hab. 3.9683217
    534 Almería 10.001-20.000 hab. 3.9683217
    535 Almería 10.001-20.000 hab. 3.9683217
    536 Almería 10.001-20.000 hab. 3.9683217
    537 Almería Hasta 2.000 hab. 2.7735687
    538 Almería Hasta 2.000 hab. 2.7735687
    539 Almería 2.001-5.000 hab. 28.6939754
    540 Almería 2.001-5.000 hab. 28.6939754
    541 Almería 2.001-5.000 hab. 28.6939754
    542 Almería 2.001-5.000 hab. 28.6939754
    543 Almería Hasta 2.000 hab. 2.3622788
    544 Almería Hasta 2.000 hab. 2.3622788
    545 Almería 2.001-5.000 hab. 2.1804165
    546 Almería 2.001-5.000 hab. 2.1804165
    547 Almería Hasta 2.000 hab. 2.8792931
    548 Almería Hasta 2.000 hab. 2.6643884
    549 Almería Hasta 2.000 hab. 2.6643884
    550 Almería Hasta 2.000 hab. 6.8646200
    551 Almería <NA> 9.4462756
    552 Almería <NA> 9.4462756
    553 Almería Hasta 2.000 hab. 4.5716637
    554 Almería Hasta 2.000 hab. 4.5716637
    555 Almería Hasta 2.000 hab. 6.0968752
    556 Almería Hasta 2.000 hab. 3.7517974
    557 Almería Hasta 2.000 hab. 3.7517974
    558 Almería <NA> 54.5510813
    559 Almería <NA> 54.5510813
    560 Almería <NA> 54.5510813
    561 Almería <NA> 54.5510813
    562 Almería <NA> 22.2003545
    563 Almería <NA> 22.2003545
    564 Almería <NA> 17.0489729
    565 Almería <NA> 17.0489729
    566 Almería Hasta 2.000 hab. 1.9958848
    567 Almería Hasta 2.000 hab. 1.9958848
    568 Almería Hasta 2.000 hab. 1.3358781
    569 Almería <NA> 10.4429756
    570 Almería <NA> 10.4429756
    571 Almería Hasta 2.000 hab. 1.5735083
    572 Almería Hasta 2.000 hab. 1.5735083
    573 Almería <NA> 8.6543864
    574 Almería <NA> 8.6543864
    575 Almería <NA> 13.8383907
    576 Almería <NA> 13.8383907
    577 Almería <NA> 13.8383907
    578 Almería <NA> 13.8383907
    579 Almería <NA> 25.5275665
    580 Almería <NA> 25.5275665
    581 Almería <NA> 25.5275665
    582 Almería <NA> 10.3564643
    583 Almería <NA> 10.3564643
    584 Almería Hasta 2.000 hab. 2.3923417
    585 Almería Hasta 2.000 hab. 2.3923417
    586 Almería 2.001-5.000 hab. 6.4630747
    587 Almería 2.001-5.000 hab. 6.4630747
    588 Almería 2.001-5.000 hab. 4.8680512
    589 Almería 2.001-5.000 hab. 4.8680512
    590 Almería 2.001-5.000 hab. 4.8680512
    591 Almería 2.001-5.000 hab. 3.2696131
    592 Almería 2.001-5.000 hab. 3.2696131
    593 Almería 10.001-20.000 hab. 13.5580271
    594 Almería 10.001-20.000 hab. 13.5580271
    595 Almería 2.001-5.000 hab. 4.7778910
    596 Almería 2.001-5.000 hab. 4.7778910
    597 Almería <NA> 9.7889604
    598 Almería <NA> 9.7889604
    599 Almería 2.001-5.000 hab. 7.7896425
    600 Almería 2.001-5.000 hab. 5.4780235
    601 Almería 2.001-5.000 hab. 5.4780235
    602 Almería Hasta 2.000 hab. 5.1546861
    603 Almería <NA> 10.6478119
    604 Almería <NA> 10.6478119
    605 Almería 2.001-5.000 hab. 6.6666914
    606 Almería 2.001-5.000 hab. 3.6448136
    607 Almería 2.001-5.000 hab. 3.7464584
    608 Almería 2.001-5.000 hab. 3.7464584
    609 Almería <NA> 12.4120003
    610 Almería <NA> 12.4120003
    611 Almería Hasta 2.000 hab. 5.4377655
    612 Almería Hasta 2.000 hab. 5.4377655
    613 Almería Hasta 2.000 hab. 4.7373663
    614 Almería Hasta 2.000 hab. 4.7373663
    615 Almería <NA> 11.0399168
    616 Almería <NA> 11.0399168
    617 Almería <NA> 11.0399168
    618 Almería <NA> 11.0399168
    619 Almería Hasta 2.000 hab. 3.2071169
    620 Almería Hasta 2.000 hab. 3.2071169
    621 Almería Hasta 2.000 hab. 3.2071169
    622 Almería Hasta 2.000 hab. 2.3835630
    623 Almería Hasta 2.000 hab. 2.3835630
    624 Almería 5.001-10.000 hab. 7.9743501
    625 Almería 5.001-10.000 hab. 7.9743501
    626 Almería Hasta 2.000 hab. 3.4237458
    627 Almería Hasta 2.000 hab. 3.4237458
    628 Almería Hasta 2.000 hab. 3.4237458
    629 Almería Hasta 2.000 hab. 4.4607533
    630 Almería Hasta 2.000 hab. 4.4607533
    631 Almería Hasta 2.000 hab. 2.4808228
    632 Almería Hasta 2.000 hab. 2.4808228
    633 Almería Hasta 2.000 hab. 1.2485601
    634 Almería Hasta 2.000 hab. 1.2485601
    635 Almería <NA> 10.1628520
    636 Almería <NA> 10.1628520
    637 Almería <NA> 9.9552259
    638 Almería <NA> 15.1662956
    639 Almería <NA> 15.1662956
    640 Almería 2.001-5.000 hab. 8.6412520
    641 Almería 2.001-5.000 hab. 8.6412520
    642 Almería <NA> 11.8797307
    643 Almería <NA> 11.8797307
    644 Almería Hasta 2.000 hab. 4.0736312
    645 Almería 10.001-20.000 hab. 7.0360432
    646 Almería 10.001-20.000 hab. 7.0360432
    647 Almería 10.001-20.000 hab. 7.0360432
    648 Almería 10.001-20.000 hab. 6.2967896
    649 Almería 10.001-20.000 hab. 6.2967896
    650 Almería <NA> 11.0734973
    651 Almería <NA> 11.0734973
    652 Almería <NA> 11.0734973
    653 Almería <NA> 16.4731101
    654 Almería <NA> 16.4731101
    655 Almería <NA> 16.4731101
    656 Almería <NA> 9.8941618
    657 Almería <NA> 9.8941618
    658 Almería <NA> 9.8941618
    659 Almería <NA> 9.8941618
    660 Almería <NA> 22.5460960
    661 Almería <NA> 22.5460960
    662 Almería <NA> 22.5460960
    663 Almería <NA> 13.0851103
    664 Almería <NA> 13.0851103
    665 Almería <NA> 13.0851103
    666 Almería <NA> 13.9266552
    667 Almería <NA> 13.9266552
    668 Almería <NA> 13.9266552
    669 Almería <NA> 13.9266552
    670 Almería 5.001-10.000 hab. 24.6396817
    671 Almería 5.001-10.000 hab. 24.6396817
    672 Almería 5.001-10.000 hab. 24.6396817
    673 Almería <NA> 16.3232434
    674 Almería <NA> 16.3232434
    675 Almería <NA> 16.3232434
    676 Almería 2.001-5.000 hab. 5.5166668
    677 Almería 2.001-5.000 hab. 5.5166668
    678 Almería <NA> 15.7082626
    679 Almería <NA> 15.7082626
    680 Almería <NA> 15.7082626
    681 Almería <NA> 32.9343973
    682 Almería <NA> 32.9343973
    683 Almería 2.001-5.000 hab. 5.0263627
    684 Almería 2.001-5.000 hab. 5.0263627
    685 Almería 5.001-10.000 hab. 27.0622547
    686 Almería 5.001-10.000 hab. 27.0622547
    687 Almería Hasta 2.000 hab. 3.2567337
    688 Almería Hasta 2.000 hab. 3.2567337
    689 Almería 5.001-10.000 hab. 5.0888027
    690 Almería 5.001-10.000 hab. 5.0888027
    691 Almería 5.001-10.000 hab. 5.0888027
    692 Almería Hasta 2.000 hab. 6.3148804
    693 Almería Hasta 2.000 hab. 2.0319865
    694 Almería Hasta 2.000 hab. 2.0319865
    695 Almería <NA> 12.0630608
    696 Almería 10.001-20.000 hab. 16.2170169
    697 Almería 10.001-20.000 hab. 16.2170169
    698 Almería 10.001-20.000 hab. 16.2170169
    699 Almería Hasta 2.000 hab. 2.4210630
    700 Almería Hasta 2.000 hab. 2.4210630
    701 Almería Hasta 2.000 hab. 2.4210630
    702 Almería Hasta 2.000 hab. 2.4210630
    703 Almería Hasta 2.000 hab. 1.8691928
    704 Almería Hasta 2.000 hab. 1.8691928
    705 Almería Hasta 2.000 hab. 3.3060445
    706 Almería Hasta 2.000 hab. 3.3060445
    707 Almería Hasta 2.000 hab. 3.3060445
    708 Almería Hasta 2.000 hab. 3.3060445
    709 Almería <NA> 14.1795084
    710 Almería <NA> 14.1795084
    711 Almería 10.001-20.000 hab. 9.6155872
    712 Almería 10.001-20.000 hab. 9.6155872
    713 Almería 2.001-5.000 hab. 2.5606669
    714 Almería 2.001-5.000 hab. 2.5606669
    715 Almería 2.001-5.000 hab. 2.5606669
    716 Almería <NA> 10.3966438
    717 Almería <NA> 10.3966438
    718 Almería <NA> 10.3966438
    719 Almería <NA> 19.3776711
    720 Almería <NA> 19.3776711
    721 Almería Hasta 2.000 hab. 2.9419878
    722 Almería Hasta 2.000 hab. 2.9419878
    723 Almería 2.001-5.000 hab. 5.9892539
    724 Almería 10.001-20.000 hab. 13.1164296
    725 Almería 10.001-20.000 hab. 13.1164296
    726 Almería Hasta 2.000 hab. 4.8435366
    727 Almería Hasta 2.000 hab. 4.8435366
    728 Almería <NA> 6.9596335
    729 Almería <NA> 6.9596335
    730 Almería Hasta 2.000 hab. 3.0520674
    731 Almería <NA> 15.0188493
    732 Almería <NA> 15.0188493
    733 Almería <NA> 15.0188493
    734 Almería <NA> 15.0188493
    735 Almería <NA> 15.0188493
    736 Almería <NA> 15.0188493
    737 Almería Hasta 2.000 hab. 2.3069004
    738 Almería Hasta 2.000 hab. 2.3069004
    739 Almería <NA> 33.3155041
    740 Almería <NA> 33.3155041
    741 Almería <NA> 33.3155041
    742 Almería <NA> 33.3155041
    743 Almería <NA> 15.3063966
    744 Almería <NA> 15.3063966
    745 Almería <NA> 15.3063966
    746 Almería <NA> 15.3063966
    747 Almería Hasta 2.000 hab. 2.6517066
    748 Almería Hasta 2.000 hab. 2.6517066
    749 Almería Hasta 2.000 hab. 2.6517066
    750 Almería 2.001-5.000 hab. 11.1163181
    751 Almería 2.001-5.000 hab. 11.1163181
    752 Almería 10.001-20.000 hab. 9.8254432
    753 Almería 10.001-20.000 hab. 9.8254432
    754 Almería 10.001-20.000 hab. 9.8254432
    755 Almería Hasta 2.000 hab. 5.0227826
    756 Almería Hasta 2.000 hab. 5.0227826
    757 Almería Hasta 2.000 hab. 5.0227826
    758 Almería Hasta 2.000 hab. 5.0227826
    759 Almería Hasta 2.000 hab. 5.0227826
    760 Almería <NA> 11.9676356
    761 Almería <NA> 11.9676356
    762 Almería <NA> 11.9676356
    763 Almería <NA> 14.8749741
    764 Almería <NA> 14.8749741
    765 Almería <NA> 14.8749741
    766 Almería <NA> 14.6970955
    767 Almería <NA> 14.6970955
    768 Almería <NA> 14.6970955
    769 Almería 10.001-20.000 hab. 31.1703083
    770 Almería 10.001-20.000 hab. 31.1703083
    771 Almería <NA> 10.7920989
    772 Almería <NA> 10.7920989
    773 Almería <NA> 11.0491370
    774 Almería <NA> 11.0491370
    775 Almería <NA> 11.0491370
    776 Almería Hasta 2.000 hab. 1.8912230
    777 Almería Hasta 2.000 hab. 1.8912230
    778 Almería <NA> 6.6306979
    779 Almería <NA> 6.6306979
    780 Almería <NA> 6.6306979
    781 Almería 2.001-5.000 hab. 4.9577956
    782 Almería 2.001-5.000 hab. 4.9577956
    783 Almería 2.001-5.000 hab. 4.9577956
    784 Almería <NA> 14.8029438
    785 Almería <NA> 14.8029438
    786 Almería <NA> 10.6295030
    787 Almería <NA> 10.6295030
    788 Almería <NA> 10.6295030
    789 Almería <NA> 8.6821461
    790 Almería <NA> 8.6821461
    791 Almería <NA> 8.6821461
    792 Almería 5.001-10.000 hab. 7.2124592
    793 Almería 5.001-10.000 hab. 7.2124592
    794 Almería 5.001-10.000 hab. 9.1326720
    795 Almería 5.001-10.000 hab. 9.1326720
    796 Almería Hasta 2.000 hab. 2.2541834
    797 Almería Hasta 2.000 hab. 1.8246842
    798 Almería Hasta 2.000 hab. 1.8246842
    799 Almería 10.001-20.000 hab. 13.6406363
    800 Almería 10.001-20.000 hab. 13.6406363
    801 Almería <NA> 9.0861686
    802 Almería <NA> 9.0861686
    803 Almería 2.001-5.000 hab. 11.7459721
    804 Almería <NA> 7.7346592
    805 Almería <NA> 7.7346592
    806 Almería 2.001-5.000 hab. 8.2088023
    807 Almería 2.001-5.000 hab. 8.2088023
    808 Almería 2.001-5.000 hab. 8.2088023
    809 Almería <NA> 11.4727150
    810 Almería <NA> 11.4727150
    811 Almería <NA> 33.4412902
    812 Almería <NA> 33.4412902
    813 Almería Hasta 2.000 hab. 4.2514133
    814 Almería 5.001-10.000 hab. 13.5955956
    815 Almería 5.001-10.000 hab. 13.5955956
    816 Almería 5.001-10.000 hab. 13.5955956
    817 Almería Hasta 2.000 hab. 1.6092904
    818 Almería Hasta 2.000 hab. 1.6092904
    819 Almería <NA> 40.3031495
    820 Almería <NA> 40.3031495
    821 Almería <NA> 13.5468436
    822 Almería <NA> 13.5468436
    823 Almería 2.001-5.000 hab. 4.3173389
    824 Almería 2.001-5.000 hab. 4.3173389
    825 Almería <NA> 12.9155451
    826 Almería <NA> 12.9155451
    827 Almería <NA> 12.9155451
    828 Almería 10.001-20.000 hab. 71.8130587
    829 Almería 10.001-20.000 hab. 71.8130587
    830 Almería 10.001-20.000 hab. 71.8130587
    831 Almería <NA> 7.8515476
    832 Almería <NA> 7.8515476
    833 Almería 5.001-10.000 hab. 12.2509414
    834 Almería 5.001-10.000 hab. 12.2509414
    835 Almería 5.001-10.000 hab. 12.2509414
    836 Almería <NA> 17.3986773
    837 Almería <NA> 17.3986773
    838 Almería <NA> 17.3986773
    839 Almería 2.001-5.000 hab. 10.0571370
    840 Almería 2.001-5.000 hab. 10.0571370
    841 Almería <NA> 15.8256993
    842 Almería <NA> 15.8256993
    843 Almería <NA> 9.1138076
    844 Almería <NA> 9.1138076
    845 Almería <NA> 6.2457054
    846 Almería <NA> 6.2457054
    847 Almería <NA> 6.2457054
    848 Almería <NA> 7.8934361
    849 Almería <NA> 7.8934361
    850 Almería <NA> 7.8934361
    851 Almería <NA> 7.8934361
    852 Almería <NA> 11.2757835
    853 Almería <NA> 11.2757835
    854 Almería <NA> 11.2757835
    855 Almería <NA> 11.2757835
    856 Almería Hasta 2.000 hab. 12.5847820
    857 Almería Hasta 2.000 hab. 12.5847820
    858 Almería Hasta 2.000 hab. 6.5103996
    859 Almería 5.001-10.000 hab. 7.1748281
    860 Almería 5.001-10.000 hab. 7.1748281
    861 Almería 5.001-10.000 hab. 7.1748281
    862 Almería Hasta 2.000 hab. 3.9896813
    863 Almería Hasta 2.000 hab. 3.9896813
    864 Almería <NA> 6.2165205
    865 Almería <NA> 6.2165205
    866 Almería <NA> 6.2165205
    867 Almería <NA> 6.2165205
    868 Almería 10.001-20.000 hab. 12.1687452
    869 Almería 10.001-20.000 hab. 12.1687452
    870 Almería 10.001-20.000 hab. 12.1687452
    871 Almería 10.001-20.000 hab. 12.1687452
    872 Almería 10.001-20.000 hab. 12.1687452
    873 Almería 5.001-10.000 hab. 21.8946121
    874 Almería 5.001-10.000 hab. 21.8946121
    875 Almería 5.001-10.000 hab. 21.8946121
    876 Almería <NA> 17.2789674
    877 Almería <NA> 17.2789674
    878 Almería <NA> 17.2789674
    879 Almería <NA> 17.2789674
    880 Almería <NA> 6.8785374
    881 Almería <NA> 6.8785374
    882 Almería <NA> 6.8785374
    883 Almería 2.001-5.000 hab. 8.4706041
    884 Almería 5.001-10.000 hab. 24.0512127
    885 Almería 5.001-10.000 hab. 24.0512127
    886 Almería 10.001-20.000 hab. 25.7385183
    887 Almería <NA> 9.7491163
    888 Almería <NA> 9.7491163
    889 Almería <NA> 9.7491163
    890 Almería 2.001-5.000 hab. 5.5298018
    891 Almería 2.001-5.000 hab. 5.5298018
    892 Almería Hasta 2.000 hab. 1.5214106
    893 Almería Hasta 2.000 hab. 1.5214106
    894 Almería Hasta 2.000 hab. 3.2159411
    895 Almería Hasta 2.000 hab. 3.2159411
    896 Almería <NA> 11.3559978
    897 Almería <NA> 11.3559978
    898 Almería <NA> 9.1152642
    899 Almería <NA> 9.1152642
    900 Almería <NA> 12.3693929
    901 Almería <NA> 11.1495061
    902 Almería <NA> 11.1495061
    903 Almería <NA> 11.1495061
    904 Almería Hasta 2.000 hab. 1.2703286
    905 Almería Hasta 2.000 hab. 1.2703286
    906 Almería Hasta 2.000 hab. 1.2703286
    907 Almería 10.001-20.000 hab. 22.8397086
    908 Almería 10.001-20.000 hab. 22.8397086
    909 Almería 10.001-20.000 hab. 22.8397086
    910 Almería 10.001-20.000 hab. 22.8397086
    911 Almería 2.001-5.000 hab. 7.8614760
    912 Almería 2.001-5.000 hab. 7.8614760
    913 Almería 2.001-5.000 hab. 7.8614760
    914 Almería 2.001-5.000 hab. 7.8614760
    915 Almería 10.001-20.000 hab. 9.8956799
    916 Almería 10.001-20.000 hab. 9.8956799
    917 Almería 10.001-20.000 hab. 9.8956799
    918 Almería 10.001-20.000 hab. 9.8956799
    919 Almería 10.001-20.000 hab. 9.8956799
    920 Almería <NA> 12.3319491
    921 Almería <NA> 12.3319491
    922 Almería <NA> 12.3319491
    923 Almería <NA> 12.3319491
    924 Almería 2.001-5.000 hab. 7.0888538
    925 Almería 2.001-5.000 hab. 7.0888538
    926 Almería Hasta 2.000 hab. 1.8800582
    927 Almería Hasta 2.000 hab. 1.8800582
    928 Almería Hasta 2.000 hab. 1.8800582
    929 Almería Hasta 2.000 hab. 2.4830394
    930 Almería Hasta 2.000 hab. 2.4830394
    931 Almería Hasta 2.000 hab. 3.8591573
    932 Almería Hasta 2.000 hab. 3.8591573
    933 Almería Hasta 2.000 hab. 3.8591573
    934 Almería Hasta 2.000 hab. 3.8591573
    935 Almería 10.001-20.000 hab. 14.2520132
    936 Almería 10.001-20.000 hab. 14.2520132
    937 Almería 10.001-20.000 hab. 14.2520132
    938 Almería <NA> 9.6461292
    939 Almería <NA> 9.6461292
    940 Almería <NA> 9.6461292
    941 Almería <NA> 9.6461292
    942 Almería 2.001-5.000 hab. 7.4170718
    943 Almería <NA> 12.1637458
    944 Almería <NA> 12.1637458
    945 Almería <NA> 26.8622741
    946 Almería <NA> 26.8622741
    947 Almería <NA> 26.8622741
    948 Almería <NA> 26.8622741
    949 Almería 10.001-20.000 hab. 71.1233502
    950 Almería 10.001-20.000 hab. 71.1233502
    951 Almería 10.001-20.000 hab. 71.1233502
    952 Almería <NA> 20.1658165
    953 Almería <NA> 20.1658165
    954 Almería <NA> 20.1658165
    955 Almería <NA> 20.1658165
    956 Almería <NA> 20.1658165
    957 Almería <NA> 15.0947239
    958 Almería <NA> 15.0947239
    959 Almería <NA> 15.0947239
    960 Almería <NA> 15.0947239
    961 Almería <NA> 15.0947239
    962 Almería 10.001-20.000 hab. 17.5473587
    963 Almería 10.001-20.000 hab. 17.5473587
    964 Almería <NA> 14.3371917
    965 Almería <NA> 14.3371917
    966 Almería <NA> 14.3371917
    967 Almería <NA> 14.3371917
    968 Almería 2.001-5.000 hab. 18.9619707
    969 Almería 2.001-5.000 hab. 18.9619707
    970 Almería 2.001-5.000 hab. 10.5187042
    971 Almería 2.001-5.000 hab. 10.5187042
    972 Almería Hasta 2.000 hab. 3.6976280
    973 Almería Hasta 2.000 hab. 3.6976280
    974 Almería Hasta 2.000 hab. 3.6976280
    975 Almería Hasta 2.000 hab. 3.6976280
    976 Almería <NA> 46.6473243
    977 Almería <NA> 46.6473243
    978 Almería <NA> 46.6473243
    979 Almería <NA> 15.4315401
    980 Almería <NA> 12.3392695
    981 Almería <NA> 12.3392695
    982 Almería <NA> 12.3392695
    983 Almería <NA> 10.7975445
    984 Almería <NA> 10.7975445
    985 Almería <NA> 10.7975445
    986 Almería Hasta 2.000 hab. 2.8107383
    987 Almería Hasta 2.000 hab. 13.9880620
    988 Almería Hasta 2.000 hab. 13.9880620
    989 Almería <NA> 18.9444219
    990 Almería <NA> 18.9444219
    991 Almería <NA> 18.9444219
    992 Almería <NA> 18.9444219
    993 Almería Hasta 2.000 hab. 3.3382324
    994 Almería 10.001-20.000 hab. 13.4539123
    995 Almería 2.001-5.000 hab. 1.9575693
    996 Almería 2.001-5.000 hab. 1.9575693
    997 Almería 2.001-5.000 hab. 1.9575693
    998 Almería 2.001-5.000 hab. 1.9575693
    999 Almería 2.001-5.000 hab. 14.1877724
    1000 Almería 2.001-5.000 hab. 14.1877724
    >
    > # Read all rows
    > res <- censo2010(c.file, summary = FALSE)
    > summary(res)
     cpro cmun idhueco norden factor
     Almería:1000 : 26 Min. : 39 Min. : 1.00 Min. : 0.647
     :183 1st Qu.:11040 1st Qu.: 1.00 1st Qu.: 4.150
     : 22 Median :20270 Median : 2.00 Median : 8.641
     : 52 Mean :20340 Mean : 1.85 Mean :10.510
     : 19 3rd Qu.:30230 3rd Qu.: 2.00 3rd Qu.:13.200
     : 73 Max. :38540 Max. :10.00 Max. :71.810
     (Other):625
    
     mnac anac edad sexo
     Min. : 1.000 Min. :1914 Min. : 3.00 Hombre:562
     1st Qu.: 1.000 1st Qu.:1939 1st Qu.:56.00 Mujer :438
     Median : 1.000 Median :1947 Median :64.00
     Mean : 3.852 Mean :1951 Mean :59.95
     3rd Qu.: 6.000 3rd Qu.:1955 3rd Qu.:72.00
     Max. :12.000 Max. :2008 Max. :97.00
    
    
     naci cpaisn cpron
     Bélgica : 1 Bélgica : 1 Araba/Álava : 1
     España :912 España :905 Alicante/Alacant: 3
     Francia : 2 Francia : 2 Almería :775
     Italia : 1 Italia : 1 Badajoz : 2
     Países Bajos: 1 Países Bajos: 2 (Other) :124
     Reino Unido : 51 Reino Unido : 48 missing values : 0
     (Other) : 32 (Other) : 41 NAs : 95
    
     cmunn anores anom anoc
     : 7 Min. :1914 Min. :1914 Min. :1914
     : 21 1st Qu.:1974 1st Qu.:1946 1st Qu.:1940
     : 3 Median :1986 Median :1972 Median :1952
     : 1 Mean :1985 Mean :1969 Mean :1960
     (Other) :873 3rd Qu.:2000 3rd Qu.:1991 3rd Qu.:1984
     missing values: 0 Max. :2011 Max. :2011 Max. :2011
     NAs : 95
    
     anoe clpais clpro clmunp
     Min. :1914 Bélgica : 2 Alicante/Alacant: 5 : 3
     1st Qu.:1939 España :910 Almería :759 : 24
     Median :1949 Francia : 9 Balears, Illes : 2 : 1
     Mean :1956 Países Bajos: 2 Barcelona : 34 : 2
     3rd Qu.:1974 Reino Unido : 43 (Other) :110 (Other) :880
     Max. :2011 Alemania : 8 missing values : 0 missing values: 0
     (Other) : 26 NAs : 90 NAs : 90
    
     res_anterior cpaisunano cprounano cmunano
     Sí :519 España :997 Almería :992 : 26
     * : 0 Reino Unido: 2 Barcelona : 1 :185
     NAs:481 Alemania : 1 Granada : 1 : 1
     Madrid : 2 : 22
     Valencia/Valéncia: 1 (Other) :763
     * : 0 missing values: 0
     NAs : 3 NAs : 3
    
     res_unano cpaisdano cprodano cmundano
     Sí :989 Bélgica : 1 Alicante/Alacant: 3 : 24
     * : 0 España :930 Almería :902 : 1
     NAs: 11 Países Bajos : 2 Barcelona : 8 : 2
     Reino Unido : 39 Cádiz : 1 :188
     (Other) : 21 (Other) : 16 (Other) :715
     missing values: 0 missing values : 0 missing values: 0
     NAs : 7 NAs : 70 NAs : 70
    
     res_dano seg_viv seg_pais seg_prov
     Sí :857 Sí:178 España :134 Alicante/Alacant: 6
     * : 0 No:822 Francia : 6 Almería : 60
     NAs:143 Reino Unido : 10 Balears, Illes : 3
     Alemania : 4 Barcelona : 5
     (Other) : 24 (Other) : 60
     missing values: 0 missing values : 0
     NAs :822 NAs :866
    
     seg_mun seg_noches seg_disp ecivil escolar
     Min. : 2.0 Min. : 15.00 Sí : 92 Soltero :214 Sí : 23
     1st Qu. : 30.0 1st Qu. : 20.00 No : 86 Casado :711 No : 1
     Median : 79.0 Median : 43.50 * : 0 Viudo : 46 * : 0
     Mean :336.4 Mean : 57.37 NAs:822 Separado : 10 NAs:976
     3rd Qu. :991.0 3rd Qu. : 88.75 Divorciado: 19
     Max. :994.0 Max. :183.00
     Missings: 0.0 Missings: 0.00
     NAs :866.0 NAs :822.00
     esreal
     No sabe leer o escribir : 64
     Sabe leer y escribir pero fue menos de 5 años a la escuela :309
     Fue a la escuela 5 o más años pero no llegó al último curso de ESO, EGB o Bachiller Elemental :179
     Llegó al último curso de ESO, EGB o Bachiller Elemental o tiene el Certificado de Escolaridad o de Estudios Primarios:223
     (Other) :201
     missing values : 0
     NAs : 24
    
     testud
     Educación (Magisterio, Educación Infantil, Pedagogía, ...) : 27
     Artes y Humanidades (Historia, Lenguas, Imagen y Sonido,...) : 7
     Derecho y Ciencias Sociales (Administración, Psicología, Economía, Periodismo, <c2><85>) : 27
     Ciencias (Biología, Química, Física, Matemáticas, ...) e Informática (incluída Ingeniería Informática): 15
     (Other) : 51
     missing values : 0
     NAs :873
    
     tarea1 tarea2 tarea3 tarea4 hijos nhijos
     Sí :111 Sí : 90 Sí : 20 Sí :415 Sí :308 Min. : 1.000
     No :865 No :886 No :956 No :561 No :124 1st Qu. : 2.000
     * : 0 * : 0 * : 0 * : 0 * : 0 Median : 3.000
     NAs: 24 NAs: 24 NAs: 24 NAs: 24 NAs:568 Mean : 2.815
     3rd Qu. : 3.000
     Max. : 9.000
     Missings: 0.000
     NAs :692.000
     rela jornada
     Ocupado :224 Tiempo completo:191
     Parado que ha trabajado antes :111 Tiempo parcial : 33
     Parado buscando su primer empleo : 27 * : 0
     Persona con invalidez laboral permanente: 10 NAs :776
     (Other) :604
     missing values : 0
     NAs : 24
    
     cno cnae
     Min. : 11.0 Min. : 1.0
     1st Qu. : 51.0 1st Qu. : 1.0
     Median : 61.0 Median : 46.0
     Mean : 62.8 Mean : 44.4
     3rd Qu. : 81.0 3rd Qu. : 81.0
     Max. : 98.0 Max. : 99.0
     Missings: 0.0 Missings: 0.0
     NAs :665.0 NAs :665.0
     situ
     Empresario, profesional o trabajador por cuenta propia que emplea personal : 30
     Empresario, profesional o trabajador por cuenta propia que no emplea personal: 32
     Trabajador por cuenta ajena fijo o indefinido :142
     Trabajador por cuenta ajena eventual o temporal :126
     (Other) : 5
     missing values : 0
     NAs :665
    
     cse
     Empresarios agrarios con asalariados : 14
     Empresarios agrarios sin asalariados : 11
     Resto de trabajadores de explotaciones agrarias : 59
     Profesionales, técnicos y asimilados que ejercen su actividad por cuenta propia, con o sin asalariados: 3
     (Other) :248
     missing values : 0
     NAs :665
    
     escur1
     ESO, Educación secundaria para adultos : 3
     Programas de Cualificación Profesional Inicial : 1
     Bachillerato : 1
     Grado Medio de FP, de Artes Plásticas y Diseño y de EE. Deportivas o equivalente: 3
     (Other) : 52
     missing values : 0
     NAs :940
    
     escur2
     Estudios de Grado Universitario y de Enseñanzas Artísticas y equivalentes: 1
     Licenciatura, Arquitectura, Ingeniería o equivalente : 1
     Otros cursos de formación no reglados : 2
     * : 0
     NAs :996
    
    
    
     escur3 ltraba paistraba protraba
     NA : 0 En el propio domicilio: 54 España:287 Almería :248
     * : 0 En varios municipios : 24 * : 0 Córdoba : 1
     NAs:1000 En este municipio :132 NAs :713 Granada : 3
     En otro municipio : 77 Madrid : 4
     * : 0 (Other) : 7
     NAs :713 missing values: 0
     NAs :737
    
     muntraba codtraba nviaje
     Min. : 3.0 Min. : 4009 Ninguno : 8
     1st Qu. : 13.0 1st Qu. :100000 Uno diario:114
     Median :902.0 Median :100000 Dos o más : 87
     Mean :549.2 Mean : 83190 * : 0
     3rd Qu. :992.0 3rd Qu. :100000 NAs :791
     Max. :994.0 Max. :100000
     Missings: 0.0 Missings: 0
     NAs :737.0 NAs : 737
     mdesp1
     En coche o furgoneta como conductor: 75
     En coche o furgoneta como pasajero : 23
     En autobús, autocar, minibús : 28
     En moto : 7
     (Other) : 68
     missing values : 0
     NAs :799
    
     mdesp2 tdesp
     En coche o furgoneta como pasajero: 1 Min. : 1.000
     En autobús, autocar, minibús : 1 1st Qu. : 1.000
     Andando : 4 Median : 2.000
     * : 0 Mean : 2.189
     NAs :994 3rd Qu. : 3.000
     Max. : 7.000
     Missings: 0.000
     NAs :799.000
     tenen
     Propia, por compra, totalmente pagada :698
     Propia, por compra, con pagos pendientes (hipotecas) :116
     Propia por herencia o donación : 99
     Alquilada : 28
     Cedida gratis o a bajo precio (por otro hogar, pagada por la empresa...): 7
     Otra forma : 52
    
    
     cale aseo
     Colectiva o central : 21 Sí:998
     Individual :124 No: 2
     No tiene calefacción pero sí algún aparato que permite calentar:531
     No tiene calefacción :324
    
    
    
    
     baduch internet
     Sí:989 Sí:330
     No: 11 No:670
    
    
    
    
    
    
     aguacor
     Agua corriente por abastecimiento público :970
     Agua corriente por abastecimiento privado o particular del edificio: 30
    
    
    
    
    
    
     sut nhab plantas plantab
     Min. : 40.00 Min. : 2.00 Min. : 1.000 Min. : 0.00000
     1st Qu.: 85.75 1st Qu.: 5.00 1st Qu. : 2.000 1st Qu. : 0.00000
     Median :100.00 Median : 5.00 Median : 2.000 Median : 0.00000
     Mean :112.10 Mean : 5.86 Mean : 2.621 Mean : 0.06904
     3rd Qu.:120.00 3rd Qu.: 7.00 3rd Qu. : 3.000 3rd Qu. : 0.00000
     Max. :400.00 Max. :19.00 Max. :10.000 Max. : 2.00000
     Missings: 0.000 Missings: 0.00000
     NAs :15.000 NAs :15.00000
     tipoedif anocons
     Destinado principal o exclusivamente a viviendas:979 1900 a 1920 : 70
     Destinado a otros fines : 6 1921 a 1940 : 24
     * : 0 1941 a 1950 : 22
     NAs : 15 1951 a 1960 : 26
     (Other) :837
     missing values: 0
     NAs : 21
    
     estado ascensor accesib garaje plazas gas
     Ruinoso : 3 Sí :158 Sí :200 Sí :390 1 :298 Sí : 9
     Malo : 6 No :821 No :779 No :589 2 : 26 No :970
     Deficiente: 35 * : 0 * : 0 * : 0 3 a 5 : 5 * : 0
     Bueno :935 NAs: 21 NAs: 21 NAs: 21 6 a 10 : 20 NAs: 21
     * : 0 (Other) : 41
     NAs : 21 missing values: 0
     NAs :610
    
     telef acal resid
     Sí :937 Sí :462 Alcantarillado :871
     No : 42 No :517 Otro tipo :103
     * : 0 * : 0 No tiene sistema evacuación aguas residuales: 5
     NAs: 21 NAs: 21 * : 0
     NAs : 21
    
    
    
     familia pad_norden mad_norden con_norden
     Min. :0.000 Min. : 1.000 Min. : 1.00 Min. : 1.000
     1st Qu.:1.000 1st Qu. : 1.000 1st Qu. : 2.00 1st Qu. : 1.000
     Median :1.000 Median : 1.000 Median : 2.00 Median : 2.000
     Mean :0.914 Mean : 1.182 Mean : 2.11 Mean : 1.547
     3rd Qu.:1.000 3rd Qu. : 1.000 3rd Qu. : 2.00 3rd Qu. : 2.000
     Max. :2.000 Max. : 7.000 Max. : 4.00 Max. : 4.000
     Missings: 0.000 Missings: 0.00 Missings: 0.000
     NAs :819.000 NAs :846.00 NAs :322.000
     opa_norden tipoper nucleo
     Min. : 1 :123 Min. :0.000
     1st Qu. : 3 Vive con su cónyuge :678 1st Qu.:1.000
     Median : 3 Hijo :178 Median :1.000
     Mean : 3 Madre que no vive con su cónyuge: 5 Mean :0.879
     3rd Qu. : 3 Padre que no vive con su cónyuge: 16 3rd Qu.:1.000
     Max. : 9 Max. :2.000
     Missings: 0
     NAs :615
     nmiem nfam nnuc ngener
     Min. :1.000 Min. :0.000 Min. :0.000 Min. :1.000
     1st Qu.:2.000 1st Qu.:1.000 1st Qu.:1.000 1st Qu.:1.000
     Median :2.000 Median :1.000 Median :1.000 Median :1.000
     Mean :2.646 Mean :0.916 Mean :0.904 Mean :1.466
     3rd Qu.:3.000 3rd Qu.:1.000 3rd Qu.:1.000 3rd Qu.:2.000
     Max. :8.000 Max. :2.000 Max. :2.000 Max. :3.000
    
    
     esthog
     Hogar con un hombre solo menor de 65 años : 18
     Hogar con un hombre solo de 65 años o más : 54
     Hogar con padre o madre que convive con algún hijo menor de 25 años : 13
     Hogar con padre o madre que convive con todos sus hijos de 25 años o más : 23
     Hogar formado por pareja sin hijos :448
     Hogar formado por pareja con hijos en donde algún hijo es menor de 25 años:143
     (Other) :301
    
     tipohog
     Hogar unipersonal : 72
     Hogar multipersonal pero que no forma familia : 16
     Hogar de una familia sin otras personas adicionales y ningún núcleo : 13
     Hogar de una familia sin otras personas adicionales y sólo un núcleo :817
     Hogar de una familia sin otras personas adicionales y un núcleo y otras personas: 73
     Hogar de una familia sin otras personas adicionales y dos núcleos o más : 5
     Hogar de dos o más familias : 4
    
     nocu nparain npfam npnuc
     Min. :1.000 Min. :1.000 Min. :0.000 Min. :0.000
     1st Qu.:1.000 1st Qu.:1.000 1st Qu.:2.000 1st Qu.:2.000
     Median :1.000 Median :2.000 Median :2.000 Median :2.000
     Mean :1.647 Mean :1.838 Mean :2.542 Mean :2.416
     3rd Qu.:2.000 3rd Qu.:2.000 3rd Qu.:3.000 3rd Qu.:3.000
     Max. :4.000 Max. :4.000 Max. :8.000 Max. :5.000
    
    
     hm5 h0515 h1624 h2534
     Min. :0.000 Min. :0.000 Min. :0.000 Min. :0.000
     1st Qu.:0.000 1st Qu.:0.000 1st Qu.:0.000 1st Qu.:0.000
     Median :0.000 Median :0.000 Median :0.000 Median :0.000
     Mean :0.005 Mean :0.111 Mean :0.183 Mean :0.271
     3rd Qu.:0.000 3rd Qu.:0.000 3rd Qu.:0.000 3rd Qu.:0.000
     Max. :1.000 Max. :3.000 Max. :2.000 Max. :2.000
    
    
     h3564 h6584 h85m hesphog
     Min. :0.000 Min. :0.000 Min. :0.000 Min. :0.000
     1st Qu.:0.000 1st Qu.:0.000 1st Qu.:0.000 1st Qu.:1.000
     Median :1.000 Median :1.000 Median :0.000 Median :1.000
     Mean :1.052 Mean :0.947 Mean :0.077 Mean :1.341
     3rd Qu.:2.000 3rd Qu.:2.000 3rd Qu.:0.000 3rd Qu.:2.000
     Max. :4.000 Max. :3.000 Max. :2.000 Max. :6.000
    
    
     mesphog hexthog mexthog combinac
     Min. :0.000 Min. :0.000 Min. :0.000 Todos españoles :903
     1st Qu.:1.000 1st Qu.:0.000 1st Qu.:0.000 Algún extranjero: 97
     Median :1.000 Median :0.000 Median :0.000
     Mean :1.081 Mean :0.115 Mean :0.109
     3rd Qu.:1.000 3rd Qu.:0.000 3rd Qu.:0.000
     Max. :4.000 Max. :2.000 Max. :3.000
    
    
     edadpad paisnacpad nacipad ecivpad
     35 a 39 : 2 Bélgica : 1 Española :168 Soltero : 1
     40 a 44 : 4 España :902 Extranjera: 13 Casado :158
     45 a 49 : 9 Italia : 1 * : 0 Viudo : 3
     55 a 59 : 57 Países Bajos: 1 NAs :819 Separado : 2
     (Other) :109 Reino Unido : 47 Divorciado: 17
     missing values: 0 Alemania : 2 * : 0
     NAs :819 (Other) : 46 NAs :819
    
     estupad situpad
     Analfabetos : 17 Ocupado/a a tiempo completo : 69
     Sin estudios : 52 Ocupado/a a tiempo parcial : 11
     Primer grado : 39 Parado/a que ha trabajado antes : 16
     Segundo grado: 60 Persona con invalidez permanente : 3
     Tercer grado : 13 (Other) : 82
     * : 0 missing values : 0
     NAs :819 NAs :819
    
     sitppad edadmad
     Empresario que emplea personal : 22 30 a 34 : 4
     Empresario que no emplea personal: 15 35 a 39 : 4
     Trabajador fijo o indefinido : 40 40 a 44 : 3
     Trabajador eventual o temporal : 19 45 a 49 : 15
     No es aplicable : 85 (Other) :128
     * : 0 missing values: 0
     NAs :819 NAs :846
    
     paisnacmad nacimad ecivmad estumad
     Bélgica : 1 Española :143 Casado :147 Analfabetos : 14
     España :906 Extranjera: 11 Separado : 2 Sin estudios : 33
     Francia : 1 * : 0 Divorciado: 5 Primer grado : 38
     Países Bajos: 1 NAs :846 * : 0 Segundo grado: 63
     Reino Unido : 48 NAs :846 Tercer grado : 6
     Alemania : 2 * : 0
     (Other) : 41 NAs :846
    
     situmad
     Ocupado/a a tiempo completo : 48
     Ocupado/a a tiempo parcial : 11
     Parado/a que ha trabajado antes : 28
     Parado/a buscando primer empleo : 2
     (Other) : 65
     missing values : 0
     NAs :846
    
     sitpmad edadcon
     Empresario que emplea personal : 7 30 a 34 : 3
     Empresario que no emplea personal: 12 35 a 39 : 5
     Trabajador fijo o indefinido : 26 40 a 44 : 8
     Trabajador eventual o temporal : 39 45 a 49 : 14
     (Other) : 70 (Other) :648
     missing values : 0 missing values: 0
     NAs :846 NAs :322
    
     naccon nacicon ecivcon
     España :607 Española :612 Soltero : 7
     Estado miembro de la UE : 46 Extranjera: 66 Casado :662
     Estado fuera de la UE pero en Europa: 1 * : 0 Separado : 6
     Estado fuera de la UE pero en África: 14 NAs :322 Divorciado: 3
     (Other) : 10 * : 0
     missing values : 0 NAs :322
     NAs :322
    
     estucon situcon
     Analfabetos : 44 Ocupado/a a tiempo completo :127
     Sin estudios :248 Ocupado/a a tiempo parcial : 21
     Primer grado :135 Parado/a que ha trabajado antes : 62
     Segundo grado:212 Parado/a buscando primer empleo : 6
     Tercer grado : 39 (Other) :462
     * : 0 missing values : 0
     NAs :322 NAs :322
    
     sitpcon tiponuc tamnuc
     Empresario que emplea personal : 22 Pareja sin hijos:464 2 :496
     Empresario que no emplea personal: 27 Pareja con hijos:366 3 :219
     Trabajador fijo o indefinido : 89 Padre con hijos : 36 4 :122
     Trabajador eventual o temporal : 70 Madre sin hijos : 11 5 : 40
     (Other) :470 * : 0 * : 0
     missing values : 0 NAs :123 NAs:123
     NAs :322
    
     nhijo nhijoc famnum
     Min. : 0.0000 Min. : 0.0000 No :867
     1st Qu. : 0.0000 1st Qu. : 0.0000 Sí : 10
     Median : 0.0000 Median : 0.0000 * : 0
     Mean : 0.7184 Mean : 0.6294 NAs:123
     3rd Qu. : 1.0000 3rd Qu. : 1.0000
     Max. : 3.0000 Max. : 3.0000
     Missings: 0.0000 Missings: 0.0000
     NAs :123.0000 NAs :123.0000
     tipopareciv tipoparsex
     Pareja de derecho :808 Pareja de distinto sexo:830
     Pareja de hecho (ambos solteros): 4 Núcleo que no es pareja: 47
     Pareja de hecho (otro tipo) : 18 * : 0
     Núcleo que no es pareja : 47 NAs :123
     * : 0
     NAs :123
    
    
     difedad
     10 años o más la mujer que el hombre : 2
     Entre 5 y 9 años más la mujer que el hombre: 2
     Entre 1 y 4 años más la mujer que el hombre: 36
     Igual edad : 85
     (Other) :752
     missing values : 0
     NAs :123
    
    >
    > summary(as.data.frame(res))
    Error in `levels<-`(`*tmp*`, value = if (nl == nL) as.character(labels) else paste0(labels, :
     factor level [12] is duplicated
    Calls: summary ... as.data.frame.double.item -> as.factor -> as.factor
    Execution halted
Flavor: r-devel-windows-ix86+x86_64