CRAN Package Check Results for Package MicroDatosEs

Last updated on 2015-05-30 03:48:49.

Flavor Version Tinstall Tcheck Ttotal Status Flags
r-devel-linux-x86_64-debian-clang 0.6.3.1 2.15 50.40 52.55 NOTE
r-devel-linux-x86_64-debian-gcc 0.6.3.1 2.14 48.53 50.66 NOTE
r-devel-linux-x86_64-fedora-clang 0.6.3.1 121.35 NOTE
r-devel-linux-x86_64-fedora-gcc 0.6.3.1 110.98 NOTE
r-devel-osx-x86_64-clang 0.6.3.1 103.34 NOTE
r-devel-windows-ix86+x86_64 0.6.3.1 14.00 78.00 92.00 NOTE
r-patched-linux-x86_64 0.6.3.1 2.12 49.71 51.84 NOTE
r-patched-solaris-sparc 0.6.3.1 700.70 NOTE
r-patched-solaris-x86 0.6.3.1 161.90 NOTE
r-release-linux-x86_64 0.6.3.1 2.14 50.78 52.92 NOTE
r-release-osx-x86_64-mavericks 0.6.3.1 NOTE
r-release-osx-x86_64-snowleopard 0.6.3.1 ERROR
r-release-windows-ix86+x86_64 0.6.3.1 14.00 83.00 97.00 NOTE
r-oldrel-windows-ix86+x86_64 0.6.3.1 23.00 121.00 144.00 NOTE

Check Details

Version: 0.6.3.1
Check: DESCRIPTION meta-information
Result: NOTE
    Malformed Description field: should contain one or more complete sentences.
Flavors: r-devel-linux-x86_64-debian-clang, r-devel-linux-x86_64-debian-gcc, r-devel-linux-x86_64-fedora-clang, r-devel-linux-x86_64-fedora-gcc, r-devel-osx-x86_64-clang, r-devel-windows-ix86+x86_64, r-patched-linux-x86_64, r-patched-solaris-sparc, r-patched-solaris-x86, r-release-linux-x86_64, r-release-osx-x86_64-mavericks, r-release-windows-ix86+x86_64

Version: 0.6.3.1
Check: R code for possible problems
Result: NOTE
    censo2010: no visible global function definition for ‘as.data.set’
    defun2011: no visible global function definition for ‘as.data.set’
    ees2010: no visible global function definition for ‘as.data.set’
    epa2005: no visible global function definition for ‘as.data.set’
    test.metadata: no visible global function definition for ‘as.data.set’
Flavors: r-devel-linux-x86_64-debian-clang, r-devel-linux-x86_64-debian-gcc, r-devel-linux-x86_64-fedora-clang, r-devel-linux-x86_64-fedora-gcc, r-devel-osx-x86_64-clang, r-devel-windows-ix86+x86_64, r-patched-linux-x86_64, r-patched-solaris-sparc, r-patched-solaris-x86, r-release-linux-x86_64, r-release-osx-x86_64-mavericks, r-release-windows-ix86+x86_64, r-oldrel-windows-ix86+x86_64

Version: 0.6.3.1
Check: package dependencies
Result: ERROR
    Package required but not available: ‘Hmisc’
    
    See section ‘The DESCRIPTION file’ in the ‘Writing R Extensions’
    manual.
Flavor: r-release-osx-x86_64-snowleopard