CRAN Package Check Results for Package MicroDatosEs

Last updated on 2015-02-01 19:50:07.

Flavor Version Tinstall Tcheck Ttotal Status Flags
r-devel-linux-x86_64-debian-clang 0.6.3.1 2.41 23.47 25.88 NOTE
r-devel-linux-x86_64-debian-gcc 0.6.3.1 1.78 22.33 24.11 NOTE
r-devel-linux-x86_64-fedora-clang 0.6.3.1 54.45 NOTE
r-devel-linux-x86_64-fedora-gcc 0.6.3.1 50.76 NOTE
r-devel-osx-x86_64-clang 0.6.3.1 56.34 NOTE
r-devel-windows-ix86+x86_64 0.6.3.1 11.00 36.00 47.00 NOTE
r-patched-linux-x86_64 0.6.3.1 2.44 33.75 36.19 NOTE
r-patched-solaris-sparc 0.6.3.1 413.70 NOTE
r-patched-solaris-x86 0.6.3.1 93.20 NOTE
r-release-linux-ix86 0.6.3.1 2.88 40.40 43.29 NOTE
r-release-linux-x86_64 0.6.3.1 2.37 33.54 35.91 NOTE
r-release-osx-x86_64-mavericks 0.6.3.1 NOTE
r-release-osx-x86_64-snowleopard 0.6.3.1 OK
r-release-windows-ix86+x86_64 0.6.3.1 12.00 60.00 72.00 NOTE
r-oldrel-windows-ix86+x86_64 0.6.3.1 11.00 56.00 67.00 OK

Check Details

Version: 0.6.3.1
Check: R code for possible problems
Result: NOTE
    censo2010: no visible global function definition for ‘as.data.set’
    defun2011: no visible global function definition for ‘as.data.set’
    ees2010: no visible global function definition for ‘as.data.set’
    epa2005: no visible global function definition for ‘as.data.set’
    test.metadata: no visible global function definition for ‘as.data.set’
Flavors: r-devel-linux-x86_64-debian-clang, r-devel-linux-x86_64-debian-gcc, r-devel-linux-x86_64-fedora-clang, r-devel-linux-x86_64-fedora-gcc, r-devel-osx-x86_64-clang, r-devel-windows-ix86+x86_64, r-patched-linux-x86_64, r-patched-solaris-sparc, r-patched-solaris-x86, r-release-linux-ix86, r-release-linux-x86_64, r-release-osx-x86_64-mavericks, r-release-windows-ix86+x86_64