CRAN Package Check Results for Package MicroDatosEs

Last updated on 2014-04-19 18:47:44.

Flavor Version Tinstall Tcheck Ttotal Status Flags
r-devel-linux-x86_64-debian-clang 0.4 2.46 31.62 34.08 OK
r-devel-linux-x86_64-debian-gcc 0.4 2.52 31.81 34.33 OK
r-devel-linux-x86_64-fedora-clang 0.4 69.47 OK
r-devel-linux-x86_64-fedora-gcc 0.4 66.03 OK
r-devel-macosx-x86_64-clang 0.4 64.05 OK
r-devel-macosx-x86_64-gcc 0.4 ERROR
r-devel-windows-ix86+x86_64 0.4 8.00 44.00 52.00 OK
r-patched-linux-x86_64 0.4 2.64 31.64 34.28 OK
r-patched-solaris-sparc 0.4 384.80 OK
r-patched-solaris-x86 0.4 88.20 OK
r-release-linux-ix86 OK
r-release-linux-x86_64 0.4 2.66 31.11 33.77 OK
r-release-macosx-x86_64 0.4 WARN
r-release-windows-ix86+x86_64 0.4 11.00 48.00 59.00 OK
r-oldrel-windows-ix86+x86_64 0.4 9.00 44.00 53.00 OK

Check Details

Version: 0.4
Check: package dependencies
Result: ERROR
    Package required but not available: ‘Hmisc’
    
    See the information on DESCRIPTION files in the chapter ‘Creating R
    packages’ of the ‘Writing R Extensions’ manual.
Flavor: r-devel-macosx-x86_64-gcc

Version: 0.4
Check: examples
Result: WARNING
    checking a package with encoding 'UTF-8' in an ASCII locale
    
     OK
Flavor: r-release-macosx-x86_64