CRAN Package Check Results for Package MicroDatosEs

Last updated on 2014-11-28 16:46:33.

Flavor Version Tinstall Tcheck Ttotal Status Flags
r-devel-linux-x86_64-debian-clang 0.6.3.1 2.24 33.54 35.78 NOTE
r-devel-linux-x86_64-debian-gcc 0.6.3.1 2.15 31.08 33.22 NOTE
r-devel-linux-x86_64-fedora-clang 0.6.3.1 76.85 NOTE
r-devel-linux-x86_64-fedora-gcc 0.6.3.1 74.83 NOTE
r-devel-osx-x86_64-clang 0.6.3.1 64.81 NOTE
r-devel-windows-ix86+x86_64 0.6.3.1 10.00 47.00 57.00 NOTE
r-patched-linux-x86_64 0.6.3.1 2.40 32.45 34.85 NOTE
r-patched-solaris-sparc 0.6.3.1 409.90 NOTE
r-patched-solaris-x86 0.6.3.1 92.20 NOTE
r-release-linux-ix86 0.6.3.1 2.79 39.36 42.15 NOTE
r-release-linux-x86_64 0.6.3.1 2.34 32.44 34.78 NOTE
r-release-osx-x86_64-mavericks 0.6.3.1 OK
r-release-osx-x86_64-snowleopard 0.6.3.1 OK
r-release-windows-ix86+x86_64 0.6.3.1 9.00 58.00 67.00 NOTE
r-oldrel-windows-ix86+x86_64 0.6.3.1 9.00 52.00 61.00 OK

Check Details

Version: 0.6.3.1
Check: R code for possible problems
Result: NOTE
    censo2010: no visible global function definition for ‘as.data.set’
    defun2011: no visible global function definition for ‘as.data.set’
    ees2010: no visible global function definition for ‘as.data.set’
    epa2005: no visible global function definition for ‘as.data.set’
    test.metadata: no visible global function definition for ‘as.data.set’
Flavors: r-devel-linux-x86_64-debian-clang, r-devel-linux-x86_64-debian-gcc, r-devel-linux-x86_64-fedora-clang, r-devel-linux-x86_64-fedora-gcc, r-devel-osx-x86_64-clang, r-devel-windows-ix86+x86_64, r-patched-linux-x86_64, r-patched-solaris-sparc, r-patched-solaris-x86, r-release-linux-ix86, r-release-linux-x86_64, r-release-windows-ix86+x86_64