CRAN Package Check Results for Package MicroDatosEs

Last updated on 2015-07-28 17:48:28.

Flavor Version Tinstall Tcheck Ttotal Status Flags
r-devel-linux-x86_64-debian-clang 0.6.3.1 2.91 51.67 54.58 NOTE
r-devel-linux-x86_64-debian-gcc 0.6.3.1 2.12 50.95 53.07 NOTE
r-devel-linux-x86_64-fedora-clang 0.6.3.1 119.66 NOTE
r-devel-linux-x86_64-fedora-gcc 0.6.3.1 110.52 NOTE
r-devel-osx-x86_64-clang 0.6.3.1 99.88 NOTE
r-devel-windows-ix86+x86_64 0.6.3.1 15.00 81.00 96.00 NOTE
r-patched-linux-x86_64 0.6.3.1 2.20 49.78 51.99 NOTE
r-patched-solaris-sparc 0.6.3.1 689.30 NOTE
r-patched-solaris-x86 0.6.3.1 159.10 NOTE
r-release-linux-x86_64 0.6.3.1 2.12 51.03 53.15 NOTE
r-release-osx-x86_64-mavericks 0.6.3.1 NOTE
r-release-windows-ix86+x86_64 0.6.3.1 21.00 83.00 104.00 NOTE
r-oldrel-windows-ix86+x86_64 0.6.3.1 25.00 134.00 159.00 NOTE

Check Details

Version: 0.6.3.1
Check: DESCRIPTION meta-information
Result: NOTE
    Malformed Description field: should contain one or more complete sentences.
Flavors: r-devel-linux-x86_64-debian-clang, r-devel-linux-x86_64-debian-gcc, r-devel-linux-x86_64-fedora-clang, r-devel-linux-x86_64-fedora-gcc, r-devel-osx-x86_64-clang, r-devel-windows-ix86+x86_64, r-patched-linux-x86_64, r-patched-solaris-sparc, r-patched-solaris-x86, r-release-linux-x86_64, r-release-osx-x86_64-mavericks, r-release-windows-ix86+x86_64

Version: 0.6.3.1
Check: R code for possible problems
Result: NOTE
    censo2010: no visible global function definition for ‘as.data.set’
    create.spss.column: no visible global function definition for
     ‘read.table’
    create.spss.miss: no visible global function definition for
     ‘read.table’
    create.spss.vals: no visible global function definition for
     ‘read.table’
    create.spss.var: no visible global function definition for ‘read.table’
    defun2011: no visible global function definition for ‘as.data.set’
    ees2010: no visible global function definition for ‘as.data.set’
    epa2005: no visible global function definition for ‘as.data.set’
    read.fwf.microdata: no visible global function definition for
     ‘read.table’
    read.fwf.microdata: no visible global function definition for
     ‘read.fwf’
    test.metadata: no visible global function definition for ‘as.data.set’
    Undefined global functions or variables:
     as.data.set read.fwf read.table
    Consider adding
     importFrom("utils", "read.fwf", "read.table")
    to your NAMESPACE.
Flavors: r-devel-linux-x86_64-debian-clang, r-devel-linux-x86_64-debian-gcc, r-devel-linux-x86_64-fedora-clang, r-devel-linux-x86_64-fedora-gcc, r-devel-windows-ix86+x86_64

Version: 0.6.3.1
Check: R code for possible problems
Result: NOTE
    censo2010: no visible global function definition for ‘as.data.set’
    defun2011: no visible global function definition for ‘as.data.set’
    ees2010: no visible global function definition for ‘as.data.set’
    epa2005: no visible global function definition for ‘as.data.set’
    test.metadata: no visible global function definition for ‘as.data.set’
    Undefined global functions or variables:
     as.data.set
Flavor: r-devel-osx-x86_64-clang

Version: 0.6.3.1
Check: R code for possible problems
Result: NOTE
    censo2010: no visible global function definition for ‘as.data.set’
    defun2011: no visible global function definition for ‘as.data.set’
    ees2010: no visible global function definition for ‘as.data.set’
    epa2005: no visible global function definition for ‘as.data.set’
    test.metadata: no visible global function definition for ‘as.data.set’
Flavors: r-patched-linux-x86_64, r-patched-solaris-sparc, r-patched-solaris-x86, r-release-linux-x86_64, r-release-osx-x86_64-mavericks, r-release-windows-ix86+x86_64, r-oldrel-windows-ix86+x86_64