CRAN Package Check Results for Package MicroDatosEs

Last updated on 2014-12-19 20:48:19.

Flavor Version Tinstall Tcheck Ttotal Status Flags
r-devel-linux-x86_64-debian-clang 0.6.3.1 2.30 33.87 36.17 NOTE
r-devel-linux-x86_64-debian-gcc 0.6.3.1 2.22 31.59 33.81 NOTE
r-devel-linux-x86_64-fedora-clang 0.6.3.1 75.74 NOTE
r-devel-linux-x86_64-fedora-gcc 0.6.3.1 67.30 NOTE
r-devel-osx-x86_64-clang 0.6.3.1 66.36 NOTE
r-devel-windows-ix86+x86_64 0.6.3.1 9.00 52.00 61.00 NOTE
r-patched-linux-x86_64 0.6.3.1 2.51 32.69 35.20 NOTE
r-patched-solaris-sparc 0.6.3.1 409.90 NOTE
r-patched-solaris-x86 0.6.3.1 94.30 NOTE
r-release-linux-ix86 0.6.3.1 2.88 39.79 42.68 NOTE
r-release-linux-x86_64 0.6.3.1 2.66 33.36 36.03 NOTE
r-release-osx-x86_64-mavericks 0.6.3.1 OK
r-release-osx-x86_64-snowleopard 0.6.3.1 OK
r-release-windows-ix86+x86_64 0.6.3.1 10.00 52.00 62.00 NOTE
r-oldrel-windows-ix86+x86_64 0.6.3.1 11.00 52.00 63.00 OK

Check Details

Version: 0.6.3.1
Check: R code for possible problems
Result: NOTE
    censo2010: no visible global function definition for ‘as.data.set’
    defun2011: no visible global function definition for ‘as.data.set’
    ees2010: no visible global function definition for ‘as.data.set’
    epa2005: no visible global function definition for ‘as.data.set’
    test.metadata: no visible global function definition for ‘as.data.set’
Flavors: r-devel-linux-x86_64-debian-clang, r-devel-linux-x86_64-debian-gcc, r-devel-linux-x86_64-fedora-clang, r-devel-linux-x86_64-fedora-gcc, r-devel-osx-x86_64-clang, r-devel-windows-ix86+x86_64, r-patched-linux-x86_64, r-patched-solaris-sparc, r-patched-solaris-x86, r-release-linux-ix86, r-release-linux-x86_64, r-release-windows-ix86+x86_64