CRAN Package Check Results for Package MicroDatosEs

Last updated on 2015-04-25 12:46:17.

Flavor Version Tinstall Tcheck Ttotal Status Flags
r-devel-linux-x86_64-debian-clang 0.6.3.1 2.20 50.72 52.92 NOTE
r-devel-linux-x86_64-debian-gcc 0.6.3.1 2.03 49.55 51.58 NOTE
r-devel-linux-x86_64-fedora-clang 0.6.3.1 113.30 NOTE
r-devel-linux-x86_64-fedora-gcc 0.6.3.1 127.26 NOTE
r-devel-osx-x86_64-clang 0.6.3.1 94.29 NOTE
r-devel-windows-ix86+x86_64 0.6.3.1 16.00 76.00 92.00 NOTE
r-patched-linux-x86_64 0.6.3.1 2.11 49.65 51.76 NOTE
r-patched-solaris-sparc 0.6.3.1 631.40 NOTE
r-patched-solaris-x86 0.6.3.1 143.90 NOTE
r-release-linux-x86_64 0.6.3.1 2.09 49.19 51.28 NOTE
r-release-osx-x86_64-mavericks 0.6.3.1 NOTE
r-release-osx-x86_64-snowleopard 0.6.3.1 ERROR
r-release-windows-ix86+x86_64 0.6.3.1 13.00 76.00 89.00 NOTE
r-oldrel-windows-ix86+x86_64 0.6.3.1 22.00 114.00 136.00 NOTE

Check Details

Version: 0.6.3.1
Check: DESCRIPTION meta-information
Result: NOTE
    Malformed Description field: should contain one or more complete sentences.
Flavors: r-devel-windows-ix86+x86_64, r-release-windows-ix86+x86_64

Version: 0.6.3.1
Check: R code for possible problems
Result: NOTE
    censo2010: no visible global function definition for 'as.data.set'
    defun2011: no visible global function definition for 'as.data.set'
    ees2010: no visible global function definition for 'as.data.set'
    epa2005: no visible global function definition for 'as.data.set'
    test.metadata: no visible global function definition for 'as.data.set'
Flavors: r-devel-windows-ix86+x86_64, r-release-windows-ix86+x86_64, r-oldrel-windows-ix86+x86_64