CRAN Package Check Results for Package MicroDatosEs

Last updated on 2014-10-21 14:48:22.

Flavor Version Tinstall Tcheck Ttotal Status Flags
r-devel-linux-x86_64-debian-clang 0.6.3.1 2.28 32.19 34.47 NOTE
r-devel-linux-x86_64-debian-gcc 0.6.3.1 2.19 32.40 34.59 NOTE
r-devel-linux-x86_64-fedora-clang 0.6.3.1 73.10 NOTE
r-devel-linux-x86_64-fedora-gcc 0.6.3.1 66.62 NOTE
r-devel-osx-x86_64-clang 0.6.3.1 65.91 NOTE
r-devel-windows-ix86+x86_64 0.6.3.1 9.00 46.00 55.00 NOTE
r-patched-linux-x86_64 0.6.3.1 2.34 32.95 35.29 NOTE
r-patched-solaris-sparc 0.6.3.1 409.90 NOTE
r-patched-solaris-x86 0.6.3.1 92.30 NOTE
r-release-linux-ix86 0.6.3.1 3.02 41.74 44.76 OK
r-release-linux-x86_64 0.6.3.1 2.40 34.46 36.86 OK
r-release-osx-x86_64-mavericks 0.6.3.1 OK
r-release-osx-x86_64-snowleopard 0.6.3.1 OK
r-release-windows-ix86+x86_64 0.6.3.1 8.00 54.00 62.00 OK
r-oldrel-windows-ix86+x86_64 0.6.3.1 10.00 53.00 63.00 OK

Check Details

Version: 0.6.3.1
Check: R code for possible problems
Result: NOTE
    censo2010: no visible global function definition for ‘as.data.set’
    defun2011: no visible global function definition for ‘as.data.set’
    ees2010: no visible global function definition for ‘as.data.set’
    epa2005: no visible global function definition for ‘as.data.set’
    test.metadata: no visible global function definition for ‘as.data.set’
Flavors: r-devel-linux-x86_64-debian-clang, r-devel-linux-x86_64-debian-gcc, r-devel-linux-x86_64-fedora-clang, r-devel-linux-x86_64-fedora-gcc, r-devel-osx-x86_64-clang, r-devel-windows-ix86+x86_64, r-patched-linux-x86_64, r-patched-solaris-sparc, r-patched-solaris-x86