CRAN Package Check Results for Package MicroDatosEs

Last updated on 2014-09-16 21:47:38.

Flavor Version Tinstall Tcheck Ttotal Status Flags
r-devel-linux-x86_64-debian-clang 0.6.3.1 2.26 31.58 33.84 NOTE
r-devel-linux-x86_64-debian-gcc 0.6.3.1 2.30 31.90 34.20 NOTE
r-devel-linux-x86_64-fedora-clang 0.6.3.1 70.70 NOTE
r-devel-linux-x86_64-fedora-gcc 0.6.3.1 85.76 NOTE
r-devel-osx-x86_64-clang 0.6.3.1 57.88 NOTE
r-devel-windows-ix86+x86_64 0.6.3.1 7.00 53.00 60.00 NOTE
r-patched-linux-x86_64 0.6.3.1 2.41 32.24 34.66 OK
r-patched-solaris-sparc 0.6.3.1 358.90 OK
r-patched-solaris-x86 0.6.3.1 90.30 OK
r-release-linux-ix86 0.6.3.1 3.03 41.68 44.71 OK
r-release-linux-x86_64 0.6.3.1 2.44 34.41 36.85 OK
r-release-osx-x86_64-mavericks 0.6.3.1 OK
r-release-osx-x86_64-snowleopard 0.6.3.1 OK
r-release-windows-ix86+x86_64 0.6.3.1 10.00 55.00 65.00 OK
r-oldrel-windows-ix86+x86_64 0.6.3.1 9.00 56.00 65.00 OK

Check Details

Version: 0.6.3.1
Check: R code for possible problems
Result: NOTE
    censo2010: no visible global function definition for ‘as.data.set’
    defun2011: no visible global function definition for ‘as.data.set’
    ees2010: no visible global function definition for ‘as.data.set’
    epa2005: no visible global function definition for ‘as.data.set’
    test.metadata: no visible global function definition for ‘as.data.set’
Flavors: r-devel-linux-x86_64-debian-clang, r-devel-linux-x86_64-debian-gcc, r-devel-linux-x86_64-fedora-clang, r-devel-linux-x86_64-fedora-gcc, r-devel-osx-x86_64-clang, r-devel-windows-ix86+x86_64