CRAN Package Check Results for Package MicroDatosEs

Last updated on 2014-08-28 10:47:03.

Flavor Version Tinstall Tcheck Ttotal Status Flags
r-devel-linux-x86_64-debian-clang 0.6.3.1 2.25 30.67 32.92 NOTE
r-devel-linux-x86_64-debian-gcc 0.6.3.1 2.17 29.24 31.41 NOTE
r-devel-linux-x86_64-fedora-clang 0.6.3.1 69.56 NOTE
r-devel-linux-x86_64-fedora-gcc 0.6.3.1 66.26 NOTE
r-devel-osx-x86_64-clang 0.6.3.1 58.98 NOTE
r-devel-windows-ix86+x86_64 0.6.3.1 8.00 50.00 58.00 NOTE
r-patched-linux-x86_64 0.6.3.1 2.41 31.20 33.61 OK
r-patched-solaris-sparc 0.6.3.1 358.90 OK
r-patched-solaris-x86 0.6.3.1 88.50 OK
r-release-linux-ix86 0.6.3.1 2.89 39.88 42.78 OK
r-release-linux-x86_64 0.6.3.1 2.34 32.82 35.16 OK
r-release-osx-x86_64-mavericks 0.6.3.1 OK
r-release-osx-x86_64-snowleopard 0.6.3.1 OK
r-release-windows-ix86+x86_64 0.6.3.1 7.00 50.00 57.00 OK
r-oldrel-windows-ix86+x86_64 0.6.3.1 9.00 49.00 58.00 OK

Check Details

Version: 0.6.3.1
Check: R code for possible problems
Result: NOTE
    censo2010: no visible global function definition for ‘as.data.set’
    defun2011: no visible global function definition for ‘as.data.set’
    ees2010: no visible global function definition for ‘as.data.set’
    epa2005: no visible global function definition for ‘as.data.set’
    test.metadata: no visible global function definition for ‘as.data.set’
Flavors: r-devel-linux-x86_64-debian-clang, r-devel-linux-x86_64-debian-gcc, r-devel-linux-x86_64-fedora-clang, r-devel-linux-x86_64-fedora-gcc, r-devel-osx-x86_64-clang, r-devel-windows-ix86+x86_64