Last updated on 2021-02-26 19:50:55 CET.
Flavor | Version | Tinstall | Tcheck | Ttotal | Status | Flags |
---|---|---|---|---|---|---|
r-devel-linux-x86_64-debian-clang | 1.1.3 | 20.25 | 351.13 | 371.38 | OK | |
r-devel-linux-x86_64-debian-gcc | 1.1.3 | 17.72 | 256.74 | 274.46 | OK | |
r-devel-linux-x86_64-fedora-clang | 1.1.3 | 465.91 | NOTE | |||
r-devel-linux-x86_64-fedora-gcc | 1.1.3 | 413.73 | NOTE | |||
r-devel-windows-ix86+x86_64 | 1.1.3 | 33.00 | 404.00 | 437.00 | OK | |
r-patched-linux-x86_64 | 1.1.3 | 19.67 | 320.47 | 340.14 | OK | |
r-patched-solaris-x86 | 1.1.3 | 787.70 | NOTE | |||
r-release-linux-x86_64 | 1.1.3 | 19.75 | 321.54 | 341.29 | OK | |
r-release-macos-x86_64 | 1.1.3 | NOTE | ||||
r-release-windows-ix86+x86_64 | 1.1.3 | 48.00 | 495.00 | 543.00 | OK | |
r-oldrel-macos-x86_64 | 1.1.3 | ERROR | ||||
r-oldrel-windows-ix86+x86_64 | 1.1.3 | 31.00 | 473.00 | 504.00 | OK |
Version: 1.1.3
Check: package dependencies
Result: NOTE
Package suggested but not available for checking: ‘BSgenome.Mmusculus.UCSC.mm10’
Flavors: r-devel-linux-x86_64-fedora-clang, r-devel-linux-x86_64-fedora-gcc, r-patched-solaris-x86, r-release-macos-x86_64
Version: 1.1.3
Check: dependencies in R code
Result: NOTE
Namespaces in Imports field not imported from:
‘GenomicAlignments’ ‘R.utils’ ‘data.table’ ‘magrittr’ ‘tidyr’
All declared Imports should be used.
Flavors: r-devel-linux-x86_64-fedora-clang, r-devel-linux-x86_64-fedora-gcc, r-patched-solaris-x86, r-release-macos-x86_64
Version: 1.1.3
Check: package dependencies
Result: NOTE
Packages suggested but not available for checking:
'BSgenome.Hsapiens.UCSC.hg38', 'BSgenome.Hsapiens.UCSC.hg19',
'BSgenome.Mmusculus.UCSC.mm10'
Flavor: r-oldrel-macos-x86_64
Version: 1.1.3
Check: whether package can be installed
Result: ERROR
Installation failed.
Flavor: r-oldrel-macos-x86_64