CRAN Package Check Results for Package MicrobiomeStat

Last updated on 2023-02-07 19:07:27 CET.

Flavor Version Tinstall Tcheck Ttotal Status Flags
r-devel-linux-x86_64-debian-clang 1.1 37.82 305.82 343.64 OK
r-devel-linux-x86_64-debian-gcc 1.1 28.90 225.41 254.31 OK
r-devel-linux-x86_64-fedora-clang 1.1 468.92 NOTE
r-devel-linux-x86_64-fedora-gcc 1.1 426.97 NOTE
r-devel-windows-x86_64 1.1 44.00 328.00 372.00 OK
r-patched-linux-x86_64 1.1 33.87 288.89 322.76 OK
r-release-linux-x86_64 1.1 28.78 298.11 326.89 OK
r-release-macos-arm64 1.1 103.00 NOTE
r-release-macos-x86_64 1.1 173.00 NOTE
r-release-windows-x86_64 1.1 42.00 326.00 368.00 OK
r-oldrel-macos-arm64 1.1 98.00 NOTE
r-oldrel-macos-x86_64 1.1 140.00 NOTE
r-oldrel-windows-ix86+x86_64 1.1 76.00 303.00 379.00 OK

Check Details

Version: 1.1
Check: dependencies in R code
Result: NOTE
    Namespaces in Imports field not imported from:
     ‘MASS’ ‘Matrix’ ‘utils’
     All declared Imports should be used.
Flavors: r-devel-linux-x86_64-fedora-clang, r-devel-linux-x86_64-fedora-gcc, r-release-macos-arm64, r-release-macos-x86_64, r-oldrel-macos-arm64, r-oldrel-macos-x86_64