CRAN Package Check Results for Package MinBAR

Last updated on 2023-01-30 18:50:50 CET.

Flavor Version Tinstall Tcheck Ttotal Status Flags
r-devel-linux-x86_64-debian-clang 1.1.3 27.03 284.32 311.35 OK
r-devel-linux-x86_64-debian-gcc 1.1.3 24.50 208.16 232.66 OK
r-devel-linux-x86_64-fedora-clang 1.1.3 379.53 NOTE
r-devel-linux-x86_64-fedora-gcc 1.1.3 417.11 NOTE
r-devel-windows-x86_64 1.1.3 37.00 290.00 327.00 OK
r-patched-linux-x86_64 1.1.3 25.50 272.23 297.73 OK
r-release-linux-x86_64 1.1.3 24.26 279.10 303.36 OK
r-release-macos-arm64 1.1.3 78.00 NOTE
r-release-macos-x86_64 1.1.3 137.00 NOTE
r-release-windows-x86_64 1.1.3 33.00 296.00 329.00 OK
r-oldrel-macos-arm64 1.1.3 81.00 NOTE
r-oldrel-macos-x86_64 1.1.3 106.00 NOTE
r-oldrel-windows-ix86+x86_64 1.1.3 67.00 282.00 349.00 OK

Check Details

Version: 1.1.3
Check: dependencies in R code
Result: NOTE
    Namespace in Imports field not imported from: ‘rgdal’
     All declared Imports should be used.
Flavors: r-devel-linux-x86_64-fedora-clang, r-devel-linux-x86_64-fedora-gcc, r-release-macos-arm64, r-release-macos-x86_64, r-oldrel-macos-arm64, r-oldrel-macos-x86_64