CRAN Package Check Results for Package MiscPsycho

Last updated on 2014-07-30 22:47:27.

Flavor Version Tinstall Tcheck Ttotal Status Flags
r-devel-linux-x86_64-debian-clang 1.6 0.80 24.50 25.29 NOTE
r-devel-linux-x86_64-debian-gcc 1.6 0.80 23.63 24.43 NOTE
r-devel-linux-x86_64-fedora-clang 1.6 60.52 NOTE
r-devel-linux-x86_64-fedora-gcc 1.6 57.42 NOTE
r-devel-osx-x86_64-clang 1.6 46.86 NOTE
r-devel-windows-ix86+x86_64 1.6 4.00 36.00 40.00 NOTE
r-patched-linux-x86_64 1.6 0.80 24.71 25.51 NOTE
r-patched-solaris-sparc 1.6 323.60 NOTE
r-patched-solaris-x86 1.6 70.20 NOTE
r-release-linux-ix86 1.6 1.32 33.25 34.58 NOTE
r-release-linux-x86_64 1.6 0.82 25.12 25.94 NOTE
r-release-osx-x86_64-mavericks 1.6 NOTE
r-release-osx-x86_64-snowleopard 1.6 NOTE
r-release-windows-ix86+x86_64 1.6 3.00 39.00 42.00 NOTE
r-oldrel-windows-ix86+x86_64 1.6 6.00 223.00 229.00 NOTE

Check Details

Version: 1.6
Check: dependencies in R code
Result: NOTE
    Package in Depends field not imported from: statmod
     These packages need to be imported from (in the NAMESPACE file)
     for when this namespace is loaded but not attached.
    See the information on DESCRIPTION files in the chapter Creating R
    packages of the Writing R Extensions manual.
Flavors: r-devel-linux-x86_64-debian-clang, r-devel-linux-x86_64-debian-gcc, r-devel-linux-x86_64-fedora-clang, r-devel-linux-x86_64-fedora-gcc, r-devel-osx-x86_64-clang, r-devel-windows-ix86+x86_64, r-patched-linux-x86_64, r-patched-solaris-sparc, r-patched-solaris-x86, r-release-linux-ix86, r-release-linux-x86_64, r-release-osx-x86_64-mavericks, r-release-windows-ix86+x86_64, r-oldrel-windows-ix86+x86_64

Version: 1.6
Check: for old-style vignette sources
Result: NOTE
    Vignette sources only in inst/doc :
     MP.Rnw
    A vignettes directory is required as from R 3.1.0
    and these will not be indexed nor checked
Flavors: r-devel-linux-x86_64-debian-clang, r-devel-linux-x86_64-debian-gcc, r-devel-linux-x86_64-fedora-clang, r-devel-linux-x86_64-fedora-gcc, r-devel-osx-x86_64-clang, r-devel-windows-ix86+x86_64, r-patched-linux-x86_64, r-patched-solaris-sparc, r-patched-solaris-x86, r-release-linux-ix86, r-release-linux-x86_64, r-release-osx-x86_64-mavericks, r-release-osx-x86_64-snowleopard, r-release-windows-ix86+x86_64

Version: 1.6
Check: Rd line widths
Result: NOTE
    Rd file 'SL.Rd':
     \examples lines wider than 100 characters:
     params1 <- list("3pl" = list(a = c(.4,1.7,1.2), b = c(-1.1, .9,2.2), c = c(.1,.2,.1)), "gpcm" = NULL)
    
    Rd file 'SSI.Rd':
     \examples lines wider than 100 characters:
     tmp <- data.frame(ID = 1:100, mathScore = rnorm(100), readScore = rnorm(100), scienceScore = rnorm(100))
    
    Rd file 'alpha.Rd':
     \examples lines wider than 100 characters:
     tmp <- data.frame(item1 = sample(c(0,1), 20, replace=TRUE), item2 = sample(c(0,1), 20, replace=TRUE),
     item3 = sample(c(0,1), 20, replace=TRUE),item4 = sample(c(0,1), 20, replace=TRUE),item5 = sample(c(0,1), 20, replace=TRUE))
    
    Rd file 'cheat.Rd':
     \usage lines wider than 90 characters:
     cheat(dat, key, wrongChoice, alpha = .01, rfa = c('nr', 'uni', 'bsct'), bonf = c('yes','no'), con = 1e-12, lower = 0, upper = 50, ...)
    
    Rd file 'choose.M.Rd':
     \examples lines wider than 100 characters:
     "gpcm" = list(a = c(1,1), d = list(item1 = c(0,1,2,3,4), item2 = c(0,.5,1, 1.5))))
    
    Rd file 'classical.Rd':
     \usage lines wider than 90 characters:
     classical(formula, data, na.action, subset, designSE = FALSE, group, na.rm = TRUE, use = 'everything', ...)
    
    Rd file 'irt.ability.Rd':
     \usage lines wider than 90 characters:
     irt.ability(x, params, ind.dichot = NULL, std.err = FALSE, method = c("MLE", "MAP", "EAP"), control = list())
     \examples lines wider than 100 characters:
     params <- list("3pl" = NULL, "gpcm" = list(a = c(1,1), d = list(item1 = c(0,1,2,3,4), item2 = c(0,.5,1, 1.5))))
    
    Rd file 'jml.Rd':
     \examples lines wider than 100 characters:
     tmp <- data.frame(item1 = sample(c(0,1), 20, replace=TRUE), item2 = sample(c(0,1), 20, replace=TRUE),
     item3 = sample(c(0,1), 20, replace=TRUE),item4 = sample(c(0,1), 20, replace=TRUE),item5 = sample(c(0,1), 20, replace=TRUE))
    
    Rd file 'mml.Rd':
     \examples lines wider than 100 characters:
     fm1 <- mml(~ item1 + item2 + item3 + item4 + item5, data = tmp, params = params, control=list(D=1, startVal=c(0,1)))
    
    Rd file 'scoreCon.Rd':
     \examples lines wider than 100 characters:
     tmp <- data.frame(item1 = sample(c(0,1), 20, replace=TRUE), item2 = sample(c(0,1), 20, replace=TRUE),
     item3 = sample(c(0,1), 20, replace=TRUE),item4 = sample(c(0,1), 20, replace=TRUE),item5 = sample(c(0,1), 20, replace=TRUE))
    
    Rd file 'stringMatch.Rd':
     \usage lines wider than 90 characters:
     stringMatch(string.1, string.2, normalize = c("YES", "NO"), penalty = 1, case.sensitive = FALSE)
    
    Rd file 'stringProbs.Rd':
     \examples lines wider than 100 characters:
     dat <- data.frame(fname1 = c('Joseph McCall', 'Paul Jones', 'Larry Everett', 'Sam Thompson', 'Sally Fields', 'Doug Carter', 'Bill Frien ... [TRUNCATED]
     fname2 = c('Joe McCall', 'Paul Jones', 'Barry Everett', 'Samuel Thompson', 'Sally Fields', 'Douglas Carter', 'William Friend', 'Tommy D ... [TRUNCATED]
    
    These lines will be truncated in the PDF manual.
Flavors: r-devel-linux-x86_64-fedora-clang, r-devel-linux-x86_64-fedora-gcc

Version: 1.6
Check: for old-style vignette sources
Result: NOTE
    Vignette sources only in 'inst/doc':
     'MP.Rnw'
    A 'vignettes' directory will be required as from R 3.1.0
Flavor: r-oldrel-windows-ix86+x86_64