CRAN Package Check Results for Package MissingDataGUI

Last updated on 2015-09-05 17:48:04.

Flavor Version Tinstall Tcheck Ttotal Status Flags
r-devel-linux-x86_64-debian-clang 0.2-2 3.32 42.31 45.63 NOTE
r-devel-linux-x86_64-debian-gcc 0.2-2 3.17 42.98 46.15 NOTE
r-devel-linux-x86_64-fedora-clang 0.2-2 94.71 NOTE
r-devel-linux-x86_64-fedora-gcc 0.2-2 90.73 NOTE
r-devel-osx-x86_64-clang 0.2-2 78.64 OK
r-devel-windows-ix86+x86_64 0.2-2 15.00 72.00 87.00 NOTE
r-patched-linux-x86_64 0.2-2 3.26 45.72 48.98 OK
r-patched-solaris-sparc 0.2-2 605.40 OK
r-patched-solaris-x86 0.2-2 157.60 OK
r-release-linux-x86_64 0.2-2 3.42 45.81 49.23 OK
r-release-osx-x86_64-mavericks 0.2-2 OK
r-release-windows-ix86+x86_64 0.2-2 15.00 78.00 93.00 OK
r-oldrel-windows-ix86+x86_64 0.2-2 19.00 117.00 136.00 OK

Check Details

Version: 0.2-2
Check: R code for possible problems
Result: NOTE
    MissingDataGUI : <anonymous>: no visible global function definition for
     ‘na.omit’
    WatchMissingValues : initial_plot: no visible global function
     definition for ‘complete.cases’
    WatchMissingValues : graph_pair: no visible global function definition
     for ‘rnorm’
    WatchMissingValues : graph_pcp: no visible global function definition
     for ‘runif’
    WatchMissingValues : graph_map: no visible global function definition
     for ‘dist’
    WatchMissingValues : graph_map: no visible global function definition
     for ‘hclust’
    WatchMissingValues : VariableOptions : <anonymous>: no visible global
     function definition for ‘na.omit’
    WatchMissingValues : SavePlot: no visible global function definition
     for ‘png’
    WatchMissingValues : SavePlot: no visible global function definition
     for ‘dev.off’
    compute_missing_pct: no visible global function definition for
     ‘complete.cases’
    imputation: no visible global function definition for ‘median’
    imputation: no visible global function definition for ‘na.omit’
    imputation: no visible global function definition for ‘complete.cases’
    imputation: no visible global function definition for ‘dist’
    imputation : <anonymous>: no visible global function definition for
     ‘na.omit’
    imputation: no visible global function definition for ‘as.formula’
    mice_default: no visible global function definition for ‘na.omit’
    Undefined global functions or variables:
     as.formula complete.cases dev.off dist hclust median na.omit png
     rnorm runif
    Consider adding
     importFrom("grDevices", "dev.off", "png")
     importFrom("stats", "as.formula", "complete.cases", "dist", "hclust",
     "median", "na.omit", "rnorm", "runif")
    to your NAMESPACE.
Flavors: r-devel-linux-x86_64-debian-clang, r-devel-linux-x86_64-debian-gcc, r-devel-linux-x86_64-fedora-clang, r-devel-linux-x86_64-fedora-gcc, r-devel-windows-ix86+x86_64