CRAN Package Check Results for Package MissingDataGUI

Last updated on 2014-10-02 01:48:20.

Flavor Version Tinstall Tcheck Ttotal Status Flags
r-devel-linux-x86_64-debian-clang 0.2-2 4.01 61.25 65.26 OK
r-devel-linux-x86_64-debian-gcc 0.2-2 3.95 57.96 61.91 OK
r-devel-linux-x86_64-fedora-clang 0.2-2 147.94 OK
r-devel-linux-x86_64-fedora-gcc 0.2-2 150.73 OK
r-devel-osx-x86_64-clang 0.2-2 121.40 OK
r-devel-windows-ix86+x86_64 0.2-2 16.00 90.00 106.00 OK
r-patched-linux-x86_64 0.2-2 4.24 67.08 71.31 OK
r-patched-solaris-sparc 0.2-2 756.90 OK
r-patched-solaris-x86 0.2-2 211.30 OK
r-release-linux-ix86 0.2-2 5.56 90.50 96.06 OK
r-release-linux-x86_64 0.2-2 4.40 67.31 71.71 OK
r-release-osx-x86_64-mavericks 0.2-2 ERROR
r-release-osx-x86_64-snowleopard 0.2-2 OK
r-release-windows-ix86+x86_64 0.2-2 15.00 108.00 123.00 OK
r-oldrel-windows-ix86+x86_64 0.2-2 17.00 111.00 128.00 OK

Check Details

Version: 0.2-2
Check: package dependencies
Result: ERROR
    Packages required but not available: ‘gWidgetsRGtk2’ ‘cairoDevice’
    
    See the information on DESCRIPTION files in the chapter ‘Creating R
    packages’ of the ‘Writing R Extensions’ manual.
Flavor: r-release-osx-x86_64-mavericks