CRAN Package Check Results for Package MissingDataGUI

Last updated on 2018-06-22 00:46:37 CEST.

Flavor Version Tinstall Tcheck Ttotal Status Flags
r-devel-linux-x86_64-debian-clang 0.2-5 5.28 74.33 79.61 OK
r-devel-linux-x86_64-debian-gcc 0.2-5 4.73 61.40 66.13 OK
r-devel-linux-x86_64-fedora-clang 0.2-5 99.70 OK
r-devel-linux-x86_64-fedora-gcc 0.2-5 99.28 OK
r-devel-windows-ix86+x86_64 0.2-5 18.00 93.00 111.00 OK
r-patched-linux-x86_64 0.2-5 6.20 70.01 76.21 OK
r-patched-solaris-x86 0.2-5 150.30 OK
r-release-linux-x86_64 0.2-5 5.72 68.88 74.60 OK
r-release-windows-ix86+x86_64 0.2-5 9.00 99.00 108.00 OK
r-release-osx-x86_64 0.2-5 ERROR
r-oldrel-windows-ix86+x86_64 0.2-5 10.00 91.00 101.00 OK
r-oldrel-osx-x86_64 0.2-5 ERROR

Check Details

Version: 0.2-5
Check: package dependencies
Result: ERROR
    Packages required but not available: ‘gWidgetsRGtk2’ ‘cairoDevice’
    
    See section ‘The DESCRIPTION file’ in the ‘Writing R Extensions’
    manual.
Flavors: r-release-osx-x86_64, r-oldrel-osx-x86_64