CRAN Package Check Results for Package MissingDataGUI

Last updated on 2014-09-22 03:48:21.

Flavor Version Tinstall Tcheck Ttotal Status Flags
r-devel-linux-x86_64-debian-clang 0.2-2 4.28 59.40 63.68 OK
r-devel-linux-x86_64-debian-gcc 0.2-2 3.81 58.45 62.26 OK
r-devel-linux-x86_64-fedora-clang 0.2-2 146.38 OK
r-devel-linux-x86_64-fedora-gcc 0.2-2 143.52 OK
r-devel-osx-x86_64-clang 0.2-2 120.94 OK
r-devel-windows-ix86+x86_64 0.2-2 14.00 92.00 106.00 OK
r-patched-linux-x86_64 0.2-2 4.17 65.50 69.68 OK
r-patched-solaris-sparc 0.2-2 756.90 OK
r-patched-solaris-x86 0.2-2 211.90 OK
r-release-linux-ix86 0.2-2 5.58 83.05 88.63 OK
r-release-linux-x86_64 0.2-2 4.41 67.05 71.46 OK
r-release-osx-x86_64-mavericks 0.2-2 ERROR
r-release-osx-x86_64-snowleopard 0.2-0 OK
r-release-windows-ix86+x86_64 0.2-2 17.00 108.00 125.00 OK
r-oldrel-windows-ix86+x86_64 0.2-2 17.00 104.00 121.00 OK

Check Details

Version: 0.2-2
Check: package dependencies
Result: ERROR
    Packages required but not available: ‘gWidgetsRGtk2’ ‘cairoDevice’
    
    See the information on DESCRIPTION files in the chapter ‘Creating R
    packages’ of the ‘Writing R Extensions’ manual.
Flavor: r-release-osx-x86_64-mavericks