CRAN Package Check Results for Package MissingDataGUI

Last updated on 2015-03-03 11:49:23.

Flavor Version Tinstall Tcheck Ttotal Status Flags
r-devel-linux-x86_64-debian-clang 0.2-2 3.32 44.30 47.62 OK
r-devel-linux-x86_64-debian-gcc 0.2-2 3.79 42.63 46.42 OK
r-devel-linux-x86_64-fedora-clang 0.2-2 116.27 OK
r-devel-linux-x86_64-fedora-gcc 0.2-2 99.23 OK
r-devel-osx-x86_64-clang 0.2-2 94.82 OK
r-devel-windows-ix86+x86_64 0.2-2 16.00 96.00 112.00 OK
r-patched-linux-x86_64 0.2-2 5.49 64.43 69.92 OK
r-patched-solaris-sparc 0.2-2 825.70 OK
r-patched-solaris-x86 0.2-2 205.80 OK
r-release-linux-ix86 0.2-2 5.02 74.82 79.84 OK
r-release-linux-x86_64 0.2-2 5.47 64.84 70.31 OK
r-release-osx-x86_64-mavericks 0.2-2 ERROR
r-release-osx-x86_64-snowleopard 0.2-2 OK
r-release-windows-ix86+x86_64 0.2-2 19.00 146.00 165.00 OK
r-oldrel-windows-ix86+x86_64 0.2-2 17.00 116.00 133.00 OK

Check Details

Version: 0.2-2
Check: package dependencies
Result: ERROR
    Packages required but not available: ‘gWidgetsRGtk2’ ‘cairoDevice’
    
    See section ‘The DESCRIPTION file’ in the ‘Writing R Extensions’
    manual.
Flavor: r-release-osx-x86_64-mavericks