CRAN Package Check Results for Package MissingDataGUI

Last updated on 2017-12-13 20:48:44 CET.

Flavor Version Tinstall Tcheck Ttotal Status Flags
r-devel-linux-x86_64-debian-clang 0.2-5 3.00 62.25 65.25 OK
r-devel-linux-x86_64-debian-gcc 0.2-5 3.26 52.37 55.63 OK
r-devel-linux-x86_64-fedora-clang 0.2-5 82.52 OK
r-devel-linux-x86_64-fedora-gcc 0.2-5 87.73 OK
r-devel-windows-ix86+x86_64 0.2-5 44.00 5.00 49.00 ERROR
r-patched-linux-x86_64 0.2-5 4.39 68.38 72.77 OK
r-patched-solaris-x86 0.2-5 147.50 OK
r-release-linux-x86_64 0.2-5 3.60 69.07 72.67 OK
r-release-windows-ix86+x86_64 0.2-5 28.00 5.00 33.00 ERROR
r-release-osx-x86_64 0.2-5 ERROR
r-oldrel-windows-ix86+x86_64 0.2-5 25.00 7.00 32.00 ERROR
r-oldrel-osx-x86_64 0.2-5 OK

Check Details

Version: 0.2-5
Check: whether package can be installed
Result: ERROR
    Installation failed.
Flavors: r-devel-windows-ix86+x86_64, r-release-windows-ix86+x86_64, r-oldrel-windows-ix86+x86_64

Version: 0.2-5
Check: package dependencies
Result: ERROR
    Packages required but not available: ‘gWidgetsRGtk2’ ‘cairoDevice’
    
    See section ‘The DESCRIPTION file’ in the ‘Writing R Extensions’
    manual.
Flavor: r-release-osx-x86_64