CRAN Package Check Results for Package MissingDataGUI

Last updated on 2016-07-26 03:49:10.

Flavor Version Tinstall Tcheck Ttotal Status Flags
r-devel-linux-x86_64-debian-clang 0.2-5 3.51 46.72 50.23 OK
r-devel-linux-x86_64-debian-gcc 0.2-5 3.47 48.08 51.55 OK
r-devel-linux-x86_64-fedora-clang 0.2-5 83.81 OK
r-devel-linux-x86_64-fedora-gcc 0.2-5 83.79 OK
r-devel-osx-x86_64-clang 0.2-5 67.51 OK
r-devel-windows-ix86+x86_64 0.2-5 13.00 99.00 112.00 OK
r-patched-linux-x86_64 0.2-5 3.28 46.46 49.74 OK
r-patched-solaris-sparc 0.2-5 467.50 OK
r-patched-solaris-x86 0.2-5 108.00 OK
r-release-linux-x86_64 0.2-5 3.98 45.27 49.25 OK
r-release-osx-x86_64-mavericks 0.2-5 ERROR
r-release-windows-ix86+x86_64 0.2-5 13.00 93.00 106.00 OK
r-oldrel-windows-ix86+x86_64 0.2-5 18.00 102.00 120.00 OK

Check Details

Version: 0.2-5
Check: whether package can be installed
Result: ERROR
    Installation failed.
Flavor: r-release-osx-x86_64-mavericks