CRAN Package Check Results for Package MissingDataGUI

Last updated on 2017-08-17 07:47:03.

Flavor Version Tinstall Tcheck Ttotal Status Flags
r-devel-linux-x86_64-debian-clang 0.2-5 3.03 44.59 47.62 OK
r-devel-linux-x86_64-debian-gcc 0.2-5 3.01 44.06 47.07 OK
r-devel-linux-x86_64-fedora-clang 0.2-5 95.78 OK
r-devel-linux-x86_64-fedora-gcc 0.2-5 105.71 OK
r-devel-windows-ix86+x86_64 0.2-5 9.00 74.00 83.00 OK
r-patched-linux-x86_64 0.2-5 3.10 46.75 49.85 OK
r-patched-solaris-x86 0.2-5 137.60 OK
r-release-linux-x86_64 0.2-5 3.21 46.12 49.33 OK
r-release-windows-ix86+x86_64 0.2-5 10.00 82.00 92.00 OK
r-release-osx-x86_64 0.2-5 ERROR
r-oldrel-windows-ix86+x86_64 0.2-5 8.00 74.00 82.00 OK
r-oldrel-osx-x86_64 0.2-5 OK

Check Details

Version: 0.2-5
Check: package dependencies
Result: ERROR
    Packages required but not available: ‘gWidgetsRGtk2’ ‘cairoDevice’
    
    See section ‘The DESCRIPTION file’ in the ‘Writing R Extensions’
    manual.
Flavor: r-release-osx-x86_64