CRAN Package Check Results for Package MissingDataGUI

Last updated on 2014-12-20 23:47:21.

Flavor Version Tinstall Tcheck Ttotal Status Flags
r-devel-linux-x86_64-debian-clang 0.2-2 4.05 62.21 66.26 OK
r-devel-linux-x86_64-debian-gcc 0.2-2 3.92 58.82 62.73 OK
r-devel-linux-x86_64-fedora-clang 0.2-2 149.68 OK
r-devel-linux-x86_64-fedora-gcc 0.2-2 140.95 OK
r-devel-osx-x86_64-clang 0.2-2 127.50 OK
r-devel-windows-ix86+x86_64 0.2-2 16.00 97.00 113.00 OK
r-patched-linux-x86_64 0.2-2 4.26 62.15 66.41 OK
r-patched-solaris-sparc 0.2-2 756.90 OK
r-patched-solaris-x86 0.2-2 203.30 OK
r-release-linux-ix86 0.2-2 5.06 73.02 78.08 OK
r-release-linux-x86_64 0.2-2 4.25 61.41 65.66 OK
r-release-osx-x86_64-mavericks 0.2-2 ERROR
r-release-osx-x86_64-snowleopard 0.2-2 OK
r-release-windows-ix86+x86_64 0.2-2 20.00 101.00 121.00 OK
r-oldrel-windows-ix86+x86_64 0.2-2 17.00 112.00 129.00 OK

Check Details

Version: 0.2-2
Check: package dependencies
Result: ERROR
    Packages required but not available: ‘gWidgetsRGtk2’ ‘cairoDevice’
    
    See the information on DESCRIPTION files in the chapter ‘Creating R
    packages’ of the ‘Writing R Extensions’ manual.
Flavor: r-release-osx-x86_64-mavericks