CRAN Package Check Results for Package MissingDataGUI

Last updated on 2016-05-01 05:47:34.

Flavor Version Tinstall Tcheck Ttotal Status Flags
r-devel-linux-x86_64-debian-gcc 0.2-5 2.80 39.55 42.35 OK
r-devel-linux-x86_64-fedora-clang 0.2-5 80.81 OK
r-devel-linux-x86_64-fedora-gcc 0.2-5 79.73 OK
r-devel-osx-x86_64-clang 0.2-5 53.34 OK
r-devel-windows-ix86+x86_64 0.2-5 8.00 75.00 83.00 OK
r-patched-linux-x86_64 0.2-5 3.02 39.27 42.28 OK
r-patched-solaris-sparc 0.2-5 432.20 OK
r-patched-solaris-x86 0.2-5 94.50 OK
r-release-linux-x86_64 0.2-5 3.80 46.09 49.89 OK
r-release-osx-x86_64-mavericks 0.2-5 ERROR
r-release-windows-ix86+x86_64 0.2-5 15.00 101.00 116.00 OK
r-oldrel-windows-ix86+x86_64 0.2-5 28.00 164.00 192.00 WARN

Check Details

Version: 0.2-5
Check: whether package can be installed
Result: ERROR
    Installation failed.
Flavor: r-release-osx-x86_64-mavericks

Version: 0.2-5
Check: whether package can be installed
Result: WARN
    Found the following significant warnings:
     Warning: replacing previous import by 'grid::unit' when loading 'MissingDataGUI'
Flavor: r-oldrel-windows-ix86+x86_64