CRAN Package Check Results for Package MissingDataGUI

Last updated on 2015-04-28 16:46:45.

Flavor Version Tinstall Tcheck Ttotal Status Flags
r-devel-linux-x86_64-debian-clang 0.2-2 3.51 44.40 47.92 OK
r-devel-linux-x86_64-debian-gcc 0.2-2 3.26 44.13 47.39 OK
r-devel-linux-x86_64-fedora-clang 0.2-2 103.96 OK
r-devel-linux-x86_64-fedora-gcc 0.2-2 100.12 OK
r-devel-osx-x86_64-clang 0.2-2 89.74 OK
r-devel-windows-ix86+x86_64 0.2-2 12.00 69.00 81.00 OK
r-patched-linux-x86_64 0.2-2 3.30 43.94 47.24 OK
r-patched-solaris-sparc 0.2-2 582.30 OK
r-patched-solaris-x86 0.2-2 144.50 OK
r-release-linux-x86_64 0.2-2 3.20 43.27 46.47 OK
r-release-osx-x86_64-mavericks 0.2-2 ERROR
r-release-osx-x86_64-snowleopard 0.2-2 ERROR
r-release-windows-ix86+x86_64 0.2-2 11.00 69.00 80.00 OK
r-oldrel-windows-ix86+x86_64 0.2-2 17.00 102.00 119.00 OK

Check Details

Version: 0.2-2
Check: package dependencies
Result: ERROR
    Packages required but not available: ‘gWidgetsRGtk2’ ‘cairoDevice’
    
    See section ‘The DESCRIPTION file’ in the ‘Writing R Extensions’
    manual.
Flavor: r-release-osx-x86_64-mavericks

Version: 0.2-2
Check: package dependencies
Result: ERROR
    Packages required but not available: ‘ggplot2’ ‘GGally’
    
    Packages suggested but not available for checking: ‘Hmisc’ ‘mi’
    
    See section ‘The DESCRIPTION file’ in the ‘Writing R Extensions’
    manual.
Flavor: r-release-osx-x86_64-snowleopard