CRAN Package Check Results for Package MissingDataGUI

Last updated on 2014-08-29 14:47:03.

Flavor Version Tinstall Tcheck Ttotal Status Flags
r-devel-linux-x86_64-debian-clang 0.2-0 4.11 55.48 59.59 NOTE
r-devel-linux-x86_64-debian-gcc 0.2-0 3.97 54.86 58.84 NOTE
r-devel-linux-x86_64-fedora-clang 0.2-0 140.79 NOTE
r-devel-linux-x86_64-fedora-gcc 0.2-0 134.04 NOTE
r-devel-osx-x86_64-clang 0.2-0 116.12 NOTE
r-devel-windows-ix86+x86_64 0.2-0 16.00 89.00 105.00 NOTE
r-patched-linux-x86_64 0.2-0 4.36 61.33 65.69 OK
r-patched-solaris-sparc 0.2-0 796.70 OK
r-patched-solaris-x86 0.2-0 199.30 OK
r-release-linux-ix86 0.2-0 5.54 79.64 85.19 OK
r-release-linux-x86_64 0.2-0 4.71 64.63 69.34 OK
r-release-osx-x86_64-mavericks 0.2-0 ERROR
r-release-osx-x86_64-snowleopard 0.2-0 OK
r-release-windows-ix86+x86_64 0.2-0 13.00 104.00 117.00 OK
r-oldrel-windows-ix86+x86_64 0.2-0 16.00 106.00 122.00 OK

Check Details

Version: 0.2-0
Check: R code for possible problems
Result: NOTE
    imputation: no visible global function definition for ‘prelim.norm’
    imputation: no visible global function definition for ‘em.norm’
    imputation: no visible global function definition for ‘rngseed’
    imputation: no visible global function definition for ‘da.norm’
    imputation: no visible global function definition for ‘imp.norm’
    imputation: no visible global function definition for ‘aregImpute’
    imputation: no visible global function definition for ‘mice’
    imputation: no visible global function definition for ‘mi’
Flavors: r-devel-linux-x86_64-debian-clang, r-devel-linux-x86_64-debian-gcc, r-devel-linux-x86_64-fedora-clang, r-devel-linux-x86_64-fedora-gcc, r-devel-osx-x86_64-clang, r-devel-windows-ix86+x86_64

Version: 0.2-0
Check: package dependencies
Result: ERROR
    Packages required but not available: ‘gWidgetsRGtk2’ ‘cairoDevice’
    
    See the information on DESCRIPTION files in the chapter ‘Creating R
    packages’ of the ‘Writing R Extensions’ manual.
Flavor: r-release-osx-x86_64-mavericks