CRAN Package Check Results for Package MissingDataGUI

Last updated on 2017-10-19 12:49:34.

Flavor Version Tinstall Tcheck Ttotal Status Flags
r-devel-linux-x86_64-debian-clang 0.2-5 3.00 44.22 47.23 OK
r-devel-linux-x86_64-debian-gcc 0.2-5 3.28 48.44 51.72 OK
r-devel-linux-x86_64-fedora-clang 0.2-5 97.45 OK
r-devel-linux-x86_64-fedora-gcc 0.2-5 97.54 OK
r-devel-windows-ix86+x86_64 0.2-5 9.00 76.00 85.00 OK
r-patched-linux-x86_64 0.2-5 3.26 45.33 48.60 OK
r-patched-solaris-x86 0.2-5 148.50 OK
r-release-linux-x86_64 0.2-5 3.22 45.06 48.28 OK
r-release-windows-ix86+x86_64 0.2-5 16.00 105.00 121.00 OK
r-release-osx-x86_64 0.2-5 ERROR
r-oldrel-windows-ix86+x86_64 0.2-5 12.00 87.00 99.00 OK
r-oldrel-osx-x86_64 0.2-5 OK

Check Details

Version: 0.2-5
Check: package dependencies
Result: ERROR
    Packages required but not available: ‘gWidgetsRGtk2’ ‘cairoDevice’
    
    See section ‘The DESCRIPTION file’ in the ‘Writing R Extensions’
    manual.
Flavor: r-release-osx-x86_64