CRAN Package Check Results for Package MissingDataGUI

Last updated on 2018-02-23 06:54:59 CET.

Flavor Version Tinstall Tcheck Ttotal Status Flags
r-devel-linux-x86_64-debian-clang 0.2-5 5.77 63.04 68.81 OK
r-devel-linux-x86_64-debian-gcc 0.2-5 5.52 54.44 59.96 OK
r-devel-linux-x86_64-fedora-clang 0.2-5 93.10 OK
r-devel-linux-x86_64-fedora-gcc 0.2-5 93.20 OK
r-devel-windows-ix86+x86_64 0.2-5 16.00 120.00 136.00 OK
r-patched-linux-x86_64 0.2-5 4.38 70.14 74.52 OK
r-patched-solaris-x86 0.2-5 131.00 OK
r-release-linux-x86_64 0.2-5 4.42 69.73 74.15 OK
r-release-windows-ix86+x86_64 0.2-5 15.00 106.00 121.00 OK
r-release-osx-x86_64 0.2-5 ERROR
r-oldrel-windows-ix86+x86_64 0.2-5 9.00 81.00 90.00 OK
r-oldrel-osx-x86_64 0.2-5 OK

Check Details

Version: 0.2-5
Check: package dependencies
Result: ERROR
    Packages required but not available: ‘gWidgetsRGtk2’ ‘cairoDevice’
    
    See section ‘The DESCRIPTION file’ in the ‘Writing R Extensions’
    manual.
Flavor: r-release-osx-x86_64