CRAN Package Check Results for Package MissingDataGUI

Last updated on 2015-01-29 12:48:08.

Flavor Version Tinstall Tcheck Ttotal Status Flags
r-devel-linux-x86_64-debian-clang 0.2-2 3.99 47.80 51.80 OK
r-devel-linux-x86_64-debian-gcc 0.2-2 3.59 45.46 49.05 OK
r-devel-linux-x86_64-fedora-clang 0.2-2 151.63 OK
r-devel-linux-x86_64-fedora-gcc 0.2-2 125.27 OK
r-devel-osx-x86_64-clang 0.2-2 129.98 OK
r-devel-windows-ix86+x86_64 0.2-2 18.00 68.00 86.00 OK
r-patched-linux-x86_64 0.2-2 4.50 62.50 66.99 OK
r-patched-solaris-sparc 0.2-2 793.20 OK
r-patched-solaris-x86 0.2-2 208.20 OK
r-release-linux-ix86 0.2-2 5.01 2.85 7.86 OK
r-release-linux-x86_64 0.2-2 4.26 62.35 66.60 OK
r-release-osx-x86_64-mavericks 0.2-2 ERROR
r-release-osx-x86_64-snowleopard 0.2-2 OK
r-release-windows-ix86+x86_64 0.2-2 18.00 110.00 128.00 OK
r-oldrel-windows-ix86+x86_64 0.2-2 19.00 114.00 133.00 OK

Check Details

Version: 0.2-2
Check: package dependencies
Result: ERROR
    Packages required but not available: ‘gWidgetsRGtk2’ ‘cairoDevice’
    
    See the information on DESCRIPTION files in the chapter ‘Creating R
    packages’ of the ‘Writing R Extensions’ manual.
Flavor: r-release-osx-x86_64-mavericks