CRAN Package Check Results for Package MissingDataGUI

Last updated on 2018-04-25 19:47:15 CEST.

Flavor Version Tinstall Tcheck Ttotal Status Flags
r-devel-linux-x86_64-debian-clang 0.2-5 6.08 68.04 74.12 OK
r-devel-linux-x86_64-debian-gcc 0.2-5 5.50 54.88 60.38 OK
r-devel-linux-x86_64-fedora-clang 0.2-5 95.03 OK
r-devel-linux-x86_64-fedora-gcc 0.2-5 96.04 OK
r-devel-windows-ix86+x86_64 0.2-5 16.00 81.00 97.00 OK
r-patched-linux-x86_64 0.2-5 5.85 66.92 72.77 OK
r-patched-solaris-x86 0.2-5 150.70 OK
r-release-linux-x86_64 0.2-5 7.43 66.72 74.15 OK
r-release-windows-ix86+x86_64 0.2-5 16.00 81.00 97.00 OK
r-release-osx-x86_64 0.2-5 ERROR
r-oldrel-windows-ix86+x86_64 0.2-5 11.00 140.00 151.00 OK
r-oldrel-osx-x86_64 0.2-5 ERROR

Check Details

Version: 0.2-5
Check: package dependencies
Result: ERROR
    Packages required but not available: ‘gWidgetsRGtk2’ ‘cairoDevice’
    
    See section ‘The DESCRIPTION file’ in the ‘Writing R Extensions’
    manual.
Flavors: r-release-osx-x86_64, r-oldrel-osx-x86_64