CRAN Package Check Results for Package MissingDataGUI

Last updated on 2017-06-27 14:47:16.

Flavor Version Tinstall Tcheck Ttotal Status Flags
r-devel-linux-x86_64-debian-clang 0.2-5 3.10 44.75 47.85 OK
r-devel-linux-x86_64-debian-gcc 0.2-5 3.38 45.92 49.30 OK
r-devel-linux-x86_64-fedora-clang 0.2-5 97.30 OK
r-devel-linux-x86_64-fedora-gcc 0.2-5 101.43 OK
r-devel-windows-ix86+x86_64 0.2-5 12.00 109.00 121.00 OK
r-patched-linux-x86_64 0.2-5 3.06 44.78 47.84 OK
r-patched-solaris-sparc 0.2-5 526.50 OK
r-patched-solaris-x86 0.2-5 127.20 OK
r-release-linux-x86_64 0.2-5 3.00 44.57 47.58 OK
r-release-windows-ix86+x86_64 0.2-5 11.00 113.00 124.00 OK
r-release-osx-x86_64 0.2-5 ERROR
r-oldrel-windows-ix86+x86_64 0.2-5 12.00 105.00 117.00 OK
r-oldrel-osx-x86_64 0.2-5 OK

Check Details

Version: 0.2-5
Check: package dependencies
Result: ERROR
    Packages required but not available: ‘gWidgetsRGtk2’ ‘cairoDevice’
    
    See section ‘The DESCRIPTION file’ in the ‘Writing R Extensions’
    manual.
Flavor: r-release-osx-x86_64