CRAN Package Check Results for Package MitISEM

Last updated on 2015-07-31 04:48:06.

Flavor Version Tinstall Tcheck Ttotal Status Flags
r-devel-linux-x86_64-debian-clang 1.0 0.57 14.44 15.01 NOTE
r-devel-linux-x86_64-debian-gcc 1.0 0.83 14.07 14.90 NOTE
r-devel-linux-x86_64-fedora-clang 1.0 29.42 NOTE
r-devel-linux-x86_64-fedora-gcc 1.0 27.44 NOTE
r-devel-osx-x86_64-clang 1.0 28.59 NOTE
r-devel-windows-ix86+x86_64 1.0 3.00 37.00 40.00 NOTE
r-patched-linux-x86_64 1.0 0.59 14.33 14.92 NOTE
r-patched-solaris-sparc 1.0 186.80 NOTE
r-patched-solaris-x86 1.0 40.20 NOTE
r-release-linux-x86_64 1.0 0.59 14.49 15.08 NOTE
r-release-osx-x86_64-mavericks 1.0 NOTE
r-release-windows-ix86+x86_64 1.0 3.00 41.00 44.00 NOTE
r-oldrel-windows-ix86+x86_64 1.0 4.00 30.00 34.00 NOTE

Check Details

Version: 1.0
Check: dependencies in R code
Result: NOTE
    Package in Depends field not imported from: ‘mvtnorm’
     These packages need to be imported from (in the NAMESPACE file)
     for when this namespace is loaded but not attached.
Flavors: r-devel-linux-x86_64-debian-clang, r-devel-linux-x86_64-debian-gcc, r-devel-linux-x86_64-fedora-clang, r-devel-linux-x86_64-fedora-gcc, r-devel-osx-x86_64-clang, r-devel-windows-ix86+x86_64, r-patched-linux-x86_64, r-patched-solaris-sparc, r-patched-solaris-x86, r-release-linux-x86_64, r-release-osx-x86_64-mavericks, r-release-windows-ix86+x86_64, r-oldrel-windows-ix86+x86_64

Version: 1.0
Check: R code for possible problems
Result: NOTE
    MargLik: no visible global function definition for ‘var’
    dmvgt: no visible global function definition for ‘dmvt’
    fn.CVstop: no visible global function definition for ‘sd’
    fn.ISEM: no visible global function definition for ‘uniroot’
    fn.initoptim: no visible global function definition for ‘optim’
    rmvgt: no visible global function definition for ‘rmvt’
    Undefined global functions or variables:
     dmvt optim rmvt sd uniroot var
    Consider adding
     importFrom("stats", "optim", "sd", "uniroot", "var")
    to your NAMESPACE.
Flavors: r-devel-linux-x86_64-debian-clang, r-devel-linux-x86_64-debian-gcc, r-devel-linux-x86_64-fedora-clang, r-devel-linux-x86_64-fedora-gcc, r-devel-windows-ix86+x86_64

Version: 1.0
Check: Rd line widths
Result: NOTE
    Rd file 'SeqMitISEM.rd':
     \usage lines wider than 90 characters:
     SeqMitISEM(data,KERNEL,mu0,Sigma0=NULL,df0=1,control.MitISEM=list(),control.seq=list(),...)
    
    These lines will be truncated in the PDF manual.
Flavors: r-devel-linux-x86_64-debian-clang, r-devel-linux-x86_64-debian-gcc, r-devel-linux-x86_64-fedora-clang, r-devel-linux-x86_64-fedora-gcc, r-patched-linux-x86_64, r-release-linux-x86_64

Version: 1.0
Check: R code for possible problems
Result: NOTE
    dmvgt: no visible global function definition for ‘dmvt’
    rmvgt: no visible global function definition for ‘rmvt’
    Undefined global functions or variables:
     dmvt rmvt
Flavor: r-devel-osx-x86_64-clang

Version: 1.0
Check: R code for possible problems
Result: NOTE
    dmvgt: no visible global function definition for ‘dmvt’
    rmvgt: no visible global function definition for ‘rmvt’
Flavors: r-patched-linux-x86_64, r-patched-solaris-sparc, r-patched-solaris-x86, r-release-linux-x86_64, r-release-osx-x86_64-mavericks, r-release-windows-ix86+x86_64, r-oldrel-windows-ix86+x86_64