CRAN Package Check Results for Package MitISEM

Last updated on 2014-04-18 18:47:16.

Flavor Version Tinstall Tcheck Ttotal Status Flags
r-devel-linux-x86_64-debian-clang 1.0 0.67 16.01 16.68 NOTE
r-devel-linux-x86_64-debian-gcc NOTE
r-devel-linux-x86_64-fedora-clang 1.0 33.63 NOTE
r-devel-linux-x86_64-fedora-gcc 1.0 31.92 NOTE
r-devel-macosx-x86_64-clang 1.0 33.10 NOTE
r-devel-macosx-x86_64-gcc 1.0 NOTE
r-devel-windows-ix86+x86_64 1.0 3.00 26.00 29.00 NOTE
r-patched-linux-x86_64 1.0 0.66 16.20 16.85 NOTE
r-patched-solaris-sparc 1.0 201.80 NOTE
r-patched-solaris-x86 1.0 43.80 NOTE
r-release-linux-ix86 1.0 2.00 30.00 32.00 NOTE
r-release-linux-x86_64 1.0 0.70 15.75 16.45 NOTE
r-release-macosx-x86_64 1.0 OK
r-release-windows-ix86+x86_64 1.0 2.00 25.00 27.00 NOTE
r-oldrel-windows-ix86+x86_64 1.0 2.00 24.00 26.00 NOTE

Check Details

Version: 1.0
Check: dependencies in R code
Result: NOTE
    Package in Depends field not imported from: ‘mvtnorm’
     These packages need to be imported from (in the NAMESPACE file)
     for when this namespace is loaded but not attached.
    See the information on DESCRIPTION files in the chapter ‘Creating R
    packages’ of the ‘Writing R Extensions’ manual.
Flavors: r-devel-linux-x86_64-debian-clang, r-devel-linux-x86_64-debian-gcc, r-devel-linux-x86_64-fedora-clang, r-devel-linux-x86_64-fedora-gcc, r-devel-macosx-x86_64-clang, r-devel-macosx-x86_64-gcc, r-devel-windows-ix86+x86_64, r-patched-linux-x86_64, r-patched-solaris-sparc, r-patched-solaris-x86, r-release-linux-ix86, r-release-linux-x86_64, r-release-windows-ix86+x86_64, r-oldrel-windows-ix86+x86_64

Version: 1.0
Check: Rd line widths
Result: NOTE
    Rd file 'SeqMitISEM.rd':
     \usage lines wider than 90 characters:
     SeqMitISEM(data,KERNEL,mu0,Sigma0=NULL,df0=1,control.MitISEM=list(),control.seq=list(),...)
    
    These lines will be truncated in the PDF manual.
Flavors: r-devel-linux-x86_64-fedora-clang, r-devel-linux-x86_64-fedora-gcc