CRAN Package Check Results for Package MitISEM

Last updated on 2017-01-20 01:47:40.

Flavor Version Tinstall Tcheck Ttotal Status Flags
r-devel-linux-x86_64-debian-clang 1.0 0.65 17.38 18.03 NOTE
r-devel-linux-x86_64-debian-gcc 1.0 0.68 16.68 17.36 NOTE
r-devel-linux-x86_64-fedora-clang 1.0 31.65 NOTE --no-stop-on-test-error
r-devel-linux-x86_64-fedora-gcc 1.0 31.25 NOTE --no-stop-on-test-error
r-devel-macos-x86_64-clang 1.0 26.22 NOTE --no-stop-on-test-error
r-devel-windows-ix86+x86_64 1.0 4.00 36.00 40.00 NOTE
r-patched-linux-x86_64 1.0 0.58 15.05 15.62 NOTE
r-patched-solaris-sparc 1.0 182.50 NOTE
r-patched-solaris-x86 1.0 35.70 NOTE
r-release-linux-x86_64 1.0 0.57 14.82 15.39 NOTE
r-release-osx-x86_64-mavericks 1.0 NOTE
r-release-windows-ix86+x86_64 1.0 4.00 41.00 45.00 NOTE
r-oldrel-windows-ix86+x86_64 1.0 2.00 32.00 34.00 NOTE

Check Details

Version: 1.0
Check: dependencies in R code
Result: NOTE
    Package in Depends field not imported from: ‘mvtnorm’
     These packages need to be imported from (in the NAMESPACE file)
     for when this namespace is loaded but not attached.
Flavors: r-devel-linux-x86_64-debian-clang, r-devel-linux-x86_64-debian-gcc, r-devel-windows-ix86+x86_64, r-patched-linux-x86_64, r-patched-solaris-sparc, r-patched-solaris-x86, r-release-linux-x86_64, r-release-osx-x86_64-mavericks, r-release-windows-ix86+x86_64, r-oldrel-windows-ix86+x86_64

Version: 1.0
Check: R code for possible problems
Result: NOTE
    MargLik: no visible global function definition for ‘var’
    dmvgt: no visible global function definition for ‘dmvt’
    fn.CVstop: no visible global function definition for ‘sd’
    fn.ISEM: no visible global function definition for ‘uniroot’
    fn.initoptim: no visible global function definition for ‘optim’
    rmvgt: no visible global function definition for ‘rmvt’
    Undefined global functions or variables:
     dmvt optim rmvt sd uniroot var
    Consider adding
     importFrom("stats", "optim", "sd", "uniroot", "var")
    to your NAMESPACE file.
Flavors: r-devel-linux-x86_64-debian-clang, r-devel-linux-x86_64-debian-gcc, r-devel-windows-ix86+x86_64, r-patched-linux-x86_64, r-patched-solaris-sparc, r-patched-solaris-x86, r-release-linux-x86_64, r-release-osx-x86_64-mavericks, r-release-windows-ix86+x86_64

Version: 1.0
Check: Rd line widths
Result: NOTE
    Rd file 'SeqMitISEM.rd':
     \usage lines wider than 90 characters:
     SeqMitISEM(data,KERNEL,mu0,Sigma0=NULL,df0=1,control.MitISEM=list(),control.seq=list(),...)
    
    These lines will be truncated in the PDF manual.
Flavors: r-devel-linux-x86_64-debian-clang, r-devel-linux-x86_64-debian-gcc, r-patched-linux-x86_64, r-release-linux-x86_64

Version: 1.0
Flags: --no-stop-on-test-error
Check: dependencies in R code
Result: NOTE
    Package in Depends field not imported from: ‘mvtnorm’
     These packages need to be imported from (in the NAMESPACE file)
     for when this namespace is loaded but not attached.
Flavors: r-devel-linux-x86_64-fedora-clang, r-devel-linux-x86_64-fedora-gcc, r-devel-macos-x86_64-clang

Version: 1.0
Flags: --no-stop-on-test-error
Check: R code for possible problems
Result: NOTE
    MargLik: no visible global function definition for ‘var’
    dmvgt: no visible global function definition for ‘dmvt’
    fn.CVstop: no visible global function definition for ‘sd’
    fn.ISEM: no visible global function definition for ‘uniroot’
    fn.initoptim: no visible global function definition for ‘optim’
    rmvgt: no visible global function definition for ‘rmvt’
    Undefined global functions or variables:
     dmvt optim rmvt sd uniroot var
    Consider adding
     importFrom("stats", "optim", "sd", "uniroot", "var")
    to your NAMESPACE file.
Flavors: r-devel-linux-x86_64-fedora-clang, r-devel-linux-x86_64-fedora-gcc, r-devel-macos-x86_64-clang

Version: 1.0
Flags: --no-stop-on-test-error
Check: Rd line widths
Result: NOTE
    Rd file 'SeqMitISEM.rd':
     \usage lines wider than 90 characters:
     SeqMitISEM(data,KERNEL,mu0,Sigma0=NULL,df0=1,control.MitISEM=list(),control.seq=list(),...)
    
    These lines will be truncated in the PDF manual.
Flavors: r-devel-linux-x86_64-fedora-clang, r-devel-linux-x86_64-fedora-gcc

Version: 1.0
Check: R code for possible problems
Result: NOTE
    dmvgt: no visible global function definition for 'dmvt'
    rmvgt: no visible global function definition for 'rmvt'
Flavor: r-oldrel-windows-ix86+x86_64