CRAN Package Check Results for Package MixAll

Last updated on 2022-09-27 15:55:10 CEST.

Flavor Version Tinstall Tcheck Ttotal Status Flags
r-devel-linux-x86_64-debian-clang 1.5.1 640.41 106.07 746.48 WARN
r-devel-linux-x86_64-debian-gcc 1.5.1 568.61 81.94 650.55 OK
r-devel-linux-x86_64-fedora-clang 1.5.1 1211.65 OK
r-devel-linux-x86_64-fedora-gcc 1.5.1 1136.63 OK
r-devel-windows-x86_64 1.5.1 686.00 252.00 938.00 OK
r-patched-linux-x86_64 1.5.1 610.99 103.16 714.15 OK
r-release-linux-x86_64 1.5.1 600.66 102.92 703.58 OK
r-release-macos-arm64 1.5.1 248.00 NOTE
r-release-macos-x86_64 1.5.1 374.00 NOTE
r-release-windows-x86_64 1.5.1 763.00 231.00 994.00 OK
r-oldrel-macos-arm64 1.5.1 288.00 NOTE
r-oldrel-macos-x86_64 1.5.1 493.00 NOTE
r-oldrel-windows-ix86+x86_64 1.5.1 1706.00 235.00 1941.00 NOTE

Check Details

Version: 1.5.1
Check: whether package can be installed
Result: WARN
    Found the following significant warnings:
     /home/hornik/tmp/R.check/r-devel-clang/Work/build/Packages/rtkore/projects/Algebra/include/STK_ILeastSquare.h:97:39: warning: returning reference to local temporary object [-Wreturn-stack-address]
Flavor: r-devel-linux-x86_64-debian-clang

Version: 1.5.1
Check: installed package size
Result: NOTE
     installed size is 27.3Mb
     sub-directories of 1Mb or more:
     libs 25.1Mb
Flavors: r-release-macos-arm64, r-release-macos-x86_64, r-oldrel-macos-arm64, r-oldrel-macos-x86_64, r-oldrel-windows-ix86+x86_64