CRAN Package Check Results for Package MixMAP

Last updated on 2016-02-13 03:47:00.

Flavor Version Tinstall Tcheck Ttotal Status Flags
r-devel-linux-x86_64-debian-gcc 1.3.4 3.56 39.64 43.20 OK
r-devel-linux-x86_64-fedora-clang 1.3.4 86.08 OK
r-devel-linux-x86_64-fedora-gcc 1.3.4 84.64 OK
r-devel-osx-x86_64-clang 1.3.4 89.22 OK
r-devel-windows-ix86+x86_64 1.3.4 4.00 3.00 7.00 ERROR
r-patched-linux-x86_64 1.3.4 3.74 43.81 47.55 OK
r-patched-solaris-sparc 1.3.4 559.40 OK
r-patched-solaris-x86 1.3.4 123.70 OK
r-release-linux-x86_64 1.3.4 3.65 43.51 47.17 OK
r-release-osx-x86_64-mavericks 1.3.4 OK
r-release-windows-ix86+x86_64 1.3.4 12.00 65.00 77.00 OK
r-oldrel-windows-ix86+x86_64 1.3.4 19.00 86.00 105.00 OK

Check Details

Version: 1.3.4
Check: whether package can be installed
Result: ERROR
    Installation failed.
Flavor: r-devel-windows-ix86+x86_64