CRAN Package Check Results for Package MixMAP

Last updated on 2015-08-05 11:48:05.

Flavor Version Tinstall Tcheck Ttotal Status Flags
r-devel-linux-x86_64-debian-clang 1.3.1 3.54 43.07 46.60 NOTE
r-devel-linux-x86_64-debian-gcc 1.3.1 3.57 41.66 45.23 NOTE
r-devel-linux-x86_64-fedora-clang 1.3.1 103.74 NOTE
r-devel-linux-x86_64-fedora-gcc 1.3.1 94.99 NOTE
r-devel-osx-x86_64-clang 1.3.1 81.01 OK
r-devel-windows-ix86+x86_64 1.3.1 12.00 62.00 74.00 NOTE
r-patched-linux-x86_64 1.3.1 3.45 41.11 44.56 OK
r-patched-solaris-sparc 1.3.1 605.50 OK
r-patched-solaris-x86 1.3.1 135.90 OK
r-release-linux-x86_64 1.3.1 3.40 42.22 45.61 OK
r-release-osx-x86_64-mavericks 1.3.1 OK
r-release-windows-ix86+x86_64 1.3.1 12.00 71.00 83.00 OK
r-oldrel-windows-ix86+x86_64 1.3.1 18.00 89.00 107.00 OK

Check Details

Version: 1.3.1
Check: R code for possible problems
Result: NOTE
    mixmapPI: no visible global function definition for ‘qnorm’
    mixmapPI: no visible global function definition for ‘pnorm’
    mixmapPI: no visible global function definition for ‘p.adjust’
    mixmapPI: no visible global function definition for ‘new’
    mixmapTest: no visible global function definition for ‘qnorm’
    mixmapTest: no visible global function definition for ‘pnorm’
    mixmapTest: no visible global function definition for ‘p.adjust’
    mixmapTest: no visible global function definition for ‘new’
    plot,MixMAP: no visible global function definition for ‘axis’
    plot,MixMAP: no visible global function definition for ‘abline’
    plot,MixMAP: no visible global function definition for ‘legend’
    plot,MixMAP: no visible global function definition for ‘text’
    plot,MixMAP: no visible global function definition for ‘points’
    Undefined global functions or variables:
     abline axis legend new p.adjust pnorm points qnorm text
    Consider adding
     importFrom("graphics", "abline", "axis", "legend", "points", "text")
     importFrom("methods", "new")
     importFrom("stats", "p.adjust", "pnorm", "qnorm")
    to your NAMESPACE.
Flavors: r-devel-linux-x86_64-debian-clang, r-devel-linux-x86_64-debian-gcc, r-devel-linux-x86_64-fedora-clang, r-devel-linux-x86_64-fedora-gcc, r-devel-windows-ix86+x86_64