CRAN Package Check Results for Package MixMAP

Last updated on 2015-07-06 21:46:38.

Flavor Version Tinstall Tcheck Ttotal Status Flags
r-devel-linux-x86_64-debian-clang 1.3.1 3.60 41.51 45.12 NOTE
r-devel-linux-x86_64-debian-gcc 1.3.1 3.46 40.94 44.40 NOTE
r-devel-linux-x86_64-fedora-clang 1.3.1 95.83 NOTE
r-devel-linux-x86_64-fedora-gcc 1.3.1 89.28 NOTE
r-devel-osx-x86_64-clang 1.3.1 83.51 OK
r-devel-windows-ix86+x86_64 1.3.1 11.00 70.00 81.00 NOTE
r-patched-linux-x86_64 1.3.1 3.44 42.11 45.55 OK
r-patched-solaris-sparc 1.3.1 663.80 OK
r-patched-solaris-x86 1.3.1 136.40 OK
r-release-linux-x86_64 1.3.1 3.44 41.77 45.21 OK
r-release-osx-x86_64-mavericks 1.3.1 OK
r-release-windows-ix86+x86_64 1.3.1 12.00 62.00 74.00 OK
r-oldrel-windows-ix86+x86_64 1.3.1 11.00 87.00 98.00 OK

Check Details

Version: 1.3.1
Check: R code for possible problems
Result: NOTE
    mixmapPI: no visible global function definition for ‘qnorm’
    mixmapPI: no visible global function definition for ‘pnorm’
    mixmapPI: no visible global function definition for ‘p.adjust’
    mixmapPI: no visible global function definition for ‘new’
    mixmapTest: no visible global function definition for ‘qnorm’
    mixmapTest: no visible global function definition for ‘pnorm’
    mixmapTest: no visible global function definition for ‘p.adjust’
    mixmapTest: no visible global function definition for ‘new’
    plot,MixMAP: no visible global function definition for ‘axis’
    plot,MixMAP: no visible global function definition for ‘abline’
    plot,MixMAP: no visible global function definition for ‘legend’
    plot,MixMAP: no visible global function definition for ‘text’
    plot,MixMAP: no visible global function definition for ‘points’
    Undefined global functions or variables:
     abline axis legend new p.adjust pnorm points qnorm text
Flavors: r-devel-linux-x86_64-debian-clang, r-devel-linux-x86_64-debian-gcc, r-devel-linux-x86_64-fedora-clang, r-devel-linux-x86_64-fedora-gcc, r-devel-windows-ix86+x86_64