CRAN Package Check Results for Package MixSIAR

Last updated on 2022-05-29 13:51:20 CEST.

Flavor Version Tinstall Tcheck Ttotal Status Flags
r-devel-linux-x86_64-debian-clang 3.1.12 9.01 92.06 101.07 NOTE
r-devel-linux-x86_64-debian-gcc 3.1.12 6.61 69.53 76.14 NOTE
r-devel-linux-x86_64-fedora-clang 3.1.12 117.72 NOTE
r-devel-linux-x86_64-fedora-gcc 3.1.12 124.75 NOTE
r-devel-windows-x86_64 3.1.12 53.00 133.00 186.00 NOTE
r-patched-linux-x86_64 3.1.12 6.12 87.67 93.79 NOTE
r-release-linux-x86_64 3.1.12 5.25 87.49 92.74 NOTE
r-release-macos-arm64 3.1.12 51.00 NOTE
r-release-macos-x86_64 3.1.12 64.00 NOTE
r-release-windows-x86_64 3.1.12 59.00 133.00 192.00 NOTE
r-oldrel-macos-arm64 3.1.12 46.00 NOTE
r-oldrel-macos-x86_64 3.1.12 111.00 NOTE
r-oldrel-windows-ix86+x86_64 3.1.12 15.00 102.00 117.00 NOTE

Check Details

Version: 3.1.12
Check: LazyData
Result: NOTE
     'LazyData' is specified without a 'data' directory
Flavors: r-devel-linux-x86_64-debian-clang, r-devel-linux-x86_64-debian-gcc, r-devel-linux-x86_64-fedora-clang, r-devel-linux-x86_64-fedora-gcc, r-devel-windows-x86_64, r-patched-linux-x86_64, r-release-linux-x86_64, r-release-macos-arm64, r-release-macos-x86_64, r-release-windows-x86_64, r-oldrel-macos-arm64, r-oldrel-macos-x86_64, r-oldrel-windows-ix86+x86_64