CRAN Package Check Results for Package MixSim

Last updated on 2015-08-05 06:47:48.

Flavor Version Tinstall Tcheck Ttotal Status Flags
r-devel-linux-x86_64-debian-clang 1.1-1 2.68 11.50 14.18 NOTE
r-devel-linux-x86_64-debian-gcc 1.1-1 3.38 11.24 14.61 NOTE
r-devel-linux-x86_64-fedora-clang 1.1-1 28.54 NOTE
r-devel-linux-x86_64-fedora-gcc 1.1-1 25.28 NOTE
r-devel-osx-x86_64-clang 1.1-1 26.86 OK
r-devel-windows-ix86+x86_64 1.1-1 26.00 45.00 71.00 NOTE
r-patched-linux-x86_64 1.1-1 3.40 11.48 14.88 OK
r-patched-solaris-sparc 1.1-1 178.10 OK
r-patched-solaris-x86 1.1-1 41.10 OK
r-release-linux-x86_64 1.1-1 3.49 11.54 15.03 OK
r-release-osx-x86_64-mavericks 1.1-1 OK
r-release-windows-ix86+x86_64 1.1-1 21.00 38.00 59.00 OK
r-oldrel-windows-ix86+x86_64 1.1-1 29.00 42.00 71.00 OK

Memtest notes: valgrind

Check Details

Version: 1.1-1
Check: R code for possible problems
Result: NOTE
    ConstractPDPlot: no visible global function definition for ‘qnorm’
    ConstractPDPlot: no visible global function definition for ‘dnorm’
    ConstractPDPlot: no visible global function definition for ‘rgb’
    ConstractPDPlot: no visible global function definition for ‘pdf’
    ConstractPDPlot: no visible global function definition for ‘par’
    ConstractPDPlot: no visible global function definition for ‘plot’
    ConstractPDPlot: no visible global function definition for ‘axis’
    ConstractPDPlot: no visible global function definition for ‘box’
    ConstractPDPlot: no visible global function definition for ‘lines’
    ConstractPDPlot: no visible global function definition for ‘dev.off’
    MultiPolygons: no visible global function definition for ‘polygon’
    getOutliers: no visible global function definition for ‘qchisq’
    getOutliers: no visible global function definition for ‘runif’
    simdataset: no visible global function definition for ‘rmultinom’
    simdataset: no visible global function definition for ‘runif’
    Undefined global functions or variables:
     axis box dev.off dnorm lines par pdf plot polygon qchisq qnorm rgb
     rmultinom runif
    Consider adding
     importFrom("grDevices", "dev.off", "pdf", "rgb")
     importFrom("graphics", "axis", "box", "lines", "par", "plot",
     "polygon")
     importFrom("stats", "dnorm", "qchisq", "qnorm", "rmultinom", "runif")
    to your NAMESPACE.
Flavors: r-devel-linux-x86_64-debian-clang, r-devel-linux-x86_64-debian-gcc, r-devel-linux-x86_64-fedora-clang, r-devel-linux-x86_64-fedora-gcc, r-devel-windows-ix86+x86_64