CRAN Package Check Results for Package MixSim

Last updated on 2014-10-31 08:47:10.

Flavor Version Tinstall Tcheck Ttotal Status Flags
r-devel-linux-x86_64-debian-clang 1.0-9 2.49 12.48 14.97 NOTE
r-devel-linux-x86_64-debian-gcc 1.0-9 3.34 12.60 15.94 NOTE
r-devel-linux-x86_64-fedora-clang 1.0-9 28.92 NOTE
r-devel-linux-x86_64-fedora-gcc 1.0-9 28.16 NOTE
r-devel-osx-x86_64-clang 1.0-9 29.71 NOTE
r-devel-windows-ix86+x86_64 1.0-9 16.00 27.00 43.00 NOTE
r-patched-linux-x86_64 1.0-9 3.44 12.17 15.60 NOTE
r-patched-solaris-sparc 1.0-9 176.70 NOTE
r-patched-solaris-x86 1.0-9 43.50 NOTE
r-release-linux-ix86 1.0-9 4.17 19.76 23.93 NOTE
r-release-linux-x86_64 1.0-9 3.45 12.80 16.25 NOTE
r-release-osx-x86_64-mavericks 1.0-9 NOTE
r-release-osx-x86_64-snowleopard 1.0-9 OK
r-release-windows-ix86+x86_64 1.0-9 17.00 26.00 43.00 NOTE
r-oldrel-windows-ix86+x86_64 1.0-9 17.00 30.00 47.00 NOTE

Check Details

Version: 1.0-9
Check: dependencies in R code
Result: NOTE
    Package in Depends field not imported from: ‘MASS’
     These packages need to be imported from (in the NAMESPACE file)
     for when this namespace is loaded but not attached.
    See the information on DESCRIPTION files in the chapter ‘Creating R
    packages’ of the ‘Writing R Extensions’ manual.
Flavors: r-devel-linux-x86_64-debian-clang, r-devel-linux-x86_64-debian-gcc, r-devel-linux-x86_64-fedora-clang, r-devel-linux-x86_64-fedora-gcc, r-devel-osx-x86_64-clang, r-devel-windows-ix86+x86_64, r-patched-linux-x86_64, r-patched-solaris-sparc, r-patched-solaris-x86, r-release-linux-ix86, r-release-linux-x86_64, r-release-osx-x86_64-mavericks, r-release-windows-ix86+x86_64, r-oldrel-windows-ix86+x86_64

Version: 1.0-9
Check: R code for possible problems
Result: NOTE
    simdataset: no visible global function definition for ‘mvrnorm’
Flavors: r-devel-linux-x86_64-debian-clang, r-devel-linux-x86_64-debian-gcc, r-devel-linux-x86_64-fedora-clang, r-devel-linux-x86_64-fedora-gcc, r-devel-osx-x86_64-clang, r-devel-windows-ix86+x86_64, r-patched-linux-x86_64, r-patched-solaris-sparc, r-patched-solaris-x86