CRAN Package Check Results for Package MixSim

Last updated on 2015-07-07 14:48:18.

Flavor Version Tinstall Tcheck Ttotal Status Flags
r-devel-linux-x86_64-debian-clang 1.1-1 2.64 12.12 14.76 NOTE
r-devel-linux-x86_64-debian-gcc 1.1-1 3.38 11.24 14.62 NOTE
r-devel-linux-x86_64-fedora-clang 1.1-1 26.68 NOTE
r-devel-linux-x86_64-fedora-gcc 1.1-1 25.62 NOTE
r-devel-osx-x86_64-clang 1.1-1 27.40 OK
r-devel-windows-ix86+x86_64 1.1-1 27.00 31.00 58.00 NOTE
r-patched-linux-x86_64 1.1-1 3.42 11.83 15.25 OK
r-patched-solaris-sparc 1.1-1 145.70 OK
r-patched-solaris-x86 1.1-1 41.20 OK
r-release-linux-x86_64 1.1-1 3.46 12.09 15.55 OK
r-release-osx-x86_64-mavericks 1.1-1 OK
r-release-windows-ix86+x86_64 1.1-1 24.00 28.00 52.00 OK
r-oldrel-windows-ix86+x86_64 1.1-1 16.00 30.00 46.00 OK

Memtest notes: valgrind

Check Details

Version: 1.1-1
Check: R code for possible problems
Result: NOTE
    ConstractPDPlot: no visible global function definition for ‘qnorm’
    ConstractPDPlot: no visible global function definition for ‘dnorm’
    ConstractPDPlot: no visible global function definition for ‘rgb’
    ConstractPDPlot: no visible global function definition for ‘pdf’
    ConstractPDPlot: no visible global function definition for ‘par’
    ConstractPDPlot: no visible global function definition for ‘plot’
    ConstractPDPlot: no visible global function definition for ‘axis’
    ConstractPDPlot: no visible global function definition for ‘box’
    ConstractPDPlot: no visible global function definition for ‘lines’
    ConstractPDPlot: no visible global function definition for ‘dev.off’
    MultiPolygons: no visible global function definition for ‘polygon’
    getOutliers: no visible global function definition for ‘qchisq’
    getOutliers: no visible global function definition for ‘runif’
    simdataset: no visible global function definition for ‘rmultinom’
    simdataset: no visible global function definition for ‘runif’
    Undefined global functions or variables:
     axis box dev.off dnorm lines par pdf plot polygon qchisq qnorm rgb
     rmultinom runif
Flavors: r-devel-linux-x86_64-debian-clang, r-devel-linux-x86_64-debian-gcc, r-devel-linux-x86_64-fedora-clang, r-devel-linux-x86_64-fedora-gcc, r-devel-windows-ix86+x86_64