CRAN Package Check Results for Package MixSim

Last updated on 2015-03-04 06:48:28.

Flavor Version Tinstall Tcheck Ttotal Status Flags
r-devel-linux-x86_64-debian-clang 1.0-9 2.54 11.34 13.88 NOTE
r-devel-linux-x86_64-debian-gcc 1.0-9 3.28 11.05 14.33 NOTE
r-devel-linux-x86_64-fedora-clang 1.0-9 31.17 NOTE
r-devel-linux-x86_64-fedora-gcc 1.0-9 25.84 NOTE
r-devel-osx-x86_64-clang 1.0-9 30.64 NOTE
r-devel-windows-ix86+x86_64 1.0-9 18.00 27.00 45.00 NOTE
r-patched-linux-x86_64 1.0-9 3.43 12.66 16.09 NOTE
r-patched-solaris-sparc 1.0-9 180.80 NOTE
r-patched-solaris-x86 1.0-9 44.10 NOTE
r-release-linux-ix86 1.0-9 4.02 23.44 27.47 NOTE
r-release-linux-x86_64 1.0-9 3.40 12.76 16.16 NOTE
r-release-osx-x86_64-mavericks 1.0-9 NOTE
r-release-osx-x86_64-snowleopard 1.0-9 OK
r-release-windows-ix86+x86_64 1.0-9 31.00 42.00 73.00 NOTE
r-oldrel-windows-ix86+x86_64 1.0-9 17.00 28.00 45.00 NOTE

Check Details

Version: 1.0-9
Check: dependencies in R code
Result: NOTE
    Package in Depends field not imported from: ‘MASS’
     These packages need to be imported from (in the NAMESPACE file)
     for when this namespace is loaded but not attached.
Flavors: r-devel-linux-x86_64-debian-clang, r-devel-linux-x86_64-debian-gcc, r-devel-linux-x86_64-fedora-clang, r-devel-linux-x86_64-fedora-gcc, r-devel-osx-x86_64-clang, r-devel-windows-ix86+x86_64, r-patched-linux-x86_64, r-patched-solaris-sparc, r-patched-solaris-x86

Version: 1.0-9
Check: R code for possible problems
Result: NOTE
    simdataset: no visible global function definition for ‘mvrnorm’
Flavors: r-devel-linux-x86_64-debian-clang, r-devel-linux-x86_64-debian-gcc, r-devel-linux-x86_64-fedora-clang, r-devel-linux-x86_64-fedora-gcc, r-devel-osx-x86_64-clang, r-devel-windows-ix86+x86_64, r-patched-linux-x86_64, r-patched-solaris-sparc, r-patched-solaris-x86, r-release-linux-ix86, r-release-linux-x86_64, r-release-osx-x86_64-mavericks, r-release-windows-ix86+x86_64

Version: 1.0-9
Check: dependencies in R code
Result: NOTE
    Package in Depends field not imported from: ‘MASS’
     These packages need to be imported from (in the NAMESPACE file)
     for when this namespace is loaded but not attached.
    See the information on DESCRIPTION files in the chapter ‘Creating R
    packages’ of the ‘Writing R Extensions’ manual.
Flavors: r-release-linux-ix86, r-release-linux-x86_64, r-release-osx-x86_64-mavericks, r-release-windows-ix86+x86_64, r-oldrel-windows-ix86+x86_64