CRAN Package Check Results for Package MixSim

Last updated on 2015-01-29 07:48:51.

Flavor Version Tinstall Tcheck Ttotal Status Flags
r-devel-linux-x86_64-debian-clang 1.0-9 2.52 11.62 14.14 NOTE
r-devel-linux-x86_64-debian-gcc 1.0-9 3.33 11.28 14.62 NOTE
r-devel-linux-x86_64-fedora-clang 1.0-9 30.78 NOTE
r-devel-linux-x86_64-fedora-gcc 1.0-9 29.54 NOTE
r-devel-osx-x86_64-clang 1.0-9 31.55 NOTE
r-devel-windows-ix86+x86_64 1.0-9 24.00 25.00 49.00 NOTE
r-patched-linux-x86_64 1.0-9 3.37 12.46 15.83 NOTE
r-patched-solaris-sparc 1.0-9 184.80 NOTE
r-patched-solaris-x86 1.0-9 44.10 NOTE
r-release-linux-ix86 1.0-9 4.04 2.84 6.88 OK
r-release-linux-x86_64 1.0-9 3.43 12.49 15.92 NOTE
r-release-osx-x86_64-mavericks 1.0-9 NOTE
r-release-osx-x86_64-snowleopard 1.0-9 OK
r-release-windows-ix86+x86_64 1.0-9 17.00 28.00 45.00 NOTE
r-oldrel-windows-ix86+x86_64 1.0-9 17.00 32.00 49.00 NOTE

Check Details

Version: 1.0-9
Check: dependencies in R code
Result: NOTE
    Package in Depends field not imported from: ‘MASS’
     These packages need to be imported from (in the NAMESPACE file)
     for when this namespace is loaded but not attached.
Flavors: r-devel-linux-x86_64-debian-clang, r-devel-linux-x86_64-debian-gcc, r-devel-linux-x86_64-fedora-clang, r-devel-linux-x86_64-fedora-gcc, r-devel-osx-x86_64-clang, r-devel-windows-ix86+x86_64

Version: 1.0-9
Check: R code for possible problems
Result: NOTE
    simdataset: no visible global function definition for ‘mvrnorm’
Flavors: r-devel-linux-x86_64-debian-clang, r-devel-linux-x86_64-debian-gcc, r-devel-linux-x86_64-fedora-clang, r-devel-linux-x86_64-fedora-gcc, r-devel-osx-x86_64-clang, r-devel-windows-ix86+x86_64, r-patched-linux-x86_64, r-patched-solaris-sparc, r-patched-solaris-x86, r-release-linux-x86_64, r-release-osx-x86_64-mavericks, r-release-windows-ix86+x86_64

Version: 1.0-9
Check: dependencies in R code
Result: NOTE
    Package in Depends field not imported from: ‘MASS’
     These packages need to be imported from (in the NAMESPACE file)
     for when this namespace is loaded but not attached.
    See the information on DESCRIPTION files in the chapter ‘Creating R
    packages’ of the ‘Writing R Extensions’ manual.
Flavors: r-patched-linux-x86_64, r-patched-solaris-sparc, r-patched-solaris-x86, r-release-linux-x86_64, r-release-osx-x86_64-mavericks, r-release-windows-ix86+x86_64, r-oldrel-windows-ix86+x86_64