CRAN Package Check Results for Package MixSim

Last updated on 2017-02-26 23:48:26.

Flavor Version Tinstall Tcheck Ttotal Status Flags
r-devel-linux-x86_64-debian-clang 1.1-2 3.97 14.09 18.07 NOTE
r-devel-linux-x86_64-debian-gcc 1.1-2 3.78 14.78 18.55 NOTE
r-devel-linux-x86_64-fedora-clang 1.1-2 31.38 NOTE --no-stop-on-test-error
r-devel-linux-x86_64-fedora-gcc 1.1-2 29.21 NOTE --no-stop-on-test-error
r-devel-macos-x86_64-clang 1.1-2 26.61 NOTE --no-stop-on-test-error
r-devel-windows-ix86+x86_64 1.1-2 20.00 50.00 70.00 OK
r-patched-linux-x86_64 1.1-2 3.52 12.22 15.74 OK
r-patched-solaris-sparc 1.1-2 150.80 OK
r-patched-solaris-x86 1.1-2 35.50 OK
r-release-linux-x86_64 1.1-2 3.67 12.41 16.08 OK
r-release-osx-x86_64-mavericks 1.1-2 OK
r-release-windows-ix86+x86_64 1.1-2 28.00 41.00 69.00 OK
r-oldrel-windows-ix86+x86_64 1.1-2 31.00 78.00 109.00 OK

Memtest notes: valgrind

Check Details

Version: 1.1-2
Check: compiled code
Result: NOTE
    File ‘MixSim/libs/MixSim.so’:
     Found no calls to: ‘R_registerRoutines’, ‘R_useDynamicSymbols’
    
    It is good practice to register native routines and to disable symbol
    search.
    
    See ‘Writing portable packages’ in the ‘Writing R Extensions’ manual.
Flavors: r-devel-linux-x86_64-debian-clang, r-devel-linux-x86_64-debian-gcc

Version: 1.1-2
Flags: --no-stop-on-test-error
Check: compiled code
Result: NOTE
    File ‘MixSim/libs/MixSim.so’:
     Found no calls to: ‘R_registerRoutines’, ‘R_useDynamicSymbols’
    
    It is good practice to register native routines and to disable symbol
    search.
    
    See ‘Writing portable packages’ in the ‘Writing R Extensions’ manual.
Flavors: r-devel-linux-x86_64-fedora-clang, r-devel-linux-x86_64-fedora-gcc, r-devel-macos-x86_64-clang