CRAN Package Check Results for Package MixSim

Last updated on 2015-05-26 02:46:52.

Flavor Version Tinstall Tcheck Ttotal Status Flags
r-devel-linux-x86_64-debian-clang 1.1-1 2.72 11.78 14.50 OK
r-devel-linux-x86_64-debian-gcc 1.1-1 3.33 11.91 15.24 OK
r-devel-linux-x86_64-fedora-clang 1.1-1 15.76 OK
r-devel-linux-x86_64-fedora-gcc 1.1-1 15.14 OK
r-devel-osx-x86_64-clang 1.1-1 16.82 OK
r-devel-windows-ix86+x86_64 1.1-1 18.00 27.00 45.00 OK
r-patched-linux-x86_64 1.0-9 3.31 12.15 15.46 NOTE
r-patched-solaris-sparc 1.1-1 145.70 OK
r-patched-solaris-x86 1.1-1 32.80 OK
r-release-linux-x86_64 1.1-1 3.52 11.75 15.27 OK
r-release-osx-x86_64-mavericks 1.1-1 OK
r-release-osx-x86_64-snowleopard 1.0-9 NOTE
r-release-windows-ix86+x86_64 1.1-1 14.00 25.00 39.00 OK
r-oldrel-windows-ix86+x86_64 1.1-1 17.00 32.00 49.00 OK

Memtest notes: valgrind

Check Details

Version: 1.0-9
Check: dependencies in R code
Result: NOTE
    Package in Depends field not imported from: ‘MASS’
     These packages need to be imported from (in the NAMESPACE file)
     for when this namespace is loaded but not attached.
Flavors: r-patched-linux-x86_64, r-release-osx-x86_64-snowleopard

Version: 1.0-9
Check: R code for possible problems
Result: NOTE
    simdataset: no visible global function definition for ‘mvrnorm’
Flavors: r-patched-linux-x86_64, r-release-osx-x86_64-snowleopard