CRAN Package Check Results for Package MixSim

Last updated on 2017-04-24 18:47:27.

Flavor Version Tinstall Tcheck Ttotal Status Flags
r-devel-linux-x86_64-debian-clang 1.1-2 3.92 14.66 18.58 NOTE
r-devel-linux-x86_64-debian-gcc 1.1-2 3.84 14.29 18.13 NOTE
r-devel-linux-x86_64-fedora-clang 1.1-2 31.82 NOTE --no-stop-on-test-error
r-devel-linux-x86_64-fedora-gcc 1.1-2 29.96 NOTE --no-stop-on-test-error
r-devel-windows-ix86+x86_64 1.1-2 OK
r-patched-linux-x86_64 1.1-2 3.66 14.38 18.04 NOTE
r-patched-solaris-sparc 1.1-2 186.60 OK
r-patched-solaris-x86 1.1-2 41.80 OK
r-release-linux-x86_64 1.1-2 3.60 14.01 17.61 NOTE
r-release-windows-ix86+x86_64 1.1-2 20.00 35.00 55.00 OK
r-release-osx-x86_64 1.1-2 OK
r-oldrel-windows-ix86+x86_64 1.1-2 19.00 35.00 54.00 OK
r-oldrel-osx-x86_64 1.1-2 OK

Memtest notes: valgrind

Check Details

Version: 1.1-2
Check: compiled code
Result: NOTE
    File ‘MixSim/libs/MixSim.so’:
     Found no calls to: ‘R_registerRoutines’, ‘R_useDynamicSymbols’
    
    It is good practice to register native routines and to disable symbol
    search.
    
    See ‘Writing portable packages’ in the ‘Writing R Extensions’ manual.
Flavors: r-devel-linux-x86_64-debian-clang, r-devel-linux-x86_64-debian-gcc, r-patched-linux-x86_64, r-release-linux-x86_64

Version: 1.1-2
Flags: --no-stop-on-test-error
Check: compiled code
Result: NOTE
    File ‘MixSim/libs/MixSim.so’:
     Found no calls to: ‘R_registerRoutines’, ‘R_useDynamicSymbols’
    
    It is good practice to register native routines and to disable symbol
    search.
    
    See ‘Writing portable packages’ in the ‘Writing R Extensions’ manual.
Flavors: r-devel-linux-x86_64-fedora-clang, r-devel-linux-x86_64-fedora-gcc