CRAN Package Check Results for Package MixSim

Last updated on 2017-03-25 17:49:40.

Flavor Version Tinstall Tcheck Ttotal Status Flags
r-devel-linux-x86_64-debian-clang 1.1-2 3.99 14.30 18.29 NOTE
r-devel-linux-x86_64-debian-gcc 1.1-2 3.65 14.43 18.08 NOTE
r-devel-linux-x86_64-fedora-clang 1.1-2 30.77 NOTE --no-stop-on-test-error
r-devel-linux-x86_64-fedora-gcc 1.1-2 32.73 NOTE --no-stop-on-test-error
r-devel-macos-x86_64-clang 1.1-2 25.90 NOTE --no-stop-on-test-error
r-devel-windows-ix86+x86_64 1.1-2 19.00 53.00 72.00 OK
r-patched-linux-x86_64 1.1-2 3.60 13.79 17.39 NOTE
r-patched-solaris-sparc 1.1-2 186.60 OK
r-patched-solaris-x86 1.1-2 43.00 OK
r-release-linux-x86_64 1.1-2 3.50 12.55 16.06 OK
r-release-osx-x86_64-mavericks 1.1-2 OK
r-release-windows-ix86+x86_64 1.1-2 29.00 35.00 64.00 OK
r-oldrel-windows-ix86+x86_64 1.1-2 18.00 54.00 72.00 OK

Memtest notes: valgrind

Check Details

Version: 1.1-2
Check: compiled code
Result: NOTE
    File ‘MixSim/libs/MixSim.so’:
     Found no calls to: ‘R_registerRoutines’, ‘R_useDynamicSymbols’
    
    It is good practice to register native routines and to disable symbol
    search.
    
    See ‘Writing portable packages’ in the ‘Writing R Extensions’ manual.
Flavors: r-devel-linux-x86_64-debian-clang, r-devel-linux-x86_64-debian-gcc, r-patched-linux-x86_64

Version: 1.1-2
Flags: --no-stop-on-test-error
Check: compiled code
Result: NOTE
    File ‘MixSim/libs/MixSim.so’:
     Found no calls to: ‘R_registerRoutines’, ‘R_useDynamicSymbols’
    
    It is good practice to register native routines and to disable symbol
    search.
    
    See ‘Writing portable packages’ in the ‘Writing R Extensions’ manual.
Flavors: r-devel-linux-x86_64-fedora-clang, r-devel-linux-x86_64-fedora-gcc, r-devel-macos-x86_64-clang