CRAN Package Check Results for Package MixSim

Last updated on 2015-04-28 16:46:45.

Flavor Version Tinstall Tcheck Ttotal Status Flags
r-devel-linux-x86_64-debian-clang 1.0-9 2.64 11.68 14.32 NOTE
r-devel-linux-x86_64-debian-gcc 1.0-9 3.56 12.02 15.58 NOTE
r-devel-linux-x86_64-fedora-clang 1.0-9 27.46 NOTE
r-devel-linux-x86_64-fedora-gcc 1.0-9 27.11 NOTE
r-devel-osx-x86_64-clang 1.0-9 29.29 NOTE
r-devel-windows-ix86+x86_64 1.0-9 17.00 28.00 45.00 NOTE
r-patched-linux-x86_64 1.0-9 3.34 12.34 15.68 NOTE
r-patched-solaris-sparc 1.0-9 160.50 NOTE
r-patched-solaris-x86 1.0-9 39.30 NOTE
r-release-linux-x86_64 1.0-9 3.42 11.38 14.80 NOTE
r-release-osx-x86_64-mavericks 1.0-9 NOTE
r-release-osx-x86_64-snowleopard 1.0-9 NOTE
r-release-windows-ix86+x86_64 1.0-9 17.00 25.00 42.00 NOTE
r-oldrel-windows-ix86+x86_64 1.0-9 13.00 28.00 41.00 NOTE

Check Details

Version: 1.0-9
Check: dependencies in R code
Result: NOTE
    Package in Depends field not imported from: ‘MASS’
     These packages need to be imported from (in the NAMESPACE file)
     for when this namespace is loaded but not attached.
Flavors: r-devel-linux-x86_64-debian-clang, r-devel-linux-x86_64-debian-gcc, r-devel-linux-x86_64-fedora-clang, r-devel-linux-x86_64-fedora-gcc, r-devel-osx-x86_64-clang, r-devel-windows-ix86+x86_64, r-patched-linux-x86_64, r-patched-solaris-sparc, r-patched-solaris-x86, r-release-linux-x86_64, r-release-osx-x86_64-mavericks, r-release-osx-x86_64-snowleopard, r-release-windows-ix86+x86_64, r-oldrel-windows-ix86+x86_64

Version: 1.0-9
Check: R code for possible problems
Result: NOTE
    simdataset: no visible global function definition for ‘mvrnorm’
Flavors: r-devel-linux-x86_64-debian-clang, r-devel-linux-x86_64-debian-gcc, r-devel-linux-x86_64-fedora-clang, r-devel-linux-x86_64-fedora-gcc, r-devel-osx-x86_64-clang, r-devel-windows-ix86+x86_64, r-patched-linux-x86_64, r-patched-solaris-sparc, r-patched-solaris-x86, r-release-linux-x86_64, r-release-osx-x86_64-mavericks, r-release-osx-x86_64-snowleopard, r-release-windows-ix86+x86_64, r-oldrel-windows-ix86+x86_64