CRAN Package Check Results for Package MixfMRI

Last updated on 2021-12-07 18:52:04 CET.

Flavor Version Tinstall Tcheck Ttotal Status Flags
r-devel-linux-x86_64-debian-clang 0.1-2 12.19 111.78 123.97 OK
r-devel-linux-x86_64-debian-gcc 0.1-2 10.40 85.56 95.96 OK
r-devel-linux-x86_64-fedora-clang 0.1-2 156.11 OK
r-devel-linux-x86_64-fedora-gcc 0.1-2 144.35 OK
r-devel-windows-x86_64-new-UL 0.1-2 29.00 184.00 213.00 OK
r-devel-windows-x86_64-new-TK 0.1-2 OK
r-devel-windows-x86_64-old 0.1-2 20.00 138.00 158.00 OK
r-patched-linux-x86_64 0.1-2 15.29 109.56 124.85 OK
r-release-linux-x86_64 0.1-2 12.70 109.88 122.58 OK
r-release-macos-arm64 0.1-2 NOTE
r-release-macos-x86_64 0.1-2 NOTE
r-release-windows-ix86+x86_64 0.1-2 20.00 175.00 195.00 OK
r-oldrel-macos-x86_64 0.1-2 NOTE
r-oldrel-windows-ix86+x86_64 0.1-2 28.00 167.00 195.00 OK

Check Details

Version: 0.1-2
Check: package dependencies
Result: NOTE
    Package which this enhances but not available for checking: ‘pbdMPI’
Flavors: r-release-macos-arm64, r-release-macos-x86_64, r-oldrel-macos-x86_64