CRAN Package Check Results for Package MixtureInf

Last updated on 2015-07-03 21:46:38.

Flavor Version Tinstall Tcheck Ttotal Status Flags
r-devel-linux-x86_64-debian-clang 1.0-1 0.57 25.66 26.23 NOTE
r-devel-linux-x86_64-debian-gcc 1.0-1 0.59 24.08 24.67 NOTE
r-devel-linux-x86_64-fedora-clang 1.0-1 49.83 NOTE
r-devel-linux-x86_64-fedora-gcc 1.0-1 46.93 NOTE
r-devel-osx-x86_64-clang 1.0-1 44.64 NOTE
r-devel-windows-ix86+x86_64 1.0-1 4.00 40.00 44.00 NOTE
r-patched-linux-x86_64 1.0-1 0.58 24.54 25.12 NOTE
r-patched-solaris-sparc 1.0-1 405.50 NOTE
r-patched-solaris-x86 1.0-1 59.80 NOTE
r-release-linux-x86_64 1.0-1 0.60 24.72 25.32 NOTE
r-release-osx-x86_64-mavericks 1.0-1 NOTE
r-release-windows-ix86+x86_64 1.0-1 3.00 44.00 47.00 NOTE
r-oldrel-windows-ix86+x86_64 1.0-1 5.00 47.00 52.00 NOTE

Check Details

Version: 1.0-1
Check: DESCRIPTION meta-information
Result: NOTE
    Malformed Description field: should contain one or more complete sentences.
Flavors: r-devel-linux-x86_64-debian-clang, r-devel-linux-x86_64-debian-gcc, r-devel-linux-x86_64-fedora-clang, r-devel-linux-x86_64-fedora-gcc, r-devel-osx-x86_64-clang, r-devel-windows-ix86+x86_64, r-patched-linux-x86_64, r-patched-solaris-sparc, r-patched-solaris-x86, r-release-linux-x86_64, r-release-osx-x86_64-mavericks, r-release-windows-ix86+x86_64

Version: 1.0-1
Check: dependencies in R code
Result: NOTE
    'library' or 'require' call to ‘quadprog’ in package code.
     Please use :: or requireNamespace() instead.
     See section 'Suggested packages' in the 'Writing R Extensions' manual.
Flavors: r-devel-linux-x86_64-debian-clang, r-devel-linux-x86_64-debian-gcc, r-devel-linux-x86_64-fedora-clang, r-devel-linux-x86_64-fedora-gcc, r-devel-osx-x86_64-clang, r-devel-windows-ix86+x86_64, r-patched-linux-x86_64, r-patched-solaris-sparc, r-patched-solaris-x86, r-release-linux-x86_64, r-release-osx-x86_64-mavericks, r-release-windows-ix86+x86_64, r-oldrel-windows-ix86+x86_64

Version: 1.0-1
Check: R code for possible problems
Result: NOTE
    emite2.norm: no visible global function definition for ‘dnorm’
    emite4.norm: no visible global function definition for ‘dnorm’
    emite6.norm: no visible global function definition for ‘dnorm’
    emstat.binom: no visible global function definition for ‘runif’
    emstat.binom: no visible binding for global variable ‘dbinom’
    emstat.exp: no visible global function definition for ‘runif’
    emstat.exp: no visible binding for global variable ‘dexp’
    emstat.norm: no visible global function definition for ‘runif’
    emstat.norm: no visible binding for global variable ‘dnorm’
    emstat.pois: no visible global function definition for ‘runif’
    emstat.pois: no visible binding for global variable ‘dpois’
    emtest.binom: no visible binding for global variable ‘pchisq’
    emtest.exp: no visible binding for global variable ‘pchisq’
    emtest.norm: no visible global function definition for ‘pchisq’
    emtest.pois: no visible global function definition for ‘pchisq’
    emtest.thm3: no visible global function definition for ‘rnorm’
    emtest1.norm: no visible global function definition for ‘dnorm’
    emtest1.norm: no visible global function definition for ‘pchisq’
    emtest2.norm: no visible global function definition for ‘pchisq’
    emtest3.norm: no visible global function definition for ‘pchisq’
    max2.norm: no visible global function definition for ‘runif’
    max2.norm: no visible global function definition for ‘dnorm’
    max4.norm: no visible global function definition for ‘runif’
    max4.norm: no visible global function definition for ‘dnorm’
    max6.norm: no visible global function definition for ‘runif’
    max6.norm: no visible global function definition for ‘dnorm’
    over1: no visible global function definition for ‘pnorm’
    pexpmix: no visible global function definition for ‘pexp’
    phi0.binom: no visible global function definition for ‘runif’
    phi0.binom: no visible binding for global variable ‘dbinom’
    phi0.binom: no visible global function definition for ‘dbinom’
    phi0.exp: no visible global function definition for ‘runif’
    phi0.exp: no visible binding for global variable ‘dexp’
    phi0.exp: no visible global function definition for ‘dexp’
    phi0.norm: no visible global function definition for ‘runif’
    phi0.norm: no visible binding for global variable ‘dnorm’
    phi0.norm: no visible global function definition for ‘dnorm’
    phi0.pois: no visible global function definition for ‘runif’
    phi0.pois: no visible binding for global variable ‘dpois’
    phi0.pois: no visible global function definition for ‘dpois’
    phi2.norm: no visible global function definition for ‘runif’
    phi2.norm: no visible global function definition for ‘dnorm’
    phi3.norm: no visible global function definition for ‘runif’
    phi3.norm: no visible global function definition for ‘dnorm’
    pnormmix: no visible global function definition for ‘pnorm’
    qexpmix: no visible global function definition for ‘uniroot’
    qexpmix: no visible global function definition for ‘qexp’
    qnormmix: no visible global function definition for ‘uniroot’
    qnormmix: no visible global function definition for ‘qnorm’
    rbinommix: no visible global function definition for ‘rbinom’
    rexpmix: no visible global function definition for ‘rexp’
    rnormmix: no visible global function definition for ‘rnorm’
    rpoismix: no visible global function definition for ‘rpois’
    tb2.binom: no visible binding for global variable ‘dbinom’
    tb2.exp: no visible binding for global variable ‘dexp’
    tb2.norm: no visible binding for global variable ‘dnorm’
    tb2.pois: no visible global function definition for ‘qpois’
    tb2.pois: no visible binding for global variable ‘dpois’
    Undefined global functions or variables:
     dbinom dexp dnorm dpois pchisq pexp pnorm qexp qnorm qpois rbinom
     rexp rnorm rpois runif uniroot
Flavors: r-devel-linux-x86_64-debian-clang, r-devel-linux-x86_64-debian-gcc, r-devel-linux-x86_64-fedora-clang, r-devel-linux-x86_64-fedora-gcc