CRAN Package Check Results for Package MixtureInf

Last updated on 2015-01-31 08:49:46.

Flavor Version Tinstall Tcheck Ttotal Status Flags
r-devel-linux-x86_64-debian-clang 1.0-1 0.76 25.12 25.87 NOTE
r-devel-linux-x86_64-debian-gcc 1.0-1 0.60 24.31 24.92 NOTE
r-devel-linux-x86_64-fedora-clang 1.0-1 54.40 NOTE
r-devel-linux-x86_64-fedora-gcc 1.0-1 49.49 NOTE
r-devel-osx-x86_64-clang 1.0-1 48.52 NOTE
r-devel-windows-ix86+x86_64 1.0-1 3.00 42.00 45.00 NOTE
r-patched-linux-x86_64 1.0-1 0.64 27.31 27.95 OK
r-patched-solaris-sparc 1.0-1 343.60 OK
r-patched-solaris-x86 1.0-1 64.20 OK
r-release-linux-ix86 1.0-1 0.92 2.85 3.76 OK
r-release-linux-x86_64 1.0-1 0.65 27.32 27.97 OK
r-release-osx-x86_64-mavericks 1.0-1 OK
r-release-windows-ix86+x86_64 1.0-1 3.00 42.00 45.00 OK
r-oldrel-windows-ix86+x86_64 1.0-1 2.00 46.00 48.00 OK

Check Details

Version: 1.0-1
Check: dependencies in R code
Result: NOTE
    'library' or 'require' call to ‘quadprog’ in package code.
     Please use :: or requireNamespace() instead.
     See section 'Suggested packages' in the 'Writing R Extensions' manual.
Flavors: r-devel-linux-x86_64-debian-clang, r-devel-linux-x86_64-debian-gcc, r-devel-linux-x86_64-fedora-clang, r-devel-linux-x86_64-fedora-gcc, r-devel-osx-x86_64-clang, r-devel-windows-ix86+x86_64