CRAN Package Check Results for Package MixtureInf

Last updated on 2015-03-30 03:49:16.

Flavor Version Tinstall Tcheck Ttotal Status Flags
r-devel-linux-x86_64-debian-clang 1.0-1 0.65 25.37 26.02 NOTE
r-devel-linux-x86_64-debian-gcc 1.0-1 0.60 24.78 25.38 NOTE
r-devel-linux-x86_64-fedora-clang 1.0-1 52.43 NOTE
r-devel-linux-x86_64-fedora-gcc 1.0-1 48.20 NOTE
r-devel-osx-x86_64-clang 1.0-1 50.70 NOTE
r-prerel-windows-ix86+x86_64 1.0-1 4.00 37.00 41.00 NOTE
r-prerel-linux-x86_64 1.0-1 0.58 25.08 25.66 NOTE
r-prerel-solaris-sparc 1.0-1 327.30 NOTE
r-prerel-solaris-x86 1.0-1 60.30 NOTE
r-release-linux-x86_64 1.0-1 0.63 27.51 28.14 NOTE
r-release-osx-x86_64-mavericks 1.0-1 OK
r-release-windows-ix86+x86_64 1.0-1 5.00 47.00 52.00 NOTE
r-oldrel-windows-ix86+x86_64 1.0-1 2.00 46.00 48.00 OK

Check Details

Version: 1.0-1
Check: DESCRIPTION meta-information
Result: NOTE
    Malformed Description field: should contain one or more complete sentences.
Flavors: r-devel-linux-x86_64-debian-clang, r-devel-linux-x86_64-debian-gcc, r-devel-linux-x86_64-fedora-clang, r-devel-linux-x86_64-fedora-gcc, r-devel-osx-x86_64-clang, r-prerel-windows-ix86+x86_64, r-prerel-linux-x86_64, r-prerel-solaris-sparc, r-prerel-solaris-x86

Version: 1.0-1
Check: dependencies in R code
Result: NOTE
    'library' or 'require' call to ‘quadprog’ in package code.
     Please use :: or requireNamespace() instead.
     See section 'Suggested packages' in the 'Writing R Extensions' manual.
Flavors: r-devel-linux-x86_64-debian-clang, r-devel-linux-x86_64-debian-gcc, r-devel-linux-x86_64-fedora-clang, r-devel-linux-x86_64-fedora-gcc, r-devel-osx-x86_64-clang, r-prerel-windows-ix86+x86_64, r-prerel-linux-x86_64, r-prerel-solaris-sparc, r-prerel-solaris-x86, r-release-linux-x86_64, r-release-windows-ix86+x86_64