CRAN Package Check Results for Package MixtureInf

Last updated on 2015-04-19 19:51:54.

Flavor Version Tinstall Tcheck Ttotal Status Flags
r-devel-linux-x86_64-debian-clang 1.0-1 0.65 25.31 25.96 NOTE
r-devel-linux-x86_64-debian-gcc 1.0-1 0.65 24.79 25.44 NOTE
r-devel-linux-x86_64-fedora-clang 1.0-1 52.59 NOTE
r-devel-linux-x86_64-fedora-gcc 1.0-1 52.19 NOTE
r-devel-osx-x86_64-clang 1.0-1 48.93 NOTE
r-devel-windows-ix86+x86_64 1.0-1 3.00 40.00 43.00 NOTE
r-patched-linux-x86_64 1.0-1 0.59 25.10 25.68 NOTE
r-patched-solaris-sparc 1.0-1 327.30 NOTE
r-patched-solaris-x86 1.0-1 59.90 NOTE
r-release-linux-x86_64 1.0-1 0.60 24.89 25.49 NOTE
r-release-osx-x86_64-mavericks 1.0-1 NOTE
r-release-osx-x86_64-snowleopard 1.0-1 NOTE
r-release-windows-ix86+x86_64 1.0-1 2.00 49.00 51.00 NOTE
r-oldrel-windows-ix86+x86_64 1.0-1 5.00 47.00 52.00 NOTE

Check Details

Version: 1.0-1
Check: DESCRIPTION meta-information
Result: NOTE
    Malformed Description field: should contain one or more complete sentences.
Flavors: r-devel-linux-x86_64-debian-clang, r-devel-linux-x86_64-debian-gcc, r-devel-linux-x86_64-fedora-clang, r-devel-linux-x86_64-fedora-gcc, r-devel-osx-x86_64-clang, r-devel-windows-ix86+x86_64, r-patched-linux-x86_64, r-patched-solaris-sparc, r-patched-solaris-x86, r-release-linux-x86_64, r-release-osx-x86_64-mavericks, r-release-osx-x86_64-snowleopard, r-release-windows-ix86+x86_64

Version: 1.0-1
Check: dependencies in R code
Result: NOTE
    'library' or 'require' call to ‘quadprog’ in package code.
     Please use :: or requireNamespace() instead.
     See section 'Suggested packages' in the 'Writing R Extensions' manual.
Flavors: r-devel-linux-x86_64-debian-clang, r-devel-linux-x86_64-debian-gcc, r-devel-linux-x86_64-fedora-clang, r-devel-linux-x86_64-fedora-gcc, r-devel-osx-x86_64-clang, r-devel-windows-ix86+x86_64, r-patched-linux-x86_64, r-patched-solaris-sparc, r-patched-solaris-x86, r-release-linux-x86_64, r-release-osx-x86_64-mavericks, r-release-osx-x86_64-snowleopard, r-release-windows-ix86+x86_64, r-oldrel-windows-ix86+x86_64