CRAN Package Check Results for Package MoMPCA

Last updated on 2020-09-29 16:48:48 CEST.

Flavor Version Tinstall Tcheck Ttotal Status Flags
r-devel-linux-x86_64-debian-clang 1.0.0 5.98 60.25 66.23 OK
r-devel-linux-x86_64-debian-gcc 1.0.0 4.98 45.86 50.84 OK
r-devel-linux-x86_64-fedora-clang 1.0.0 87.47 NOTE
r-devel-linux-x86_64-fedora-gcc 1.0.0 82.56 NOTE
r-devel-windows-ix86+x86_64 1.0.0 11.00 307.00 318.00 OK
r-patched-linux-x86_64 1.0.0 5.04 57.52 62.56 OK
r-patched-solaris-x86 1.0.0 815.10 NOTE
r-release-linux-x86_64 1.0.0 5.71 57.42 63.13 OK
r-release-macos-x86_64 1.0.0 NOTE
r-release-windows-ix86+x86_64 1.0.0 15.00 349.00 364.00 OK
r-oldrel-macos-x86_64 1.0.0 NOTE
r-oldrel-windows-ix86+x86_64 1.0.0 13.00 285.00 298.00 OK

Check Details

Version: 1.0.0
Check: data for non-ASCII characters
Result: NOTE
     Note: found 16 marked UTF-8 strings
Flavors: r-devel-linux-x86_64-fedora-clang, r-devel-linux-x86_64-fedora-gcc, r-patched-solaris-x86, r-release-macos-x86_64, r-oldrel-macos-x86_64