CRAN Package Check Results for Package Mobilize

Last updated on 2014-09-01 23:46:46.

Flavor Version Tinstall Tcheck Ttotal Status Flags
r-patched-linux-x86_64 2.16-2 1.24 1.24 ERROR
r-release-linux-ix86 2.16-2 2.82 36.80 39.62 OK
r-release-osx-x86_64-snowleopard 2.16-2 OK

Check Details

Version: 2.16-2
Check: package dependencies
Result: ERROR
    Package required but not available: ‘Ohmage’
    
    See the information on DESCRIPTION files in the chapter ‘Creating R
    packages’ of the ‘Writing R Extensions’ manual.
Flavor: r-patched-linux-x86_64