CRAN Package Check Results for Package Mobilize

Last updated on 2015-04-19 11:51:13.

Flavor Version Tinstall Tcheck Ttotal Status Flags
r-devel-linux-x86_64-debian-clang 2.16-4 1.40 20.31 21.72 OK
r-devel-linux-x86_64-debian-gcc 2.16-4 1.42 19.42 20.84 OK
r-devel-linux-x86_64-fedora-clang 2.16-4 42.56 OK
r-devel-linux-x86_64-fedora-gcc 2.16-4 43.92 OK
r-devel-osx-x86_64-clang 2.16-4 42.92 OK
r-devel-windows-ix86+x86_64 2.16-4 8.00 44.00 52.00 OK
r-patched-linux-x86_64 2.16-4 1.37 19.59 20.96 OK
r-patched-solaris-sparc 2.16-4 280.20 OK
r-patched-solaris-x86 2.16-4 60.10 OK
r-release-linux-x86_64 2.16-4 1.45 20.15 21.60 OK
r-release-osx-x86_64-mavericks 2.16-4 OK
r-release-osx-x86_64-snowleopard 2.16-4 ERROR
r-release-windows-ix86+x86_64 2.16-4 3.00 30.00 33.00 OK
r-oldrel-windows-ix86+x86_64 2.16-4 13.00 71.00 84.00 OK

Check Details

Version: 2.16-4
Check: package dependencies
Result: ERROR
    Package required but not available: ‘ggplot2’
    
    Package suggested but not available for checking: ‘XML’
    
    See section ‘The DESCRIPTION file’ in the ‘Writing R Extensions’
    manual.
Flavor: r-release-osx-x86_64-snowleopard