CRAN Package Check Results for Package Mobilize

Last updated on 2015-07-06 23:47:52.

Flavor Version Tinstall Tcheck Ttotal Status Flags
r-devel-linux-x86_64-debian-clang 2.16-4 1.43 20.55 21.98 NOTE
r-devel-linux-x86_64-debian-gcc 2.16-4 1.35 20.27 21.62 NOTE
r-devel-linux-x86_64-fedora-clang 2.16-4 43.20 NOTE
r-devel-linux-x86_64-fedora-gcc 2.16-4 39.70 NOTE
r-devel-osx-x86_64-clang 2.16-4 40.46 OK
r-devel-windows-ix86+x86_64 2.16-4 5.00 34.00 39.00 NOTE
r-patched-linux-x86_64 2.16-4 1.39 19.91 21.30 OK
r-patched-solaris-sparc 2.16-4 330.50 OK
r-patched-solaris-x86 2.16-4 70.80 OK
r-release-linux-x86_64 2.16-4 1.41 19.93 21.34 OK
r-release-osx-x86_64-mavericks 2.16-4 OK
r-release-windows-ix86+x86_64 2.16-4 7.00 33.00 40.00 OK
r-oldrel-windows-ix86+x86_64 2.16-4 10.00 62.00 72.00 OK

Check Details

Version: 2.16-4
Check: R code for possible problems
Result: NOTE
    bin.by.date: no visible binding for global variable ‘quantile’
    bin.by.date: no visible global function definition for ‘na.omit’
    biplot: no visible global function definition for ‘na.omit’
    biplot.character: no visible global function definition for ‘runif’
    distributionplot: no visible global function definition for ‘na.omit’
    distributionplot.character: no visible global function definition for
     ‘head’
    mapmobility: no visible global function definition for ‘lines’
    responseplot: no visible global function definition for ‘na.omit’
    scatterplot: no visible global function definition for ‘na.omit’
    sharedtimeplot: no visible global function definition for ‘na.omit’
    timeplot: no visible global function definition for ‘na.omit’
    timeplot.character: no visible global function definition for ‘runif’
    timeplot.character: no visible global function definition for ‘rnorm’
    timeplot.character: no visible binding for global variable ‘text’
    userplot: no visible global function definition for ‘na.omit’
    Undefined global functions or variables:
     head lines na.omit quantile rnorm runif text
Flavors: r-devel-linux-x86_64-debian-clang, r-devel-linux-x86_64-debian-gcc, r-devel-linux-x86_64-fedora-clang, r-devel-linux-x86_64-fedora-gcc, r-devel-windows-ix86+x86_64