CRAN Package Check Results for Package Mobilize

Last updated on 2015-05-25 18:47:02.

Flavor Version Tinstall Tcheck Ttotal Status Flags
r-devel-linux-x86_64-debian-clang 2.16-4 1.85 20.10 21.96 OK
r-devel-linux-x86_64-debian-gcc 2.16-4 1.38 19.89 21.27 OK
r-devel-linux-x86_64-fedora-clang 2.16-4 44.22 OK
r-devel-linux-x86_64-fedora-gcc 2.16-4 40.69 OK
r-devel-osx-x86_64-clang 2.16-4 40.72 OK
r-devel-windows-ix86+x86_64 2.16-4 6.00 34.00 40.00 OK
r-patched-linux-x86_64 2.16-4 1.41 19.52 20.93 OK
r-patched-solaris-sparc 2.16-4 330.50 OK
r-patched-solaris-x86 2.16-4 69.40 OK
r-release-linux-x86_64 2.16-4 1.38 19.68 21.06 OK
r-release-osx-x86_64-mavericks 2.16-4 OK
r-release-osx-x86_64-snowleopard 2.16-4 ERROR
r-release-windows-ix86+x86_64 2.16-4 4.00 34.00 38.00 OK
r-oldrel-windows-ix86+x86_64 2.16-4 14.00 63.00 77.00 OK

Check Details

Version: 2.16-4
Check: package dependencies
Result: ERROR
    Package required but not available: ‘ggplot2’
    
    Package suggested but not available for checking: ‘XML’
    
    See section ‘The DESCRIPTION file’ in the ‘Writing R Extensions’
    manual.
Flavor: r-release-osx-x86_64-snowleopard