CRAN Package Check Results for Package Mobilize

Last updated on 2015-08-31 12:47:49.

Flavor Version Tinstall Tcheck Ttotal Status Flags
r-devel-linux-x86_64-debian-clang 2.16-4 1.37 19.22 20.59 NOTE
r-devel-linux-x86_64-debian-gcc 2.16-4 1.40 18.93 20.33 NOTE
r-devel-linux-x86_64-fedora-clang 2.16-4 40.47 NOTE
r-devel-linux-x86_64-fedora-gcc 2.16-4 39.57 NOTE
r-devel-osx-x86_64-clang 2.16-4 36.33 OK
r-devel-windows-ix86+x86_64 2.16-4 10.00 43.00 53.00 NOTE
r-patched-linux-x86_64 2.16-4 1.42 20.65 22.08 OK
r-patched-solaris-sparc 2.16-4 277.30 OK
r-patched-solaris-x86 2.16-4 66.70 OK
r-release-linux-x86_64 2.16-4 1.42 20.40 21.81 OK
r-release-osx-x86_64-mavericks 2.16-4 OK
r-release-windows-ix86+x86_64 2.16-4 7.00 37.00 44.00 OK
r-oldrel-windows-ix86+x86_64 2.16-4 17.00 66.00 83.00 OK

Check Details

Version: 2.16-4
Check: R code for possible problems
Result: NOTE
    bin.by.date: no visible binding for global variable ‘quantile’
    bin.by.date: no visible global function definition for ‘na.omit’
    biplot: no visible global function definition for ‘na.omit’
    biplot.character: no visible global function definition for ‘runif’
    distributionplot: no visible global function definition for ‘na.omit’
    distributionplot.character: no visible global function definition for
     ‘head’
    mapmobility: no visible global function definition for ‘lines’
    responseplot: no visible global function definition for ‘na.omit’
    scatterplot: no visible global function definition for ‘na.omit’
    sharedtimeplot: no visible global function definition for ‘na.omit’
    timeplot: no visible global function definition for ‘na.omit’
    timeplot.character: no visible global function definition for ‘runif’
    timeplot.character: no visible global function definition for ‘rnorm’
    timeplot.character: no visible binding for global variable ‘text’
    userplot: no visible global function definition for ‘na.omit’
    Undefined global functions or variables:
     head lines na.omit quantile rnorm runif text
    Consider adding
     importFrom("graphics", "lines", "text")
     importFrom("stats", "na.omit", "quantile", "rnorm", "runif")
     importFrom("utils", "head")
    to your NAMESPACE.
Flavors: r-devel-linux-x86_64-debian-clang, r-devel-linux-x86_64-debian-gcc, r-devel-linux-x86_64-fedora-clang, r-devel-linux-x86_64-fedora-gcc, r-devel-windows-ix86+x86_64