CRAN Package Check Results for Package ModStatR

Last updated on 2022-06-29 13:50:10 CEST.

Flavor Version Tinstall Tcheck Ttotal Status Flags
r-devel-linux-x86_64-debian-clang 1.3.1 6.26 37.35 43.61 NOTE
r-devel-linux-x86_64-debian-gcc 1.3.1 6.51 29.15 35.66 NOTE
r-devel-linux-x86_64-fedora-clang 1.3.1 65.78 NOTE
r-devel-linux-x86_64-fedora-gcc 1.3.1 64.74 NOTE
r-devel-windows-x86_64 1.3.1 32.00 64.00 96.00 NOTE
r-patched-linux-x86_64 1.3.1 7.86 36.75 44.61 OK
r-release-linux-x86_64 1.3.1 6.61 36.20 42.81 OK
r-release-macos-arm64 1.3.1 23.00 NOTE
r-release-macos-x86_64 1.3.1 33.00 NOTE
r-release-windows-x86_64 1.3.1 40.00 64.00 104.00 OK
r-oldrel-macos-arm64 1.3.1 31.00 NOTE
r-oldrel-macos-x86_64 1.3.1 43.00 NOTE
r-oldrel-windows-ix86+x86_64 1.3.1 13.00 61.00 74.00 OK

Check Details

Version: 1.3.1
Check: Rd files
Result: NOTE
    checkRd: (-1) polypes.Rd:17: Escaped LaTeX specials: \&
Flavors: r-devel-linux-x86_64-debian-clang, r-devel-linux-x86_64-debian-gcc, r-devel-linux-x86_64-fedora-clang, r-devel-linux-x86_64-fedora-gcc, r-devel-windows-x86_64

Version: 1.3.1
Check: data for non-ASCII characters
Result: NOTE
     Note: found 20578 marked UTF-8 strings
Flavors: r-devel-linux-x86_64-fedora-clang, r-devel-linux-x86_64-fedora-gcc, r-release-macos-arm64, r-release-macos-x86_64, r-oldrel-macos-arm64, r-oldrel-macos-x86_64

Version: 1.3.1
Check: installed package size
Result: NOTE
     installed size is 5.3Mb
     sub-directories of 1Mb or more:
     data 5.0Mb
Flavors: r-release-macos-arm64, r-oldrel-macos-arm64