CRAN Package Check Results for Package Modalclust

Last updated on 2015-03-30 11:48:20.

Flavor Version Tinstall Tcheck Ttotal Status Flags
r-devel-linux-x86_64-debian-clang 0.6 0.82 41.06 41.88 NOTE
r-devel-linux-x86_64-debian-gcc 0.6 0.83 37.97 38.80 NOTE
r-devel-linux-x86_64-fedora-clang 0.6 76.30 NOTE
r-devel-linux-x86_64-fedora-gcc 0.6 73.06 NOTE
r-devel-osx-x86_64-clang 0.6 73.91 NOTE
r-prerel-windows-ix86+x86_64 0.6 4.00 66.00 70.00 NOTE
r-prerel-linux-x86_64 0.6 0.86 39.53 40.39 NOTE
r-prerel-solaris-sparc 0.6 531.30 NOTE
r-prerel-solaris-x86 0.6 103.10 NOTE
r-release-linux-x86_64 0.6 1.11 48.37 49.48 NOTE
r-release-osx-x86_64-mavericks 0.6 NOTE
r-release-osx-x86_64-snowleopard 0.6 OK
r-release-windows-ix86+x86_64 0.6 4.00 75.00 79.00 NOTE
r-oldrel-windows-ix86+x86_64 0.6 4.00 65.00 69.00 OK

Check Details

Version: 0.6
Check: dependencies in R code
Result: NOTE
    'library' or 'require' calls in package code:
     ‘MASS’ ‘parallel’
     Please use :: or requireNamespace() instead.
     See section 'Suggested packages' in the 'Writing R Extensions' manual.
Flavors: r-devel-linux-x86_64-debian-clang, r-devel-linux-x86_64-debian-gcc, r-devel-linux-x86_64-fedora-clang, r-devel-linux-x86_64-fedora-gcc, r-devel-osx-x86_64-clang, r-prerel-windows-ix86+x86_64, r-prerel-linux-x86_64, r-prerel-solaris-sparc, r-prerel-solaris-x86, r-release-linux-x86_64, r-release-windows-ix86+x86_64

Version: 0.6
Check: S3 generic/method consistency
Result: NOTE
    Found the following apparent S3 methods exported but not registered:
     contour.hmac plot.hmac summary.hmac
    See section ‘Registering S3 methods’ in the ‘Writing R Extensions’
    manual.
Flavors: r-devel-linux-x86_64-debian-clang, r-devel-linux-x86_64-debian-gcc, r-devel-linux-x86_64-fedora-clang, r-devel-linux-x86_64-fedora-gcc, r-devel-osx-x86_64-clang, r-prerel-linux-x86_64

Version: 0.6
Check: R code for possible problems
Result: NOTE
    contour.hmac: no visible global function definition for ‘kde2d’
    modalclust: no visible global function definition for ‘mclapply’
    phmac: no visible global function definition for ‘mclapply’
Flavors: r-devel-linux-x86_64-debian-clang, r-devel-linux-x86_64-debian-gcc, r-devel-linux-x86_64-fedora-clang, r-devel-linux-x86_64-fedora-gcc, r-devel-osx-x86_64-clang, r-prerel-windows-ix86+x86_64, r-prerel-linux-x86_64, r-prerel-solaris-sparc, r-prerel-solaris-x86, r-release-linux-x86_64, r-release-osx-x86_64-mavericks, r-release-windows-ix86+x86_64