CRAN Package Check Results for Package Modalclust

Last updated on 2015-07-05 08:47:24.

Flavor Version Tinstall Tcheck Ttotal Status Flags
r-devel-linux-x86_64-debian-clang 0.6 0.82 40.95 41.77 NOTE
r-devel-linux-x86_64-debian-gcc 0.6 0.85 38.37 39.22 NOTE
r-devel-linux-x86_64-fedora-clang 0.6 74.38 NOTE
r-devel-linux-x86_64-fedora-gcc 0.6 71.82 NOTE
r-devel-osx-x86_64-clang 0.6 67.41 NOTE
r-devel-windows-ix86+x86_64 0.6 4.00 71.00 75.00 NOTE
r-patched-linux-x86_64 0.6 0.94 39.11 40.05 NOTE
r-patched-solaris-sparc 0.6 561.30 NOTE
r-patched-solaris-x86 0.6 102.50 NOTE
r-release-linux-x86_64 0.6 0.82 38.58 39.40 NOTE
r-release-osx-x86_64-mavericks 0.6 NOTE
r-release-windows-ix86+x86_64 0.6 6.00 65.00 71.00 NOTE
r-oldrel-windows-ix86+x86_64 0.6 7.00 107.00 114.00 NOTE

Check Details

Version: 0.6
Check: dependencies in R code
Result: NOTE
    'library' or 'require' calls in package code:
     ‘MASS’ ‘parallel’
     Please use :: or requireNamespace() instead.
     See section 'Suggested packages' in the 'Writing R Extensions' manual.
Flavors: r-devel-linux-x86_64-debian-clang, r-devel-linux-x86_64-debian-gcc, r-devel-linux-x86_64-fedora-clang, r-devel-linux-x86_64-fedora-gcc, r-devel-osx-x86_64-clang, r-devel-windows-ix86+x86_64, r-patched-linux-x86_64, r-patched-solaris-sparc, r-patched-solaris-x86, r-release-linux-x86_64, r-release-osx-x86_64-mavericks, r-release-windows-ix86+x86_64, r-oldrel-windows-ix86+x86_64

Version: 0.6
Check: S3 generic/method consistency
Result: NOTE
    Found the following apparent S3 methods exported but not registered:
     contour.hmac plot.hmac summary.hmac
    See section ‘Registering S3 methods’ in the ‘Writing R Extensions’
    manual.
Flavors: r-devel-linux-x86_64-debian-clang, r-devel-linux-x86_64-debian-gcc, r-devel-linux-x86_64-fedora-clang, r-devel-linux-x86_64-fedora-gcc, r-devel-osx-x86_64-clang, r-patched-linux-x86_64, r-patched-solaris-sparc, r-patched-solaris-x86, r-release-linux-x86_64

Version: 0.6
Check: R code for possible problems
Result: NOTE
    choose.cluster: no visible global function definition for ‘plot’
    choose.cluster: no visible global function definition for ‘points’
    choose.cluster: no visible global function definition for ‘title’
    choose.cluster: no visible global function definition for ‘locator’
    contour.hmac: no visible global function definition for ‘smoothScatter’
    contour.hmac: no visible global function definition for ‘plot’
    contour.hmac: no visible global function definition for ‘points’
    contour.hmac: no visible global function definition for ‘kde2d’
    contour.hmac: no visible global function definition for ‘contour’
    contour.hmac: no visible global function definition for ‘title’
    hard.hmac: no visible global function definition for ‘par’
    hard.hmac: no visible global function definition for ‘density’
    hard.hmac: no visible binding for global variable ‘sd’
    hard.hmac: no visible global function definition for ‘points’
    hard.hmac: no visible global function definition for ‘title’
    hmac: no visible binding for global variable ‘sd’
    modalclust: no visible binding for global variable ‘sd’
    modalclust: no visible global function definition for ‘mclapply’
    mydmvnorm: no visible global function definition for ‘mahalanobis’
    phmac: no visible binding for global variable ‘sd’
    phmac: no visible global function definition for ‘mclapply’
    plot.hmac: no visible global function definition for ‘plot’
    plot.hmac: no visible global function definition for ‘axis’
    plot.hmac: no visible global function definition for ‘points’
    plot.hmac: no visible global function definition for ‘mtext’
    plot.hmac: no visible global function definition for ‘rainbow’
    plot.hmac: no visible global function definition for ‘title’
    plot.hmac: no visible global function definition for ‘lines’
    soft.hmac: no visible global function definition for ‘par’
    soft.hmac: no visible binding for global variable ‘sd’
    soft.hmac: no visible global function definition for ‘rgb’
    soft.hmac: no visible global function definition for ‘points’
    soft.hmac: no visible global function definition for ‘legend’
    soft.hmac: no visible global function definition for ‘title’
    Undefined global functions or variables:
     axis contour density kde2d legend lines locator mahalanobis mclapply
     mtext par plot points rainbow rgb sd smoothScatter title
Flavors: r-devel-linux-x86_64-debian-clang, r-devel-linux-x86_64-debian-gcc, r-devel-linux-x86_64-fedora-clang, r-devel-linux-x86_64-fedora-gcc, r-devel-windows-ix86+x86_64

Version: 0.6
Check: R code for possible problems
Result: NOTE
    contour.hmac: no visible global function definition for ‘kde2d’
    modalclust: no visible global function definition for ‘mclapply’
    phmac: no visible global function definition for ‘mclapply’
    Undefined global functions or variables:
     kde2d mclapply
Flavor: r-devel-osx-x86_64-clang

Version: 0.6
Check: R code for possible problems
Result: NOTE
    contour.hmac: no visible global function definition for ‘kde2d’
    modalclust: no visible global function definition for ‘mclapply’
    phmac: no visible global function definition for ‘mclapply’
Flavors: r-patched-linux-x86_64, r-patched-solaris-sparc, r-patched-solaris-x86, r-release-linux-x86_64, r-release-osx-x86_64-mavericks, r-release-windows-ix86+x86_64, r-oldrel-windows-ix86+x86_64