CRAN Package Check Results for Package Modalclust

Last updated on 2014-10-30 12:51:37.

Flavor Version Tinstall Tcheck Ttotal Status Flags
r-devel-linux-x86_64-debian-clang 0.6 1.12 44.42 45.54 NOTE
r-devel-linux-x86_64-debian-gcc 0.6 1.03 43.04 44.07 NOTE
r-devel-linux-x86_64-fedora-clang 0.6 83.45 NOTE
r-devel-linux-x86_64-fedora-gcc 0.6 82.54 NOTE
r-devel-osx-x86_64-clang 0.6 74.03 NOTE
r-devel-windows-ix86+x86_64 0.6 4.00 68.00 72.00 NOTE
r-patched-linux-x86_64 0.6 1.16 43.38 44.54 NOTE
r-patched-solaris-sparc 0.6 553.80 NOTE
r-patched-solaris-x86 0.6 111.00 NOTE
r-release-linux-ix86 0.6 1.50 58.00 59.50 OK
r-release-linux-x86_64 0.6 1.05 45.53 46.58 OK
r-release-osx-x86_64-mavericks 0.6 OK
r-release-osx-x86_64-snowleopard 0.6 OK
r-release-windows-ix86+x86_64 0.6 4.00 71.00 75.00 OK
r-oldrel-windows-ix86+x86_64 0.6 5.00 69.00 74.00 OK

Check Details

Version: 0.6
Check: R code for possible problems
Result: NOTE
    contour.hmac: no visible global function definition for ‘kde2d’
    modalclust: no visible global function definition for ‘mclapply’
    phmac: no visible global function definition for ‘mclapply’
Flavors: r-devel-linux-x86_64-debian-clang, r-devel-linux-x86_64-debian-gcc, r-devel-linux-x86_64-fedora-clang, r-devel-linux-x86_64-fedora-gcc, r-devel-osx-x86_64-clang, r-devel-windows-ix86+x86_64, r-patched-linux-x86_64, r-patched-solaris-sparc, r-patched-solaris-x86