CRAN Package Check Results for Package Modalclust

Last updated on 2015-08-04 11:49:12.

Flavor Version Tinstall Tcheck Ttotal Status Flags
r-devel-linux-x86_64-debian-clang 0.6 0.81 40.87 41.68 NOTE
r-devel-linux-x86_64-debian-gcc 0.6 0.77 39.91 40.68 NOTE
r-devel-linux-x86_64-fedora-clang 0.6 80.75 NOTE
r-devel-linux-x86_64-fedora-gcc 0.6 73.33 NOTE
r-devel-osx-x86_64-clang 0.6 65.49 NOTE
r-devel-windows-ix86+x86_64 0.6 7.00 72.00 79.00 NOTE
r-patched-linux-x86_64 0.6 0.82 38.84 39.66 NOTE
r-patched-solaris-sparc 0.6 529.40 NOTE
r-patched-solaris-x86 0.6 105.30 NOTE
r-release-linux-x86_64 0.6 0.88 40.04 40.92 NOTE
r-release-osx-x86_64-mavericks 0.6 NOTE
r-release-windows-ix86+x86_64 0.6 5.00 73.00 78.00 NOTE
r-oldrel-windows-ix86+x86_64 0.6 6.00 87.00 93.00 NOTE

Check Details

Version: 0.6
Check: dependencies in R code
Result: NOTE
    'library' or 'require' calls in package code:
     ‘MASS’ ‘parallel’
     Please use :: or requireNamespace() instead.
     See section 'Suggested packages' in the 'Writing R Extensions' manual.
Flavors: r-devel-linux-x86_64-debian-clang, r-devel-linux-x86_64-debian-gcc, r-devel-linux-x86_64-fedora-clang, r-devel-linux-x86_64-fedora-gcc, r-devel-osx-x86_64-clang, r-devel-windows-ix86+x86_64, r-patched-linux-x86_64, r-patched-solaris-sparc, r-patched-solaris-x86, r-release-linux-x86_64, r-release-osx-x86_64-mavericks, r-release-windows-ix86+x86_64, r-oldrel-windows-ix86+x86_64

Version: 0.6
Check: S3 generic/method consistency
Result: NOTE
    Found the following apparent S3 methods exported but not registered:
     contour.hmac plot.hmac summary.hmac
    See section ‘Registering S3 methods’ in the ‘Writing R Extensions’
    manual.
Flavors: r-devel-linux-x86_64-debian-clang, r-devel-linux-x86_64-debian-gcc, r-devel-linux-x86_64-fedora-clang, r-devel-linux-x86_64-fedora-gcc, r-devel-osx-x86_64-clang, r-patched-linux-x86_64, r-patched-solaris-sparc, r-patched-solaris-x86, r-release-linux-x86_64

Version: 0.6
Check: R code for possible problems
Result: NOTE
    choose.cluster: no visible global function definition for ‘plot’
    choose.cluster: no visible global function definition for ‘points’
    choose.cluster: no visible global function definition for ‘title’
    choose.cluster: no visible global function definition for ‘locator’
    contour.hmac: no visible global function definition for ‘smoothScatter’
    contour.hmac: no visible global function definition for ‘plot’
    contour.hmac: no visible global function definition for ‘points’
    contour.hmac: no visible global function definition for ‘kde2d’
    contour.hmac: no visible global function definition for ‘contour’
    contour.hmac: no visible global function definition for ‘title’
    hard.hmac: no visible global function definition for ‘par’
    hard.hmac: no visible global function definition for ‘density’
    hard.hmac: no visible binding for global variable ‘sd’
    hard.hmac: no visible global function definition for ‘points’
    hard.hmac: no visible global function definition for ‘title’
    hmac: no visible binding for global variable ‘sd’
    modalclust: no visible binding for global variable ‘sd’
    modalclust: no visible global function definition for ‘mclapply’
    mydmvnorm: no visible global function definition for ‘mahalanobis’
    phmac: no visible binding for global variable ‘sd’
    phmac: no visible global function definition for ‘mclapply’
    plot.hmac: no visible global function definition for ‘plot’
    plot.hmac: no visible global function definition for ‘axis’
    plot.hmac: no visible global function definition for ‘points’
    plot.hmac: no visible global function definition for ‘mtext’
    plot.hmac: no visible global function definition for ‘rainbow’
    plot.hmac: no visible global function definition for ‘title’
    plot.hmac: no visible global function definition for ‘lines’
    soft.hmac: no visible global function definition for ‘par’
    soft.hmac: no visible binding for global variable ‘sd’
    soft.hmac: no visible global function definition for ‘rgb’
    soft.hmac: no visible global function definition for ‘points’
    soft.hmac: no visible global function definition for ‘legend’
    soft.hmac: no visible global function definition for ‘title’
    Undefined global functions or variables:
     axis contour density kde2d legend lines locator mahalanobis mclapply
     mtext par plot points rainbow rgb sd smoothScatter title
    Consider adding
     importFrom("grDevices", "rainbow", "rgb")
     importFrom("graphics", "axis", "contour", "legend", "lines", "locator",
     "mtext", "par", "plot", "points", "smoothScatter", "title")
     importFrom("stats", "density", "mahalanobis", "sd")
    to your NAMESPACE.
Flavors: r-devel-linux-x86_64-debian-clang, r-devel-linux-x86_64-debian-gcc, r-devel-linux-x86_64-fedora-clang, r-devel-linux-x86_64-fedora-gcc, r-devel-windows-ix86+x86_64

Version: 0.6
Check: R code for possible problems
Result: NOTE
    contour.hmac: no visible global function definition for ‘kde2d’
    modalclust: no visible global function definition for ‘mclapply’
    phmac: no visible global function definition for ‘mclapply’
    Undefined global functions or variables:
     kde2d mclapply
Flavor: r-devel-osx-x86_64-clang

Version: 0.6
Check: R code for possible problems
Result: NOTE
    contour.hmac: no visible global function definition for ‘kde2d’
    modalclust: no visible global function definition for ‘mclapply’
    phmac: no visible global function definition for ‘mclapply’
Flavors: r-patched-linux-x86_64, r-patched-solaris-sparc, r-patched-solaris-x86, r-release-linux-x86_64, r-release-osx-x86_64-mavericks, r-release-windows-ix86+x86_64, r-oldrel-windows-ix86+x86_64