CRAN Package Check Results for Package Modalclust

Last updated on 2014-09-20 03:48:45.

Flavor Version Tinstall Tcheck Ttotal Status Flags
r-devel-linux-x86_64-debian-clang 0.6 1.00 43.57 44.56 NOTE
r-devel-linux-x86_64-debian-gcc 0.6 1.02 45.34 46.36 NOTE
r-devel-linux-x86_64-fedora-clang 0.6 83.32 NOTE
r-devel-linux-x86_64-fedora-gcc 0.6 84.74 NOTE
r-devel-osx-x86_64-clang 0.6 72.01 NOTE
r-devel-windows-ix86+x86_64 0.6 4.00 65.00 69.00 NOTE
r-patched-linux-x86_64 0.6 1.09 46.30 47.39 OK
r-patched-solaris-sparc 0.6 556.00 OK
r-patched-solaris-x86 0.6 108.40 OK
r-release-linux-ix86 0.6 1.48 65.12 66.59 OK
r-release-linux-x86_64 0.6 1.06 44.85 45.92 OK
r-release-osx-x86_64-mavericks 0.6 OK
r-release-osx-x86_64-snowleopard 0.6 OK
r-release-windows-ix86+x86_64 0.6 4.00 75.00 79.00 OK
r-oldrel-windows-ix86+x86_64 0.6 4.00 76.00 80.00 OK

Check Details

Version: 0.6
Check: R code for possible problems
Result: NOTE
    contour.hmac: no visible global function definition for ‘kde2d’
    modalclust: no visible global function definition for ‘mclapply’
    phmac: no visible global function definition for ‘mclapply’
Flavors: r-devel-linux-x86_64-debian-clang, r-devel-linux-x86_64-debian-gcc, r-devel-linux-x86_64-fedora-clang, r-devel-linux-x86_64-fedora-gcc, r-devel-osx-x86_64-clang, r-devel-windows-ix86+x86_64