CRAN Package Check Results for Package Modalclust

Last updated on 2014-08-30 21:47:28.

Flavor Version Tinstall Tcheck Ttotal Status Flags
r-devel-linux-x86_64-debian-clang 0.6 0.97 40.94 41.91 NOTE
r-devel-linux-x86_64-debian-gcc 0.6 0.96 39.12 40.08 NOTE
r-devel-linux-x86_64-fedora-clang 0.6 84.46 NOTE
r-devel-linux-x86_64-fedora-gcc 0.6 80.31 NOTE
r-devel-osx-x86_64-clang 0.6 69.62 NOTE
r-devel-windows-ix86+x86_64 0.6 6.00 66.00 72.00 NOTE
r-patched-linux-x86_64 0.6 1.04 45.67 46.71 OK
r-patched-solaris-sparc 0.6 556.00 OK
r-patched-solaris-x86 0.6 118.30 OK
r-release-linux-ix86 0.6 1.49 57.94 59.44 OK
r-release-linux-x86_64 0.6 1.06 43.64 44.70 OK
r-release-osx-x86_64-mavericks 0.6 OK
r-release-osx-x86_64-snowleopard 0.6 OK
r-release-windows-ix86+x86_64 0.6 4.00 74.00 78.00 OK
r-oldrel-windows-ix86+x86_64 0.6 5.00 71.00 76.00 OK

Check Details

Version: 0.6
Check: R code for possible problems
Result: NOTE
    contour.hmac: no visible global function definition for ‘kde2d’
    modalclust: no visible global function definition for ‘mclapply’
    phmac: no visible global function definition for ‘mclapply’
Flavors: r-devel-linux-x86_64-debian-clang, r-devel-linux-x86_64-debian-gcc, r-devel-linux-x86_64-fedora-clang, r-devel-linux-x86_64-fedora-gcc, r-devel-osx-x86_64-clang, r-devel-windows-ix86+x86_64