CRAN Package Check Results for Package Modalclust

Last updated on 2014-12-22 12:49:50.

Flavor Version Tinstall Tcheck Ttotal Status Flags
r-devel-linux-x86_64-debian-clang 0.6 1.04 43.51 44.55 NOTE
r-devel-linux-x86_64-debian-gcc 0.6 1.00 43.29 44.28 NOTE
r-devel-linux-x86_64-fedora-clang 0.6 85.44 NOTE
r-devel-linux-x86_64-fedora-gcc 0.6 82.73 NOTE
r-devel-osx-x86_64-clang 0.6 74.93 NOTE
r-devel-windows-ix86+x86_64 0.6 5.00 68.00 73.00 NOTE
r-patched-linux-x86_64 0.6 1.06 43.60 44.66 NOTE
r-patched-solaris-sparc 0.6 586.80 NOTE
r-patched-solaris-x86 0.6 113.20 NOTE
r-release-linux-ix86 0.6 1.48 55.29 56.77 NOTE
r-release-linux-x86_64 0.6 1.06 43.62 44.69 NOTE
r-release-osx-x86_64-mavericks 0.6 OK
r-release-osx-x86_64-snowleopard 0.6 OK
r-release-windows-ix86+x86_64 0.6 5.00 72.00 77.00 NOTE
r-oldrel-windows-ix86+x86_64 0.6 5.00 69.00 74.00 OK

Check Details

Version: 0.6
Check: R code for possible problems
Result: NOTE
    contour.hmac: no visible global function definition for ‘kde2d’
    modalclust: no visible global function definition for ‘mclapply’
    phmac: no visible global function definition for ‘mclapply’
Flavors: r-devel-linux-x86_64-debian-clang, r-devel-linux-x86_64-debian-gcc, r-devel-linux-x86_64-fedora-clang, r-devel-linux-x86_64-fedora-gcc, r-devel-osx-x86_64-clang, r-devel-windows-ix86+x86_64, r-patched-linux-x86_64, r-patched-solaris-sparc, r-patched-solaris-x86, r-release-linux-ix86, r-release-linux-x86_64, r-release-windows-ix86+x86_64