CRAN Package Check Results for Package Modalclust

Last updated on 2014-11-29 03:51:58.

Flavor Version Tinstall Tcheck Ttotal Status Flags
r-devel-linux-x86_64-debian-clang 0.6 1.09 45.66 46.75 NOTE
r-devel-linux-x86_64-debian-gcc 0.6 1.06 43.08 44.14 NOTE
r-devel-linux-x86_64-fedora-clang 0.6 84.76 NOTE
r-devel-linux-x86_64-fedora-gcc 0.6 84.59 NOTE
r-devel-osx-x86_64-clang 0.6 84.66 NOTE
r-devel-windows-ix86+x86_64 0.6 4.00 68.00 72.00 NOTE
r-patched-linux-x86_64 0.6 1.05 43.70 44.75 NOTE
r-patched-solaris-sparc 0.6 553.80 NOTE
r-patched-solaris-x86 0.6 111.70 NOTE
r-release-linux-ix86 0.6 1.43 54.84 56.27 NOTE
r-release-linux-x86_64 0.6 1.05 44.25 45.30 NOTE
r-release-osx-x86_64-mavericks 0.6 OK
r-release-osx-x86_64-snowleopard 0.6 OK
r-release-windows-ix86+x86_64 0.6 5.00 79.00 84.00 NOTE
r-oldrel-windows-ix86+x86_64 0.6 5.00 75.00 80.00 OK

Check Details

Version: 0.6
Check: R code for possible problems
Result: NOTE
    contour.hmac: no visible global function definition for ‘kde2d’
    modalclust: no visible global function definition for ‘mclapply’
    phmac: no visible global function definition for ‘mclapply’
Flavors: r-devel-linux-x86_64-debian-clang, r-devel-linux-x86_64-debian-gcc, r-devel-linux-x86_64-fedora-clang, r-devel-linux-x86_64-fedora-gcc, r-devel-osx-x86_64-clang, r-devel-windows-ix86+x86_64, r-patched-linux-x86_64, r-patched-solaris-sparc, r-patched-solaris-x86, r-release-linux-ix86, r-release-linux-x86_64, r-release-windows-ix86+x86_64