CRAN Package Check Results for Package Modalclust

Last updated on 2015-01-28 01:48:08.

Flavor Version Tinstall Tcheck Ttotal Status Flags
r-devel-linux-x86_64-debian-clang 0.6 0.99 39.63 40.62 NOTE
r-devel-linux-x86_64-debian-gcc 0.6 0.86 39.72 40.58 NOTE
r-devel-linux-x86_64-fedora-clang 0.6 87.03 NOTE
r-devel-linux-x86_64-fedora-gcc 0.6 83.40 NOTE
r-devel-osx-x86_64-clang 0.6 75.31 NOTE
r-devel-windows-ix86+x86_64 0.6 5.00 66.00 71.00 NOTE
r-patched-linux-x86_64 0.6 1.06 46.19 47.25 NOTE
r-patched-solaris-sparc 0.6 587.00 NOTE
r-patched-solaris-x86 0.6 112.30 NOTE
r-release-linux-ix86 0.6 1.44 2.26 3.70 OK
r-release-linux-x86_64 0.6 1.14 43.68 44.81 NOTE
r-release-osx-x86_64-mavericks 0.6 NOTE
r-release-osx-x86_64-snowleopard 0.6 OK
r-release-windows-ix86+x86_64 0.6 5.00 78.00 83.00 NOTE
r-oldrel-windows-ix86+x86_64 0.6 5.00 75.00 80.00 OK

Check Details

Version: 0.6
Check: dependencies in R code
Result: NOTE
    'library' or 'require' calls in package code:
     ‘MASS’ ‘parallel’
     Please use :: or requireNamespace() instead.
     See section 'Suggested packages' in the 'Writing R Extensions' manual.
Flavors: r-devel-linux-x86_64-debian-clang, r-devel-linux-x86_64-debian-gcc, r-devel-linux-x86_64-fedora-clang, r-devel-linux-x86_64-fedora-gcc, r-devel-osx-x86_64-clang, r-devel-windows-ix86+x86_64

Version: 0.6
Check: S3 generic/method consistency
Result: NOTE
    Found the following apparent S3 methods exported but not registered:
     summary.hmac contour.hmac plot.hmac
    See section ‘Registering S3 methods’ in the ‘Writing R Extensions’
    manual.
Flavors: r-devel-linux-x86_64-debian-clang, r-devel-linux-x86_64-debian-gcc, r-devel-linux-x86_64-fedora-clang, r-devel-linux-x86_64-fedora-gcc, r-devel-osx-x86_64-clang

Version: 0.6
Check: R code for possible problems
Result: NOTE
    contour.hmac: no visible global function definition for ‘kde2d’
    modalclust: no visible global function definition for ‘mclapply’
    phmac: no visible global function definition for ‘mclapply’
Flavors: r-devel-linux-x86_64-debian-clang, r-devel-linux-x86_64-debian-gcc, r-devel-linux-x86_64-fedora-clang, r-devel-linux-x86_64-fedora-gcc, r-devel-osx-x86_64-clang, r-devel-windows-ix86+x86_64, r-patched-linux-x86_64, r-patched-solaris-sparc, r-patched-solaris-x86, r-release-linux-x86_64, r-release-osx-x86_64-mavericks, r-release-windows-ix86+x86_64